000
CDUS44 KOUN 170644 RRA
CLISPS

CLIMATE REPORT
NATIONAL WEATHER SERVICE NORMAN OK
143 AM CDT THU APR 17 2014


...................................

...THE WICHITA FALLS CLIMATE SUMMARY FOR APRIL 16 2014...

CLIMATE NORMAL PERIOD 1981 TO 2010
CLIMATE RECORD PERIOD 1897 TO 2014


WEATHER ITEM   OBSERVED TIME   RECORD YEAR NORMAL DEPARTURE LAST
                VALUE   (LST)  VALUE       VALUE  FROM      YEAR
                                                  NORMAL
..................................................................
TEMPERATURE (F)
 YESTERDAY
  MAXIMUM         73    352 PM  97    1967  76     -3       72
  MINIMUM         45    641 AM  33    1961  49     -4       56
  AVERAGE         59                        63     -4       64

PRECIPITATION (IN)
  YESTERDAY        0.00          0.63 1950   0.09  -0.09     0.00
  MONTH TO DATE    0.62                      1.12  -0.50     2.24
  SINCE JAN 1      3.15                      6.21  -3.06     5.45

SNOWFALL (IN)
  YESTERDAY        0.0                       0.0    0.0      0.0
  MONTH TO DATE    0.0                       0.0    0.0       T
  SINCE JUL 1      5.0                       3.9    1.1      3.5
  SNOW DEPTH       0

DEGREE DAYS
 HEATING
  YESTERDAY        6                         5      1        1
  MONTH TO DATE   98                        99     -1      135
  SINCE JUL 1   3316                      2902    414     2712

 COOLING
  YESTERDAY        0                         2     -2        0
  MONTH TO DATE   45                        27     18       25
  SINCE JAN 1     61                        49     12       45
..................................................................


WIND (MPH)
  HIGHEST WIND SPEED    31   HIGHEST WIND DIRECTION    SE (150)
  HIGHEST GUST SPEED    37   HIGHEST GUST DIRECTION     S (160)
  AVERAGE WIND SPEED    18.6


SKY COVER
  AVERAGE SKY COVER 0.2


WEATHER CONDITIONS
 THE FOLLOWING WEATHER WAS RECORDED YESTERDAY.
  NO SIGNIFICANT WEATHER WAS OBSERVED.


RELATIVE HUMIDITY (PERCENT)
 HIGHEST    64          1100 PM
 LOWEST     19           400 PM
 AVERAGE    42

..........................................................


THE WICHITA FALLS CLIMATE NORMALS FOR TODAY
                         NORMAL    RECORD    YEAR
 MAXIMUM TEMPERATURE (F)   76       101      2006
 MINIMUM TEMPERATURE (F)   50        34      1999


SUNRISE AND SUNSET
APRIL 17 2014.........SUNRISE   701 AM CDT   SUNSET   807 PM CDT
APRIL 18 2014.........SUNRISE   659 AM CDT   SUNSET   808 PM CDT


-  INDICATES NEGATIVE NUMBERS.
R  INDICATES RECORD WAS SET OR TIED.
MM INDICATES DATA IS MISSING.
T  INDICATES TRACE AMOUNT.




$$
