000
CDUS44 KOUN 180631
CLISPS

CLIMATE REPORT
NATIONAL WEATHER SERVICE NORMAN OK
131 AM CDT WED OCT 18 2017


...................................

...THE WICHITA FALLS CLIMATE SUMMARY FOR OCTOBER 17 2017...

CLIMATE NORMAL PERIOD 1981 TO 2010
CLIMATE RECORD PERIOD 1897 TO 2017


WEATHER ITEM   OBSERVED TIME   RECORD YEAR NORMAL DEPARTURE LAST
                VALUE   (LST)  VALUE       VALUE  FROM      YEAR
                                                  NORMAL
..................................................................
TEMPERATURE (F)
 YESTERDAY
  MAXIMUM         77    331 PM 102    1972  77      0       92
  MINIMUM         43    709 AM  35    1976  52     -9       71
  AVERAGE         60                        64     -4       82

PRECIPITATION (IN)
  YESTERDAY        0.00          2.44 1942   0.12  -0.12     0.00
  MONTH TO DATE    0.80                      1.66  -0.86     2.03
  SINCE SEP 1      3.87                      4.47  -0.60    11.85
  SINCE JAN 1     23.95                     24.20  -0.25    34.23

SNOWFALL (IN)
  YESTERDAY        0.0

DEGREE DAYS
 HEATING
  YESTERDAY        5                         3      2        0
  MONTH TO DATE   30                        39     -9       18
  SINCE SEP 1     34                        52    -18       20
  SINCE JUL 1     34                        52    -18       20

 COOLING
  YESTERDAY        0                         3     -3       17
  MONTH TO DATE  110                        72     38      105
  SINCE SEP 1    443                       406     37      505
  SINCE JAN 1   2285                      2351    -66     2441
..................................................................


WIND (MPH)
  HIGHEST WIND SPEED    17   HIGHEST WIND DIRECTION     S (200)
  HIGHEST GUST SPEED    21   HIGHEST GUST DIRECTION     S (190)
  AVERAGE WIND SPEED     9.3


SKY COVER
  AVERAGE SKY COVER 0.0


WEATHER CONDITIONS
 THE FOLLOWING WEATHER WAS RECORDED YESTERDAY.
  NO SIGNIFICANT WEATHER WAS OBSERVED.


RELATIVE HUMIDITY (PERCENT)
 HIGHEST    89           500 AM
 LOWEST     29           200 PM
 AVERAGE    59

..........................................................


THE WICHITA FALLS CLIMATE NORMALS FOR TODAY
                         NORMAL    RECORD    YEAR
 MAXIMUM TEMPERATURE (F)   76        94      1932
 MINIMUM TEMPERATURE (F)   51        33      1989


SUNRISE AND SUNSET
OCTOBER 18 2017.......SUNRISE   742 AM CDT   SUNSET   656 PM CDT
OCTOBER 19 2017.......SUNRISE   742 AM CDT   SUNSET   655 PM CDT


-  INDICATES NEGATIVE NUMBERS.
R  INDICATES RECORD WAS SET OR TIED.
MM INDICATES DATA IS MISSING.
T  INDICATES TRACE AMOUNT.




$$
