000
CDUS44 KOUN 210634 RRA
CLISPS

CLIMATE REPORT
NATIONAL WEATHER SERVICE NORMAN OK
132 AM CDT MON AUG 21 2017


...................................

...THE WICHITA FALLS CLIMATE SUMMARY FOR AUGUST 20 2017...

CLIMATE NORMAL PERIOD 1981 TO 2010
CLIMATE RECORD PERIOD 1897 TO 2017


WEATHER ITEM   OBSERVED TIME   RECORD YEAR NORMAL DEPARTURE LAST
                VALUE   (LST)  VALUE       VALUE  FROM      YEAR
                                                  NORMAL
..................................................................
TEMPERATURE (F)
 YESTERDAY
  MAXIMUM         96    348 PM 107    2011  96      0       83
  MINIMUM         73    411 AM  56    2015  71      2       68
  AVERAGE         85                        84      1       76

PRECIPITATION (IN)
  YESTERDAY        0.04          2.32 1979   0.08  -0.04     0.24
  MONTH TO DATE    3.74                      1.53   2.21     0.74
  SINCE JUN 1      9.34                      7.27   2.07     5.85
  SINCE JAN 1     19.66                     18.76   0.90    22.34

SNOWFALL (IN)
  YESTERDAY        0.0

DEGREE DAYS
 HEATING
  YESTERDAY        0                         0      0        0
  MONTH TO DATE    0                         0      0        0
  SINCE JUN 1      0                         1     -1        0
  SINCE JUL 1      0                         0      0        0

 COOLING
  YESTERDAY       20                        19      1       11
  MONTH TO DATE  338                       395    -57      384
  SINCE JUN 1   1354                      1432    -78     1493
  SINCE JAN 1   1703                      1751    -48     1746
..................................................................


WIND (MPH)
  HIGHEST WIND SPEED    20   HIGHEST WIND DIRECTION    SE (130)
  HIGHEST GUST SPEED    24   HIGHEST GUST DIRECTION    SE (130)
  AVERAGE WIND SPEED     9.2


SKY COVER
  AVERAGE SKY COVER 0.2


WEATHER CONDITIONS
 THE FOLLOWING WEATHER WAS RECORDED YESTERDAY.
  LIGHT RAIN


RELATIVE HUMIDITY (PERCENT)
 HIGHEST    93           500 AM
 LOWEST     36           400 PM
 AVERAGE    65

..........................................................


THE WICHITA FALLS CLIMATE NORMALS FOR TODAY
                         NORMAL    RECORD    YEAR
 MAXIMUM TEMPERATURE (F)   96       107      1934
 MINIMUM TEMPERATURE (F)   71        57      1956
                                             1950


SUNRISE AND SUNSET
AUGUST 21 2017........SUNRISE   700 AM CDT   SUNSET   813 PM CDT
AUGUST 22 2017........SUNRISE   701 AM CDT   SUNSET   812 PM CDT


-  INDICATES NEGATIVE NUMBERS.
R  INDICATES RECORD WAS SET OR TIED.
MM INDICATES DATA IS MISSING.
T  INDICATES TRACE AMOUNT.




$$
