000
CDUS44 KOUN 280628 RRA
CLISPS

CLIMATE REPORT
NATIONAL WEATHER SERVICE NORMAN OK
127 AM CDT TUE MAR 28 2017


...................................

...THE WICHITA FALLS CLIMATE SUMMARY FOR MARCH 27 2017...

CLIMATE NORMAL PERIOD 1981 TO 2010
CLIMATE RECORD PERIOD 1897 TO 2017


WEATHER ITEM   OBSERVED TIME   RECORD YEAR NORMAL DEPARTURE LAST
                VALUE   (LST)  VALUE       VALUE  FROM      YEAR
                                                  NORMAL
..................................................................
TEMPERATURE (F)
 YESTERDAY
  MAXIMUM         73    502 PM 100    1971  71      2       61
  MINIMUM         47    659 AM  19    1931  44      3       42
  AVERAGE         60                        57      3       52

PRECIPITATION (IN)
  YESTERDAY        0.00          1.51 1996   0.06  -0.06     0.53
  MONTH TO DATE    0.11                      1.94  -1.83     1.35
  SINCE JAN 1      4.08                      4.83  -0.75     3.05

SNOWFALL (IN)
  YESTERDAY        0.0                       0.0    0.0      0.0
  MONTH TO DATE    0.0                       0.5   -0.5      0.0
  SINCE JUL 1      T                         3.9   -3.9      2.6
  SNOW DEPTH       0

DEGREE DAYS
 HEATING
  YESTERDAY        5                         9     -4       13
  MONTH TO DATE  187                       325   -138      207
  SINCE JUL 1   2031                      2771   -740     2169

 COOLING
  YESTERDAY        0                         1     -1        0
  MONTH TO DATE   57                        13     44        3
  SINCE JAN 1     75                        16     59       12
..................................................................


WIND (MPH)
  HIGHEST WIND SPEED    20   HIGHEST WIND DIRECTION    NW (320)
  HIGHEST GUST SPEED    26   HIGHEST GUST DIRECTION    NW (320)
  AVERAGE WIND SPEED     8.3


SKY COVER
  AVERAGE SKY COVER 0.1


WEATHER CONDITIONS
 THE FOLLOWING WEATHER WAS RECORDED YESTERDAY.
  HAZE


RELATIVE HUMIDITY (PERCENT)
 HIGHEST    93           700 AM
 LOWEST     44           300 PM
 AVERAGE    69

..........................................................


THE WICHITA FALLS CLIMATE NORMALS FOR TODAY
                         NORMAL    RECORD    YEAR
 MAXIMUM TEMPERATURE (F)   71        96      1928
 MINIMUM TEMPERATURE (F)   44        23      1931


SUNRISE AND SUNSET
MARCH 28 2017.........SUNRISE   726 AM CDT   SUNSET   752 PM CDT
MARCH 29 2017.........SUNRISE   725 AM CDT   SUNSET   753 PM CDT


-  INDICATES NEGATIVE NUMBERS.
R  INDICATES RECORD WAS SET OR TIED.
MM INDICATES DATA IS MISSING.
T  INDICATES TRACE AMOUNT.




$$
