000
CDUS44 KOUN 190657 RRB
CLISPS

OUNCLISPS 000
TTAA00 KOUN 190635


CLIMATE REPORT
NATIONAL WEATHER SERVICE NORMAN OK
1235 AM CST MON FEB 19 2018


...................................

...THE WICHITA FALLS CLIMATE SUMMARY FOR FEBRUARY 18 2018...

CLIMATE NORMAL PERIOD 1981 TO 2010
CLIMATE RECORD PERIOD 1897 TO 2018


WEATHER ITEM   OBSERVED TIME   RECORD YEAR NORMAL DEPARTURE LAST
                VALUE   (LST)  VALUE       VALUE  FROM      YEAR
                                                  NORMAL
..................................................................
TEMPERATURE (F)
 YESTERDAY
  MAXIMUM         66    451 PM  82    2016  59      7       72
                                      2014
  MINIMUM         35    405 AM   4    1978  34      1       46
  AVERAGE         51                        46      5       59

PRECIPITATION (IN)
  YESTERDAY        0.00          1.00 1905   0.07  -0.07     0.00
  MONTH TO DATE    0.09                      1.02  -0.93     1.40
  SINCE DEC 1      1.07                      3.78  -2.71     4.10
  SINCE JAN 1      0.10                      2.16  -2.06     3.27

SNOWFALL (IN)
  YESTERDAY        0.0           9.0  1905   0.1   -0.1      0.0
  MONTH TO DATE    0.0                       0.5   -0.5      0.0
  SINCE DEC 1      T                         2.9   -2.9       T
  SINCE JUL 1      T                         3.2   -3.2       T

DEGREE DAYS
 HEATING
  YESTERDAY       14                        19     -5        6
  MONTH TO DATE  410                       366     44      246
  SINCE DEC 1   1800                      1769     31     1523
  SINCE JUL 1   2214                      2276    -62     1774

 COOLING
  YESTERDAY        0                         0      0        0
  MONTH TO DATE    6                         0      6       10
  SINCE DEC 1      7                         2      5       13
  SINCE JAN 1      6                         1      5       10
..................................................................


WIND (MPH)
  HIGHEST WIND SPEED    25   HIGHEST WIND DIRECTION     S (190)
  HIGHEST GUST SPEED    32   HIGHEST GUST DIRECTION     S (180)
  AVERAGE WIND SPEED    13.1


SKY COVER
  AVERAGE SKY COVER 0.3


WEATHER CONDITIONS
 THE FOLLOWING WEATHER WAS RECORDED YESTERDAY.
  FOG


RELATIVE HUMIDITY (PERCENT)
 HIGHEST    93           800 AM
 LOWEST     57          1200 AM
 AVERAGE    75

..........................................................


THE WICHITA FALLS CLIMATE NORMALS FOR TODAY
                         NORMAL    RECORD    YEAR
 MAXIMUM TEMPERATURE (F)   59        86      1986
 MINIMUM TEMPERATURE (F)   34        10      1978


SUNRISE AND SUNSET
FEBRUARY 19 2018......SUNRISE   714 AM CST   SUNSET   622 PM CST
FEBRUARY 20 2018......SUNRISE   713 AM CST   SUNSET   623 PM CST


-  INDICATES NEGATIVE NUMBERS.
R  INDICATES RECORD WAS SET OR TIED.
MM INDICATES DATA IS MISSING.
T  INDICATES TRACE AMOUNT.




$$
