000
CDUS44 KOUN 172340
CLISPS

CLIMATE REPORT
NATIONAL WEATHER SERVICE NORMAN OK
538 PM CST TUE JAN 17 2017


...................................

...THE WICHITA FALLS CLIMATE SUMMARY FOR JANUARY 17 2017...
VALID TODAY AS OF 0500 PM LOCAL TIME.

CLIMATE NORMAL PERIOD 1981 TO 2010
CLIMATE RECORD PERIOD 1897 TO 2017


WEATHER ITEM   OBSERVED TIME   RECORD YEAR NORMAL DEPARTURE LAST
                VALUE   (LST)  VALUE       VALUE  FROM      YEAR
                                                  NORMAL
..................................................................
TEMPERATURE (F)
 TODAY
  MAXIMUM         54    213 PM  77    2000  54      0       56
  MINIMUM         33    803 AM   1    1930  30      3       25
  AVERAGE         44                        42      2       41

PRECIPITATION (IN)
  TODAY            T             1.24 1945   0.03  -0.03     0.00
  MONTH TO DATE    1.59                      0.59   1.00     0.41
  SINCE JAN 1      1.59                      0.59   1.00     0.41

SNOWFALL (IN)
  TODAY            0.0                       0.0    0.0      0.0
  MONTH TO DATE    T                         0.8   -0.8      1.8
  SINCE JUL 1      T                         2.1   -2.1      2.6
  SNOW DEPTH       0

DEGREE DAYS
 HEATING
  TODAY           21                        23     -2       24
  MONTH TO DATE  400                       399      1      394
  SINCE JUL 1   1319                      1596   -277     1279
..................................................................


WIND (MPH)
  HIGHEST WIND SPEED    12   HIGHEST WIND DIRECTION     N (20)
  HIGHEST GUST SPEED    14   HIGHEST GUST DIRECTION    NE (30)
  AVERAGE WIND SPEED     6.3


SKY COVER
  AVERAGE SKY COVER 0.3


WEATHER CONDITIONS
 THE FOLLOWING WEATHER WAS RECORDED TODAY.
  NO SIGNIFICANT WEATHER WAS OBSERVED.


RELATIVE HUMIDITY (PERCENT)
 HIGHEST    96           800 AM
 LOWEST     54           100 PM
 AVERAGE    75

..........................................................


THE WICHITA FALLS CLIMATE NORMALS FOR TOMORROW
                         NORMAL    RECORD    YEAR
 MAXIMUM TEMPERATURE (F)   54        77      1933
 MINIMUM TEMPERATURE (F)   30        -3      1930


SUNRISE AND SUNSET
JANUARY 17 2017.......SUNRISE   738 AM CST   SUNSET   550 PM CST
JANUARY 18 2017.......SUNRISE   738 AM CST   SUNSET   551 PM CST


-  INDICATES NEGATIVE NUMBERS.
R  INDICATES RECORD WAS SET OR TIED.
MM INDICATES DATA IS MISSING.
T  INDICATES TRACE AMOUNT.

$$
