000
CDUS42 KTBW 182214
CLISRQ


CLIMATE REPORT
NATIONAL WEATHER SERVICE TAMPA BAY FL
511 PM EST THU DEC 18 2014


...................................

...THE SARASOTA BRADENTON CLIMATE SUMMARY FOR DECEMBER 18 2014...
VALID TODAY AS OF 0500 PM LOCAL TIME.

CLIMATE NORMAL PERIOD 1981 TO 2010
CLIMATE RECORD PERIOD 1911 TO 2014


WEATHER ITEM   OBSERVED TIME   RECORD YEAR NORMAL DEPARTURE LAST
                VALUE   (LST)  VALUE       VALUE  FROM      YEAR
                                                  NORMAL
..................................................................
TEMPERATURE (F)
 TODAY
  MAXIMUM         69    336 PM  90    1967  73     -4       74
  MINIMUM         44    715 AM  32    1973  53     -9       44
  AVERAGE         57                        63     -6       59

PRECIPITATION (IN)
  TODAY            0.00          1.00 1916   0.10  -0.10     0.00
  MONTH TO DATE    0.02                      1.39  -1.37     0.03
  SINCE DEC 1      0.02                      1.39  -1.37     0.03
  SINCE JAN 1     50.60                     51.87  -1.27    52.49

DEGREE DAYS
 HEATING
  TODAY            8                         4      4        6
  MONTH TO DATE   92                        59     33       18
  SINCE DEC 1     92                        59     33       18
  SINCE JUL 1    177                        92     85       36

 COOLING
  TODAY            0                         2     -2        0
  MONTH TO DATE   42                        50     -8       86
  SINCE DEC 1     42                        50     -8       86
  SINCE JAN 1   3454                      3350    104     3714
..................................................................


WIND (MPH)
  RESULTANT WIND SPEED   2   RESULTANT WIND DIRECTION  NE (40)
  HIGHEST WIND SPEED    12   HIGHEST WIND DIRECTION     W (290)
  HIGHEST GUST SPEED    17   HIGHEST GUST DIRECTION     E (70)
  AVERAGE WIND SPEED     5.0


SKY COVER
  POSSIBLE SUNSHINE  MM
  AVERAGE SKY COVER 0.0


WEATHER CONDITIONS
 THE FOLLOWING WEATHER WAS RECORDED TODAY.
  FOG


RELATIVE HUMIDITY (PERCENT)
 HIGHEST   100           200 AM
 LOWEST     59           200 PM

..........................................................


THE SARASOTA BRADENTON CLIMATE NORMALS FOR TOMORROW
                         NORMAL    RECORD    YEAR
 MAXIMUM TEMPERATURE (F)   73        84      1967
 MINIMUM TEMPERATURE (F)   53        30      1975


SUNRISE AND SUNSET
DECEMBER 18 2014......SUNRISE   714 AM EST   SUNSET   539 PM EST
DECEMBER 19 2014......SUNRISE   715 AM EST   SUNSET   540 PM EST


-  INDICATES NEGATIVE NUMBERS.
R  INDICATES RECORD WAS SET OR TIED.
MM INDICATES DATA IS MISSING.
T  INDICATES TRACE AMOUNT.




$$


&&
------------------------------------------------------------------
******************** SUPPLEMENTAL DATA ***************************

...GULF WATER TEMPERATURE AT NEW PASS 66
