000
CDUS42 KTBW 242214
CLISRQ


CLIMATE REPORT
NATIONAL WEATHER SERVICE TAMPA BAY FL
511 PM EST SAT FEB 24 2018


...................................

...THE SARASOTA BRADENTON CLIMATE SUMMARY FOR FEBRUARY 24 2018...
VALID TODAY AS OF 0500 PM LOCAL TIME.

CLIMATE NORMAL PERIOD 1981 TO 2010
CLIMATE RECORD PERIOD 1911 TO 2018


WEATHER ITEM   OBSERVED TIME   RECORD YEAR NORMAL DEPARTURE LAST
                VALUE   (LST)  VALUE       VALUE  FROM      YEAR
                                                  NORMAL
..................................................................
TEMPERATURE (F)
 TODAY
  MAXIMUM         84   1206 PM  87    2001  74     10       82
  MINIMUM         63    634 AM  32    1964  55      8       65
  AVERAGE         74                        64     10       74

PRECIPITATION (IN)
  TODAY            0.00          4.66 1942   0.14  -0.14     0.00
  MONTH TO DATE    0.43                      2.12  -1.69     0.72
  SINCE DEC 1      4.15                      7.14  -2.99     3.67
  SINCE JAN 1      3.08                      4.61  -1.53     2.42

DEGREE DAYS
 HEATING
  TODAY            0                         3     -3        0
  MONTH TO DATE    3                        86    -83       26
  SINCE DEC 1    286                       373    -87      137
  SINCE JUL 1    299                       406   -107      148

 COOLING
  TODAY            9                         2      7        9
  MONTH TO DATE  172                        44    128       59
  SINCE DEC 1    316                       170    146      308
  SINCE JAN 1    207                        96    111      145
..................................................................


WIND (MPH)
  RESULTANT WIND SPEED   5   RESULTANT WIND DIRECTION  SE (140)
  HIGHEST WIND SPEED    21   HIGHEST WIND DIRECTION    SE (140)
  HIGHEST GUST SPEED    26   HIGHEST GUST DIRECTION    SE (140)
  AVERAGE WIND SPEED     9.3


SKY COVER
  POSSIBLE SUNSHINE  MM
  AVERAGE SKY COVER 0.2


WEATHER CONDITIONS
 THE FOLLOWING WEATHER WAS RECORDED TODAY.
  NO SIGNIFICANT WEATHER WAS OBSERVED.


RELATIVE HUMIDITY (PERCENT)
 HIGHEST   100           400 AM
 LOWEST     55          1200 PM

..........................................................


THE SARASOTA BRADENTON CLIMATE NORMALS FOR TOMORROW
                         NORMAL    RECORD    YEAR
 MAXIMUM TEMPERATURE (F)   74        87      1922
 MINIMUM TEMPERATURE (F)   55        28      1989


SUNRISE AND SUNSET
FEBRUARY 24 2018......SUNRISE   659 AM EST   SUNSET   628 PM EST
FEBRUARY 25 2018......SUNRISE   658 AM EST   SUNSET   628 PM EST


-  INDICATES NEGATIVE NUMBERS.
R  INDICATES RECORD WAS SET OR TIED.
MM INDICATES DATA IS MISSING.
T  INDICATES TRACE AMOUNT.




$$


&&
------------------------------------------------------------------
******************** SUPPLEMENTAL DATA ***************************

...GULF WATER TEMPERATURE AT VENICE 76 DEGREES
