217
CDUS42 KTBW 112213
CLISRQ


CLIMATE REPORT
NATIONAL WEATHER SERVICE TAMPA BAY FL
512 PM EST THU FEB 11 2016


...................................

...THE SARASOTA BRADENTON CLIMATE SUMMARY FOR FEBRUARY 11 2016...
VALID TODAY AS OF 0500 PM LOCAL TIME.

CLIMATE NORMAL PERIOD 1981 TO 2010
CLIMATE RECORD PERIOD 1911 TO 2016


WEATHER ITEM   OBSERVED TIME   RECORD YEAR NORMAL DEPARTURE LAST
                VALUE   (LST)  VALUE       VALUE  FROM      YEAR
                                                  NORMAL
..................................................................
TEMPERATURE (F)
 TODAY
  MAXIMUM         65   1223 PM  86    1994  73     -8       66
  MINIMUM         39    703 AM  31    1919  53    -14       47
  AVERAGE         52                        63    -11       57

PRECIPITATION (IN)
  TODAY            0.00          0.98 1956   0.07  -0.07     0.00
  MONTH TO DATE    0.40                      0.51  -0.11     2.96
  SINCE DEC 1      6.10                      5.53   0.57     4.50
  SINCE JAN 1      4.81                      3.00   1.81     4.03

DEGREE DAYS
 HEATING
  TODAY           13                         4      9        8
  MONTH TO DATE   76                        44     32       48
  SINCE DEC 1    246                       331    -85      269
  SINCE JUL 1    250                       364   -114      354

 COOLING
  TODAY            0                         2     -2        0
  MONTH TO DATE   27                        18      9        0
  SINCE DEC 1    311                       144    167      148
  SINCE JAN 1     52                        70    -18       59
..................................................................


WIND (MPH)
  RESULTANT WIND SPEED   1   RESULTANT WIND DIRECTION   W (270)
  HIGHEST WIND SPEED    12   HIGHEST WIND DIRECTION     W (270)
  HIGHEST GUST SPEED    15   HIGHEST GUST DIRECTION     W (260)
  AVERAGE WIND SPEED     4.9


SKY COVER
  POSSIBLE SUNSHINE  MM
  AVERAGE SKY COVER 0.0


WEATHER CONDITIONS
 THE FOLLOWING WEATHER WAS RECORDED TODAY.
  NO SIGNIFICANT WEATHER WAS OBSERVED.


RELATIVE HUMIDITY (PERCENT)
 HIGHEST   100           800 AM
 LOWEST     48          1200 PM

..........................................................


THE SARASOTA BRADENTON CLIMATE NORMALS FOR TOMORROW
                         NORMAL    RECORD    YEAR
 MAXIMUM TEMPERATURE (F)   73        87      1959
 MINIMUM TEMPERATURE (F)   53        33      1973


SUNRISE AND SUNSET
FEBRUARY 11 2016......SUNRISE   710 AM EST   SUNSET   619 PM EST
FEBRUARY 12 2016......SUNRISE   710 AM EST   SUNSET   619 PM EST


-  INDICATES NEGATIVE NUMBERS.
R  INDICATES RECORD WAS SET OR TIED.
MM INDICATES DATA IS MISSING.
T  INDICATES TRACE AMOUNT.




$$


&&
------------------------------------------------------------------
******************** SUPPLEMENTAL DATA ***************************

...GULF WATER TEMPERATURE AT VENICE 61 DEGREES
