000
CDUS42 KTBW 192215
CLISRQ


CLIMATE REPORT
NATIONAL WEATHER SERVICE TAMPA BAY FL
514 PM EST THU JAN 19 2017


...................................

...THE SARASOTA BRADENTON CLIMATE SUMMARY FOR JANUARY 19 2017...
VALID TODAY AS OF 0500 PM LOCAL TIME.

CLIMATE NORMAL PERIOD 1981 TO 2010
CLIMATE RECORD PERIOD 1911 TO 2017


WEATHER ITEM   OBSERVED TIME   RECORD YEAR NORMAL DEPARTURE LAST
                VALUE   (LST)  VALUE       VALUE  FROM      YEAR
                                                  NORMAL
..................................................................
TEMPERATURE (F)
 TODAY
  MAXIMUM         77   1149 AM  85    1937  71      6       59
  MINIMUM         56    755 AM  26    1997  52      4       42
  AVERAGE         67                        61      6       51

PRECIPITATION (IN)
  TODAY            0.00          0.98 1931   0.06  -0.06     0.00
  MONTH TO DATE    1.31                      1.81  -0.50     2.47
  SINCE DEC 1      2.56                      4.34  -1.78     3.76
  SINCE JAN 1      1.31                      1.81  -0.50     2.47

DEGREE DAYS
 HEATING
  TODAY            0                         5     -5       14
  MONTH TO DATE   41                       104    -63       85
  SINCE DEC 1     65                       226   -161       92
  SINCE JUL 1     76                       259   -183       96

 COOLING
  TODAY            2                         2      0        0
  MONTH TO DATE   60                        38     22       22
  SINCE DEC 1    223                       112    111      281
  SINCE JAN 1     60                        38     22       22
..................................................................


WIND (MPH)
  RESULTANT WIND SPEED   3   RESULTANT WIND DIRECTION   S (190)
  HIGHEST WIND SPEED    13   HIGHEST WIND DIRECTION    SW (210)
  HIGHEST GUST SPEED    16   HIGHEST GUST DIRECTION    SW (210)
  AVERAGE WIND SPEED     5.0


SKY COVER
  POSSIBLE SUNSHINE  MM
  AVERAGE SKY COVER 0.2


WEATHER CONDITIONS
 THE FOLLOWING WEATHER WAS RECORDED TODAY.
  FOG


RELATIVE HUMIDITY (PERCENT)
 HIGHEST   100           300 AM
 LOWEST     54          1100 AM

..........................................................


THE SARASOTA BRADENTON CLIMATE NORMALS FOR TOMORROW
                         NORMAL    RECORD    YEAR
 MAXIMUM TEMPERATURE (F)   71        86      1990
 MINIMUM TEMPERATURE (F)   52        25      1977


SUNRISE AND SUNSET
JANUARY 19 2017.......SUNRISE   721 AM EST   SUNSET   601 PM EST
JANUARY 20 2017.......SUNRISE   721 AM EST   SUNSET   602 PM EST


-  INDICATES NEGATIVE NUMBERS.
R  INDICATES RECORD WAS SET OR TIED.
MM INDICATES DATA IS MISSING.
T  INDICATES TRACE AMOUNT.




$$


&&
------------------------------------------------------------------
******************** SUPPLEMENTAL DATA ***************************

...GULF WATER TEMPERATURE AT VENICE 69 DEGREES
