743
CDUS42 KJAX 022228
CLISSI


CLIMATE REPORT
NATIONAL WEATHER SERVICE JACKSONVILLE FL
527 PM EST FRI DEC 2 2016


...................................

...THE ST SIMONS ISLAND CLIMATE SUMMARY FOR DECEMBER 2 2016...
VALID TODAY AS OF 0500 PM LOCAL TIME.

CLIMATE NORMAL PERIOD 1981 TO 2010
CLIMATE RECORD PERIOD 1948 TO 2016


WEATHER ITEM   OBSERVED TIME   RECORD YEAR NORMAL DEPARTURE LAST
                VALUE   (LST)  VALUE       VALUE  FROM      YEAR
                                                  NORMAL
..................................................................
TEMPERATURE (F)
 TODAY
  MAXIMUM         67    237 PM  79    1982  66      1       78
                                      1968
  MINIMUM         46    731 AM  31    1972  49     -3       62
  AVERAGE         57                        57      0       70

PRECIPITATION (IN)
  TODAY            0.00          0.78 1981   0.08  -0.08      T
  MONTH TO DATE    0.18                      0.16   0.02      T
  SINCE DEC 1      0.18                      0.16   0.02      T
  SINCE JAN 1     43.43                     42.52   0.91    52.00

SNOWFALL (IN)
  TODAY            0.0           0.0    MM                   0.0
  MONTH TO DATE    0.0                                       0.0
  SINCE DEC 1      0.0                                       0.0
  SINCE JUL 1      0.0                                       0.0

DEGREE DAYS
 HEATING
  TODAY            8                         9     -1        0
  MONTH TO DATE   11                        17     -6        0
  SINCE DEC 1     11                        17     -6        0
  SINCE JUL 1    116                       197    -81       65

 COOLING
  TODAY            0                         1     -1        5
  MONTH TO DATE    0                         2     -2        8
  SINCE DEC 1      0                         2     -2        8
  SINCE JAN 1   3001                      2617    384     2817
..................................................................


WIND (MPH)
  HIGHEST WIND SPEED    13   HIGHEST WIND DIRECTION     N (340)
  HIGHEST GUST SPEED    16   HIGHEST GUST DIRECTION    NW (330)
  AVERAGE WIND SPEED     6.1


SKY COVER
  POSSIBLE SUNSHINE  MM
  AVERAGE SKY COVER 0.0


WEATHER CONDITIONS
 THE FOLLOWING WEATHER WAS RECORDED TODAY.
  NO SIGNIFICANT WEATHER WAS OBSERVED.


RELATIVE HUMIDITY (PERCENT)
 HIGHEST    65           600 AM
 LOWEST     29           300 PM
 AVERAGE    47

..........................................................


THE ST SIMONS ISLAND CLIMATE NORMALS FOR TOMORROW
                         NORMAL    RECORD    YEAR
 MAXIMUM TEMPERATURE (F)   66        80      1991
 MINIMUM TEMPERATURE (F)   48        31      1988
                                             1960


SUNRISE AND SUNSET
DECEMBER  2 2016......SUNRISE   707 AM EST   SUNSET   523 PM EST
DECEMBER  3 2016......SUNRISE   708 AM EST   SUNSET   523 PM EST


-  INDICATES NEGATIVE NUMBERS.
R  INDICATES RECORD WAS SET OR TIED.
MM INDICATES DATA IS MISSING.
T  INDICATES TRACE AMOUNT.




$$
