000
CDUS42 KJAX 220535
CLISSI


CLIMATE REPORT
NATIONAL WEATHER SERVICE JACKSONVILLE FL
134 AM EDT WED OCT 22 2014


...................................

...THE ST SIMONS ISLAND CLIMATE SUMMARY FOR OCTOBER 21 2014...

CLIMATE NORMAL PERIOD 1981 TO 2010
CLIMATE RECORD PERIOD 1948 TO 2014


WEATHER ITEM   OBSERVED TIME   RECORD YEAR NORMAL DEPARTURE LAST
                VALUE   (LST)  VALUE       VALUE  FROM      YEAR
                                                  NORMAL
..................................................................
TEMPERATURE (F)
 YESTERDAY
  MAXIMUM         81    150 PM  87    1962  77      4       77
  MINIMUM         61    646 AM  39    1964  61      0       66
  AVERAGE         71                        69      2       72

PRECIPITATION (IN)
  YESTERDAY        0.00          3.28 1951   0.13  -0.13     0.00
  MONTH TO DATE    2.83                      3.48  -0.65     1.13
  SINCE SEP 1      8.47                      9.24  -0.77    12.02
  SINCE JAN 1     39.22                     39.35  -0.13    46.96

SNOWFALL (IN)
  YESTERDAY        0.0           0.0    MM                   0.0
  MONTH TO DATE    0.0                                       0.0
  SINCE SEP 1      0.0                                       0.0
  SINCE JUL 1      0.0                                       0.0
  SNOW DEPTH       0

DEGREE DAYS
 HEATING
  YESTERDAY        0                         1     -1        0
  MONTH TO DATE    5                        11     -6        0
  SINCE SEP 1      5                        11     -6        0
  SINCE JUL 1      5                        11     -6        0

 COOLING
  YESTERDAY        6                         5      1        7
  MONTH TO DATE  151                       151      0      169
  SINCE SEP 1    535                       546    -11      581
  SINCE JAN 1   2540                      2522     18     2526
..................................................................


WIND (MPH)
  HIGHEST WIND SPEED    10   HIGHEST WIND DIRECTION     S (170)
  HIGHEST GUST SPEED    17   HIGHEST GUST DIRECTION     N (340)
  AVERAGE WIND SPEED     4.8


SKY COVER
  POSSIBLE SUNSHINE  MM
  AVERAGE SKY COVER 0.0


WEATHER CONDITIONS
 THE FOLLOWING WEATHER WAS RECORDED YESTERDAY.
  NO SIGNIFICANT WEATHER WAS OBSERVED.


RELATIVE HUMIDITY (PERCENT)
 HIGHEST   100           100 AM
 LOWEST     45           200 PM
 AVERAGE    73

..........................................................


THE ST SIMONS ISLAND CLIMATE NORMALS FOR TODAY
                         NORMAL    RECORD    YEAR
 MAXIMUM TEMPERATURE (F)   76        89      2006
 MINIMUM TEMPERATURE (F)   60        43      1976


SUNRISE AND SUNSET
OCTOBER 22 2014.......SUNRISE   733 AM EDT   SUNSET   646 PM EDT
OCTOBER 23 2014.......SUNRISE   734 AM EDT   SUNSET   645 PM EDT


-  INDICATES NEGATIVE NUMBERS.
R  INDICATES RECORD WAS SET OR TIED.
MM INDICATES DATA IS MISSING.
T  INDICATES TRACE AMOUNT.




$$
