000
CDUS42 KJAX 222130
CLISSI


CLIMATE REPORT
NATIONAL WEATHER SERVICE JACKSONVILLE FL
530 PM EDT FRI MAY 22 2015


...................................

...THE ST SIMONS ISLAND CLIMATE SUMMARY FOR MAY 22 2015...
VALID TODAY AS OF 0500 PM LOCAL TIME.

CLIMATE NORMAL PERIOD 1981 TO 2010
CLIMATE RECORD PERIOD 1948 TO 2015


WEATHER ITEM   OBSERVED TIME   RECORD YEAR NORMAL DEPARTURE LAST
                VALUE   (LST)  VALUE       VALUE  FROM      YEAR
                                                  NORMAL
..................................................................
TEMPERATURE (F)
 TODAY
  MAXIMUM         80    119 PM  94    2006  84     -4       92
                                      1962
  MINIMUM         68    627 AM  53    1954  69     -1       68
  AVERAGE         74                        76     -2       80

PRECIPITATION (IN)
  TODAY            0.00          2.12 1985   0.06  -0.06     0.00
  MONTH TO DATE    0.61                      1.13  -0.52     1.47
  SINCE MAR 1      6.41                      7.50  -1.09    11.93
  SINCE JAN 1     12.13                     14.19  -2.06    18.41

SNOWFALL (IN)
  TODAY            0.0           0.0    MM                   0.0
  MONTH TO DATE    0.0                                       0.0
  SINCE MAR 1      0.0                                       0.0
  SINCE JUL 1      0.0                                        T

DEGREE DAYS
 HEATING
  TODAY            0                         0      0        0
  MONTH TO DATE    1                         2     -1        1
  SINCE MAR 1    115                       235   -120      266
  SINCE JUL 1   1495                      1486      9     1494

 COOLING
  TODAY            9                        11     -2       15
  MONTH TO DATE  221                       188     33      180
  SINCE MAR 1    426                       322    104      310
  SINCE JAN 1    432                       331    101      318
..................................................................


WIND (MPH)
  HIGHEST WIND SPEED    20   HIGHEST WIND DIRECTION    NE (50)
  HIGHEST GUST SPEED    70   HIGHEST GUST DIRECTION    NE (24)
  AVERAGE WIND SPEED     7.9


SKY COVER
  POSSIBLE SUNSHINE  MM
  AVERAGE SKY COVER  MM


WEATHER CONDITIONS
 THE FOLLOWING WEATHER WAS RECORDED TODAY.
  NO SIGNIFICANT WEATHER WAS OBSERVED.


RELATIVE HUMIDITY (PERCENT)
 HIGHEST    MM
 LOWEST     MM
 AVERAGE    MM

..........................................................


THE ST SIMONS ISLAND CLIMATE NORMALS FOR TOMORROW
                         NORMAL    RECORD    YEAR
 MAXIMUM TEMPERATURE (F)   84        98      1956
 MINIMUM TEMPERATURE (F)   69        57      2002


SUNRISE AND SUNSET
MAY 22 2015...........SUNRISE   626 AM EDT   SUNSET   819 PM EDT
MAY 23 2015...........SUNRISE   626 AM EDT   SUNSET   819 PM EDT


-  INDICATES NEGATIVE NUMBERS.
R  INDICATES RECORD WAS SET OR TIED.
MM INDICATES DATA IS MISSING.
T  INDICATES TRACE AMOUNT.




$$
