000
CDUS43 KEAX 170632
CLISTJ


CLIMATE REPORT
NATIONAL WEATHER SERVICE KANSAS CITY/PLEASANT HILL MO
1232 AM CST WED JAN 17 2018


...................................

...THE ST. JOSEPH MO CLIMATE SUMMARY FOR JANUARY 16 2018...

CLIMATE NORMAL PERIOD 1981 TO 2010
CLIMATE RECORD PERIOD 1892 TO 2018


WEATHER ITEM   OBSERVED TIME   RECORD YEAR NORMAL DEPARTURE LAST
                VALUE   (LST)  VALUE       VALUE  FROM      YEAR
                                                  NORMAL
..................................................................
TEMPERATURE (F)
 YESTERDAY
  MAXIMUM          9        MM  66    1990  37    -28       43
  MINIMUM         -1   1100 PM -12    1977  17    -18       32
  AVERAGE          4                        27    -23       38

PRECIPITATION (IN)
  YESTERDAY        0.00          0.58 1941   0.02  -0.02     0.49
  MONTH TO DATE    0.18                      0.27  -0.09     0.91
  SINCE DEC 1      0.32                      1.79  -1.47     2.01
  SINCE JAN 1      0.18                      0.27  -0.09     0.91

DEGREE DAYS
 HEATING
  YESTERDAY       61                        38     23       27
  MONTH TO DATE  429                       611   -182      388
  SINCE DEC 1   1519                      1713   -194     1533
  SINCE JUL 1   2494                      2824   -330     2208

 COOLING
  YESTERDAY        0                         0      0        0
  MONTH TO DATE    0                         0      0        0
  SINCE DEC 1      0                         0      0        0
  SINCE JAN 1      0                         0      0        0
..................................................................


WIND (MPH)
  HIGHEST WIND SPEED    16   HIGHEST WIND DIRECTION    NW (330)
  HIGHEST GUST SPEED    MM   HIGHEST GUST DIRECTION    MM
  AVERAGE WIND SPEED     7.5


SKY COVER
  POSSIBLE SUNSHINE  MM
  AVERAGE SKY COVER 0.2


WEATHER CONDITIONS
 THE FOLLOWING WEATHER WAS RECORDED YESTERDAY.
  NO SIGNIFICANT WEATHER WAS OBSERVED.


RELATIVE HUMIDITY (PERCENT)
 HIGHEST    95           800 PM
 LOWEST     73           200 PM
 AVERAGE    84

..........................................................


THE ST. JOSEPH MO CLIMATE NORMALS FOR TODAY
                         NORMAL    RECORD    YEAR
 MAXIMUM TEMPERATURE (F)   37        65      1996
 MINIMUM TEMPERATURE (F)   17       -16      1930


SUNRISE AND SUNSET
JANUARY 17 2018.......SUNRISE   738 AM CST   SUNSET   522 PM CST
JANUARY 18 2018.......SUNRISE   738 AM CST   SUNSET   523 PM CST


-  INDICATES NEGATIVE NUMBERS.
R  INDICATES RECORD WAS SET OR TIED.
MM INDICATES DATA IS MISSING.
T  INDICATES TRACE AMOUNT.




$$
