000
CDUS43 KEAX 190635
CLISTJ


CLIMATE REPORT
NATIONAL WEATHER SERVICE KANSAS CITY/PLEASANT HILL MO
134 AM CDT FRI SEP 19 2014


...................................

...THE ST. JOSEPH MO CLIMATE SUMMARY FOR SEPTEMBER 18 2014...

CLIMATE NORMAL PERIOD 1981 TO 2010
CLIMATE RECORD PERIOD 1892 TO 2014


WEATHER ITEM   OBSERVED TIME   RECORD YEAR NORMAL DEPARTURE LAST
                VALUE   (LST)  VALUE       VALUE  FROM      YEAR
                                                  NORMAL
..................................................................
TEMPERATURE (F)
 YESTERDAY
  MAXIMUM         67    556 PM  98    1925  78    -11       90
  MINIMUM         58    937 PM  36    1981  53      5       66
  AVERAGE         63                        66     -3       78

PRECIPITATION (IN)
  YESTERDAY        0.00          1.43 1966   0.11  -0.11     0.00
  MONTH TO DATE    1.67                      2.28  -0.61     2.29
  SINCE SEP 1      1.67                      2.28  -0.61     2.29
  SINCE JAN 1     24.22                     28.58  -4.36    21.96

DEGREE DAYS
 HEATING
  YESTERDAY        2                         3     -1        0
  MONTH TO DATE   66                        23     43        7
  SINCE SEP 1     66                        23     43        7
  SINCE JUL 1     72                        28     44        9

 COOLING
  YESTERDAY        0                         3     -3       13
  MONTH TO DATE   77                        91    -14      155
  SINCE SEP 1     77                        91    -14      155
  SINCE JAN 1   1126                      1168    -42     1225
..................................................................


WIND (MPH)
  HIGHEST WIND SPEED    14   HIGHEST WIND DIRECTION    SE (130)
  HIGHEST GUST SPEED    16   HIGHEST GUST DIRECTION    SE (130)
  AVERAGE WIND SPEED     6.5


SKY COVER
  POSSIBLE SUNSHINE  MM
  AVERAGE SKY COVER 0.6


WEATHER CONDITIONS
 THE FOLLOWING WEATHER WAS RECORDED YESTERDAY.
  FOG


RELATIVE HUMIDITY (PERCENT)
 HIGHEST    97           400 AM
 LOWEST     78           300 PM
 AVERAGE    88

..........................................................


THE ST. JOSEPH MO CLIMATE NORMALS FOR TODAY
                         NORMAL    RECORD    YEAR
 MAXIMUM TEMPERATURE (F)   78        96      1931
 MINIMUM TEMPERATURE (F)   53        31      1991


SUNRISE AND SUNSET
SEPTEMBER 19 2014.....SUNRISE   704 AM CDT   SUNSET   722 PM CDT
SEPTEMBER 20 2014.....SUNRISE   705 AM CDT   SUNSET   720 PM CDT


-  INDICATES NEGATIVE NUMBERS.
R  INDICATES RECORD WAS SET OR TIED.
MM INDICATES DATA IS MISSING.
T  INDICATES TRACE AMOUNT.




$$
