000
CDUS43 KEAX 310032
CLISTJ


CLIMATE REPORT
NATIONAL WEATHER SERVICE KANSAS CITY/PLEASANT HILL MO
731 PM CDT SAT JUL 30 2016


...................................

...THE ST. JOSEPH MO CLIMATE SUMMARY FOR JULY 30 2016...
VALID TODAY AS OF 0700 PM LOCAL TIME.

CLIMATE NORMAL PERIOD 1981 TO 2010
CLIMATE RECORD PERIOD 1892 TO 2016


WEATHER ITEM   OBSERVED TIME   RECORD YEAR NORMAL DEPARTURE LAST
                VALUE   (LST)  VALUE       VALUE  FROM      YEAR
                                                  NORMAL
..................................................................
TEMPERATURE (F)
 TODAY
  MAXIMUM         83    559 PM 107    1980  87     -4       87
  MINIMUM         59    532 AM  43    1971  67     -8       62
  AVERAGE         71                        77     -6       75

PRECIPITATION (IN)
  TODAY            0.03          2.05 1958   0.17  -0.14     0.00
  MONTH TO DATE    8.34                      5.01   3.33     5.79
  SINCE JUN 1      9.05                      9.19  -0.14    12.69
  SINCE JAN 1     23.18                     22.14   1.04    28.38

DEGREE DAYS
 HEATING
  TODAY            0                         0      0        0
  MONTH TO DATE    2                         0      2        0
  SINCE JUN 1      2                         8     -6        1
  SINCE JUL 1      2                         0      2        0

 COOLING
  TODAY            6                        12     -6       10
  MONTH TO DATE  403                       358     45      373
  SINCE JUN 1    830                       625    205      687
  SINCE JAN 1    913                       738    175      755
..................................................................


WIND (MPH)
  HIGHEST WIND SPEED    10   HIGHEST WIND DIRECTION    SE (120)
  HIGHEST GUST SPEED    19   HIGHEST GUST DIRECTION    NE (60)
  AVERAGE WIND SPEED     3.3


SKY COVER
  AVERAGE SKY COVER 0.2


WEATHER CONDITIONS
 THE FOLLOWING WEATHER WAS RECORDED TODAY.
  FOG
  FOG W/VISIBILITY <= 1/4 MILE


RELATIVE HUMIDITY (PERCENT)
 HIGHEST   100           300 AM
 LOWEST     51           100 PM
 AVERAGE    76

..........................................................


THE ST. JOSEPH MO CLIMATE NORMALS FOR TOMORROW
                         NORMAL    RECORD    YEAR
 MAXIMUM TEMPERATURE (F)   87       104      1955
 MINIMUM TEMPERATURE (F)   67        44      1971


SUNRISE AND SUNSET
JULY 30 2016..........SUNRISE   617 AM CDT   SUNSET   834 PM CDT
JULY 31 2016..........SUNRISE   618 AM CDT   SUNSET   833 PM CDT


-  INDICATES NEGATIVE NUMBERS.
R  INDICATES RECORD WAS SET OR TIED.
MM INDICATES DATA IS MISSING.
T  INDICATES TRACE AMOUNT.




$$
