000
CDUS43 KEAX 240639
CLISTJ


CLIMATE REPORT
NATIONAL WEATHER SERVICE KANSAS CITY/PLEASANT HILL MO
138 AM CDT THU AUG 24 2017


...................................

...THE ST. JOSEPH MO CLIMATE SUMMARY FOR AUGUST 23 2017...

CLIMATE NORMAL PERIOD 1981 TO 2010
CLIMATE RECORD PERIOD 1892 TO 2017


WEATHER ITEM   OBSERVED TIME   RECORD YEAR NORMAL DEPARTURE LAST
                VALUE   (LST)  VALUE       VALUE  FROM      YEAR
                                                  NORMAL
..................................................................
TEMPERATURE (F)
 YESTERDAY
  MAXIMUM         81    327 PM 102    1936  86     -5       86
  MINIMUM         49    544 AM  46    1966  63    -14       65
  AVERAGE         65                        74     -9       76

PRECIPITATION (IN)
  YESTERDAY        0.00          1.95 1906   0.14  -0.14      T
  MONTH TO DATE    2.21                      2.84  -0.63     2.19
  SINCE JUN 1      6.70                     12.21  -5.51    11.44
  SINCE JAN 1     18.78                     25.16  -6.38    25.57

DEGREE DAYS
 HEATING
  YESTERDAY        0                         0      0        0
  MONTH TO DATE    6                         0      6        0
  SINCE JUN 1     10                         9      1        2
  SINCE JUL 1      6                         1      5        2

 COOLING
  YESTERDAY        0                         9     -9       11
  MONTH TO DATE  147                       256   -109      263
  SINCE JUN 1    888                       897     -9     1105
  SINCE JAN 1   1007                      1010     -3     1188
..................................................................


WIND (MPH)
  HIGHEST WIND SPEED     9   HIGHEST WIND DIRECTION    NE (50)
  HIGHEST GUST SPEED    12   HIGHEST GUST DIRECTION    NE (60)
  AVERAGE WIND SPEED     2.0


SKY COVER
  POSSIBLE SUNSHINE  MM
  AVERAGE SKY COVER 0.1


WEATHER CONDITIONS
 THE FOLLOWING WEATHER WAS RECORDED YESTERDAY.
  FOG
  FOG W/VISIBILITY <= 1/4 MILE


RELATIVE HUMIDITY (PERCENT)
 HIGHEST   100          1200 AM
 LOWEST     46          1100 AM
 AVERAGE    73

..........................................................


THE ST. JOSEPH MO CLIMATE NORMALS FOR TODAY
                         NORMAL    RECORD    YEAR
 MAXIMUM TEMPERATURE (F)   86       106      1936
 MINIMUM TEMPERATURE (F)   63        46      2015


SUNRISE AND SUNSET
AUGUST 24 2017........SUNRISE   640 AM CDT   SUNSET   803 PM CDT
AUGUST 25 2017........SUNRISE   641 AM CDT   SUNSET   801 PM CDT


-  INDICATES NEGATIVE NUMBERS.
R  INDICATES RECORD WAS SET OR TIED.
MM INDICATES DATA IS MISSING.
T  INDICATES TRACE AMOUNT.




$$
