000
CDUS43 KEAX 240031
CLISTJ


CLIMATE REPORT
NATIONAL WEATHER SERVICE KANSAS CITY/PLEASANT HILL MO
731 PM CDT MON OCT 23 2017


...................................

...THE ST. JOSEPH MO CLIMATE SUMMARY FOR OCTOBER 23 2017...
VALID TODAY AS OF 0700 PM LOCAL TIME.

CLIMATE NORMAL PERIOD 1981 TO 2010
CLIMATE RECORD PERIOD 1892 TO 2017


WEATHER ITEM   OBSERVED TIME   RECORD YEAR NORMAL DEPARTURE LAST
                VALUE   (LST)  VALUE       VALUE  FROM      YEAR
                                                  NORMAL
..................................................................
TEMPERATURE (F)
 TODAY
  MAXIMUM         68    321 PM  91    1939  64      4       78
  MINIMUM         38    634 AM  24    1937  40     -2       44
  AVERAGE         53                        52      1       61

PRECIPITATION (IN)
  TODAY            T             1.57 1947   0.10  -0.10     0.00
  MONTH TO DATE    4.12                      2.14   1.98     1.48
  SINCE SEP 1      5.15                      5.56  -0.41    10.14
  SINCE JAN 1     25.40                     31.86  -6.46    40.26

DEGREE DAYS
 HEATING
  TODAY           12                        13     -1        4
  MONTH TO DATE  114                       220   -106      133
  SINCE SEP 1    137                       295   -158      158
  SINCE JUL 1    143                       300   -157      160

 COOLING
  TODAY            0                         0      0        0
  MONTH TO DATE   37                        18     19       34
  SINCE SEP 1    227                       140     87      256
  SINCE JAN 1   1271                      1217     54     1528
..................................................................


WIND (MPH)
  HIGHEST WIND SPEED    32   HIGHEST WIND DIRECTION    NW (330)
  HIGHEST GUST SPEED    44   HIGHEST GUST DIRECTION    NW (320)
  AVERAGE WIND SPEED    13.0


SKY COVER
  AVERAGE SKY COVER 0.1


WEATHER CONDITIONS
 THE FOLLOWING WEATHER WAS RECORDED TODAY.
  LIGHT RAIN


RELATIVE HUMIDITY (PERCENT)
 HIGHEST    96           600 AM
 LOWEST     30           400 PM
 AVERAGE    63

..........................................................


THE ST. JOSEPH MO CLIMATE NORMALS FOR TOMORROW
                         NORMAL    RECORD    YEAR
 MAXIMUM TEMPERATURE (F)   64        86      1940
 MINIMUM TEMPERATURE (F)   40        23      2006
                                             1999


SUNRISE AND SUNSET
OCTOBER 23 2017.......SUNRISE   739 AM CDT   SUNSET   629 PM CDT
OCTOBER 24 2017.......SUNRISE   740 AM CDT   SUNSET   627 PM CDT


-  INDICATES NEGATIVE NUMBERS.
R  INDICATES RECORD WAS SET OR TIED.
MM INDICATES DATA IS MISSING.
T  INDICATES TRACE AMOUNT.




$$
