000
CDUS43 KEAX 030032
CLISTJ


CLIMATE REPORT
NATIONAL WEATHER SERVICE KANSAS CITY/PLEASANT HILL MO
732 PM CDT TUE SEP 2 2014


...................................

...THE ST. JOSEPH MO CLIMATE SUMMARY FOR SEPTEMBER 2 2014...
VALID TODAY AS OF 0700 PM LOCAL TIME.

CLIMATE NORMAL PERIOD 1981 TO 2010
CLIMATE RECORD PERIOD 1892 TO 2014


WEATHER ITEM   OBSERVED TIME   RECORD YEAR NORMAL DEPARTURE LAST
                VALUE   (LST)  VALUE       VALUE  FROM      YEAR
                                                  NORMAL
..................................................................
TEMPERATURE (F)
 TODAY
  MAXIMUM         85    508 PM 100    1913  84      1       80
  MINIMUM         59    522 AM  45    1981  60     -1       58
  AVERAGE         72                        72      0       69

PRECIPITATION (IN)
  TODAY            0.00          2.55 1918   0.16  -0.16     0.00
  MONTH TO DATE    0.15                      0.32  -0.17     0.95
  SINCE SEP 1      0.15                      0.32  -0.17     0.95
  SINCE JAN 1     22.70                     26.62  -3.92    20.62

DEGREE DAYS
 HEATING
  TODAY            0                         0      0        0
  MONTH TO DATE    0                         0      0        0
  SINCE SEP 1      0                         0      0        0
  SINCE JUL 1      6                         5      1        2

 COOLING
  TODAY            7                         7      0        4
  MONTH TO DATE   15                        14      1       13
  SINCE SEP 1     15                        14      1       13
  SINCE JAN 1   1064                      1091    -27     1083
..................................................................


WIND (MPH)
  HIGHEST WIND SPEED    12   HIGHEST WIND DIRECTION     N (340)
  HIGHEST GUST SPEED    13   HIGHEST GUST DIRECTION    NW (300)
  AVERAGE WIND SPEED     2.1


SKY COVER
  AVERAGE SKY COVER 0.1


WEATHER CONDITIONS
 THE FOLLOWING WEATHER WAS RECORDED TODAY.
  FOG
  FOG W/VISIBILITY <= 1/4 MILE


RELATIVE HUMIDITY (PERCENT)
 HIGHEST   100           100 AM
 LOWEST     51           300 PM
 AVERAGE    76

..........................................................


THE ST. JOSEPH MO CLIMATE NORMALS FOR TOMORROW
                         NORMAL    RECORD    YEAR
 MAXIMUM TEMPERATURE (F)   83       107      1947
 MINIMUM TEMPERATURE (F)   59        36      1974


SUNRISE AND SUNSET
SEPTEMBER  2 2014.....SUNRISE   649 AM CDT   SUNSET   749 PM CDT
SEPTEMBER  3 2014.....SUNRISE   650 AM CDT   SUNSET   748 PM CDT


-  INDICATES NEGATIVE NUMBERS.
R  INDICATES RECORD WAS SET OR TIED.
MM INDICATES DATA IS MISSING.
T  INDICATES TRACE AMOUNT.




$$
