853
CDUS43 KEAX 080035
CLISTJ


CLIMATE REPORT
NATIONAL WEATHER SERVICE KANSAS CITY/PLEASANT HILL MO
635 PM CST SUN FEB 7 2016


...................................

...THE ST. JOSEPH MO CLIMATE SUMMARY FOR FEBRUARY 7 2016...
VALID TODAY AS OF 0600 PM LOCAL TIME.

CLIMATE NORMAL PERIOD 1981 TO 2010
CLIMATE RECORD PERIOD 1892 TO 2016


WEATHER ITEM   OBSERVED TIME   RECORD YEAR NORMAL DEPARTURE LAST
                VALUE   (LST)  VALUE       VALUE  FROM      YEAR
                                                  NORMAL
..................................................................
TEMPERATURE (F)
 TODAY
  MAXIMUM         51    317 PM  68    2009  40     11       58
  MINIMUM         33    720 AM -16    1985  20     13       30
  AVERAGE         42                        30     12       44

PRECIPITATION (IN)
  TODAY            T             0.30 1999   0.03  -0.03     0.00
  MONTH TO DATE    0.32                      0.20   0.12     0.25
  SINCE DEC 1      3.16                      2.28   0.88     2.36
  SINCE JAN 1      0.91                      0.76   0.15     1.40

DEGREE DAYS
 HEATING
  TODAY           23                        35    -12       21
  MONTH TO DATE  212                       249    -37      301
  SINCE DEC 1   2201                      2521   -320     2392
  SINCE JUL 1   3037                      3632   -595     3638

 COOLING
  TODAY            0                         0      0        0
  MONTH TO DATE    0                         0      0        0
  SINCE DEC 1      0                         0      0        0
  SINCE JAN 1      0                         0      0        0
..................................................................


WIND (MPH)
  HIGHEST WIND SPEED    37   HIGHEST WIND DIRECTION    NW (320)
  HIGHEST GUST SPEED    44   HIGHEST GUST DIRECTION    NW (310)
  AVERAGE WIND SPEED    14.9


SKY COVER
  AVERAGE SKY COVER 0.2


WEATHER CONDITIONS
 THE FOLLOWING WEATHER WAS RECORDED TODAY.
  NO SIGNIFICANT WEATHER WAS OBSERVED.


RELATIVE HUMIDITY (PERCENT)
 HIGHEST    75           500 AM
 LOWEST     26           300 PM
 AVERAGE    51

..........................................................


THE ST. JOSEPH MO CLIMATE NORMALS FOR TOMORROW
                         NORMAL    RECORD    YEAR
 MAXIMUM TEMPERATURE (F)   40        68      1938
 MINIMUM TEMPERATURE (F)   20       -19      1971


SUNRISE AND SUNSET
FEBRUARY  7 2016......SUNRISE   722 AM CST   SUNSET   546 PM CST
FEBRUARY  8 2016......SUNRISE   721 AM CST   SUNSET   547 PM CST


-  INDICATES NEGATIVE NUMBERS.
R  INDICATES RECORD WAS SET OR TIED.
MM INDICATES DATA IS MISSING.
T  INDICATES TRACE AMOUNT.




$$
