000
CDUS43 KEAX 280631
CLISTJ


CLIMATE REPORT
NATIONAL WEATHER SERVICE KANSAS CITY/PLEASANT HILL MO
131 AM CDT WED JUN 28 2017


...................................

...THE ST. JOSEPH MO CLIMATE SUMMARY FOR JUNE 27 2017...

CLIMATE NORMAL PERIOD 1981 TO 2010
CLIMATE RECORD PERIOD 1892 TO 2017


WEATHER ITEM   OBSERVED TIME   RECORD YEAR NORMAL DEPARTURE LAST
                VALUE   (LST)  VALUE       VALUE  FROM      YEAR
                                                  NORMAL
..................................................................
TEMPERATURE (F)
 YESTERDAY
  MAXIMUM         81    443 PM 105    1980  86     -5       95
  MINIMUM         52    510 AM  47    1968  66    -14       62
  AVERAGE         67                        76     -9       79

PRECIPITATION (IN)
  YESTERDAY        0.00          1.61 1928   0.10  -0.10      T
  MONTH TO DATE    1.95                      3.88  -1.93     0.37
  SINCE JUN 1      1.95                      3.88  -1.93     0.37
  SINCE JAN 1     14.03                     16.83  -2.80    14.50

DEGREE DAYS
 HEATING
  YESTERDAY        0                         0      0        0
  MONTH TO DATE    4                         6     -2        0
  SINCE JUN 1      4                         6     -2        0
  SINCE JUL 1   4264                      5456  -1192     4519

 COOLING
  YESTERDAY        2                        11     -9       14
  MONTH TO DATE  283                       234     49      391
  SINCE JUN 1    283                       234     49      391
  SINCE JAN 1    402                       347     55      474
..................................................................


WIND (MPH)
  HIGHEST WIND SPEED    20   HIGHEST WIND DIRECTION    SE (140)
  HIGHEST GUST SPEED    26   HIGHEST GUST DIRECTION     S (180)
  AVERAGE WIND SPEED     9.4


SKY COVER
  POSSIBLE SUNSHINE  MM
  AVERAGE SKY COVER 0.5


WEATHER CONDITIONS
 THE FOLLOWING WEATHER WAS RECORDED YESTERDAY.
  FOG
  FOG W/VISIBILITY <= 1/4 MILE


RELATIVE HUMIDITY (PERCENT)
 HIGHEST   100          1200 AM
 LOWEST     58           300 PM
 AVERAGE    79

..........................................................


THE ST. JOSEPH MO CLIMATE NORMALS FOR TODAY
                         NORMAL    RECORD    YEAR
 MAXIMUM TEMPERATURE (F)   86       102      1936
 MINIMUM TEMPERATURE (F)   66        54      2006


SUNRISE AND SUNSET
JUNE 28 2017..........SUNRISE   554 AM CDT   SUNSET   852 PM CDT
JUNE 29 2017..........SUNRISE   555 AM CDT   SUNSET   852 PM CDT


-  INDICATES NEGATIVE NUMBERS.
R  INDICATES RECORD WAS SET OR TIED.
MM INDICATES DATA IS MISSING.
T  INDICATES TRACE AMOUNT.




$$
