000
CDUS43 KEAX 100633
CLISTJ


CLIMATE REPORT
NATIONAL WEATHER SERVICE KANSAS CITY/PLEASANT HILL MO
1232 AM CST SAT DEC 10 2016


...................................

...THE ST. JOSEPH MO CLIMATE SUMMARY FOR DECEMBER 9 2016...

CLIMATE NORMAL PERIOD 1981 TO 2010
CLIMATE RECORD PERIOD 1892 TO 2016


WEATHER ITEM   OBSERVED TIME   RECORD YEAR NORMAL DEPARTURE LAST
                VALUE   (LST)  VALUE       VALUE  FROM      YEAR
                                                  NORMAL
..................................................................
TEMPERATURE (F)
 YESTERDAY
  MAXIMUM         26   1159 PM  66    1925  41    -15       62
  MINIMUM          6    722 AM -15    2005  21    -15       30
  AVERAGE         16                        31    -15       46

PRECIPITATION (IN)
  YESTERDAY        0.00          0.93 2003   0.05  -0.05     0.00
  MONTH TO DATE    0.59                      0.42   0.17      T
  SINCE DEC 1      0.59                      0.42   0.17      T
  SINCE JAN 1     41.57                     34.50   7.07    35.95

DEGREE DAYS
 HEATING
  YESTERDAY       49                        34     15       19
  MONTH TO DATE  321                       291     30      228
  SINCE DEC 1    321                       291     30      228
  SINCE JUL 1    996                      1402   -406     1064

 COOLING
  YESTERDAY        0                         0      0        0
  MONTH TO DATE    0                         0      0        0
  SINCE DEC 1      0                         0      0        0
  SINCE JAN 1   1547                      1221    326     1288
..................................................................


WIND (MPH)
  HIGHEST WIND SPEED     8   HIGHEST WIND DIRECTION    SE (130)
  HIGHEST GUST SPEED    12   HIGHEST GUST DIRECTION     S (190)
  AVERAGE WIND SPEED     3.5


SKY COVER
  POSSIBLE SUNSHINE  MM
  AVERAGE SKY COVER 0.6


WEATHER CONDITIONS
 THE FOLLOWING WEATHER WAS RECORDED YESTERDAY.
  NO SIGNIFICANT WEATHER WAS OBSERVED.


RELATIVE HUMIDITY (PERCENT)
 HIGHEST    92           600 AM
 LOWEST     46           300 PM
 AVERAGE    69

..........................................................


THE ST. JOSEPH MO CLIMATE NORMALS FOR TODAY
                         NORMAL    RECORD    YEAR
 MAXIMUM TEMPERATURE (F)   41        65      1965
 MINIMUM TEMPERATURE (F)   21       -14      1972


SUNRISE AND SUNSET
DECEMBER 10 2016......SUNRISE   730 AM CST   SUNSET   455 PM CST
DECEMBER 11 2016......SUNRISE   731 AM CST   SUNSET   455 PM CST


-  INDICATES NEGATIVE NUMBERS.
R  INDICATES RECORD WAS SET OR TIED.
MM INDICATES DATA IS MISSING.
T  INDICATES TRACE AMOUNT.




$$
