000
CDUS43 KLSX 060745
CLISTL


CLIMATE REPORT
NATIONAL WEATHER SERVICE ST LOUIS MO
145 AM CST FRI MAR 6 2015


...................................

...THE ST. LOUIS CLIMATE SUMMARY FOR MARCH 5 2015...

CLIMATE NORMAL PERIOD 1981 TO 2010
CLIMATE RECORD PERIOD 1874 TO 2015


WEATHER ITEM   OBSERVED TIME   RECORD YEAR NORMAL DEPARTURE LAST
                VALUE   (LST)  VALUE       VALUE  FROM      YEAR
                                                  NORMAL
..................................................................
TEMPERATURE (F)
 YESTERDAY
  MAXIMUM         26    327 PM  84    1956  52    -26       42
  MINIMUM         15   1154 PM  -5    1960  33    -18       23
  AVERAGE         21                        42    -21       33

PRECIPITATION (IN)
  YESTERDAY        0.00          2.31 1897   0.09  -0.09     0.00
  MONTH TO DATE    0.17                      0.43  -0.26     0.32
  SINCE MAR 1      0.17                      0.43  -0.26     0.32
  SINCE JAN 1      3.12                      5.07  -1.95     3.47

SNOWFALL (IN)
  YESTERDAY        0.0           2.3  1943   0.1   -0.1      0.0
  MONTH TO DATE    0.6                       0.5    0.1      1.5
  SINCE MAR 1      0.6                       0.5    0.1      1.5
  SINCE JUL 1     16.8                      15.5    1.3     28.7
  SNOW DEPTH       0

DEGREE DAYS
 HEATING
  YESTERDAY       44                        23     21       32
  MONTH TO DATE  185                       118     67      201
  SINCE MAR 1    185                       118     67      201
  SINCE JUL 1   3987                      3716    271     4238

 COOLING
  YESTERDAY        0                         0      0        0
  MONTH TO DATE    0                         0      0        0
  SINCE MAR 1      0                         0      0        0
  SINCE JAN 1      0                         0      0        0
..................................................................


WIND (MPH)
  HIGHEST WIND SPEED    17   HIGHEST WIND DIRECTION     N (340)
  HIGHEST GUST SPEED    21   HIGHEST GUST DIRECTION    NW (310)
  AVERAGE WIND SPEED     8.3


SKY COVER
  AVERAGE SKY COVER 0.4


WEATHER CONDITIONS
 THE FOLLOWING WEATHER WAS RECORDED YESTERDAY.
  NO SIGNIFICANT WEATHER WAS OBSERVED.


RELATIVE HUMIDITY (PERCENT)
 HIGHEST    59          1000 PM
 LOWEST     45          1200 AM
 AVERAGE    52

..........................................................


THE ST. LOUIS CLIMATE NORMALS FOR TODAY
                         NORMAL    RECORD    YEAR
 MAXIMUM TEMPERATURE (F)   52        85      1956
 MINIMUM TEMPERATURE (F)   33         2      1960


SUNRISE AND SUNSET
MARCH  6 2015.........SUNRISE   627 AM CST   SUNSET   559 PM CST
MARCH  7 2015.........SUNRISE   625 AM CST   SUNSET   600 PM CST


-  INDICATES NEGATIVE NUMBERS.
R  INDICATES RECORD WAS SET OR TIED.
MM INDICATES DATA IS MISSING.
T  INDICATES TRACE AMOUNT.




$$
