000
CDUS43 KLSX 282230
CLISTL


CLIMATE REPORT
NATIONAL WEATHER SERVICE ST LOUIS MO
429 PM CST SUN DEC 28 2014


...................................

...THE ST. LOUIS CLIMATE SUMMARY FOR DECEMBER 28 2014...
VALID TODAY AS OF 0400 PM LOCAL TIME.

CLIMATE NORMAL PERIOD 1981 TO 2010
CLIMATE RECORD PERIOD 1874 TO 2014


WEATHER ITEM   OBSERVED TIME   RECORD YEAR NORMAL DEPARTURE LAST
                VALUE   (LST)  VALUE       VALUE  FROM      YEAR
                                                  NORMAL
..................................................................
TEMPERATURE (F)
 TODAY
  MAXIMUM         38    310 PM  75    1928  40     -2       61
  MINIMUM         32    925 AM  -8    1924  24      8       36
  AVERAGE         35                        32      3       49

PRECIPITATION (IN)
  TODAY            0.00          1.45 1884   0.08  -0.08     0.00
  MONTH TO DATE    2.72                      2.58   0.14     1.96
  SINCE DEC 1      2.72                      2.58   0.14     1.96
  SINCE JAN 1     43.43                     40.70   2.73    42.68

SNOWFALL (IN)
  TODAY            0.0           3.5  1943   0.2   -0.2      0.0
  MONTH TO DATE    0.2                       3.9   -3.7      5.6
  SINCE DEC 1      0.2                       3.9   -3.7      5.6
  SINCE JUL 1      4.0                       4.6   -0.6      5.6
  SNOW DEPTH       0

DEGREE DAYS
 HEATING
  TODAY           30                        33     -3       16
  MONTH TO DATE  684                       840   -156      861
  SINCE DEC 1    684                       840   -156      861
  SINCE JUL 1   1641                      1666    -25     1731

 COOLING
  TODAY            0                         0      0        0
  MONTH TO DATE    0                         0      0        0
  SINCE DEC 1      0                         0      0        0
  SINCE JAN 1   1732                      1646     86     1728
..................................................................


WIND (MPH)
  HIGHEST WIND SPEED    13   HIGHEST WIND DIRECTION    NW (310)
  HIGHEST GUST SPEED    15   HIGHEST GUST DIRECTION    NW (310)
  AVERAGE WIND SPEED     5.8


SKY COVER
  AVERAGE SKY COVER 0.9



RELATIVE HUMIDITY (PERCENT)
 HIGHEST    75          1200 AM
 LOWEST     54           300 PM
 AVERAGE    65

..........................................................


THE ST. LOUIS CLIMATE NORMALS FOR TOMORROW
                         NORMAL    RECORD    YEAR
 MAXIMUM TEMPERATURE (F)   40        70      1984
 MINIMUM TEMPERATURE (F)   24       -15      1880


SUNRISE AND SUNSET
DECEMBER 28 2014......SUNRISE   719 AM CST   SUNSET   448 PM CST
DECEMBER 29 2014......SUNRISE   719 AM CST   SUNSET   448 PM CST


-  INDICATES NEGATIVE NUMBERS.
R  INDICATES RECORD WAS SET OR TIED.
MM INDICATES DATA IS MISSING.
T  INDICATES TRACE AMOUNT.




$$
