000
CDUS46 KMTR 250045
CLISTS


CLIMATE REPORT
NATIONAL WEATHER SERVICE SAN FRANCISCO BAY AREA
445 PM PST FRI FEB 24 2017


...................................

...THE SANTA ROSA AIRPORT CLIMATE SUMMARY FOR FEBRUARY 24 2017...
VALID TODAY AS OF 0400 PM LOCAL TIME.

CLIMATE NORMAL PERIOD 1981 TO 2010
CLIMATE RECORD PERIOD 1998 TO 2017


WEATHER ITEM   OBSERVED TIME   RECORD YEAR NORMAL DEPARTURE LAST
                VALUE   (LST)  VALUE       VALUE  FROM      YEAR
                                                  NORMAL
..................................................................
TEMPERATURE (F)
 TODAY
  MAXIMUM         55    218 PM  76    2012  62     -7       72
  MINIMUM         29R   708 AM  30    2015  40    -11       40
  AVERAGE         42                        51     -9       56

PRECIPITATION (IN)
  TODAY            0.00          1.06 2001   0.23  -0.23     0.00
  MONTH TO DATE   14.69                      5.49   9.20     0.74
  SINCE OCT 1     52.07                     26.29  25.78    20.19
  SINCE JAN 1     33.65                     12.54  21.11    11.61

DEGREE DAYS
 HEATING
  TODAY           23                                         9
  MONTH TO DATE  298                                       246
  SINCE DEC 1   1451                                      1242
  SINCE JUL 1   1944                                      1687

 COOLING
  TODAY            0                                         0
  MONTH TO DATE    0                                         3
  SINCE DEC 1      0                                         3
  SINCE JAN 1      0                                         3
..................................................................


WIND (MPH)
  RESULTANT WIND SPEED   0   RESULTANT WIND DIRECTION   W (280)
  HIGHEST WIND SPEED    14   HIGHEST WIND DIRECTION    SW (240)
  HIGHEST GUST SPEED    18   HIGHEST GUST DIRECTION    SW (240)
  AVERAGE WIND SPEED     1.9


SKY COVER
  POSSIBLE SUNSHINE  MM
  AVERAGE SKY COVER 0.1


WEATHER CONDITIONS
 THE FOLLOWING WEATHER WAS RECORDED TODAY.
  FOG


RELATIVE HUMIDITY (PERCENT)
 HIGHEST   100           400 AM
 LOWEST     45           300 PM
 AVERAGE    73

..........................................................


THE SANTA ROSA AIRPORT CLIMATE NORMALS FOR TOMORROW
                         NORMAL    RECORD    YEAR
 MAXIMUM TEMPERATURE (F)   62        74      2016
 MINIMUM TEMPERATURE (F)   41        30      2011


SUNRISE AND SUNSET
FEBRUARY 24 2017......SUNRISE   650 AM PST   SUNSET   559 PM PST
FEBRUARY 25 2017......SUNRISE   648 AM PST   SUNSET   601 PM PST


-  INDICATES NEGATIVE NUMBERS.
R  INDICATES RECORD WAS SET OR TIED.
MM INDICATES DATA IS MISSING.
T  INDICATES TRACE AMOUNT.




$$
