000
CDUS46 KMTR 240831
CLISTS


CLIMATE REPORT
NATIONAL WEATHER SERVICE SAN FRANCISCO BAY AREA
1231 AM PST MON NOV 24 2014


...................................

...THE SANTA ROSA AIRPORT CLIMATE SUMMARY FOR NOVEMBER 23 2014...

CLIMATE NORMAL PERIOD 1981 TO 2010
CLIMATE RECORD PERIOD 1998 TO 2014


WEATHER ITEM   OBSERVED TIME   RECORD YEAR NORMAL DEPARTURE LAST
                VALUE   (LST)  VALUE       VALUE  FROM      YEAR
                                                  NORMAL
..................................................................
TEMPERATURE (F)
 YESTERDAY
  MAXIMUM         65    417 PM  75    2007  61      4       69
  MINIMUM         40    647 AM  26    2003  39      1       37
  AVERAGE         53                        50      3       53

PRECIPITATION (IN)
  YESTERDAY        0.00          1.72 1998   0.16  -0.16     0.00
  MONTH TO DATE    0.86                      3.44  -2.58     1.08
  SINCE JUL 1      2.20                      5.91  -3.71     1.61
  SINCE JAN 1     14.77                     28.00 -13.23     8.13

DEGREE DAYS
 HEATING
  YESTERDAY       12                                        12
  MONTH TO DATE  196                                       222
  SINCE SEP 1    278                                       428
  SINCE JUL 1    283                                       465

 COOLING
  YESTERDAY        0                                         0
  MONTH TO DATE    0                                         0
  SINCE SEP 1    150                                        72
  SINCE JAN 1    499                                       415
..................................................................


WIND (MPH)
  RESULTANT WIND SPEED   3   RESULTANT WIND DIRECTION   N (350)
  HIGHEST WIND SPEED     9   HIGHEST WIND DIRECTION    NW (320)
  HIGHEST GUST SPEED    14   HIGHEST GUST DIRECTION     N (10)
  AVERAGE WIND SPEED     3.5


SKY COVER
  POSSIBLE SUNSHINE  MM
  AVERAGE SKY COVER 0.3


WEATHER CONDITIONS
 THE FOLLOWING WEATHER WAS RECORDED YESTERDAY.
  FOG


RELATIVE HUMIDITY (PERCENT)
 HIGHEST    96           500 AM
 LOWEST     34           300 PM
 AVERAGE    65

..........................................................


THE SANTA ROSA AIRPORT CLIMATE NORMALS FOR TODAY
                         NORMAL    RECORD    YEAR
 MAXIMUM TEMPERATURE (F)   61        70      2012
 MINIMUM TEMPERATURE (F)   39        28      2010
                                             2007


SUNRISE AND SUNSET
NOVEMBER 24 2014......SUNRISE   703 AM PST   SUNSET   453 PM PST
NOVEMBER 25 2014......SUNRISE   704 AM PST   SUNSET   452 PM PST


-  INDICATES NEGATIVE NUMBERS.
R  INDICATES RECORD WAS SET OR TIED.
MM INDICATES DATA IS MISSING.
T  INDICATES TRACE AMOUNT.




$$
