130
CDUS46 KMTR 210826
CLISTS


CLIMATE REPORT
NATIONAL WEATHER SERVICE SAN FRANCISCO BAY AREA
1226 AM PST TUE NOV 21 2017


...................................

...THE SANTA ROSA AIRPORT CLIMATE SUMMARY FOR NOVEMBER 20 2017...

CLIMATE NORMAL PERIOD 1981 TO 2010
CLIMATE RECORD PERIOD 1998 TO 2017


WEATHER ITEM   OBSERVED TIME   RECORD YEAR NORMAL DEPARTURE LAST
                VALUE   (LST)  VALUE       VALUE  FROM      YEAR
                                                  NORMAL
..................................................................
TEMPERATURE (F)
 YESTERDAY
  MAXIMUM         56    918 PM  78    2015  62     -6       63
  MINIMUM         50    643 AM  32    2000  40     10       44
  AVERAGE         53                        51      2       54

PRECIPITATION (IN)
  YESTERDAY        0.22          1.08 2012   0.17   0.05     0.30
  MONTH TO DATE    4.92                      2.95   1.97     3.04
  SINCE OCT 1      5.13                      4.98   0.15    10.61
  SINCE JAN 1     47.11                     27.51  19.60    34.17

DEGREE DAYS
 HEATING
  YESTERDAY       12                                        11
  MONTH TO DATE  233                                       152
  SINCE SEP 1    346                                       325
  SINCE JUL 1    350                                       337

 COOLING
  YESTERDAY        0                                         0
  MONTH TO DATE    0                                         0
  SINCE SEP 1    197                                        95
  SINCE JAN 1    635                                       356
..................................................................


WIND (MPH)
  RESULTANT WIND SPEED   4   RESULTANT WIND DIRECTION   N (340)
  HIGHEST WIND SPEED     7   HIGHEST WIND DIRECTION     N (340)
  HIGHEST GUST SPEED     9   HIGHEST GUST DIRECTION     N (350)
  AVERAGE WIND SPEED     3.7


SKY COVER
  POSSIBLE SUNSHINE  MM
  AVERAGE SKY COVER 1.0


WEATHER CONDITIONS
 THE FOLLOWING WEATHER WAS RECORDED YESTERDAY.
  RAIN
  LIGHT RAIN
  FOG


RELATIVE HUMIDITY (PERCENT)
 HIGHEST   100           200 AM
 LOWEST     93          1000 AM
 AVERAGE    97

..........................................................


THE SANTA ROSA AIRPORT CLIMATE NORMALS FOR TODAY
                         NORMAL    RECORD    YEAR
 MAXIMUM TEMPERATURE (F)   62        72      2005
 MINIMUM TEMPERATURE (F)   39        29      2009


SUNRISE AND SUNSET
NOVEMBER 21 2017......SUNRISE   700 AM PST   SUNSET   454 PM PST
NOVEMBER 22 2017......SUNRISE   701 AM PST   SUNSET   454 PM PST


-  INDICATES NEGATIVE NUMBERS.
R  INDICATES RECORD WAS SET OR TIED.
MM INDICATES DATA IS MISSING.
T  INDICATES TRACE AMOUNT.




$$
