000
CDUS46 KMTR 250035
CLISTS


CLIMATE REPORT
NATIONAL WEATHER SERVICE SAN FRANCISCO BAY AREA
535 PM PDT SUN JUL 24 2016


...................................

...THE SANTA ROSA AIRPORT CLIMATE SUMMARY FOR JULY 24 2016...
VALID TODAY AS OF 0500 PM LOCAL TIME.

CLIMATE NORMAL PERIOD 1981 TO 2010
CLIMATE RECORD PERIOD 1998 TO 2016


WEATHER ITEM   OBSERVED TIME   RECORD YEAR NORMAL DEPARTURE LAST
                VALUE   (LST)  VALUE       VALUE  FROM      YEAR
                                                  NORMAL
..................................................................
TEMPERATURE (F)
 TODAY
  MAXIMUM         91    201 PM 100    2006  83      8       84
  MINIMUM         51    440 AM  45    2002  52     -1       48
  AVERAGE         71                        67      4       66

PRECIPITATION (IN)
  TODAY            0.00          0.01 2003   0.00   0.00     0.00
  MONTH TO DATE    0.00                      0.01  -0.01     0.05
  SINCE OCT 1     32.14                     35.85  -3.71    24.56
  SINCE JAN 1     23.56                     22.10   1.46     6.01

DEGREE DAYS
 HEATING
  TODAY            0                                         0
  MONTH TO DATE    7                                         4
  SINCE JUN 1     28                                        23
  SINCE JUL 1      7                                         4

 COOLING
  TODAY            6                                         1
  MONTH TO DATE   67                                        88
  SINCE JUN 1    153                                       174
  SINCE JAN 1    182                                       186
..................................................................


WIND (MPH)
  RESULTANT WIND SPEED   3   RESULTANT WIND DIRECTION   S (180)
  HIGHEST WIND SPEED    13   HIGHEST WIND DIRECTION     S (190)
  HIGHEST GUST SPEED    17   HIGHEST GUST DIRECTION     S (190)
  AVERAGE WIND SPEED     4.2


SKY COVER
  POSSIBLE SUNSHINE  MM
  AVERAGE SKY COVER 0.0


WEATHER CONDITIONS
 THE FOLLOWING WEATHER WAS RECORDED TODAY.
  FOG


RELATIVE HUMIDITY (PERCENT)
 HIGHEST    89           400 AM
 LOWEST     27           100 PM
 AVERAGE    58

..........................................................


THE SANTA ROSA AIRPORT CLIMATE NORMALS FOR TOMORROW
                         NORMAL    RECORD    YEAR
 MAXIMUM TEMPERATURE (F)   83        98      2014
 MINIMUM TEMPERATURE (F)   52        47      2008


SUNRISE AND SUNSET
JULY 24 2016..........SUNRISE   607 AM PDT   SUNSET   828 PM PDT
JULY 25 2016..........SUNRISE   608 AM PDT   SUNSET   827 PM PDT


-  INDICATES NEGATIVE NUMBERS.
R  INDICATES RECORD WAS SET OR TIED.
MM INDICATES DATA IS MISSING.
T  INDICATES TRACE AMOUNT.




$$
