000
CDUS46 KMTR 050046
CLISTS


CLIMATE REPORT
NATIONAL WEATHER SERVICE SAN FRANCISCO BAY AREA
546 PM PDT SAT JUL 4 2015


...................................

...THE SANTA ROSA AIRPORT CLIMATE SUMMARY FOR JULY 4 2015...
VALID TODAY AS OF 0500 PM LOCAL TIME.

CLIMATE NORMAL PERIOD 1981 TO 2010
CLIMATE RECORD PERIOD 1998 TO 2015


WEATHER ITEM   OBSERVED TIME   RECORD YEAR NORMAL DEPARTURE LAST
                VALUE   (LST)  VALUE       VALUE  FROM      YEAR
                                                  NORMAL
..................................................................
TEMPERATURE (F)
 TODAY
  MAXIMUM         82    141 PM  98    2013  84     -2       82
                                      2007
  MINIMUM         56    600 AM  44    2003  52      4       49
  AVERAGE         69                        68      1       66

PRECIPITATION (IN)
  TODAY            0.00          0.00 2000   0.00   0.00     0.00
  MONTH TO DATE    T                         0.00   0.00     0.00
  SINCE OCT 1     24.51                     35.84 -11.33    14.07
  SINCE JAN 1      5.96                     22.09 -16.13    12.57

DEGREE DAYS
 HEATING
  TODAY            0                                         0
  MONTH TO DATE    0                                         0
  SINCE JUN 1     19                                        29
  SINCE JUL 1      0                                         0

 COOLING
  TODAY            4                                         1
  MONTH TO DATE   19                                         5
  SINCE JUN 1    105                                        83
  SINCE JAN 1    117                                       141
..................................................................


WIND (MPH)
  RESULTANT WIND SPEED   5   RESULTANT WIND DIRECTION   S (170)
  HIGHEST WIND SPEED    16   HIGHEST WIND DIRECTION     S (160)
  HIGHEST GUST SPEED    20   HIGHEST GUST DIRECTION     S (190)
  AVERAGE WIND SPEED     5.8


SKY COVER
  POSSIBLE SUNSHINE  MM
  AVERAGE SKY COVER 0.4


WEATHER CONDITIONS
 THE FOLLOWING WEATHER WAS RECORDED TODAY.
  FOG


RELATIVE HUMIDITY (PERCENT)
 HIGHEST    93          1200 AM
 LOWEST     45          1200 PM
 AVERAGE    69

..........................................................


THE SANTA ROSA AIRPORT CLIMATE NORMALS FOR TOMORROW
                         NORMAL    RECORD    YEAR
 MAXIMUM TEMPERATURE (F)   84        96      2007
 MINIMUM TEMPERATURE (F)   52        46      2003


SUNRISE AND SUNSET
JULY  4 2015..........SUNRISE   552 AM PDT   SUNSET   839 PM PDT
JULY  5 2015..........SUNRISE   553 AM PDT   SUNSET   839 PM PDT


-  INDICATES NEGATIVE NUMBERS.
R  INDICATES RECORD WAS SET OR TIED.
MM INDICATES DATA IS MISSING.
T  INDICATES TRACE AMOUNT.




$$
