000
CDUS46 KMTR 020834
CLISTS


CLIMATE REPORT
NATIONAL WEATHER SERVICE SAN FRANCISCO BAY AREA
1233 AM PST MON MAR 2 2015


...................................

...THE SANTA ROSA AIRPORT CLIMATE SUMMARY FOR MARCH 1 2015...

CLIMATE NORMAL PERIOD 1981 TO 2010
CLIMATE RECORD PERIOD 1998 TO 2015


WEATHER ITEM   OBSERVED TIME   RECORD YEAR NORMAL DEPARTURE LAST
                VALUE   (LST)  VALUE       VALUE  FROM      YEAR
                                                  NORMAL
..................................................................
TEMPERATURE (F)
 YESTERDAY
  MAXIMUM         68    248 PM  74    2013  63      5       68
  MINIMUM         33    701 AM  32    2007  41     -8       51
  AVERAGE         51                        52     -1       60

PRECIPITATION (IN)
  YESTERDAY        0.00          1.05 2009   0.26  -0.26     0.01
  MONTH TO DATE    0.00                      0.26  -0.26     0.01
  SINCE OCT 1     22.87                     27.46  -4.59    10.95
  SINCE JAN 1      4.32                     13.71  -9.39     9.45

DEGREE DAYS
 HEATING
  YESTERDAY       14                                         5
  MONTH TO DATE   14                                         5
  SINCE MAR 1     14                                         5
  SINCE JUL 1   1470                                      1942

 COOLING
  YESTERDAY        0                                         0
  MONTH TO DATE    0                                         0
  SINCE MAR 1      0                                         0
  SINCE JAN 1      0                                         0
..................................................................


WIND (MPH)
  RESULTANT WIND SPEED   1   RESULTANT WIND DIRECTION   S (190)
  HIGHEST WIND SPEED    13   HIGHEST WIND DIRECTION     W (250)
  HIGHEST GUST SPEED    16   HIGHEST GUST DIRECTION    SW (220)
  AVERAGE WIND SPEED     2.2


SKY COVER
  POSSIBLE SUNSHINE  MM
  AVERAGE SKY COVER 0.1


WEATHER CONDITIONS
 THE FOLLOWING WEATHER WAS RECORDED YESTERDAY.
  FOG
  FOG W/VISIBILITY <= 1/4 MILE


RELATIVE HUMIDITY (PERCENT)
 HIGHEST   100           300 AM
 LOWEST     32           200 PM
 AVERAGE    66

..........................................................


THE SANTA ROSA AIRPORT CLIMATE NORMALS FOR TODAY
                         NORMAL    RECORD    YEAR
 MAXIMUM TEMPERATURE (F)   63        71      2013
                                             2002
 MINIMUM TEMPERATURE (F)   41        33      2007


SUNRISE AND SUNSET
MARCH  2 2015.........SUNRISE   642 AM PST   SUNSET   605 PM PST
MARCH  3 2015.........SUNRISE   641 AM PST   SUNSET   606 PM PST


-  INDICATES NEGATIVE NUMBERS.
R  INDICATES RECORD WAS SET OR TIED.
MM INDICATES DATA IS MISSING.
T  INDICATES TRACE AMOUNT.




$$
