000
CDUS46 KMTR 110836
CLISTS


CLIMATE REPORT
NATIONAL WEATHER SERVICE SAN FRANCISCO BAY AREA
1236 AM PST THU FEB 11 2016


...................................

...THE SANTA ROSA AIRPORT CLIMATE SUMMARY FOR FEBRUARY 10 2016...

CLIMATE NORMAL PERIOD 1981 TO 2010
CLIMATE RECORD PERIOD 1998 TO 2016


WEATHER ITEM   OBSERVED TIME   RECORD YEAR NORMAL DEPARTURE LAST
                VALUE   (LST)  VALUE       VALUE  FROM      YEAR
                                                  NORMAL
..................................................................
TEMPERATURE (F)
 YESTERDAY
  MAXIMUM         72R   324 PM  71    2006  60     12       66
  MINIMUM         42    623 AM  27    2009  39      3       40
  AVERAGE         57                        49      8       53

PRECIPITATION (IN)
  YESTERDAY        0.00          1.44 2007   0.21  -0.21     0.00
  MONTH TO DATE    0.03                      2.08  -2.05     4.20
  SINCE OCT 1     19.48                     22.88  -3.40    22.87
  SINCE JAN 1     10.90                      9.13   1.77     4.32

DEGREE DAYS
 HEATING
  YESTERDAY        8                                        12
  MONTH TO DATE  125                                        89
  SINCE DEC 1   1121                                       909
  SINCE JUL 1   1566                                      1267

 COOLING
  YESTERDAY        0                                         0
  MONTH TO DATE    0                                         0
  SINCE DEC 1      0                                         0
  SINCE JAN 1      0                                         0
..................................................................


WIND (MPH)
  RESULTANT WIND SPEED   2   RESULTANT WIND DIRECTION  NW (330)
  HIGHEST WIND SPEED     8   HIGHEST WIND DIRECTION     N (340)
  HIGHEST GUST SPEED     9   HIGHEST GUST DIRECTION     N (340)
  AVERAGE WIND SPEED     2.3


SKY COVER
  POSSIBLE SUNSHINE  MM
  AVERAGE SKY COVER 0.4


WEATHER CONDITIONS
 THE FOLLOWING WEATHER WAS RECORDED YESTERDAY.
  FOG


RELATIVE HUMIDITY (PERCENT)
 HIGHEST   100           300 AM
 LOWEST     44           400 PM
 AVERAGE    72

..........................................................


THE SANTA ROSA AIRPORT CLIMATE NORMALS FOR TODAY
                         NORMAL    RECORD    YEAR
 MAXIMUM TEMPERATURE (F)   60        72      2008
 MINIMUM TEMPERATURE (F)   39        28      1999


SUNRISE AND SUNSET
FEBRUARY 11 2016......SUNRISE   707 AM PST   SUNSET   544 PM PST
FEBRUARY 12 2016......SUNRISE   706 AM PST   SUNSET   546 PM PST


-  INDICATES NEGATIVE NUMBERS.
R  INDICATES RECORD WAS SET OR TIED.
MM INDICATES DATA IS MISSING.
T  INDICATES TRACE AMOUNT.




$$
