000
CDUS46 KMTR 290027
CLISTS


CLIMATE REPORT
NATIONAL WEATHER SERVICE SAN FRANCISCO BAY AREA
527 PM PDT TUE MAR 28 2017


...................................

...THE SANTA ROSA AIRPORT CLIMATE SUMMARY FOR MARCH 28 2017...
VALID TODAY AS OF 0500 PM LOCAL TIME.

CLIMATE NORMAL PERIOD 1981 TO 2010
CLIMATE RECORD PERIOD 1998 TO 2017


WEATHER ITEM   OBSERVED TIME   RECORD YEAR NORMAL DEPARTURE LAST
                VALUE   (LST)  VALUE       VALUE  FROM      YEAR
                                                  NORMAL
..................................................................
TEMPERATURE (F)
 TODAY
  MAXIMUM         75    321 PM  82    2015  66      9       64
  MINIMUM         43    338 AM  33    1999  42      1       40
  AVERAGE         59                        54      5       52

PRECIPITATION (IN)
  TODAY            0.00          0.30 2006   0.13  -0.13      T
  MONTH TO DATE    3.44                      4.56  -1.12    10.11
  SINCE OCT 1     55.51                     31.76  23.75    30.30
  SINCE JAN 1     37.09                     18.01  19.08    21.72

DEGREE DAYS
 HEATING
  TODAY            6                                        13
  MONTH TO DATE  289                                       270
  SINCE MAR 1    289                                       270
  SINCE JUL 1   2312                                      2000

 COOLING
  TODAY            0                                         0
  MONTH TO DATE    0                                         0
  SINCE MAR 1      0                                         0
  SINCE JAN 1      0                                         3
..................................................................


WIND (MPH)
  RESULTANT WIND SPEED  10   RESULTANT WIND DIRECTION   N (340)
  HIGHEST WIND SPEED    21   HIGHEST WIND DIRECTION    NW (330)
  HIGHEST GUST SPEED    25   HIGHEST GUST DIRECTION    NW (320)
  AVERAGE WIND SPEED    10.9


SKY COVER
  POSSIBLE SUNSHINE  MM
  AVERAGE SKY COVER 0.0


WEATHER CONDITIONS
 THE FOLLOWING WEATHER WAS RECORDED TODAY.
  NO SIGNIFICANT WEATHER WAS OBSERVED.


RELATIVE HUMIDITY (PERCENT)
 HIGHEST    86          1200 AM
 LOWEST     35          1200 PM
 AVERAGE    61

..........................................................


THE SANTA ROSA AIRPORT CLIMATE NORMALS FOR TOMORROW
                         NORMAL    RECORD    YEAR
 MAXIMUM TEMPERATURE (F)   66        81      2015
 MINIMUM TEMPERATURE (F)   42        34      2016
                                             1999


SUNRISE AND SUNSET
MARCH 28 2017.........SUNRISE   702 AM PDT   SUNSET   731 PM PDT
MARCH 29 2017.........SUNRISE   700 AM PDT   SUNSET   732 PM PDT


-  INDICATES NEGATIVE NUMBERS.
R  INDICATES RECORD WAS SET OR TIED.
MM INDICATES DATA IS MISSING.
T  INDICATES TRACE AMOUNT.




$$
