000
CDUS41 KBGM 240547
CLISYR


CLIMATE REPORT
NATIONAL WEATHER SERVICE BINGHAMTON NY
146 AM EDT THU APR 24 2014


...................................

...THE SYRACUSE NY CLIMATE SUMMARY FOR APRIL 23 2014...

CLIMATE NORMAL PERIOD 1981 TO 2010
CLIMATE RECORD PERIOD 1902 TO 2014


WEATHER ITEM   OBSERVED TIME   RECORD YEAR NORMAL DEPARTURE LAST
                VALUE   (LST)  VALUE       VALUE  FROM      YEAR
                                                  NORMAL
..................................................................
TEMPERATURE (F)
 YESTERDAY
  MAXIMUM         45   1015 AM  88    2001  61    -16       63
  MINIMUM         38   1159 PM  20    1930  39     -1       34
  AVERAGE         42                        50     -8       49

PRECIPITATION (IN)
  YESTERDAY        0.11          1.32 1907   0.09   0.02     0.00
  MONTH TO DATE    2.86                      2.48   0.38     3.25
  SINCE MAR 1      6.34                      5.43   0.91     5.27
  SINCE JAN 1     11.89                     10.00   1.89     9.69

SNOWFALL (IN)
  YESTERDAY        0.0           1.5  1993   0.1   -0.1      0.0
  MONTH TO DATE    0.4                       3.5   -3.1     12.0
  SINCE MAR 1     22.1                      21.5    0.6     32.2
  SINCE JUL 1    132.0                     123.4    8.6    115.4
  SNOW DEPTH       0

DEGREE DAYS
 HEATING
  YESTERDAY       23                        15      8       16
  MONTH TO DATE  437                       451    -14      481
  SINCE MAR 1   1648                      1408    240     1445
  SINCE JUL 1   6740                      6239    501     5816

 COOLING
  YESTERDAY        0                         0      0        0
  MONTH TO DATE    1                         0      1        0
  SINCE MAR 1      1                         0      1        0
  SINCE JAN 1      1                         0      1        0
..................................................................


WIND (MPH)
  HIGHEST WIND SPEED    23   HIGHEST WIND DIRECTION    NW (330)
  HIGHEST GUST SPEED    31   HIGHEST GUST DIRECTION    NW (330)
  AVERAGE WIND SPEED    14.0


SKY COVER
  POSSIBLE SUNSHINE  MM
  AVERAGE SKY COVER 0.9


WEATHER CONDITIONS
 THE FOLLOWING WEATHER WAS RECORDED YESTERDAY.
  LIGHT RAIN
  FOG


RELATIVE HUMIDITY (PERCENT)
 HIGHEST   100           500 AM
 LOWEST     49          1000 PM
 AVERAGE    75

..........................................................


THE SYRACUSE NY CLIMATE NORMALS FOR TODAY
                         NORMAL    RECORD    YEAR
 MAXIMUM TEMPERATURE (F)   61        81      1960
 MINIMUM TEMPERATURE (F)   40        23      1919


SUNRISE AND SUNSET
APRIL 24 2014.........SUNRISE   608 AM EDT   SUNSET   758 PM EDT
APRIL 25 2014.........SUNRISE   607 AM EDT   SUNSET   759 PM EDT


-  INDICATES NEGATIVE NUMBERS.
R  INDICATES RECORD WAS SET OR TIED.
MM INDICATES DATA IS MISSING.
T  INDICATES TRACE AMOUNT.




$$
