000
CDUS41 KBGM 010551
CLISYR


CLIMATE REPORT
NATIONAL WEATHER SERVICE BINGHAMTON NY
151 AM EDT TUE SEP 1 2015


...................................

...THE SYRACUSE NY CLIMATE SUMMARY FOR AUGUST 31 2015...

CLIMATE NORMAL PERIOD 1981 TO 2010
CLIMATE RECORD PERIOD 1902 TO 2015


WEATHER ITEM   OBSERVED TIME   RECORD YEAR NORMAL DEPARTURE LAST
                VALUE   (LST)  VALUE       VALUE  FROM      YEAR
                                                  NORMAL
..................................................................
TEMPERATURE (F)
 YESTERDAY
  MAXIMUM         84    137 PM  93    2012  78      6       80
  MINIMUM         60    535 AM  40    1965  57      3       69
  AVERAGE         72                        67      5       75

PRECIPITATION (IN)
  YESTERDAY        0.00          2.08 2005   0.12  -0.12     0.25
  MONTH TO DATE    1.91                      3.57  -1.66     3.74
  SINCE JUN 1     15.20                     10.66   4.54    11.66
  SINCE JAN 1     27.32                     24.59   2.73    29.04

SNOWFALL (IN)
  YESTERDAY        0.0           0.0  2002   0.0    0.0      0.0
  MONTH TO DATE    0.0                       0.0    0.0      0.0
  SINCE JUN 1      0.0                       0.0    0.0      0.0
  SINCE JUL 1      0.0                       0.0    0.0      0.0
  SNOW DEPTH       0

DEGREE DAYS
 HEATING
  YESTERDAY        0                         1     -1        0
  MONTH TO DATE    3                        18    -15        9
  SINCE JUN 1     61                        87    -26       34
  SINCE JUL 1      8                        26    -18       11

 COOLING
  YESTERDAY        7                         4      3       10
  MONTH TO DATE  181                       167     14      146
  SINCE JUN 1    467                       483    -16      503
  SINCE JAN 1    572                       513     59      559
..................................................................


WIND (MPH)
  HIGHEST WIND SPEED    20   HIGHEST WIND DIRECTION     W (290)
  HIGHEST GUST SPEED    26   HIGHEST GUST DIRECTION     W (280)
  AVERAGE WIND SPEED     6.0


SKY COVER
  POSSIBLE SUNSHINE  MM
  AVERAGE SKY COVER 0.3


WEATHER CONDITIONS
 THE FOLLOWING WEATHER WAS RECORDED YESTERDAY.
  FOG


RELATIVE HUMIDITY (PERCENT)
 HIGHEST   100           100 AM
 LOWEST     58           200 PM
 AVERAGE    79

..........................................................


THE SYRACUSE NY CLIMATE NORMALS FOR TODAY
                         NORMAL    RECORD    YEAR
 MAXIMUM TEMPERATURE (F)   77        94      1953
                                             1932
 MINIMUM TEMPERATURE (F)   57        42      1967


SUNRISE AND SUNSET
SEPTEMBER  1 2015.....SUNRISE   628 AM EDT   SUNSET   740 PM EDT
SEPTEMBER  2 2015.....SUNRISE   630 AM EDT   SUNSET   738 PM EDT


-  INDICATES NEGATIVE NUMBERS.
R  INDICATES RECORD WAS SET OR TIED.
MM INDICATES DATA IS MISSING.
T  INDICATES TRACE AMOUNT.




$$
