000
CDUS41 KBGM 200318
CLISYR


CLIMATE REPORT
NATIONAL WEATHER SERVICE BINGHAMTON NY
1018 PM EST MON FEB 19 2018


...................................

...THE SYRACUSE NY CLIMATE SUMMARY FOR FEBRUARY 19 2018...
VALID AS OF 1000 PM LOCAL TIME.

CLIMATE NORMAL PERIOD 1981 TO 2010
CLIMATE RECORD PERIOD 1902 TO 2018


WEATHER ITEM   OBSERVED TIME   RECORD YEAR NORMAL DEPARTURE LAST
                VALUE   (LST)  VALUE       VALUE  FROM      YEAR
                                                  NORMAL
..................................................................
TEMPERATURE (F)
 TODAY
  MAXIMUM         48    959 PM  69    1981  35     13       52
  MINIMUM         27    245 AM  -9    2007  18      9       34
  AVERAGE         38                        27     11       43

PRECIPITATION (IN)
  TODAY            0.36          2.24 1940   0.07   0.29     0.00
  MONTH TO DATE    1.93                      1.36   0.57     2.30
  SINCE DEC 1      7.40                      7.08   0.32     8.57
  SINCE JAN 1      5.06                      3.86   1.20     5.33

SNOWFALL (IN)
  TODAY            0.0          15.4  1972   0.9   -0.9      0.0
  MONTH TO DATE   22.9                      17.6    5.3     32.4
  SINCE DEC 1    101.6                      84.3   17.3     78.0
  SINCE JUL 1    106.8                      94.2   12.6    103.4
  SNOW DEPTH       0

DEGREE DAYS
 HEATING
  TODAY           27                        38    -11       22
  MONTH TO DATE  719                       759    -40      688
  SINCE DEC 1   3278                      3146    132     2881
  SINCE JUL 1   4475                      4495    -20     4075

 COOLING
  TODAY            0                         0      0        0
  MONTH TO DATE    0                         0      0        0
  SINCE DEC 1      0                         0      0        0
  SINCE JAN 1      0                         0      0        0
..................................................................


WIND (MPH)
  HIGHEST WIND SPEED    17   HIGHEST WIND DIRECTION     S (180)
  HIGHEST GUST SPEED    23   HIGHEST GUST DIRECTION     S (180)
  AVERAGE WIND SPEED     8.2


SKY COVER
  POSSIBLE SUNSHINE  MM
  AVERAGE SKY COVER 0.9


WEATHER CONDITIONS
 THE FOLLOWING WEATHER WAS RECORDED TODAY.
  RAIN
  LIGHT RAIN
  FOG


RELATIVE HUMIDITY (PERCENT)
 HIGHEST   100           400 PM
 LOWEST     59           400 AM
 AVERAGE    80

..........................................................


THE SYRACUSE NY CLIMATE NORMALS FOR TOMORROW
                         NORMAL    RECORD    YEAR
 MAXIMUM TEMPERATURE (F)   35        65      1930
 MINIMUM TEMPERATURE (F)   18       -21      1966


SUNRISE AND SUNSET
FEBRUARY 19 2018......SUNRISE   656 AM EST   SUNSET   541 PM EST
FEBRUARY 20 2018......SUNRISE   655 AM EST   SUNSET   542 PM EST


-  INDICATES NEGATIVE NUMBERS.
R  INDICATES RECORD WAS SET OR TIED.
MM INDICATES DATA IS MISSING.
T  INDICATES TRACE AMOUNT.




$$
