000
CDUS41 KBGM 050622
CLISYR


CLIMATE REPORT
NATIONAL WEATHER SERVICE BINGHAMTON NY
120 AM EST THU MAR 5 2015


...................................

...THE SYRACUSE NY CLIMATE SUMMARY FOR MARCH 4 2015...

CLIMATE NORMAL PERIOD 1981 TO 2010
CLIMATE RECORD PERIOD 1902 TO 2015


WEATHER ITEM   OBSERVED TIME   RECORD YEAR NORMAL DEPARTURE LAST
                VALUE   (LST)  VALUE       VALUE  FROM      YEAR
                                                  NORMAL
..................................................................
TEMPERATURE (F)
 YESTERDAY
  MAXIMUM         32    243 AM  63    1974  39     -7       19
  MINIMUM         21   1159 PM -16    1950  21      0        4
  AVERAGE         27                        30     -3       12

PRECIPITATION (IN)
  YESTERDAY        0.01          1.06 1971   0.09  -0.08      T
  MONTH TO DATE    0.44                      0.34   0.10     0.19
  SINCE MAR 1      0.44                      0.34   0.10     0.19
  SINCE JAN 1      4.54                      4.91  -0.37     5.74

SNOWFALL (IN)
  YESTERDAY        0.4          13.8  1971   0.8   -0.4      0.3
  MONTH TO DATE    6.6                       3.3    3.3      4.5
  SINCE MAR 1      6.6                       3.3    3.3      4.5
  SINCE JUL 1    113.3                     105.2    8.1    114.4
  SNOW DEPTH      27

DEGREE DAYS
 HEATING
  YESTERDAY       38                        35      3       53
  MONTH TO DATE  144                       142      2      200
  SINCE MAR 1    144                       142      2      200
  SINCE JUL 1   5368                      4973    395     5292

 COOLING
  YESTERDAY        0                         0      0        0
  MONTH TO DATE    0                         0      0        0
  SINCE MAR 1      0                         0      0        0
  SINCE JAN 1      0                         0      0        0
..................................................................


WIND (MPH)
  HIGHEST WIND SPEED    23   HIGHEST WIND DIRECTION     W (260)
  HIGHEST GUST SPEED    27   HIGHEST GUST DIRECTION     W (260)
  AVERAGE WIND SPEED    10.9


SKY COVER
  POSSIBLE SUNSHINE  MM
  AVERAGE SKY COVER 1.0


WEATHER CONDITIONS
 THE FOLLOWING WEATHER WAS RECORDED YESTERDAY.
  LT FREEZING RAIN
  LIGHT SNOW
  FOG


RELATIVE HUMIDITY (PERCENT)
 HIGHEST   100           400 AM
 LOWEST     75           500 PM
 AVERAGE    88

..........................................................


THE SYRACUSE NY CLIMATE NORMALS FOR TODAY
                         NORMAL    RECORD    YEAR
 MAXIMUM TEMPERATURE (F)   39        71      1976
 MINIMUM TEMPERATURE (F)   21        -8      1948
                                             1944


SUNRISE AND SUNSET
MARCH  5 2015.........SUNRISE   634 AM EST   SUNSET   558 PM EST
MARCH  6 2015.........SUNRISE   633 AM EST   SUNSET   600 PM EST


-  INDICATES NEGATIVE NUMBERS.
R  INDICATES RECORD WAS SET OR TIED.
MM INDICATES DATA IS MISSING.
T  INDICATES TRACE AMOUNT.




$$
