000
CDUS41 KBGM 270600
CLISYR


CLIMATE REPORT
NATIONAL WEATHER SERVICE BINGHAMTON NY
1259 AM EST TUE JAN 27 2015


...................................

...THE SYRACUSE NY CLIMATE SUMMARY FOR JANUARY 26 2015...

CLIMATE NORMAL PERIOD 1981 TO 2010
CLIMATE RECORD PERIOD 1902 TO 2015


WEATHER ITEM   OBSERVED TIME   RECORD YEAR NORMAL DEPARTURE LAST
                VALUE   (LST)  VALUE       VALUE  FROM      YEAR
                                                  NORMAL
..................................................................
TEMPERATURE (F)
 YESTERDAY
  MAXIMUM         18   1017 PM  68    1950  32    -14       27
  MINIMUM          3    419 AM -26    1966  15    -12        5
  AVERAGE         11                        23    -12       16

PRECIPITATION (IN)
  YESTERDAY        0.05          0.61 1949   0.08  -0.03     0.14
  MONTH TO DATE    1.60                      2.15  -0.55     2.18
  SINCE DEC 1      4.62                      5.37  -0.75     5.07
  SINCE JAN 1      1.60                      2.15  -0.55     2.18

SNOWFALL (IN)
  YESTERDAY        1.2           8.2  1980   1.1    0.1      2.6
  MONTH TO DATE   13.8                      28.5  -14.7     23.9
  SINCE DEC 1     31.3                      61.2  -29.9     52.9
  SINCE JUL 1     42.3                      71.1  -28.8     67.2
  SNOW DEPTH       2

DEGREE DAYS
 HEATING
  YESTERDAY       54                        42     12       49
  MONTH TO DATE 1205                      1079    126     1148
  SINCE DEC 1   2213                      2183     30     2290
  SINCE JUL 1   3398                      3532   -134     3623

 COOLING
  YESTERDAY        0                         0      0        0
  MONTH TO DATE    0                         0      0        0
  SINCE DEC 1      0                         0      0        0
  SINCE JAN 1      0                         0      0        0
..................................................................


WIND (MPH)
  HIGHEST WIND SPEED    16   HIGHEST WIND DIRECTION     E (90)
  HIGHEST GUST SPEED    20   HIGHEST GUST DIRECTION     E (90)
  AVERAGE WIND SPEED     8.1


SKY COVER
  POSSIBLE SUNSHINE  MM
  AVERAGE SKY COVER 0.9


WEATHER CONDITIONS
 THE FOLLOWING WEATHER WAS RECORDED YESTERDAY.
  LIGHT SNOW
  FOG


RELATIVE HUMIDITY (PERCENT)
 HIGHEST    96           600 PM
 LOWEST     61           800 PM
 AVERAGE    79

..........................................................


THE SYRACUSE NY CLIMATE NORMALS FOR TODAY
                         NORMAL    RECORD    YEAR
 MAXIMUM TEMPERATURE (F)   32        64      1916
 MINIMUM TEMPERATURE (F)   15       -16      1994


SUNRISE AND SUNSET
JANUARY 27 2015.......SUNRISE   725 AM EST   SUNSET   510 PM EST
JANUARY 28 2015.......SUNRISE   724 AM EST   SUNSET   511 PM EST


-  INDICATES NEGATIVE NUMBERS.
R  INDICATES RECORD WAS SET OR TIED.
MM INDICATES DATA IS MISSING.
T  INDICATES TRACE AMOUNT.

$$
