000
CDUS41 KBGM 140548
CLISYR


CLIMATE REPORT
NATIONAL WEATHER SERVICE BINGHAMTON NY
1247 AM EST THU DEC 14 2017


...................................

...THE SYRACUSE NY CLIMATE SUMMARY FOR DECEMBER 13 2017...

CLIMATE NORMAL PERIOD 1981 TO 2010
CLIMATE RECORD PERIOD 1902 TO 2017


WEATHER ITEM   OBSERVED TIME   RECORD YEAR NORMAL DEPARTURE LAST
                VALUE   (LST)  VALUE       VALUE  FROM      YEAR
                                                  NORMAL
..................................................................
TEMPERATURE (F)
 YESTERDAY
  MAXIMUM         18   1159 PM  61    1923  37    -19       35
  MINIMUM         13    819 AM  -5    1982  23    -10       28
  AVERAGE         16                        30    -14       32

PRECIPITATION (IN)
  YESTERDAY        0.19          1.48 1996   0.10   0.09      T
  MONTH TO DATE    0.83                      1.46  -0.63     1.53
  SINCE DEC 1      0.83                      1.46  -0.63     1.53
  SINCE JAN 1     44.47                     36.71   7.76    38.91

SNOWFALL (IN)
  YESTERDAY        8.9 R         5.9  1951   1.1    7.8       T
  MONTH TO DATE   16.1                      12.8    3.3     12.6
  SINCE DEC 1     16.1                      12.8    3.3     12.6
  SINCE JUL 1     21.3                      22.7   -1.4     38.0
  SNOW DEPTH       8

DEGREE DAYS
 HEATING
  YESTERDAY       49                        35     14       33
  MONTH TO DATE  428                       423      5      420
  SINCE DEC 1    428                       423      5      420
  SINCE JUL 1   1625                      1772   -147     1614

 COOLING
  YESTERDAY        0                         0      0        0
  MONTH TO DATE    0                         0      0        0
  SINCE DEC 1      0                         0      0        0
  SINCE JAN 1    562                       569     -7      809
..................................................................


WIND (MPH)
  HIGHEST WIND SPEED    28   HIGHEST WIND DIRECTION     W (260)
  HIGHEST GUST SPEED    37   HIGHEST GUST DIRECTION     W (260)
  AVERAGE WIND SPEED    16.0


SKY COVER
  POSSIBLE SUNSHINE  MM
  AVERAGE SKY COVER 0.9


WEATHER CONDITIONS
 THE FOLLOWING WEATHER WAS RECORDED YESTERDAY.
  HEAVY SNOW
  SNOW
  LIGHT SNOW
  BLOWING SNOW


RELATIVE HUMIDITY (PERCENT)
 HIGHEST   100           800 AM
 LOWEST     67           900 PM
 AVERAGE    84

..........................................................


THE SYRACUSE NY CLIMATE NORMALS FOR TODAY
                         NORMAL    RECORD    YEAR
 MAXIMUM TEMPERATURE (F)   37        66      2015
 MINIMUM TEMPERATURE (F)   23        -8      2005


SUNRISE AND SUNSET
DECEMBER 14 2017......SUNRISE   729 AM EST   SUNSET   430 PM EST
DECEMBER 15 2017......SUNRISE   729 AM EST   SUNSET   430 PM EST


-  INDICATES NEGATIVE NUMBERS.
R  INDICATES RECORD WAS SET OR TIED.
MM INDICATES DATA IS MISSING.
T  INDICATES TRACE AMOUNT.




$$
