585
CDUS41 KBGM 200609
CLISYR


CLIMATE REPORT
NATIONAL WEATHER SERVICE BINGHAMTON NY
208 AM EDT SUN AUG 20 2017


...................................

...THE SYRACUSE NY CLIMATE SUMMARY FOR AUGUST 19 2017...

CLIMATE NORMAL PERIOD 1981 TO 2010
CLIMATE RECORD PERIOD 1902 TO 2017


WEATHER ITEM   OBSERVED TIME   RECORD YEAR NORMAL DEPARTURE LAST
                VALUE   (LST)  VALUE       VALUE  FROM      YEAR
                                                  NORMAL
..................................................................
TEMPERATURE (F)
 YESTERDAY
  MAXIMUM         81    333 PM  94    1936  80      1       86
  MINIMUM         66    204 AM  46    1988  60      6       63
                                      1977
  AVERAGE         74                        70      4       75

PRECIPITATION (IN)
  YESTERDAY        T             1.15 1956   0.12  -0.12     0.00
  MONTH TO DATE    0.98                      2.20  -1.22     3.39
  SINCE JUN 1      9.86                      9.29   0.57     7.99
  SINCE JAN 1     31.70                     23.22   8.48    22.55

SNOWFALL (IN)
  YESTERDAY        0.0           0.0  2002   0.0    0.0      0.0
                                      2000
                                      2001
  MONTH TO DATE    0.0                       0.0    0.0      0.0
  SINCE JUN 1      0.0                       0.0    0.0       T
  SINCE JUL 1      0.0                       0.0    0.0      0.0
  SNOW DEPTH       0

DEGREE DAYS
 HEATING
  YESTERDAY        0                         1     -1        0
  MONTH TO DATE    0                         6     -6        0
  SINCE JUN 1     73                        75     -2       53
  SINCE JUL 1      2                        14    -12        0

 COOLING
  YESTERDAY        9                         5      4       10
  MONTH TO DATE  109                       111     -2      207
  SINCE JUN 1    387                       427    -40      573
  SINCE JAN 1    419                       457    -38      629
..................................................................


WIND (MPH)
  HIGHEST WIND SPEED    23   HIGHEST WIND DIRECTION     W (250)
  HIGHEST GUST SPEED    28   HIGHEST GUST DIRECTION     W (270)
  AVERAGE WIND SPEED    10.7


SKY COVER
  POSSIBLE SUNSHINE  MM
  AVERAGE SKY COVER 0.7


WEATHER CONDITIONS
 THE FOLLOWING WEATHER WAS RECORDED YESTERDAY.
  NO SIGNIFICANT WEATHER WAS OBSERVED.


RELATIVE HUMIDITY (PERCENT)
 HIGHEST    93           100 AM
 LOWEST     45           300 PM
 AVERAGE    69

..........................................................


THE SYRACUSE NY CLIMATE NORMALS FOR TODAY
                         NORMAL    RECORD    YEAR
 MAXIMUM TEMPERATURE (F)   80        93      1955
 MINIMUM TEMPERATURE (F)   59        44      1984


SUNRISE AND SUNSET
AUGUST 20 2017........SUNRISE   616 AM EDT   SUNSET   759 PM EDT
AUGUST 21 2017........SUNRISE   617 AM EDT   SUNSET   757 PM EDT


-  INDICATES NEGATIVE NUMBERS.
R  INDICATES RECORD WAS SET OR TIED.
MM INDICATES DATA IS MISSING.
T  INDICATES TRACE AMOUNT.




$$
