000
CDUS45 KPUB 221050
CLITAD


CLIMATE REPORT
NATIONAL WEATHER SERVICE PUEBLO
450 AM MDT MON MAY 22 2017


...................................

...THE TRINIDAD CO CLIMATE SUMMARY FOR MAY 21 2017...

CLIMATE NORMAL PERIOD 1981 TO 2010
CLIMATE RECORD PERIOD 9999 TO 9999


WEATHER ITEM   OBSERVED TIME   NORMAL DEPARTURE LAST
                VALUE   (LST)  VALUE  FROM      YEAR
                                      NORMAL
......................................................
TEMPERATURE (F)
 YESTERDAY
  MAXIMUM         71    258 PM  76     -5       85
  MINIMUM         38    452 AM  45     -7       50
  AVERAGE         55            61     -6       68

PRECIPITATION (IN)
  YESTERDAY        0.00          0.05  -0.05     0.00
  MONTH TO DATE    1.89          1.02   0.87     0.32
  SINCE MAR 1      6.21          3.04   3.17     3.59
  SINCE JAN 1      7.77          3.93   3.84     4.00

DEGREE DAYS
 HEATING
  YESTERDAY       10             5      5        0
  MONTH TO DATE  194           163     31      207
  SINCE MAR 1   1080          1331   -251     1331
  SINCE JUL 1   4536          5453   -917     4829

 COOLING
  YESTERDAY        0             1     -1        3
  MONTH TO DATE    9            10     -1        8
  SINCE MAR 1     12            12      0        9
  SINCE JAN 1     12            12      0        9
......................................................


WIND (MPH)
  HIGHEST WIND SPEED    20   HIGHEST WIND DIRECTION     E (80)
  HIGHEST GUST SPEED    23   HIGHEST GUST DIRECTION    NE (60)
  AVERAGE WIND SPEED     8.3


SKY COVER
  POSSIBLE SUNSHINE  MM
  AVERAGE SKY COVER 0.2


WEATHER CONDITIONS
 THE FOLLOWING WEATHER WAS RECORDED YESTERDAY.
  NO SIGNIFICANT WEATHER WAS OBSERVED.


RELATIVE HUMIDITY (PERCENT)
 HIGHEST    79           200 AM
 LOWEST     27           100 PM
 AVERAGE    53

..........................................................




SUNRISE AND SUNSET
MAY 22 2017...........SUNRISE   543 AM MDT   SUNSET   805 PM MDT
MAY 23 2017...........SUNRISE   543 AM MDT   SUNSET   806 PM MDT


-  INDICATES NEGATIVE NUMBERS.
R  INDICATES RECORD WAS SET OR TIED.
MM INDICATES DATA IS MISSING.
T  INDICATES TRACE AMOUNT.




$$
