000
CDUS45 KPUB 261149
CLITAD


CLIMATE REPORT
NATIONAL WEATHER SERVICE PUEBLO
448 AM MST SUN FEB 26 2017


...................................

...THE TRINIDAD CO CLIMATE SUMMARY FOR FEBRUARY 25 2017...

CLIMATE NORMAL PERIOD 1981 TO 2010
CLIMATE RECORD PERIOD 9999 TO 9999


WEATHER ITEM   OBSERVED TIME   NORMAL DEPARTURE LAST
                VALUE   (LST)  VALUE  FROM      YEAR
                                      NORMAL
......................................................
TEMPERATURE (F)
 YESTERDAY
  MAXIMUM         48    243 PM  52     -4       47
  MINIMUM          9    254 AM  22    -13       17
  AVERAGE         29            37     -8       32

PRECIPITATION (IN)
  YESTERDAY        0.00          0.02  -0.02     0.00
  MONTH TO DATE    0.06          0.42  -0.36     0.13
  SINCE DEC 1      1.86          1.36   0.50     0.64
  SINCE JAN 1      1.56          0.82   0.74     0.41

DEGREE DAYS
 HEATING
  YESTERDAY       36            28      8       33
  MONTH TO DATE  510           760   -250      629
  SINCE DEC 1   2604          2809   -205     2514
  SINCE JUL 1   3370          4042   -672     3432

 COOLING
  YESTERDAY        0             0      0        0
  MONTH TO DATE    0             0      0        0
  SINCE DEC 1      0             0      0        0
  SINCE JAN 1      0             0      0        0
......................................................


WIND (MPH)
  HIGHEST WIND SPEED    30   HIGHEST WIND DIRECTION     W (260)
  HIGHEST GUST SPEED    39   HIGHEST GUST DIRECTION     W (260)
  AVERAGE WIND SPEED     9.1


SKY COVER
  POSSIBLE SUNSHINE  MM
  AVERAGE SKY COVER 0.0


WEATHER CONDITIONS
 THE FOLLOWING WEATHER WAS RECORDED YESTERDAY.
  NO SIGNIFICANT WEATHER WAS OBSERVED.


RELATIVE HUMIDITY (PERCENT)
 HIGHEST    80           100 AM
 LOWEST     13           200 PM
 AVERAGE    47

..........................................................




SUNRISE AND SUNSET
FEBRUARY 26 2017......SUNRISE   632 AM MST   SUNSET   549 PM MST
FEBRUARY 27 2017......SUNRISE   631 AM MST   SUNSET   550 PM MST


-  INDICATES NEGATIVE NUMBERS.
R  INDICATES RECORD WAS SET OR TIED.
MM INDICATES DATA IS MISSING.
T  INDICATES TRACE AMOUNT.




$$
