000
CDUS44 KBMX 192226
CLITCL


CLIMATE REPORT
NATIONAL WEATHER SERVICE BIRMINGHAM, AL
426 PM CST FRI DEC 19 2014


...................................

...THE TUSCALOOSA CLIMATE SUMMARY FOR DECEMBER 19 2014...
VALID AS OF 0400 PM LOCAL TIME.

CLIMATE NORMAL PERIOD 1981 TO 2010
CLIMATE RECORD PERIOD 1948 TO 2014


WEATHER ITEM   OBSERVED TIME   RECORD YEAR NORMAL DEPARTURE LAST
                VALUE   (LST)  VALUE       VALUE  FROM      YEAR
                                                  NORMAL
..................................................................
TEMPERATURE (F)
 TODAY
  MAXIMUM         50    142 PM  78    2008  57     -7       67
  MINIMUM         34    413 AM  10    1975  36     -2       29
  AVERAGE         42                        46     -4       48

PRECIPITATION (IN)
  TODAY            T             0.67 2002   0.13  -0.13     0.00
  MONTH TO DATE    0.96                      3.03  -2.07     4.00
  SINCE DEC 1      0.96                      3.03  -2.07     4.00
  SINCE JAN 1     43.83                     51.01  -7.18    47.83

SNOWFALL (IN)
  TODAY            0.0                       0.0    0.0
  MONTH TO DATE    0.0                       0.0    0.0
  SINCE DEC 1      0.0                       0.0    0.0
  SINCE JUL 1      0.0                       0.0    0.0
  SNOW DEPTH       0

..................................................................


WIND (MPH)
  HIGHEST WIND SPEED    10   HIGHEST WIND DIRECTION     N (10)
  HIGHEST GUST SPEED    13   HIGHEST GUST DIRECTION     N (360)
  AVERAGE WIND SPEED     3.6


SKY COVER
  AVERAGE SKY COVER 0.4


WEATHER CONDITIONS
 THE FOLLOWING WEATHER WAS RECORDED TODAY.
  LIGHT RAIN
  FOG
  HAZE


RELATIVE HUMIDITY (PERCENT)
 HIGHEST   100           700 AM
 LOWEST     61          1200 PM
 AVERAGE    81

..........................................................


THE TUSCALOOSA CLIMATE NORMALS FOR TOMORROW
                         NORMAL    RECORD    YEAR
 MAXIMUM TEMPERATURE (F)   57        76      1978
 MINIMUM TEMPERATURE (F)   36        11      1981


SUNRISE AND SUNSET
DECEMBER 19 2014......SUNRISE   649 AM CST   SUNSET   446 PM CST
DECEMBER 20 2014......SUNRISE   649 AM CST   SUNSET   447 PM CST


-  INDICATES NEGATIVE NUMBERS.
R  INDICATES RECORD WAS SET OR TIED.
MM INDICATES DATA IS MISSING.
T  INDICATES TRACE AMOUNT.




$$
