000
CDUS44 KBMX 210939
CLITCL


CLIMATE REPORT
NATIONAL WEATHER SERVICE BIRMINGHAM, AL
438 AM CDT THU AUG 21 2014


...................................

...THE TUSCALOOSA CLIMATE SUMMARY FOR AUGUST 20 2014...

CLIMATE NORMAL PERIOD 1981 TO 2010
CLIMATE RECORD PERIOD 1948 TO 2014


WEATHER ITEM   OBSERVED TIME   RECORD YEAR NORMAL DEPARTURE LAST
                VALUE   (LST)  VALUE       VALUE  FROM      YEAR
                                                  NORMAL
..................................................................
TEMPERATURE (F)
 YESTERDAY
  MAXIMUM         96    345 PM 101    2006  92      4       88
  MINIMUM         71    419 AM  60    1991  71      0       70
                                      1976
  AVERAGE         84                        81      3       79

PRECIPITATION (IN)
  YESTERDAY        0.00          1.83 2009   0.10  -0.10     0.00
  MONTH TO DATE    2.44                      2.19   0.25     3.87
  SINCE JUN 1      8.51                     11.36  -2.85    16.71
  SINCE JAN 1     33.55                     34.76  -1.21    38.67

..................................................................


WIND (MPH)
  HIGHEST WIND SPEED    13   HIGHEST WIND DIRECTION     W (280)
  HIGHEST GUST SPEED    15   HIGHEST GUST DIRECTION    SW (230)
  AVERAGE WIND SPEED     3.1


SKY COVER
  AVERAGE SKY COVER 0.0


WEATHER CONDITIONS
 THE FOLLOWING WEATHER WAS RECORDED YESTERDAY.
  FOG
  HAZE


RELATIVE HUMIDITY (PERCENT)
 HIGHEST   100           300 AM
 LOWEST     42           200 PM
 AVERAGE    71

..........................................................


THE TUSCALOOSA CLIMATE NORMALS FOR TODAY
                         NORMAL    RECORD    YEAR
 MAXIMUM TEMPERATURE (F)   92       103      1951
 MINIMUM TEMPERATURE (F)   71        59      1991


SUNRISE AND SUNSET
AUGUST 21 2014........SUNRISE   617 AM CDT   SUNSET   729 PM CDT
AUGUST 22 2014........SUNRISE   618 AM CDT   SUNSET   728 PM CDT


-  INDICATES NEGATIVE NUMBERS.
R  INDICATES RECORD WAS SET OR TIED.
MM INDICATES DATA IS MISSING.
T  INDICATES TRACE AMOUNT.




$$
