000
CDUS44 KBMX 040749
CLITCL


CLIMATE REPORT
NATIONAL WEATHER SERVICE BIRMINGHAM, AL
148 AM CST WED MAR 4 2015


...................................

...THE TUSCALOOSA CLIMATE SUMMARY FOR MARCH 3 2015...

CLIMATE NORMAL PERIOD 1994 TO 1994
CLIMATE RECORD PERIOD 1994 TO 2015


WEATHER ITEM   OBSERVED TIME   RECORD YEAR NORMAL DEPARTURE LAST
                VALUE   (LST)  VALUE       VALUE  FROM      YEAR
                                                  NORMAL
..................................................................
TEMPERATURE (F)
 YESTERDAY
  MAXIMUM         73    521 PM  84    1951  65      8       67
  MINIMUM         50    135 AM  15    1980  41      9       31
  AVERAGE         62                        53      9       49

PRECIPITATION (IN)
  YESTERDAY        0.31          4.97 1979   0.16   0.15     0.37
  MONTH TO DATE    0.43                      0.50  -0.07     0.37
  SINCE MAR 1      0.43                      0.50  -0.07     0.37
  SINCE JAN 1     11.18                     11.17   0.01     8.09

SNOWFALL (IN)
  YESTERDAY        0.0                       0.0    0.0
  MONTH TO DATE    0.0                       0.0    0.0
  SINCE MAR 1      0.0                       0.0    0.0
  SINCE JUL 1      0.0                       0.4   -0.4

DEGREE DAYS
 HEATING
  YESTERDAY        3                        12     -9
  MONTH TO DATE   25                        37    -12
  SINCE MAR 1     25                        37    -12
  SINCE JUL 1   2320                      2127    193
..................................................................


WIND (MPH)
  HIGHEST WIND SPEED    16   HIGHEST WIND DIRECTION     S (180)
  HIGHEST GUST SPEED    21   HIGHEST GUST DIRECTION     S (180)
  AVERAGE WIND SPEED     4.6


SKY COVER
  AVERAGE SKY COVER 0.7


WEATHER CONDITIONS
 THE FOLLOWING WEATHER WAS RECORDED YESTERDAY.
  RAIN
  LIGHT RAIN
  FOG
  FOG W/VISIBILITY <= 1/4 MILE


RELATIVE HUMIDITY (PERCENT)
 HIGHEST   100           500 AM
 LOWEST     73           600 PM
 AVERAGE    87

..........................................................


THE TUSCALOOSA CLIMATE NORMALS FOR TODAY
                         NORMAL    RECORD    YEAR
 MAXIMUM TEMPERATURE (F)   65        83      1976
 MINIMUM TEMPERATURE (F)   41        19      2002


SUNRISE AND SUNSET
MARCH  4 2015.........SUNRISE   615 AM CST   SUNSET   550 PM CST
MARCH  5 2015.........SUNRISE   614 AM CST   SUNSET   550 PM CST


-  INDICATES NEGATIVE NUMBERS.
R  INDICATES RECORD WAS SET OR TIED.
MM INDICATES DATA IS MISSING.
T  INDICATES TRACE AMOUNT.




$$
