000
CDUS44 KBMX 252133
CLITCL


CLIMATE REPORT
NATIONAL WEATHER SERVICE BIRMINGHAM, AL
432 PM CDT TUE APR 25 2017


...................................

...THE TUSCALOOSA CLIMATE SUMMARY FOR APRIL 25 2017...
VALID TODAY AS OF 0400 PM LOCAL TIME.

CLIMATE NORMAL PERIOD 1981 TO 2010
CLIMATE RECORD PERIOD 1948 TO 2017


WEATHER ITEM   OBSERVED TIME   RECORD YEAR NORMAL DEPARTURE LAST
                VALUE   (LST)  VALUE       VALUE  FROM      YEAR
                                                  NORMAL
..................................................................
TEMPERATURE (F)
 TODAY
  MAXIMUM         79    259 PM  87    2009  78      1       81
                                      1954
  MINIMUM         49    537 AM  39    2005  53     -4       57
  AVERAGE         64                        66     -2       69

PRECIPITATION (IN)
  TODAY            0.00          1.98 1980   0.14  -0.14     0.00
  MONTH TO DATE    6.22                      3.54   2.68     3.39
  SINCE MAR 1      9.94                      8.08   1.86     9.58
  SINCE JAN 1     21.15                     18.75   2.40    19.18

SNOWFALL (IN)
  TODAY            0.0                       0.0    0.0
  MONTH TO DATE    0.0                       0.0    0.0
  SINCE MAR 1      0.0                       0.3   -0.3
  SINCE JUL 1      0.0                       0.7   -0.7
  SNOW DEPTH       0

DEGREE DAYS

 COOLING
  TODAY            0                         3     -3
  MONTH TO DATE   89                        48     41
  SINCE MAR 1    139                        66     73
  SINCE JAN 1    158                        71     87
..................................................................


WIND (MPH)
  HIGHEST WIND SPEED    13   HIGHEST WIND DIRECTION     S (160)
  HIGHEST GUST SPEED    16   HIGHEST GUST DIRECTION     S (160)
  AVERAGE WIND SPEED     2.7


SKY COVER
  AVERAGE SKY COVER 0.1


WEATHER CONDITIONS
 THE FOLLOWING WEATHER WAS RECORDED TODAY.
  FOG


RELATIVE HUMIDITY (PERCENT)
 HIGHEST   100          1200 AM
 LOWEST     48           200 PM
 AVERAGE    74

..........................................................


THE TUSCALOOSA CLIMATE NORMALS FOR TOMORROW
                         NORMAL    RECORD    YEAR
 MAXIMUM TEMPERATURE (F)   79        90      1994
 MINIMUM TEMPERATURE (F)   54        40      1983


SUNRISE AND SUNSET
APRIL 25 2017.........SUNRISE   609 AM CDT   SUNSET   729 PM CDT
APRIL 26 2017.........SUNRISE   607 AM CDT   SUNSET   729 PM CDT


-  INDICATES NEGATIVE NUMBERS.
R  INDICATES RECORD WAS SET OR TIED.
MM INDICATES DATA IS MISSING.
T  INDICATES TRACE AMOUNT.




$$
