000
CDUS44 KBMX 060837
CLITCL


CLIMATE REPORT
NATIONAL WEATHER SERVICE BIRMINGHAM, AL
236 AM CST TUE DEC 6 2016


...................................

...THE TUSCALOOSA CLIMATE SUMMARY FOR DECEMBER 5 2016...

CLIMATE NORMAL PERIOD 1981 TO 2010
CLIMATE RECORD PERIOD 1948 TO 2016


WEATHER ITEM   OBSERVED TIME   RECORD YEAR NORMAL DEPARTURE LAST
                VALUE   (LST)  VALUE       VALUE  FROM      YEAR
                                                  NORMAL
..................................................................
TEMPERATURE (F)
 YESTERDAY
  MAXIMUM         57   1159 PM  80    2013  60     -3       64
  MINIMUM         52   1209 PM  21    2006  38     14       30
  AVERAGE         55                        49      6       47

PRECIPITATION (IN)
  YESTERDAY        1.11          2.06 1983   0.17   0.94     0.00
  MONTH TO DATE    1.68                      0.92   0.76     2.33
  SINCE DEC 1      1.68                      0.92   0.76     2.33
  SINCE JAN 1     36.28                     48.90 -12.62    47.02

SNOWFALL (IN)
  YESTERDAY        0.0                       0.0    0.0
  MONTH TO DATE    0.0                       0.0    0.0
  SINCE DEC 1      0.0                       0.0    0.0
  SINCE JUL 1      0.0                       0.0    0.0

DEGREE DAYS
 HEATING
  YESTERDAY       10                        16     -6
  MONTH TO DATE   77                        78     -1
  SINCE DEC 1     77                        78     -1
  SINCE JUL 1    336                       515   -179
..................................................................


WIND (MPH)
  HIGHEST WIND SPEED    14   HIGHEST WIND DIRECTION    NE (30)
  HIGHEST GUST SPEED    15   HIGHEST GUST DIRECTION    NE (30)
  AVERAGE WIND SPEED     5.5


SKY COVER
  AVERAGE SKY COVER 1.0


WEATHER CONDITIONS
 THE FOLLOWING WEATHER WAS RECORDED YESTERDAY.
  THUNDERSTORM
  HEAVY RAIN
  RAIN
  LIGHT RAIN
  FOG


RELATIVE HUMIDITY (PERCENT)
 HIGHEST   100          1200 AM
 LOWEST     93           900 AM
 AVERAGE    97

..........................................................


THE TUSCALOOSA CLIMATE NORMALS FOR TODAY
                         NORMAL    RECORD    YEAR
 MAXIMUM TEMPERATURE (F)   60        81      1951
 MINIMUM TEMPERATURE (F)   38        23      2008


SUNRISE AND SUNSET
DECEMBER  6 2016......SUNRISE   640 AM CST   SUNSET   443 PM CST
DECEMBER  7 2016......SUNRISE   641 AM CST   SUNSET   443 PM CST


-  INDICATES NEGATIVE NUMBERS.
R  INDICATES RECORD WAS SET OR TIED.
MM INDICATES DATA IS MISSING.
T  INDICATES TRACE AMOUNT.




$$
