000
CDUS44 KBMX 200734
CLITCL


CLIMATE REPORT
NATIONAL WEATHER SERVICE BIRMINGHAM, AL
234 AM CDT THU JUL 20 2017


...................................

...THE TUSCALOOSA CLIMATE SUMMARY FOR JULY 19 2017...

CLIMATE NORMAL PERIOD 1981 TO 2010
CLIMATE RECORD PERIOD 1948 TO 2017


WEATHER ITEM   OBSERVED TIME   RECORD YEAR NORMAL DEPARTURE LAST
                VALUE   (LST)  VALUE       VALUE  FROM      YEAR
                                                  NORMAL
..................................................................
TEMPERATURE (F)
 YESTERDAY
  MAXIMUM         94    300 PM 105    2000  92      2       90
  MINIMUM         73    455 AM  60    2009  72      1       74
  AVERAGE         84                        82      2       82

PRECIPITATION (IN)
  YESTERDAY        0.00          0.71 1981   0.14  -0.14     0.00
  MONTH TO DATE    0.96                      2.80  -1.84     3.70
  SINCE JUN 1     13.38                      7.57   5.81     8.00
  SINCE JAN 1     39.37                     30.97   8.40    28.41

..................................................................


WIND (MPH)
  HIGHEST WIND SPEED    12   HIGHEST WIND DIRECTION     N (360)
  HIGHEST GUST SPEED    16   HIGHEST GUST DIRECTION     W (290)
  AVERAGE WIND SPEED     2.0


SKY COVER
  AVERAGE SKY COVER 0.1


WEATHER CONDITIONS
 THE FOLLOWING WEATHER WAS RECORDED YESTERDAY.
  FOG


RELATIVE HUMIDITY (PERCENT)
 HIGHEST   100          1200 AM
 LOWEST     52           200 PM
 AVERAGE    76

..........................................................


THE TUSCALOOSA CLIMATE NORMALS FOR TODAY
                         NORMAL    RECORD    YEAR
 MAXIMUM TEMPERATURE (F)   92       103      2000
 MINIMUM TEMPERATURE (F)   72        59      2009


SUNRISE AND SUNSET
JULY 20 2017..........SUNRISE   555 AM CDT   SUNSET   758 PM CDT
JULY 21 2017..........SUNRISE   556 AM CDT   SUNSET   757 PM CDT


-  INDICATES NEGATIVE NUMBERS.
R  INDICATES RECORD WAS SET OR TIED.
MM INDICATES DATA IS MISSING.
T  INDICATES TRACE AMOUNT.




$$
