000
CDUS44 KBMX 250834
CLITCL


CLIMATE REPORT
NATIONAL WEATHER SERVICE BIRMINGHAM, AL
234 AM CST SAT NOV 25 2017


...................................

...THE TUSCALOOSA CLIMATE SUMMARY FOR NOVEMBER 24 2017...

CLIMATE NORMAL PERIOD 1981 TO 2010
CLIMATE RECORD PERIOD 1948 TO 2017


WEATHER ITEM   OBSERVED TIME   RECORD YEAR NORMAL DEPARTURE LAST
                VALUE   (LST)  VALUE       VALUE  FROM      YEAR
                                                  NORMAL
..................................................................
TEMPERATURE (F)
 YESTERDAY
  MAXIMUM         66    336 PM  79    1950  64      2       75
  MINIMUM         30    633 AM  15    1970  40    -10       46
  AVERAGE         48                        52     -4       61

PRECIPITATION (IN)
  YESTERDAY        0.00          1.67 1964   0.19  -0.19      T
  MONTH TO DATE    0.86                      3.84  -2.98      T
  SINCE SEP 1      6.97                     10.87  -3.90     0.33
  SINCE JAN 1     55.26                     46.74   8.52    32.07

SNOWFALL (IN)
  YESTERDAY        0.0                       0.0    0.0
  MONTH TO DATE    0.0                       0.0    0.0
  SINCE SEP 1      0.0                       0.0    0.0
  SINCE JUL 1      0.0                       0.0    0.0

DEGREE DAYS
 HEATING
  YESTERDAY       17                        13      4
  MONTH TO DATE  201                       234    -33
  SINCE SEP 1    316                       351    -35
  SINCE JUL 1    316                       351    -35
..................................................................


WIND (MPH)
  HIGHEST WIND SPEED     9   HIGHEST WIND DIRECTION     S (160)
  HIGHEST GUST SPEED    13   HIGHEST GUST DIRECTION    SW (230)
  AVERAGE WIND SPEED     1.4


SKY COVER
  AVERAGE SKY COVER 0.0


WEATHER CONDITIONS
 THE FOLLOWING WEATHER WAS RECORDED YESTERDAY.
  FOG


RELATIVE HUMIDITY (PERCENT)
 HIGHEST   100           700 AM
 LOWEST     48           300 PM
 AVERAGE    74

..........................................................


THE TUSCALOOSA CLIMATE NORMALS FOR TODAY
                         NORMAL    RECORD    YEAR
 MAXIMUM TEMPERATURE (F)   64        78      1951
 MINIMUM TEMPERATURE (F)   40        10      1950


SUNRISE AND SUNSET
NOVEMBER 25 2017......SUNRISE   631 AM CST   SUNSET   444 PM CST
NOVEMBER 26 2017......SUNRISE   632 AM CST   SUNSET   444 PM CST


-  INDICATES NEGATIVE NUMBERS.
R  INDICATES RECORD WAS SET OR TIED.
MM INDICATES DATA IS MISSING.
T  INDICATES TRACE AMOUNT.




$$
