000
CDUS44 KBMX 222143
CLITCL


CLIMATE REPORT
NATIONAL WEATHER SERVICE BIRMINGHAM, AL
443 PM CDT FRI SEP 22 2017


...................................

...THE TUSCALOOSA CLIMATE SUMMARY FOR SEPTEMBER 22 2017...
VALID TODAY AS OF 0400 PM LOCAL TIME.

CLIMATE NORMAL PERIOD 1981 TO 2010
CLIMATE RECORD PERIOD 1948 TO 2017


WEATHER ITEM   OBSERVED TIME   RECORD YEAR NORMAL DEPARTURE LAST
                VALUE   (LST)  VALUE       VALUE  FROM      YEAR
                                                  NORMAL
..................................................................
TEMPERATURE (F)
 TODAY
  MAXIMUM         93    258 PM  99    1955  85      8       94
  MINIMUM         70    601 AM  42    1983  62      8       66
  AVERAGE         82                        73      9       80

PRECIPITATION (IN)
  TODAY            0.00          2.27 2002   0.11  -0.11     0.00
  MONTH TO DATE    1.63                      2.57  -0.94     0.33
  SINCE SEP 1      1.63                      2.57  -0.94     0.33
  SINCE JAN 1     49.92                     38.44  11.48    32.07

DEGREE DAYS

 COOLING
  TODAY           17                         9      8
  MONTH TO DATE  207                       264    -57
  SINCE SEP 1    207                       264    -57
  SINCE JAN 1   1982                      2001    -19
..................................................................


WIND (MPH)
  HIGHEST WIND SPEED     8   HIGHEST WIND DIRECTION    NE (40)
  HIGHEST GUST SPEED    10   HIGHEST GUST DIRECTION    NE (40)
  AVERAGE WIND SPEED     2.5


SKY COVER
  AVERAGE SKY COVER 0.1


WEATHER CONDITIONS
 THE FOLLOWING WEATHER WAS RECORDED TODAY.
  FOG


RELATIVE HUMIDITY (PERCENT)
 HIGHEST   100          1200 AM
 LOWEST     44           300 PM
 AVERAGE    72

..........................................................


THE TUSCALOOSA CLIMATE NORMALS FOR TOMORROW
                         NORMAL    RECORD    YEAR
 MAXIMUM TEMPERATURE (F)   85        98      2016
 MINIMUM TEMPERATURE (F)   61        44      1982


SUNRISE AND SUNSET
SEPTEMBER 22 2017.....SUNRISE   639 AM CDT   SUNSET   647 PM CDT
SEPTEMBER 23 2017.....SUNRISE   639 AM CDT   SUNSET   645 PM CDT


-  INDICATES NEGATIVE NUMBERS.
R  INDICATES RECORD WAS SET OR TIED.
MM INDICATES DATA IS MISSING.
T  INDICATES TRACE AMOUNT.




$$
