000
CDUS44 KBMX 291023
CLITCL


CLIMATE REPORT
NATIONAL WEATHER SERVICE BIRMINGHAM, AL
523 AM CDT FRI APR 29 2016


...................................

...THE TUSCALOOSA CLIMATE SUMMARY FOR APRIL 28 2016...

CLIMATE NORMAL PERIOD 1994 TO 1994
CLIMATE RECORD PERIOD 1948 TO 2016


WEATHER ITEM   OBSERVED TIME   RECORD YEAR NORMAL DEPARTURE LAST
                VALUE   (LST)  VALUE       VALUE  FROM      YEAR
                                                  NORMAL
..................................................................
TEMPERATURE (F)
 YESTERDAY
  MAXIMUM         86    342 PM  90    1994  79      7       72
  MINIMUM         64   1159 PM  39    1992  54     10       49
  AVERAGE         75                        67      8       61

PRECIPITATION (IN)
  YESTERDAY        0.00          1.87 1991   0.13  -0.13     0.42
  MONTH TO DATE    3.39                      3.94  -0.55     8.99
  SINCE MAR 1      9.58                      8.48   1.10    12.43
  SINCE JAN 1     19.18                     19.15   0.03    23.18

SNOWFALL (IN)
  YESTERDAY        0.0                       0.0    0.0
  MONTH TO DATE    0.0                       0.0    0.0
  SINCE MAR 1      0.0                       0.3   -0.3
  SINCE JUL 1      T                         0.7   -0.7

DEGREE DAYS
 HEATING
  YESTERDAY        0                         2     -2
  MONTH TO DATE   79                       116    -37
  SINCE MAR 1    277                       410   -133
  SINCE JUL 1   1947                      2500   -553
..................................................................


WIND (MPH)
  HIGHEST WIND SPEED    10   HIGHEST WIND DIRECTION     S (180)
  HIGHEST GUST SPEED    13   HIGHEST GUST DIRECTION     S (200)
  AVERAGE WIND SPEED     3.2


SKY COVER
  AVERAGE SKY COVER 0.4


WEATHER CONDITIONS
 THE FOLLOWING WEATHER WAS RECORDED YESTERDAY.
  FOG


RELATIVE HUMIDITY (PERCENT)
 HIGHEST   100          1200 AM
 LOWEST     40           200 PM
 AVERAGE    70

..........................................................


THE TUSCALOOSA CLIMATE NORMALS FOR TODAY
                         NORMAL    RECORD    YEAR
 MAXIMUM TEMPERATURE (F)   79        90      1952
 MINIMUM TEMPERATURE (F)   55        38      1992


SUNRISE AND SUNSET
APRIL 29 2016.........SUNRISE   604 AM CDT   SUNSET   732 PM CDT
APRIL 30 2016.........SUNRISE   603 AM CDT   SUNSET   733 PM CDT


-  INDICATES NEGATIVE NUMBERS.
R  INDICATES RECORD WAS SET OR TIED.
MM INDICATES DATA IS MISSING.
T  INDICATES TRACE AMOUNT.




$$
