000
CDUS44 KBMX 240802
CLITCL


CLIMATE REPORT
NATIONAL WEATHER SERVICE BIRMINGHAM, AL
300 AM CDT SUN JUL 24 2016


...................................

...THE TUSCALOOSA CLIMATE SUMMARY FOR JULY 23 2016...

CLIMATE NORMAL PERIOD 1994 TO 1994
CLIMATE RECORD PERIOD 1948 TO 2016


WEATHER ITEM   OBSERVED TIME   RECORD YEAR NORMAL DEPARTURE LAST
                VALUE   (LST)  VALUE       VALUE  FROM      YEAR
                                                  NORMAL
..................................................................
TEMPERATURE (F)
 YESTERDAY
  MAXIMUM         92    253 PM 104    1952  92      0       95
  MINIMUM         73    427 AM  64    1971  72      1       74
  AVERAGE         83                        82      1       85

PRECIPITATION (IN)
  YESTERDAY        0.00          2.00 1977   0.14  -0.14     0.97
  MONTH TO DATE    4.14                      3.35   0.79     1.91
  SINCE JUN 1      8.44                      8.12   0.32     3.61
  SINCE JAN 1     28.85                     31.52  -2.67    29.19

..................................................................


WIND (MPH)
  HIGHEST WIND SPEED    10   HIGHEST WIND DIRECTION     W (290)
  HIGHEST GUST SPEED    13   HIGHEST GUST DIRECTION    NW (310)
  AVERAGE WIND SPEED     2.8


SKY COVER
  AVERAGE SKY COVER 0.1


WEATHER CONDITIONS
 THE FOLLOWING WEATHER WAS RECORDED YESTERDAY.
  THUNDERSTORM
  FOG


RELATIVE HUMIDITY (PERCENT)
 HIGHEST   100          1200 AM
 LOWEST     60           100 PM
 AVERAGE    80

..........................................................


THE TUSCALOOSA CLIMATE NORMALS FOR TODAY
                         NORMAL    RECORD    YEAR
 MAXIMUM TEMPERATURE (F)   92       107      1952
 MINIMUM TEMPERATURE (F)   72        63      2009
                                             2003


SUNRISE AND SUNSET
JULY 24 2016..........SUNRISE   558 AM CDT   SUNSET   755 PM CDT
JULY 25 2016..........SUNRISE   559 AM CDT   SUNSET   755 PM CDT


-  INDICATES NEGATIVE NUMBERS.
R  INDICATES RECORD WAS SET OR TIED.
MM INDICATES DATA IS MISSING.
T  INDICATES TRACE AMOUNT.




$$
