000
CDUS42 KTAE 220640
CLITLH


CLIMATE REPORT
NATIONAL WEATHER SERVICE TALLAHASSEE FL
139 AM EST MON DEC 22 2014


...................................

...THE TALLAHASSEE CLIMATE SUMMARY FOR DECEMBER 21 2014...

CLIMATE NORMAL PERIOD 1981 TO 2010
CLIMATE RECORD PERIOD 1896 TO 2014


WEATHER ITEM   OBSERVED TIME   RECORD YEAR NORMAL DEPARTURE LAST
                VALUE   (LST)  VALUE       VALUE  FROM      YEAR
                                                  NORMAL
..................................................................
TEMPERATURE (F)
 YESTERDAY
  MAXIMUM         58    837 PM  80    1990  64     -6
                                      1967
  MINIMUM         55    214 AM  15    1981  40     15
  AVERAGE         57                        52      5

PRECIPITATION (IN)
  YESTERDAY        0.30          3.05 1972   0.12   0.18     0.00
  MONTH TO DATE    0.53                      2.66  -2.13     2.40
  SINCE DEC 1      0.53                      2.66  -2.13     2.40
  SINCE JAN 1     60.22                     57.99   2.23    64.28

SNOWFALL (IN)
  YESTERDAY        0.0                       0.0    0.0

DEGREE DAYS
 HEATING
  YESTERDAY        8                               -5
  MONTH TO DATE  199                              -43
  SINCE DEC 1    199                              -43
  SINCE JUL 1    550                               72

 COOLING
  YESTERDAY        0                                0
  MONTH TO DATE    9                                1
  SINCE DEC 1      9                                1
  SINCE JAN 1   2801                              213
..................................................................


WIND (MPH)
  HIGHEST WIND SPEED    12   HIGHEST WIND DIRECTION     E (80)
  HIGHEST GUST SPEED    15   HIGHEST GUST DIRECTION     E (80)
  AVERAGE WIND SPEED     5.7




RELATIVE HUMIDITY (PERCENT)
 HIGHEST    86
 LOWEST     77
 AVERAGE    82

..........................................................


THE TALLAHASSEE CLIMATE NORMALS FOR TODAY
                         NORMAL    RECORD    YEAR
 MAXIMUM TEMPERATURE (F)   64        81      1984
 MINIMUM TEMPERATURE (F)   40        20      1985
                                             1976
                                             1973


SUNRISE AND SUNSET
DECEMBER 22 2014......SUNRISE   731 AM EST   SUNSET   542 PM EST
DECEMBER 23 2014......SUNRISE   731 AM EST   SUNSET   542 PM EST


-  INDICATES NEGATIVE NUMBERS.
R  INDICATES RECORD WAS SET OR TIED.
MM INDICATES DATA IS MISSING.
T  INDICATES TRACE AMOUNT.




$$
