000
CDUS42 KTAE 050640
CLITLH


CLIMATE REPORT
NATIONAL WEATHER SERVICE TALLAHASSEE FL
240 AM EDT SUN JUL 5 2015


...................................

...THE TALLAHASSEE CLIMATE SUMMARY FOR JULY 4 2015...

CLIMATE NORMAL PERIOD 1981 TO 2010
CLIMATE RECORD PERIOD 1896 TO 2015


WEATHER ITEM   OBSERVED TIME   RECORD YEAR NORMAL DEPARTURE LAST
                VALUE   (LST)  VALUE       VALUE  FROM      YEAR
                                                  NORMAL
..................................................................
TEMPERATURE (F)
 YESTERDAY
  MAXIMUM         93   1243 PM 103    1931  92      1       93
  MINIMUM         74   1159 PM  60    1916  72      2       68
  AVERAGE         84                        82      2       81

PRECIPITATION (IN)
  YESTERDAY        0.05          2.42 1939   0.24  -0.19     0.00
  MONTH TO DATE    0.79                      0.93  -0.14      T
  SINCE JUN 1      7.33                      8.66  -1.33     4.40
  SINCE JAN 1     25.86                     30.32  -4.46    36.49

SNOWFALL (IN)
  YESTERDAY        0.0                       0.0    0.0

DEGREE DAYS
 HEATING
  YESTERDAY        0                                0
  MONTH TO DATE    0                                0
  SINCE JUN 1      0                                0
  SINCE JUL 1      0                                0

 COOLING
  YESTERDAY       19                                2
  MONTH TO DATE   73                                5
  SINCE JUN 1    577                               52
  SINCE JAN 1   1398                              427
..................................................................


WIND (MPH)
  HIGHEST WIND SPEED    15   HIGHEST WIND DIRECTION     S (180)
  HIGHEST GUST SPEED    22   HIGHEST GUST DIRECTION     W (250)
  AVERAGE WIND SPEED     3.9




RELATIVE HUMIDITY (PERCENT)
 HIGHEST    94
 LOWEST     52
 AVERAGE    73

..........................................................


THE TALLAHASSEE CLIMATE NORMALS FOR TODAY
                         NORMAL    RECORD    YEAR
 MAXIMUM TEMPERATURE (F)   92       101      1998
 MINIMUM TEMPERATURE (F)   72        64      2014


SUNRISE AND SUNSET
JULY  5 2015..........SUNRISE   641 AM EDT   SUNSET   843 PM EDT
JULY  6 2015..........SUNRISE   641 AM EDT   SUNSET   843 PM EDT


-  INDICATES NEGATIVE NUMBERS.
R  INDICATES RECORD WAS SET OR TIED.
MM INDICATES DATA IS MISSING.
T  INDICATES TRACE AMOUNT.




$$
