000
CDUS42 KTAE 300649
CLITLH


CLIMATE REPORT
NATIONAL WEATHER SERVICE TALLAHASSEE FL
149 AM EST FRI JAN 30 2015


...................................

...THE TALLAHASSEE CLIMATE SUMMARY FOR JANUARY 29 2015...

CLIMATE NORMAL PERIOD 1981 TO 2010
CLIMATE RECORD PERIOD 1896 TO 2015


WEATHER ITEM   OBSERVED TIME   RECORD YEAR NORMAL DEPARTURE LAST
                VALUE   (LST)  VALUE       VALUE  FROM      YEAR
                                                  NORMAL
..................................................................
TEMPERATURE (F)
 YESTERDAY
  MAXIMUM         65    434 PM  81    1914  65      0
  MINIMUM         31    752 AM  21    1928  40     -9
  AVERAGE         48                        52     -4

PRECIPITATION (IN)
  YESTERDAY        0.00          2.19 1991   0.16  -0.16     0.17
  MONTH TO DATE    4.76                      4.02   0.74     3.67
  SINCE DEC 1     13.54                      7.92   5.62     8.56
  SINCE JAN 1      4.76                      4.02   0.74     3.67

SNOWFALL (IN)
  YESTERDAY        0.0                       0.0    0.0

DEGREE DAYS
 HEATING
  YESTERDAY       17                                4
  MONTH TO DATE  337                              -65
  SINCE DEC 1    587                             -194
  SINCE JUL 1    938                              -79

 COOLING
  YESTERDAY        0                                0
  MONTH TO DATE    7                                7
  SINCE DEC 1     20                                7
  SINCE JAN 1      7                                7
..................................................................


WIND (MPH)
  HIGHEST WIND SPEED    14   HIGHEST WIND DIRECTION     S (160)
  HIGHEST GUST SPEED    17   HIGHEST GUST DIRECTION    SE (140)
  AVERAGE WIND SPEED     3.6




RELATIVE HUMIDITY (PERCENT)
 HIGHEST    82
 LOWEST     22
 AVERAGE    52

..........................................................


THE TALLAHASSEE CLIMATE NORMALS FOR TODAY
                         NORMAL    RECORD    YEAR
 MAXIMUM TEMPERATURE (F)   65        83      1957
 MINIMUM TEMPERATURE (F)   40        12      1966


SUNRISE AND SUNSET
JANUARY 30 2015.......SUNRISE   730 AM EST   SUNSET   612 PM EST
JANUARY 31 2015.......SUNRISE   729 AM EST   SUNSET   613 PM EST


-  INDICATES NEGATIVE NUMBERS.
R  INDICATES RECORD WAS SET OR TIED.
MM INDICATES DATA IS MISSING.
T  INDICATES TRACE AMOUNT.




$$
