000
CDUS42 KTAE 180634
CLITLH


CLIMATE REPORT
NATIONAL WEATHER SERVICE TALLAHASSEE FL
133 AM EST SUN FEB 18 2018


...................................

...THE TALLAHASSEE CLIMATE SUMMARY FOR FEBRUARY 17 2018...

CLIMATE NORMAL PERIOD 1981 TO 2010
CLIMATE RECORD PERIOD 1896 TO 2018


WEATHER ITEM   OBSERVED TIME   RECORD YEAR NORMAL DEPARTURE LAST
                VALUE   (LST)  VALUE       VALUE  FROM      YEAR
                                                  NORMAL
..................................................................
TEMPERATURE (F)
 YESTERDAY
  MAXIMUM         82    341 PM  83    1932  68     14       73
  MINIMUM         61   1215 AM  18    2007  42     19       32
  AVERAGE         72                        55     17       53

PRECIPITATION (IN)
  YESTERDAY        T             3.25 1925   0.18  -0.18     0.00
  MONTH TO DATE    3.26                      2.74   0.52     1.43
  SINCE DEC 1      6.98                     10.98  -4.00    12.84
  SINCE JAN 1      4.99                      7.08  -2.09     8.64

SNOWFALL (IN)
  YESTERDAY        0.0                       0.0    0.0

DEGREE DAYS
 HEATING
  YESTERDAY        0                              -10
  MONTH TO DATE   66                             -131
  SINCE DEC 1    907                             -100
  SINCE JUL 1   1079                             -164

 COOLING
  YESTERDAY        7                                7
  MONTH TO DATE   20                               20
  SINCE DEC 1     59                               41
  SINCE JAN 1     29                               24
..................................................................


WIND (MPH)
  HIGHEST WIND SPEED    21   HIGHEST WIND DIRECTION     W (260)
  HIGHEST GUST SPEED    25   HIGHEST GUST DIRECTION     W (260)
  AVERAGE WIND SPEED     6.7




RELATIVE HUMIDITY (PERCENT)
 HIGHEST   100
 LOWEST     45
 AVERAGE    73

..........................................................


THE TALLAHASSEE CLIMATE NORMALS FOR TODAY
                         NORMAL    RECORD    YEAR
 MAXIMUM TEMPERATURE (F)   68        83      1956
 MINIMUM TEMPERATURE (F)   42        18      1900


SUNRISE AND SUNSET
FEBRUARY 18 2018......SUNRISE   715 AM EST   SUNSET   628 PM EST
FEBRUARY 19 2018......SUNRISE   714 AM EST   SUNSET   629 PM EST


-  INDICATES NEGATIVE NUMBERS.
R  INDICATES RECORD WAS SET OR TIED.
MM INDICATES DATA IS MISSING.
T  INDICATES TRACE AMOUNT.




$$
