000
CDUS42 KTAE 210624
CLITLH


CLIMATE REPORT
NATIONAL WEATHER SERVICE TALLAHASSEE FL
221 AM EDT MON APR 21 2014

...................................

...THE TALLAHASSEE CLIMATE SUMMARY FOR APRIL 20 2014...

CLIMATE NORMAL PERIOD 1981 TO 2010
CLIMATE RECORD PERIOD 1896 TO 2014


WEATHER ITEM   OBSERVED TIME   RECORD YEAR NORMAL DEPARTURE LAST
                VALUE   (LST)  VALUE       VALUE  FROM      YEAR
                                                  NORMAL
..................................................................
TEMPERATURE (F)
 YESTERDAY
  MAXIMUM         63    600 PM  93    2006  81    -18
  MINIMUM         52   1159 PM  40    1953  53     -1
  AVERAGE         58                        67     -9

PRECIPITATION (IN)
  YESTERDAY        0.00          3.10 1907   0.09  -0.09     0.06
  MONTH TO DATE    8.42                      2.22   6.20     2.80
  SINCE MAR 1     18.65                      8.16  10.49     7.15
  SINCE JAN 1     26.70                     17.35   9.35    20.36

SNOWFALL (IN)
  YESTERDAY        0.0                       0.0    0.0

DEGREE DAYS
 HEATING
  YESTERDAY        7                                5
  MONTH TO DATE   42                              -14
  SINCE MAR 1    216                              -21
  SINCE JUL 1   1359                             -221

 COOLING
  YESTERDAY        0                               -4
  MONTH TO DATE   59                                6
  SINCE MAR 1     71                              -22
  SINCE JAN 1     83                              -24
..................................................................

WIND (MPH)
  HIGHEST WIND SPEED    12   HIGHEST WIND DIRECTION     N (20)
  HIGHEST GUST SPEED    18   HIGHEST GUST DIRECTION     N (20)
  AVERAGE WIND SPEED     6.4




RELATIVE HUMIDITY (PERCENT)
 HIGHEST    89
 LOWEST     67
 AVERAGE    78

..........................................................

THE TALLAHASSEE CLIMATE NORMALS FOR TODAY
                         NORMAL    RECORD    YEAR
 MAXIMUM TEMPERATURE (F)   81        94      1968
 MINIMUM TEMPERATURE (F)   53        38      1983


SUNRISE AND SUNSET
APRIL 21 2014.........SUNRISE   704 AM EDT   SUNSET   809 PM EDT
APRIL 22 2014.........SUNRISE   703 AM EDT   SUNSET   810 PM EDT


-  INDICATES NEGATIVE NUMBERS.
R  INDICATES RECORD WAS SET OR TIED.
MM INDICATES DATA IS MISSING.
T  INDICATES TRACE AMOUNT.

$$
