000
CDUS42 KTAE 170634
CLITLH


CLIMATE REPORT
NATIONAL WEATHER SERVICE TALLAHASSEE FL
132 AM EST TUE JAN 17 2017

...................................

...THE TALLAHASSEE CLIMATE SUMMARY FOR JANUARY 16 2017...

CLIMATE NORMAL PERIOD 1981 TO 2010
CLIMATE RECORD PERIOD 1896 TO 2017


WEATHER ITEM   OBSERVED TIME   RECORD YEAR NORMAL DEPARTURE LAST
                VALUE   (LST)  VALUE       VALUE  FROM      YEAR
                                                  NORMAL
..................................................................
TEMPERATURE (F)
 YESTERDAY
  MAXIMUM         77    342 PM  82    1928  63     14       72
  MINIMUM         54    748 AM  15    1927  39     15       48
  AVERAGE         66                        51     15       60

PRECIPITATION (IN)
  YESTERDAY        0.00          2.04 2010   0.14  -0.14     0.00
  MONTH TO DATE    4.51                      2.07   2.44     2.31
  SINCE DEC 1      8.71                      5.97   2.74     7.08
  SINCE JAN 1      4.51                      2.07   2.44     2.31

SNOWFALL (IN)
  YESTERDAY        0.0                       0.0    0.0

DEGREE DAYS
 HEATING
  YESTERDAY        0                              -14
  MONTH TO DATE  139                              -85
  SINCE DEC 1    330                             -273
  SINCE JUL 1    443                             -396

 COOLING
  YESTERDAY        1                                1
  MONTH TO DATE    8                                8
  SINCE DEC 1     51                               38
  SINCE JAN 1      8                                8
..................................................................


WIND (MPH)
  HIGHEST WIND SPEED    15   HIGHEST WIND DIRECTION    SE (130)
  HIGHEST GUST SPEED    MM   HIGHEST GUST DIRECTION    MM
  AVERAGE WIND SPEED     6.0




RELATIVE HUMIDITY (PERCENT)
 HIGHEST   100
 LOWEST     47
 AVERAGE    74

..........................................................


THE TALLAHASSEE CLIMATE NORMALS FOR TODAY
                         NORMAL    RECORD    YEAR
 MAXIMUM TEMPERATURE (F)   63        82      1947
 MINIMUM TEMPERATURE (F)   39        17      1977


SUNRISE AND SUNSET
JANUARY 17 2017.......SUNRISE   734 AM EST   SUNSET   601 PM EST
JANUARY 18 2017.......SUNRISE   734 AM EST   SUNSET   602 PM EST


-  INDICATES NEGATIVE NUMBERS.
R  INDICATES RECORD WAS SET OR TIED.
MM INDICATES DATA IS MISSING.
T  INDICATES TRACE AMOUNT.


$$
