000
CDUS42 KTAE 010652
CLITLH


CLIMATE REPORT
NATIONAL WEATHER SERVICE TALLAHASSEE FL
152 AM EST SUN MAR 1 2015


...................................

...THE TALLAHASSEE CLIMATE SUMMARY FOR FEBRUARY 28 2015...

CLIMATE NORMAL PERIOD 1981 TO 2010
CLIMATE RECORD PERIOD 1896 TO 2015


WEATHER ITEM   OBSERVED TIME   RECORD YEAR NORMAL DEPARTURE LAST
                VALUE   (LST)  VALUE       VALUE  FROM      YEAR
                                                  NORMAL
..................................................................
TEMPERATURE (F)
 YESTERDAY
  MAXIMUM         52    423 PM  89    1948  71    -19       67
  MINIMUM         48   1159 PM  18    2002  44      4       27
  AVERAGE         50                        57     -7       47

PRECIPITATION (IN)
  YESTERDAY        0.04          1.70 1966   0.18  -0.14     0.00
  MONTH TO DATE    4.43                      4.85  -0.42     4.38
  SINCE DEC 1     17.97                     13.09   4.88    12.94
  SINCE JAN 1      9.19                      9.19   0.00     8.05

SNOWFALL (IN)
  YESTERDAY        0.0                       0.0    0.0

DEGREE DAYS
 HEATING
  YESTERDAY       15                                7
  MONTH TO DATE  378                               81
  SINCE DEC 1   1015                              -92
  SINCE JUL 1   1366                               23

 COOLING
  YESTERDAY        0                               -1
  MONTH TO DATE    0                               -9
  SINCE DEC 1     20                               -7
  SINCE JAN 1      7                               -7
..................................................................


WIND (MPH)
  HIGHEST WIND SPEED    17   HIGHEST WIND DIRECTION     E (70)
  HIGHEST GUST SPEED    23   HIGHEST GUST DIRECTION     E (70)
  AVERAGE WIND SPEED     9.1




RELATIVE HUMIDITY (PERCENT)
 HIGHEST    86
 LOWEST     56
 AVERAGE    71

..........................................................


THE TALLAHASSEE CLIMATE NORMALS FOR TODAY
                         NORMAL    RECORD    YEAR
 MAXIMUM TEMPERATURE (F)   71        87      1918
 MINIMUM TEMPERATURE (F)   45        22      2002


SUNRISE AND SUNSET
MARCH  1 2015.........SUNRISE   704 AM EST   SUNSET   636 PM EST
MARCH  2 2015.........SUNRISE   703 AM EST   SUNSET   637 PM EST


-  INDICATES NEGATIVE NUMBERS.
R  INDICATES RECORD WAS SET OR TIED.
MM INDICATES DATA IS MISSING.
T  INDICATES TRACE AMOUNT.




$$
