000
CDUS42 KTAE 220632
CLITLH


CLIMATE REPORT
NATIONAL WEATHER SERVICE TALLAHASSEE FL
132 AM EST WED NOV 22 2017


...................................

...THE TALLAHASSEE CLIMATE SUMMARY FOR NOVEMBER 21 2017...

CLIMATE NORMAL PERIOD 1981 TO 2010
CLIMATE RECORD PERIOD 1896 TO 2017


WEATHER ITEM   OBSERVED TIME   RECORD YEAR NORMAL DEPARTURE LAST
                VALUE   (LST)  VALUE       VALUE  FROM      YEAR
                                                  NORMAL
..................................................................
TEMPERATURE (F)
 YESTERDAY
  MAXIMUM         68   1259 PM  85    2011  71     -3       71
  MINIMUM         46    158 AM  24    1968  46      0       30
                                      1937
  AVERAGE         57                        59     -2       51

PRECIPITATION (IN)
  YESTERDAY        0.36          3.52 1985   0.12   0.24     0.00
  MONTH TO DATE    0.37                      2.37  -2.00      T
  SINCE SEP 1      7.77                     10.29  -2.52     7.82
  SINCE JAN 1     53.04                     54.20  -1.16    55.13

SNOWFALL (IN)
  YESTERDAY       MM                         0.0   MM

DEGREE DAYS
 HEATING
  YESTERDAY        8                                1
  MONTH TO DATE   76                              -36
  SINCE SEP 1    129                              -30
  SINCE JUL 1    129                              -30

 COOLING
  YESTERDAY        0                               -1
  MONTH TO DATE   38                                0
  SINCE SEP 1    758                              140
  SINCE JAN 1   2936                              365
..................................................................


WIND (MPH)
  HIGHEST WIND SPEED    13   HIGHEST WIND DIRECTION     E (90)
  HIGHEST GUST SPEED    16   HIGHEST GUST DIRECTION     E (80)
  AVERAGE WIND SPEED     3.6




RELATIVE HUMIDITY (PERCENT)
 HIGHEST   100
 LOWEST     73
 AVERAGE    87

..........................................................


THE TALLAHASSEE CLIMATE NORMALS FOR TODAY
                         NORMAL    RECORD    YEAR
 MAXIMUM TEMPERATURE (F)   71        84      1997
 MINIMUM TEMPERATURE (F)   46        23      2000


SUNRISE AND SUNSET
NOVEMBER 22 2017......SUNRISE   709 AM EST   SUNSET   538 PM EST
NOVEMBER 23 2017......SUNRISE   710 AM EST   SUNSET   538 PM EST


-  INDICATES NEGATIVE NUMBERS.
R  INDICATES RECORD WAS SET OR TIED.
MM INDICATES DATA IS MISSING.
T  INDICATES TRACE AMOUNT.




$$
