000
CDUS44 KBMX 011214
CLITOI


CLIMATE REPORT
NATIONAL WEATHER SERVICE BIRMINGHAM, AL
614 AM CST SUN MAR 1 2015


...................................

...THE TROY CLIMATE SUMMARY FOR FEBRUARY 28 2015...

CLIMATE NORMAL PERIOD 1981 TO 2010
CLIMATE RECORD PERIOD 9999 TO 9999


WEATHER ITEM   OBSERVED TIME   RECORD YEAR NORMAL DEPARTURE LAST
                VALUE   (LST)  VALUE       VALUE  FROM      YEAR
                                                  NORMAL
..................................................................
TEMPERATURE (F)
 YESTERDAY
  MAXIMUM         62    138 PM  MM      MM  66     -4       64
  MINIMUM         33    128 AM  MM      MM  40     -7       23
  AVERAGE         48                        53     -5       44

PRECIPITATION (IN)
  YESTERDAY        T                         0.19  -0.19     0.00
  MONTH TO DATE    3.69                      4.58  -0.89     5.86
  SINCE DEC 1     12.04                     13.97  -1.93    15.17
  SINCE JAN 1      6.91                      9.13  -2.22     9.06

SNOWFALL (IN)
  YESTERDAY        0.0                      MM     MM        0.0
  MONTH TO DATE    0.0                      MM     MM        0.0
  SINCE DEC 1      0.0                      MM     MM        0.3
  SINCE JUL 1      0.0                      MM     MM        0.3
  SNOW DEPTH       0

DEGREE DAYS
 HEATING
  YESTERDAY       17                        13      4       21
  MONTH TO DATE  542                       427    115      391
  SINCE DEC 1   1483                      1526    -43     1587
  SINCE JUL 1   2001                      1919     82     1940
..................................................................


WIND (MPH)
  HIGHEST WIND SPEED    15   HIGHEST WIND DIRECTION     E (80)
  HIGHEST GUST SPEED    23   HIGHEST GUST DIRECTION     E (80)
  AVERAGE WIND SPEED     8.2


SKY COVER
  AVERAGE SKY COVER 0.5


WEATHER CONDITIONS
 THE FOLLOWING WEATHER WAS RECORDED YESTERDAY.
  LIGHT RAIN
  FOG


RELATIVE HUMIDITY (PERCENT)
 HIGHEST    80           900 PM
 LOWEST     42          1200 PM
 AVERAGE    61

..........................................................


THE TROY CLIMATE NORMALS FOR TODAY
                         NORMAL    RECORD    YEAR
 MAXIMUM TEMPERATURE (F)   66        MM        MM
 MINIMUM TEMPERATURE (F)   40        MM        MM


SUNRISE AND SUNSET
MARCH  1 2015.........SUNRISE   611 AM CST   SUNSET   542 PM CST
MARCH  2 2015.........SUNRISE   610 AM CST   SUNSET   542 PM CST


-  INDICATES NEGATIVE NUMBERS.
R  INDICATES RECORD WAS SET OR TIED.
MM INDICATES DATA IS MISSING.
T  INDICATES TRACE AMOUNT.




$$
