000
CDUS45 KCYS 230735
CLITOR


CLIMATE REPORT
NATIONAL WEATHER SERVICE CHEYENNE WY
135 AM MDT SAT JUL 23 2016


...................................

...THE TORRINGTON WY AIRPORT CLIMATE SUMMARY FOR JULY 22 2016...

CLIMATE NORMAL PERIOD 1981 TO 2010
CLIMATE RECORD PERIOD 1998 TO 2016


WEATHER ITEM   OBSERVED TIME   RECORD YEAR NORMAL DEPARTURE LAST
                VALUE   (LST)  VALUE       VALUE  FROM      YEAR
                                                  NORMAL
..................................................................
TEMPERATURE (F)
 YESTERDAY
  MAXIMUM        102    256 PM 104    2007  91     11       92
  MINIMUM         66   1115 PM  52    2000  59      7       55
  AVERAGE         84                        75      9       74

PRECIPITATION (IN)
  YESTERDAY        0.00          0.09 2007   0.08  -0.08     0.09
                                      2007
                                      2015
  MONTH TO DATE    0.14                      1.25  -1.11     1.92
  SINCE JAN 1      8.27                      9.14  -0.87    15.43

DEGREE DAYS
 HEATING
  YESTERDAY        0                         0      0        0
  MONTH TO DATE    0                         0      0        8
  SINCE JUN 1      7                        75    -68       11
  SINCE JUL 1      0                         0      0        8

 COOLING
  YESTERDAY       19                        10      9        9
  MONTH TO DATE  236                       193     43      148
  SINCE JUN 1    469                       309    160      298
  SINCE JAN 1    469                       327    142      298
..................................................................


WIND (MPH)
  HIGHEST WIND SPEED    30   HIGHEST WIND DIRECTION     E (100)
  HIGHEST GUST SPEED    36   HIGHEST GUST DIRECTION     E (90)
  AVERAGE WIND SPEED     8.5


SKY COVER
  AVERAGE SKY COVER 0.1


WEATHER CONDITIONS
 THE FOLLOWING WEATHER WAS RECORDED YESTERDAY.
  NO SIGNIFICANT WEATHER WAS OBSERVED.


RELATIVE HUMIDITY (PERCENT)
 HIGHEST    73           900 PM
 LOWEST     14           300 PM
 AVERAGE    44

..........................................................


THE TORRINGTON WY AIRPORT CLIMATE NORMALS FOR TODAY
                         NORMAL    RECORD    YEAR
 MAXIMUM TEMPERATURE (F)   91       103      2005
 MINIMUM TEMPERATURE (F)   59        50      2004


SUNRISE AND SUNSET
JULY 23 2016..........SUNRISE   542 AM MDT   SUNSET   824 PM MDT
JULY 24 2016..........SUNRISE   543 AM MDT   SUNSET   823 PM MDT


-  INDICATES NEGATIVE NUMBERS.
R  INDICATES RECORD WAS SET OR TIED.
MM INDICATES DATA IS MISSING.
T  INDICATES TRACE AMOUNT.




$$
