390
CDUS42 KTBW 242214
CLITPA


CLIMATE REPORT
NATIONAL WEATHER SERVICE TAMPA BAY FL
513 PM EST TUE JAN 24 2017


...................................

...THE TAMPA CLIMATE SUMMARY FOR JANUARY 24 2017...
VALID TODAY AS OF 0500 PM LOCAL TIME.

CLIMATE NORMAL PERIOD 1981 TO 2010
CLIMATE RECORD PERIOD 1890 TO 2017


WEATHER ITEM   OBSERVED TIME   RECORD YEAR NORMAL DEPARTURE LAST
                VALUE   (LST)  VALUE       VALUE  FROM      YEAR
                                                  NORMAL
..................................................................
TEMPERATURE (F)
 TODAY
  MAXIMUM         73    304 PM  83    1974  70      3       56
                                      1937
  MINIMUM         58    652 AM  27    2003  52      6       37
  AVERAGE         66                        61      5       47

PRECIPITATION (IN)
  TODAY            0.00          3.15 1914   0.07  -0.07     0.00
  MONTH TO DATE    0.69                      1.65  -0.96     3.63
  SINCE DEC 1      1.12                      4.12  -3.00     4.12
  SINCE JAN 1      0.69                      1.65  -0.96     3.63

DEGREE DAYS
 HEATING
  TODAY            0                         6     -6       18
  MONTH TO DATE   42                       144   -102      140
  SINCE DEC 1     69                       283   -214      148
  SINCE JUL 1     84                       327   -243      153

 COOLING
  TODAY            1                         2     -1        0
  MONTH TO DATE  120                        46     74       29
  SINCE DEC 1    312                       126    186      304
  SINCE JAN 1    120                        46     74       29
..................................................................


WIND (MPH)
  RESULTANT WIND SPEED   9   RESULTANT WIND DIRECTION  NW (300)
  HIGHEST WIND SPEED    20   HIGHEST WIND DIRECTION    NW (310)
  HIGHEST GUST SPEED    28   HIGHEST GUST DIRECTION     W (280)
  AVERAGE WIND SPEED     9.9


SKY COVER
  POSSIBLE SUNSHINE  MM
  AVERAGE SKY COVER 0.1


WEATHER CONDITIONS
 THE FOLLOWING WEATHER WAS RECORDED TODAY.
  NO SIGNIFICANT WEATHER WAS OBSERVED.


RELATIVE HUMIDITY (PERCENT)
 HIGHEST    78           800 AM
 LOWEST     40           400 PM

..........................................................


THE TAMPA CLIMATE NORMALS FOR TOMORROW
                         NORMAL    RECORD    YEAR
 MAXIMUM TEMPERATURE (F)   70        84      2012
                                             1950
 MINIMUM TEMPERATURE (F)   52        29      1905


SUNRISE AND SUNSET
JANUARY 24 2017.......SUNRISE   721 AM EST   SUNSET   604 PM EST
JANUARY 25 2017.......SUNRISE   720 AM EST   SUNSET   605 PM EST


-  INDICATES NEGATIVE NUMBERS.
R  INDICATES RECORD WAS SET OR TIED.
MM INDICATES DATA IS MISSING.
T  INDICATES TRACE AMOUNT.




$$


&&
------------------------------------------------------------------
******************** SUPPLEMENTAL DATA ***************************

...RUSKIN                HIGH __    LOW __    PCPN 0.00
...SARASOTA/BRADENTON    HIGH 72    LOW 59    PCPN 0.00
...LAKELAND*             HIGH 74    LOW 52    PCPN 0.00
...ST. PETERSBURG        HIGH 69    LOW 62    PCPN 0.00
...GULF WATER TEMPERATURE AT CLEARWATER BEACH 68 DEGREES

*LAKELAND DATA IS FROM 4:30 PM MONDAY TO 4:30 PM TUESDAY
AND MAY REFLECT YESTERDAYS RAINFALL AND HIGH TEMPERATURE.
