000
CDUS42 KTBW 190944
CLITPA


CLIMATE REPORT
NATIONAL WEATHER SERVICE TAMPA BAY FL
443 AM EST FRI DEC 19 2014


...................................

...THE TAMPA CLIMATE SUMMARY FOR DECEMBER 18 2014...

CLIMATE NORMAL PERIOD 1981 TO 2010
CLIMATE RECORD PERIOD 1890 TO 2014


WEATHER ITEM   OBSERVED TIME   RECORD YEAR NORMAL DEPARTURE LAST
                VALUE   (LST)  VALUE       VALUE  FROM      YEAR
                                                  NORMAL
..................................................................
TEMPERATURE (F)
 YESTERDAY
  MAXIMUM         68    323 PM  84    1933  72     -4       72
  MINIMUM         50    738 AM  30    1973  54     -4       48
  AVERAGE         59                        63     -4       60

PRECIPITATION (IN)
  YESTERDAY        0.00          1.21 1961   0.09  -0.09     0.00
  MONTH TO DATE    0.18                      1.40  -1.22     0.25
  SINCE DEC 1      0.18                      1.40  -1.22     0.25
  SINCE JAN 1     56.48                     45.23  11.25    51.92

DEGREE DAYS
 HEATING
  YESTERDAY        6                         5      1        5
  MONTH TO DATE   78                        68     10       24
  SINCE DEC 1     78                        68     10       24
  SINCE JUL 1    166                       112     54       54

 COOLING
  YESTERDAY        0                         2     -2        0
  MONTH TO DATE   44                        52     -8       97
  SINCE DEC 1     44                        52     -8       97
  SINCE JAN 1   3469                      3582   -113     3833
..................................................................


WIND (MPH)
  RESULTANT WIND SPEED   3   RESULTANT WIND DIRECTION   W (290)
  HIGHEST WIND SPEED    13   HIGHEST WIND DIRECTION    NW (330)
  HIGHEST GUST SPEED    20   HIGHEST GUST DIRECTION     W (260)
  AVERAGE WIND SPEED     4.1


SKY COVER
  POSSIBLE SUNSHINE  MM
  AVERAGE SKY COVER 0.4


WEATHER CONDITIONS
 THE FOLLOWING WEATHER WAS RECORDED YESTERDAY.
  NO SIGNIFICANT WEATHER WAS OBSERVED.


RELATIVE HUMIDITY (PERCENT)
 HIGHEST    86           300 AM
 LOWEST     59           300 PM
 AVERAGE    73

..........................................................


THE TAMPA CLIMATE NORMALS FOR TODAY
                         NORMAL    RECORD    YEAR
 MAXIMUM TEMPERATURE (F)   71        84      1956
 MINIMUM TEMPERATURE (F)   54        30      1981
                                             1975
                                             1901


SUNRISE AND SUNSET
DECEMBER 19 2014......SUNRISE   716 AM EST   SUNSET   538 PM EST
DECEMBER 20 2014......SUNRISE   717 AM EST   SUNSET   539 PM EST


-  INDICATES NEGATIVE NUMBERS.
R  INDICATES RECORD WAS SET OR TIED.
MM INDICATES DATA IS MISSING.
T  INDICATES TRACE AMOUNT.




$$


&&
------------------------------------------------------------------
******************** SUPPLEMENTAL DATA ***************************

...RUSKIN                HIGH 70    LOW 46    PCPN 0.00
...SARASOTA/BRADENTON    HIGH 69    LOW 44    PCPN 0.00
...ST. PETERSBURG        HIGH 66    LOW 55    PCPN 0.00
...GULF WATER TEMPERATURE AT CLEARWATER BEACH 64
