000
CDUS42 KTBW 082244
CLITPA


CLIMATE REPORT
NATIONAL WEATHER SERVICE TAMPA BAY FL
532 PM EST THU DEC 8 2016


...................................

...THE TAMPA CLIMATE SUMMARY FOR DECEMBER 8 2016...
VALID TODAY AS OF 0500 PM LOCAL TIME.

CLIMATE NORMAL PERIOD 1981 TO 2010
CLIMATE RECORD PERIOD 1890 TO 2016


WEATHER ITEM   OBSERVED TIME   RECORD YEAR NORMAL DEPARTURE LAST
                VALUE   (LST)  VALUE       VALUE  FROM      YEAR
                                                  NORMAL
..................................................................
TEMPERATURE (F)
 TODAY
  MAXIMUM         69    134 PM  86    1972  73     -4       76
  MINIMUM         58    454 AM  33    1937  56      2       55
  AVERAGE         64                        64      0       66

PRECIPITATION (IN)
  TODAY            0.00          1.39 1989   0.07  -0.07     0.00
  MONTH TO DATE    0.33                      0.60  -0.27     0.02
  SINCE DEC 1      0.33                      0.60  -0.27     0.02
  SINCE JAN 1     52.46                     44.43   8.03    63.03

DEGREE DAYS
 HEATING
  TODAY            1                         4     -3        0
  MONTH TO DATE    1                        25    -24        0
  SINCE DEC 1      1                        25    -24        0
  SINCE JUL 1     16                        69    -53        5

 COOLING
  TODAY            0                         3     -3        1
  MONTH TO DATE   50                        25     25       55
  SINCE DEC 1     50                        25     25       55
  SINCE JAN 1   4023                      3555    468     4271
..................................................................


WIND (MPH)
  RESULTANT WIND SPEED   5   RESULTANT WIND DIRECTION   N (350)
  HIGHEST WIND SPEED    15   HIGHEST WIND DIRECTION     N (360)
  HIGHEST GUST SPEED    22   HIGHEST GUST DIRECTION     W (290)
  AVERAGE WIND SPEED     6.1


SKY COVER
  POSSIBLE SUNSHINE  MM
  AVERAGE SKY COVER 0.5


WEATHER CONDITIONS
 THE FOLLOWING WEATHER WAS RECORDED TODAY.
  NO SIGNIFICANT WEATHER WAS OBSERVED.


RELATIVE HUMIDITY (PERCENT)
 HIGHEST    97           100 AM
 LOWEST     58           300 PM

..........................................................


THE TAMPA CLIMATE NORMALS FOR TOMORROW
                         NORMAL    RECORD    YEAR
 MAXIMUM TEMPERATURE (F)   73        86      1972
 MINIMUM TEMPERATURE (F)   56        34      1984


SUNRISE AND SUNSET
DECEMBER  8 2016......SUNRISE   710 AM EST   SUNSET   535 PM EST
DECEMBER  9 2016......SUNRISE   710 AM EST   SUNSET   535 PM EST


-  INDICATES NEGATIVE NUMBERS.
R  INDICATES RECORD WAS SET OR TIED.
MM INDICATES DATA IS MISSING.
T  INDICATES TRACE AMOUNT.




$$


&&
------------------------------------------------------------------
******************** SUPPLEMENTAL DATA ***************************

...RUSKIN                HIGH 70    LOW 58    PCPN 0.00
...SARASOTA/BRADENTON    HIGH 70    LOW 59    PCPN 0.00
...LAKELAND              HIGH 70    LOW 55    PCPN 0.00
...ST. PETERSBURG        HIGH MM    LOW MM    PCPN MM
...GULF WATER TEMPERATURE AT CLEARWATER BEACH 69 DEGREES
