136
CDUS42 KTBW 012117
CLITPA


CLIMATE REPORT
NATIONAL WEATHER SERVICE TAMPA BAY FL
515 PM EDT SUN MAY 1 2016


...................................

...THE TAMPA CLIMATE SUMMARY FOR MAY 1 2016...
VALID TODAY AS OF 0500 PM LOCAL TIME.

CLIMATE NORMAL PERIOD 1981 TO 2010
CLIMATE RECORD PERIOD 1890 TO 2016


WEATHER ITEM   OBSERVED TIME   RECORD YEAR NORMAL DEPARTURE LAST
                VALUE   (LST)  VALUE       VALUE  FROM      YEAR
                                                  NORMAL
..................................................................
TEMPERATURE (F)
 TODAY
  MAXIMUM         91    247 PM  92    1935  84      7       82
  MINIMUM         72    648 AM  52    1965  66      6       66
  AVERAGE         82                        75      7       74

PRECIPITATION (IN)
  TODAY            0.00          1.99 1924   0.05  -0.05     0.00
  MONTH TO DATE    0.00                      0.05  -0.05     0.00
  SINCE MAR 1      3.43                      5.11  -1.68     5.85
  SINCE JAN 1     12.14                     10.15   1.99    14.15

DEGREE DAYS
 HEATING
  TODAY            0                         0      0        0
  MONTH TO DATE    0                         0      0        0
  SINCE MAR 1     15                        67    -52       12
  SINCE JUL 1    323                       538   -215      467

 COOLING
  TODAY           17                        10      7        9
  MONTH TO DATE   17                        10      7        9
  SINCE MAR 1    526                       357    169      674
  SINCE JAN 1    604                       470    134      741
..................................................................


WIND (MPH)
  RESULTANT WIND SPEED   6   RESULTANT WIND DIRECTION  SE (130)
  HIGHEST WIND SPEED    13   HIGHEST WIND DIRECTION     W (260)
  HIGHEST GUST SPEED    18   HIGHEST GUST DIRECTION    SE (130)
  AVERAGE WIND SPEED     7.4


SKY COVER
  POSSIBLE SUNSHINE  MM
  AVERAGE SKY COVER 0.5


WEATHER CONDITIONS
 THE FOLLOWING WEATHER WAS RECORDED TODAY.
  NO SIGNIFICANT WEATHER WAS OBSERVED.


RELATIVE HUMIDITY (PERCENT)
 HIGHEST    79           300 AM
 LOWEST     38           200 PM

..........................................................


THE TAMPA CLIMATE NORMALS FOR TOMORROW
                         NORMAL    RECORD    YEAR
 MAXIMUM TEMPERATURE (F)   85        97      1990
 MINIMUM TEMPERATURE (F)   66        52      1999


SUNRISE AND SUNSET
MAY  1 2016...........SUNRISE   650 AM EDT   SUNSET   805 PM EDT
MAY  2 2016...........SUNRISE   649 AM EDT   SUNSET   805 PM EDT


-  INDICATES NEGATIVE NUMBERS.
R  INDICATES RECORD WAS SET OR TIED.
MM INDICATES DATA IS MISSING.
T  INDICATES TRACE AMOUNT.




$$


&&
------------------------------------------------------------------
******************** SUPPLEMENTAL DATA ***************************

...RUSKIN                HIGH 90    LOW 67    PCPN 0.00
...SARASOTA/BRADENTON    HIGH 89    LOW 69    PCPN 0.00
...LAKELAND              HIGH 90    LOW 69    PCPN 0.03
...ST. PETERSBURG        HIGH 89    LOW 73    PCPN 0.00
...GULF WATER TEMPERATURE AT CLEARWATER BEACH 81 DEGREES
