178
CDUS42 KTBW 202217
CLITPA


CLIMATE REPORT
NATIONAL WEATHER SERVICE TAMPA BAY FL
513 PM EST TUE FEB 20 2018


...................................

...THE TAMPA CLIMATE SUMMARY FOR FEBRUARY 20 2018...
VALID TODAY AS OF 0500 PM LOCAL TIME.

CLIMATE NORMAL PERIOD 1981 TO 2010
CLIMATE RECORD PERIOD 1890 TO 2018


WEATHER ITEM   OBSERVED TIME   RECORD YEAR NORMAL DEPARTURE LAST
                VALUE   (LST)  VALUE       VALUE  FROM      YEAR
                                                  NORMAL
..................................................................
TEMPERATURE (F)
 TODAY
  MAXIMUM         89R   428 PM  87    1997  73     16       83
                                      1961
  MINIMUM         73    740 AM  34    2015  55     18       59
  AVERAGE         81                        64     17       71

PRECIPITATION (IN)
  TODAY            0.00          3.90 1902   0.09  -0.09     0.00
  MONTH TO DATE    2.61                      2.05   0.56     0.88
  SINCE DEC 1      8.46                      6.75   1.71     2.21
  SINCE JAN 1      7.61                      4.28   3.33     1.78

DEGREE DAYS
 HEATING
  TODAY            0                         3     -3        0
  MONTH TO DATE    1                        83    -82       13
  SINCE DEC 1    263                       404   -141      121
  SINCE JUL 1    271                       448   -177      136

 COOLING
  TODAY           16                         2     14        6
  MONTH TO DATE  171                        40    131       67
  SINCE DEC 1    360                       170    190      386
  SINCE JAN 1    222                        90    132      194
..................................................................


WIND (MPH)
  RESULTANT WIND SPEED   9   RESULTANT WIND DIRECTION  SE (120)
  HIGHEST WIND SPEED    15   HIGHEST WIND DIRECTION    SE (120)
  HIGHEST GUST SPEED    22   HIGHEST GUST DIRECTION     E (110)
  AVERAGE WIND SPEED     9.0


SKY COVER
  POSSIBLE SUNSHINE  MM
  AVERAGE SKY COVER 0.4


WEATHER CONDITIONS
 THE FOLLOWING WEATHER WAS RECORDED TODAY.
  HAZE


RELATIVE HUMIDITY (PERCENT)
 HIGHEST    84           300 AM
 LOWEST     40           400 PM

..........................................................


THE TAMPA CLIMATE NORMALS FOR TOMORROW
                         NORMAL    RECORD    YEAR
 MAXIMUM TEMPERATURE (F)   73        87      1961
 MINIMUM TEMPERATURE (F)   55        31      1958


SUNRISE AND SUNSET
FEBRUARY 20 2018......SUNRISE   703 AM EST   SUNSET   625 PM EST
FEBRUARY 21 2018......SUNRISE   702 AM EST   SUNSET   625 PM EST


-  INDICATES NEGATIVE NUMBERS.
R  INDICATES RECORD WAS SET OR TIED.
MM INDICATES DATA IS MISSING.
T  INDICATES TRACE AMOUNT.




$$


&&
------------------------------------------------------------------
******************** SUPPLEMENTAL DATA ***************************

...RUSKIN                HIGH 88    LOW 69    PCPN 0.00
...SARASOTA/BRADENTON    HIGH 90    LOW 70    PCPN 0.00
...LAKELAND*             HIGH 88    LOW 69    PCPN 0.00
...ST. PETERSBURG        HIGH 85    LOW 71    PCPN 0.00
...GULF WATER TEMPERATURE AT CLEARWATER BEACH 71 DEGREES

*LAKELAND DATA IS FROM 4:30 PM MONDAY TO 4:30 PM TUESDAY
AND MAY REFLECT YESTERDAYS RAINFALL AND HIGH TEMPERATURE.
