011
CDUS45 KLKN 210937
CLITPH


CLIMATE REPORT
NATIONAL WEATHER SERVICE ELKO NV
135 AM PST SUN JAN 21 2018


...................................

...THE TONOPAH AIRPORT NV CLIMATE SUMMARY FOR JANUARY 20 2018...

CLIMATE NORMAL PERIOD 1981 TO 2010
CLIMATE RECORD PERIOD 1954 TO 2018


WEATHER ITEM   OBSERVED TIME   RECORD YEAR NORMAL DEPARTURE LAST
                VALUE   (LST)  VALUE       VALUE  FROM      YEAR
                                                  NORMAL
..................................................................
TEMPERATURE (F)
 YESTERDAY
  MAXIMUM         38    232 PM  62    1971  45     -7       37
  MINIMUM         25    611 AM  -6    1955  21      4       30
  AVERAGE         32                        33     -1       34

PRECIPITATION (IN)
  YESTERDAY        T             0.35 1982   0.02  -0.02     0.03
  MONTH TO DATE    0.45                      0.31   0.14     0.20
  SINCE OCT 1      0.46                      1.40  -0.94     0.73
  SINCE JAN 1      0.45                      0.31   0.14     0.20

DEGREE DAYS
 HEATING
  YESTERDAY       33                        32      1       31
  MONTH TO DATE  482                       659   -177      653
  SINCE DEC 1   1377                      1687   -310     1694
  SINCE JUL 1   2453                      2904   -451     2711

 COOLING
  YESTERDAY        0                         0      0        0
  MONTH TO DATE    0                         0      0        0
  SINCE DEC 1      0                         0      0        0
  SINCE JAN 1      0                         0      0        0
..................................................................


WIND (MPH)
  HIGHEST WIND SPEED    28   HIGHEST WIND DIRECTION     N (360)
  HIGHEST GUST SPEED    32   HIGHEST GUST DIRECTION     N (350)
  AVERAGE WIND SPEED    15.1



WEATHER CONDITIONS
 THE FOLLOWING WEATHER WAS RECORDED YESTERDAY.
  LIGHT SNOW
  FOG


RELATIVE HUMIDITY (PERCENT)
 HIGHEST    92          1200 AM
 LOWEST     38           300 PM
 AVERAGE    65

..........................................................


THE TONOPAH AIRPORT NV CLIMATE NORMALS FOR TODAY
                         NORMAL    RECORD    YEAR
 MAXIMUM TEMPERATURE (F)   45        60      2005
                                             1981
 MINIMUM TEMPERATURE (F)   21        -8      1962


SUNRISE AND SUNSET
JANUARY 21 2018.......SUNRISE   701 AM PST   SUNSET   459 PM PST
JANUARY 22 2018.......SUNRISE   700 AM PST   SUNSET   500 PM PST


-  INDICATES NEGATIVE NUMBERS.
R  INDICATES RECORD WAS SET OR TIED.
MM INDICATES DATA IS MISSING.
T  INDICATES TRACE AMOUNT.




$$
