000
CDUS45 KLKN 240932
CLITPH


CLIMATE REPORT
NATIONAL WEATHER SERVICE ELKO NV
230 AM PDT MON JUL 24 2017


...................................

...THE TONOPAH AIRPORT NV CLIMATE SUMMARY FOR JULY 23 2017...

CLIMATE NORMAL PERIOD 1981 TO 2010
CLIMATE RECORD PERIOD 1954 TO 2017


WEATHER ITEM   OBSERVED TIME   RECORD YEAR NORMAL DEPARTURE LAST
                VALUE   (LST)  VALUE       VALUE  FROM      YEAR
                                                  NORMAL
..................................................................
TEMPERATURE (F)
 YESTERDAY
  MAXIMUM         98    121 PM 103    1996  93      5       98
  MINIMUM         68    525 AM  45    1987  58     10       59
                                      1983
  AVERAGE         83                        75      8       79

PRECIPITATION (IN)
  YESTERDAY        0.02          0.45 2012   0.02   0.00     0.00
  MONTH TO DATE    0.05                      0.30  -0.25     0.08
  SINCE OCT 1      2.83                      4.20  -1.37     5.74
  SINCE JAN 1      2.30                      3.11  -0.81     2.36

DEGREE DAYS
 HEATING
  YESTERDAY        0                         0      0        0
  MONTH TO DATE    0                         0      0        0
  SINCE JUN 1     31                        50    -19       10
  SINCE JUL 1      0                         0      0        0

 COOLING
  YESTERDAY       18                        10      8       14
  MONTH TO DATE  351                       218    133      241
  SINCE JUN 1    638                       363    275      511
  SINCE JAN 1    671                       390    281      519
..................................................................


WIND (MPH)
  HIGHEST WIND SPEED    41   HIGHEST WIND DIRECTION     N (20)
  HIGHEST GUST SPEED    55   HIGHEST GUST DIRECTION     N (20)
  AVERAGE WIND SPEED    12.9



WEATHER CONDITIONS
 THE FOLLOWING WEATHER WAS RECORDED YESTERDAY.
  THUNDERSTORM
  LIGHT RAIN


RELATIVE HUMIDITY (PERCENT)
 HIGHEST    41          1100 PM
 LOWEST     14           100 PM
 AVERAGE    28

..........................................................


THE TONOPAH AIRPORT NV CLIMATE NORMALS FOR TODAY
                         NORMAL    RECORD    YEAR
 MAXIMUM TEMPERATURE (F)   93       101      1996
                                             1980
 MINIMUM TEMPERATURE (F)   58        45      1987


SUNRISE AND SUNSET
JULY 24 2017..........SUNRISE   545 AM PDT   SUNSET   804 PM PDT
JULY 25 2017..........SUNRISE   546 AM PDT   SUNSET   804 PM PDT


-  INDICATES NEGATIVE NUMBERS.
R  INDICATES RECORD WAS SET OR TIED.
MM INDICATES DATA IS MISSING.
T  INDICATES TRACE AMOUNT.




$$
