000
CDUS45 KLKN 190028
CLITPH


CLIMATE REPORT
NATIONAL WEATHER SERVICE ELKO NV
428 PM PST SAT NOV 8  2017


...................................

...THE TONOPAH AIRPORT NV CLIMATE SUMMARY FOR NOVEMBER 18 2017...
VALID TODAY AS OF 0400 PM LOCAL TIME.

CLIMATE NORMAL PERIOD 1981 TO 2010
CLIMATE RECORD PERIOD 1954 TO 2017


WEATHER ITEM   OBSERVED TIME   RECORD YEAR NORMAL DEPARTURE LAST
                VALUE   (LST)  VALUE       VALUE  FROM      YEAR
                                                  NORMAL
..................................................................
TEMPERATURE (F)
 TODAY
  MAXIMUM         49    321 PM  68    2008  52     -3       53
  MINIMUM         16    632 AM   8    1964  26    -10       17
  AVERAGE         33                        39     -6       35

PRECIPITATION (IN)
  TODAY            0.00          0.33 1986   0.02  -0.02     0.00
  MONTH TO DATE    0.00                      0.26  -0.26     0.00
  SINCE OCT 1      0.00                      0.60  -0.60      T
  SINCE JAN 1      3.51                      4.75  -1.24     3.57

DEGREE DAYS
 HEATING
  TODAY           32                        26      6       30
  MONTH TO DATE  380                       403    -23      281
  SINCE SEP 1    862                       869     -7      662
  SINCE JUL 1    862                       875    -13      662

 COOLING
  TODAY            0                         0      0        0
  MONTH TO DATE    0                         0      0        0
  SINCE SEP 1    117                        70     47       59
  SINCE JAN 1   1222                       783    439     1022
..................................................................


WIND (MPH)
  HIGHEST WIND SPEED    16   HIGHEST WIND DIRECTION     N (10)
  HIGHEST GUST SPEED    19   HIGHEST GUST DIRECTION     N (10)



WEATHER CONDITIONS
 THE FOLLOWING WEATHER WAS RECORDED TODAY.
  NO SIGNIFICANT WEATHER WAS OBSERVED.


RELATIVE HUMIDITY (PERCENT)
 HIGHEST    62           300 AM
 LOWEST     15           300 PM
 AVERAGE    39

..........................................................


THE TONOPAH AIRPORT NV CLIMATE NORMALS FOR TOMORROW
                         NORMAL    RECORD    YEAR
 MAXIMUM TEMPERATURE (F)   52        68      1989
 MINIMUM TEMPERATURE (F)   25         7      1964


SUNRISE AND SUNSET
NOVEMBER 18 2017......SUNRISE   633 AM PST   SUNSET   434 PM PST
NOVEMBER 19 2017......SUNRISE   634 AM PST   SUNSET   434 PM PST


-  INDICATES NEGATIVE NUMBERS.
R  INDICATES RECORD WAS SET OR TIED.
MM INDICATES DATA IS MISSING.
T  INDICATES TRACE AMOUNT.




$$
