000
CDUS45 KLKN 090931
CLITPH


CLIMATE REPORT
NATIONAL WEATHER SERVICE ELKO NV
130 AM PST TUE FEB 9 2016


...................................

...THE TONOPAH AIRPORT NV CLIMATE SUMMARY FOR FEBRUARY 8 2016...

CLIMATE NORMAL PERIOD 1981 TO 2010
CLIMATE RECORD PERIOD 1954 TO 2016


WEATHER ITEM   OBSERVED TIME   RECORD YEAR NORMAL DEPARTURE LAST
                VALUE   (LST)  VALUE       VALUE  FROM      YEAR
                                                  NORMAL
..................................................................
TEMPERATURE (F)
 YESTERDAY
  MAXIMUM         50    335 PM  66    1996  48      2       62
  MINIMUM         24    624 AM  -3    1989  23      1       37
  AVERAGE         37                        35      2       50

PRECIPITATION (IN)
  YESTERDAY        0.00          0.30 1981   0.01  -0.01     0.00
  MONTH TO DATE    T                         0.13  -0.13     0.00
  SINCE OCT 1      4.35                      1.71   2.64     0.65
  SINCE JAN 1      0.97                      0.62   0.35     0.17

DEGREE DAYS
 HEATING
  YESTERDAY       28                        30     -2       15
  MONTH TO DATE  361                       242    119      148
  SINCE DEC 1   2433                      2276    157     1804
  SINCE JUL 1   3507                      3493     14     2717

 COOLING
  YESTERDAY        0                         0      0        0
  MONTH TO DATE    0                         0      0        0
  SINCE DEC 1      0                         0      0        0
  SINCE JAN 1      0                         0      0        0
..................................................................


WIND (MPH)
  HIGHEST WIND SPEED    20   HIGHEST WIND DIRECTION     N (10)
  HIGHEST GUST SPEED    23   HIGHEST GUST DIRECTION     N (10)
  AVERAGE WIND SPEED     9.1



WEATHER CONDITIONS
 THE FOLLOWING WEATHER WAS RECORDED YESTERDAY.
  NO SIGNIFICANT WEATHER WAS OBSERVED.


RELATIVE HUMIDITY (PERCENT)
 HIGHEST    82           800 PM
 LOWEST     59          1000 AM
 AVERAGE    71

..........................................................


THE TONOPAH AIRPORT NV CLIMATE NORMALS FOR TODAY
                         NORMAL    RECORD    YEAR
 MAXIMUM TEMPERATURE (F)   48        65      1996
 MINIMUM TEMPERATURE (F)   23         7      1959


SUNRISE AND SUNSET
FEBRUARY  9 2016......SUNRISE   646 AM PST   SUNSET   520 PM PST
FEBRUARY 10 2016......SUNRISE   645 AM PST   SUNSET   521 PM PST


-  INDICATES NEGATIVE NUMBERS.
R  INDICATES RECORD WAS SET OR TIED.
MM INDICATES DATA IS MISSING.
T  INDICATES TRACE AMOUNT.




$$
