000
CDUS45 KLKN 300031
CLITPH


CLIMATE REPORT
NATIONAL WEATHER SERVICE ELKO NV
531 PM PDT MON MAY 29 2017


...................................

...THE TONOPAH AIRPORT NV CLIMATE SUMMARY FOR MAY 29 2017...
VALID TODAY AS OF 0500 PM LOCAL TIME.

CLIMATE NORMAL PERIOD 1981 TO 2010
CLIMATE RECORD PERIOD 1954 TO 2017


WEATHER ITEM   OBSERVED TIME   RECORD YEAR NORMAL DEPARTURE LAST
                VALUE   (LST)  VALUE       VALUE  FROM      YEAR
                                                  NORMAL
..................................................................
TEMPERATURE (F)
 TODAY
  MAXIMUM         86    258 PM  94    2003  79      7       80
                                      2000
  MINIMUM         53    448 AM  32    2011  47      6       47
  AVERAGE         70                        63      7       64

PRECIPITATION (IN)
  TODAY            0.00          0.04 2009   0.02  -0.02      T
  MONTH TO DATE    0.79                      0.50   0.29     0.32
  SINCE OCT 1      2.78                      3.59  -0.81     5.55
  SINCE JAN 1      2.25                      2.50  -0.25     2.17

DEGREE DAYS
 HEATING
  TODAY            0                         4     -4        1
  MONTH TO DATE  160                       212    -52      232
  SINCE MAR 1   1113                      1363   -250     1211
  SINCE JUL 1   4978                      5405   -427     5138

 COOLING
  TODAY            5                         2      3        0
  MONTH TO DATE   27                        20      7        1
  SINCE MAR 1     27                        21      6        1
  SINCE JAN 1     27                        21      6        1
..................................................................


WIND (MPH)
  HIGHEST WIND SPEED    18   HIGHEST WIND DIRECTION     E (110)
  HIGHEST GUST SPEED    25   HIGHEST GUST DIRECTION     E (110)



WEATHER CONDITIONS
 THE FOLLOWING WEATHER WAS RECORDED TODAY.
  NO SIGNIFICANT WEATHER WAS OBSERVED.


RELATIVE HUMIDITY (PERCENT)
 HIGHEST    28           400 AM
 LOWEST      8           200 PM
 AVERAGE    18

..........................................................


THE TONOPAH AIRPORT NV CLIMATE NORMALS FOR TOMORROW
                         NORMAL    RECORD    YEAR
 MAXIMUM TEMPERATURE (F)   79        94      1972
 MINIMUM TEMPERATURE (F)   47        34      1988
                                             1985


SUNRISE AND SUNSET
MAY 29 2017...........SUNRISE   528 AM PDT   SUNSET   804 PM PDT
MAY 30 2017...........SUNRISE   528 AM PDT   SUNSET   804 PM PDT


-  INDICATES NEGATIVE NUMBERS.
R  INDICATES RECORD WAS SET OR TIED.
MM INDICATES DATA IS MISSING.
T  INDICATES TRACE AMOUNT.




$$
