000
CDUS45 KLKN 010927
CLITPH


CLIMATE REPORT
NATIONAL WEATHER SERVICE ELKO NV
227 AM PDT SUN MAY 1 2016


...................................

...THE TONOPAH AIRPORT NV CLIMATE SUMMARY FOR APRIL 30 2016...

CLIMATE NORMAL PERIOD 1981 TO 2010
CLIMATE RECORD PERIOD 1954 TO 2016


WEATHER ITEM   OBSERVED TIME   RECORD YEAR NORMAL DEPARTURE LAST
                VALUE   (LST)  VALUE       VALUE  FROM      YEAR
                                                  NORMAL
..................................................................
TEMPERATURE (F)
 YESTERDAY
  MAXIMUM         62    149 PM  88    1981  69     -7       78
  MINIMUM         41    633 AM  20    2011  39      2       52
  AVERAGE         52                        54     -2       65

PRECIPITATION (IN)
  YESTERDAY        T             0.27 1983   0.01  -0.01     0.00
  MONTH TO DATE    0.34                      0.42  -0.08     0.13
  SINCE OCT 1      5.23                      3.09   2.14     1.05
  SINCE JAN 1      1.85                      2.00  -0.15     0.57

DEGREE DAYS
 HEATING
  YESTERDAY       13                        11      2        0
  MONTH TO DATE  382                       466    -84      433
  SINCE MAR 1    979                      1151   -172      886
  SINCE JUL 1   4906                      5193   -287     4008

 COOLING
  YESTERDAY        0                         0      0        0
  MONTH TO DATE    0                         1     -1        0
  SINCE MAR 1      0                         1     -1        0
  SINCE JAN 1      0                         1     -1        0
..................................................................


WIND (MPH)
  HIGHEST WIND SPEED    31   HIGHEST WIND DIRECTION     N (10)
  HIGHEST GUST SPEED    38   HIGHEST GUST DIRECTION     N (10)
  AVERAGE WIND SPEED    19.3



WEATHER CONDITIONS
 THE FOLLOWING WEATHER WAS RECORDED YESTERDAY.
  LIGHT RAIN


RELATIVE HUMIDITY (PERCENT)
 HIGHEST    76           200 AM
 LOWEST     26           500 PM
 AVERAGE    51

..........................................................


THE TONOPAH AIRPORT NV CLIMATE NORMALS FOR TODAY
                         NORMAL    RECORD    YEAR
 MAXIMUM TEMPERATURE (F)   69        89      1981
 MINIMUM TEMPERATURE (F)   39        22      2008


SUNRISE AND SUNSET
MAY  1 2016...........SUNRISE   551 AM PDT   SUNSET   740 PM PDT
MAY  2 2016...........SUNRISE   550 AM PDT   SUNSET   741 PM PDT


-  INDICATES NEGATIVE NUMBERS.
R  INDICATES RECORD WAS SET OR TIED.
MM INDICATES DATA IS MISSING.
T  INDICATES TRACE AMOUNT.




$$
