000
CDUS45 KLKN 250945
CLITPH


CLIMATE REPORT
NATIONAL WEATHER SERVICE ELKO NV
245 AM PDT MON SEP 5  2017


...................................

...THE TONOPAH AIRPORT NV CLIMATE SUMMARY FOR SEPTEMBER 24 2017...

CLIMATE NORMAL PERIOD 1981 TO 2010
CLIMATE RECORD PERIOD 1954 TO 2017


WEATHER ITEM   OBSERVED TIME   RECORD YEAR NORMAL DEPARTURE LAST
                VALUE   (LST)  VALUE       VALUE  FROM      YEAR
                                                  NORMAL
..................................................................
TEMPERATURE (F)
 YESTERDAY
  MAXIMUM         61        MM  89    2003  78    -17       73
  MINIMUM         31        MM  30    1986  45    -14       41
  AVERAGE         46                        61    -15       57

PRECIPITATION (IN)
  YESTERDAY        0.00          0.47 1990   0.01  -0.01     0.00
  MONTH TO DATE    0.09                      0.31  -0.22     1.21
  SINCE OCT 1      4.04                      5.17  -1.13     6.95
  SINCE JAN 1      3.51                      4.08  -0.57     3.57

DEGREE DAYS
 HEATING
  YESTERDAY       19                         4     15        8
  MONTH TO DATE   88                        52     36       66
  SINCE SEP 1     88                        52     36       66
  SINCE JUL 1     88                        58     30       66

 COOLING
  YESTERDAY        0                         1     -1        0
  MONTH TO DATE  117                        65     52       58
  SINCE SEP 1    117                        65     52       58
  SINCE JAN 1   1222                       778    444     1021
..................................................................


WIND (MPH)
  HIGHEST WIND SPEED    17   HIGHEST WIND DIRECTION     N (20)
  HIGHEST GUST SPEED    22   HIGHEST GUST DIRECTION     N (340)
  AVERAGE WIND SPEED    10.9



WEATHER CONDITIONS
 THE FOLLOWING WEATHER WAS RECORDED YESTERDAY.
  NO SIGNIFICANT WEATHER WAS OBSERVED.


RELATIVE HUMIDITY (PERCENT)
 HIGHEST   100          1200 AM
 LOWEST     36           300 PM
 AVERAGE    68

..........................................................


THE TONOPAH AIRPORT NV CLIMATE NORMALS FOR TODAY
                         NORMAL    RECORD    YEAR
 MAXIMUM TEMPERATURE (F)   77        89      2015
                                             2009
                                             2003
 MINIMUM TEMPERATURE (F)   45        31      1986


SUNRISE AND SUNSET
SEPTEMBER 25 2017.....SUNRISE   639 AM PDT   SUNSET   640 PM PDT
SEPTEMBER 26 2017.....SUNRISE   640 AM PDT   SUNSET   639 PM PDT


-  INDICATES NEGATIVE NUMBERS.
R  INDICATES RECORD WAS SET OR TIED.
MM INDICATES DATA IS MISSING.
T  INDICATES TRACE AMOUNT.




$$
