000
CDUS45 KLKN 210933
CLITPH


CLIMATE REPORT
NATIONAL WEATHER SERVICE ELKO NV
230 AM PDT MON APR 21 2014


...................................

...THE TONOPAH AIRPORT NV CLIMATE SUMMARY FOR APRIL 20 2014...

CLIMATE NORMAL PERIOD 1981 TO 2010
CLIMATE RECORD PERIOD 1954 TO 2014


WEATHER ITEM   OBSERVED TIME   RECORD YEAR NORMAL DEPARTURE LAST
                VALUE   (LST)  VALUE       VALUE  FROM      YEAR
                                                  NORMAL
..................................................................
TEMPERATURE (F)
 YESTERDAY
  MAXIMUM         74    330 PM  83    1994  66      8       68
  MINIMUM         50    624 AM  16    1966  36     14       41
  AVERAGE         62                        51     11       55

PRECIPITATION (IN)
  YESTERDAY        0.00          0.37 1990   0.01  -0.01     0.00
  MONTH TO DATE    0.01                      0.29  -0.28     0.15
  SINCE OCT 1      1.16                      2.96  -1.80     1.98
  SINCE JAN 1      0.70                      1.87  -1.17     0.76

DEGREE DAYS
 HEATING
  YESTERDAY        3                        14    -11       10
  MONTH TO DATE  247                       339    -92      313
  SINCE MAR 1    861                      1024   -163      839
  SINCE JUL 1   4634                      5066   -432     4673

 COOLING
  YESTERDAY        0                         0      0        0
  MONTH TO DATE    0                         0      0        0
  SINCE MAR 1      0                         0      0        0
  SINCE JAN 1      0                         0      0        0
..................................................................


WIND (MPH)
  HIGHEST WIND SPEED    25   HIGHEST WIND DIRECTION    NW (320)
  HIGHEST GUST SPEED    31   HIGHEST GUST DIRECTION    NW (320)
  AVERAGE WIND SPEED    10.5



WEATHER CONDITIONS
 THE FOLLOWING WEATHER WAS RECORDED YESTERDAY.
  NO SIGNIFICANT WEATHER WAS OBSERVED.


RELATIVE HUMIDITY (PERCENT)
 HIGHEST    26           400 AM
 LOWEST      9          1200 PM
 AVERAGE    18

..........................................................


THE TONOPAH AIRPORT NV CLIMATE NORMALS FOR TODAY
                         NORMAL    RECORD    YEAR
 MAXIMUM TEMPERATURE (F)   66        83      2012
 MINIMUM TEMPERATURE (F)   36        21      1982


SUNRISE AND SUNSET
APRIL 21 2014.........SUNRISE   605 AM PDT   SUNSET   730 PM PDT
APRIL 22 2014.........SUNRISE   603 AM PDT   SUNSET   731 PM PDT


-  INDICATES NEGATIVE NUMBERS.
R  INDICATES RECORD WAS SET OR TIED.
MM INDICATES DATA IS MISSING.
T  INDICATES TRACE AMOUNT.




$$
