000
CDUS45 KLKN 050934
CLITPH


CLIMATE REPORT
NATIONAL WEATHER SERVICE ELKO NV
233 AM PDT SUN JUL 5 2015


...................................

...THE TONOPAH AIRPORT NV CLIMATE SUMMARY FOR JULY 4 2015...

CLIMATE NORMAL PERIOD 1981 TO 2010
CLIMATE RECORD PERIOD 1954 TO 2015


WEATHER ITEM   OBSERVED TIME   RECORD YEAR NORMAL DEPARTURE LAST
                VALUE   (LST)  VALUE       VALUE  FROM      YEAR
                                                  NORMAL
..................................................................
TEMPERATURE (F)
 YESTERDAY
  MAXIMUM         80   1002 AM 101    1985  91    -11       94
  MINIMUM         65   1159 PM  42    1978  56      9       57
  AVERAGE         73                        74     -1       76

PRECIPITATION (IN)
  YESTERDAY        0.01          0.31 1961   0.00   0.01     0.00
  MONTH TO DATE    0.07                      0.02   0.05      T
  SINCE OCT 1      2.62                      3.92  -1.30     1.38
  SINCE JAN 1      2.14                      2.83  -0.69     0.92

DEGREE DAYS
 HEATING
  YESTERDAY        0                         0      0        0
  MONTH TO DATE    0                         0      0        0
  SINCE JUN 1      6                        50    -44       15
  SINCE JUL 1      0                         0      0        0

 COOLING
  YESTERDAY        8                         9     -1       11
  MONTH TO DATE   57                        33     24       59
  SINCE JUN 1    348                       178    170      275
  SINCE JAN 1    371                       205    166      309
..................................................................


WIND (MPH)
  HIGHEST WIND SPEED    24   HIGHEST WIND DIRECTION    NW (320)
  HIGHEST GUST SPEED    28   HIGHEST GUST DIRECTION    NW (320)
  AVERAGE WIND SPEED    10.7



WEATHER CONDITIONS
 THE FOLLOWING WEATHER WAS RECORDED YESTERDAY.
  NO SIGNIFICANT WEATHER WAS OBSERVED.


RELATIVE HUMIDITY (PERCENT)
 HIGHEST    63           900 PM
 LOWEST     30           900 AM
 AVERAGE    47

..........................................................


THE TONOPAH AIRPORT NV CLIMATE NORMALS FOR TODAY
                         NORMAL    RECORD    YEAR
 MAXIMUM TEMPERATURE (F)   91       102      2007
                                             1985
 MINIMUM TEMPERATURE (F)   57        44      1963


SUNRISE AND SUNSET
JULY  5 2015..........SUNRISE   531 AM PDT   SUNSET   814 PM PDT
JULY  6 2015..........SUNRISE   532 AM PDT   SUNSET   814 PM PDT


-  INDICATES NEGATIVE NUMBERS.
R  INDICATES RECORD WAS SET OR TIED.
MM INDICATES DATA IS MISSING.
T  INDICATES TRACE AMOUNT.




$$
