000
CDUS45 KLKN 300932
CLITPH


CLIMATE REPORT
NATIONAL WEATHER SERVICE ELKO NV
228 AM PDT FRI SEP 30 2016


...................................

...THE TONOPAH AIRPORT NV CLIMATE SUMMARY FOR SEPTEMBER 29 2016...

CLIMATE NORMAL PERIOD 1981 TO 2010
CLIMATE RECORD PERIOD 1954 TO 2016


WEATHER ITEM   OBSERVED TIME   RECORD YEAR NORMAL DEPARTURE LAST
                VALUE   (LST)  VALUE       VALUE  FROM      YEAR
                                                  NORMAL
..................................................................
TEMPERATURE (F)
 YESTERDAY
  MAXIMUM         78    257 PM  91    2010  75      3       80
  MINIMUM         48    540 AM  29    1971  44      4       58
  AVERAGE         63                        60      3       69

PRECIPITATION (IN)
  YESTERDAY        0.00          0.13 1983   0.01  -0.01     0.00
  MONTH TO DATE    1.21                      0.37   0.84     0.07
  SINCE OCT 1      6.95                      5.23   1.72     2.95
  SINCE JAN 1      3.57                      4.14  -0.57     2.47

DEGREE DAYS
 HEATING
  YESTERDAY        2                         6     -4        0
  MONTH TO DATE   69                        79    -10       20
  SINCE SEP 1     69                        79    -10       20
  SINCE JUL 1     69                        85    -16       20

 COOLING
  YESTERDAY        0                         0      0        4
  MONTH TO DATE   59                        68     -9      119
  SINCE SEP 1     59                        68     -9      119
  SINCE JAN 1   1022                       781    241     1024
..................................................................


WIND (MPH)
  HIGHEST WIND SPEED    17   HIGHEST WIND DIRECTION     S (180)
  HIGHEST GUST SPEED    25   HIGHEST GUST DIRECTION     S (200)
  AVERAGE WIND SPEED     7.2



WEATHER CONDITIONS
 THE FOLLOWING WEATHER WAS RECORDED YESTERDAY.
  NO SIGNIFICANT WEATHER WAS OBSERVED.


RELATIVE HUMIDITY (PERCENT)
 HIGHEST    77           200 AM
 LOWEST     25           200 PM
 AVERAGE    51

..........................................................


THE TONOPAH AIRPORT NV CLIMATE NORMALS FOR TODAY
                         NORMAL    RECORD    YEAR
 MAXIMUM TEMPERATURE (F)   75        90      1980
 MINIMUM TEMPERATURE (F)   43        24      1982


SUNRISE AND SUNSET
SEPTEMBER 30 2016.....SUNRISE   644 AM PDT   SUNSET   632 PM PDT
OCTOBER  1 2016.......SUNRISE   645 AM PDT   SUNSET   630 PM PDT


-  INDICATES NEGATIVE NUMBERS.
R  INDICATES RECORD WAS SET OR TIED.
MM INDICATES DATA IS MISSING.
T  INDICATES TRACE AMOUNT.




$$
