000
CDUS45 KLKN 300929
CLITPH


CLIMATE REPORT
NATIONAL WEATHER SERVICE ELKO NV
228 AM PDT THU OCT 30 2014


...................................

...THE TONOPAH AIRPORT NV CLIMATE SUMMARY FOR OCTOBER 29 2014...

CLIMATE NORMAL PERIOD 1981 TO 2010
CLIMATE RECORD PERIOD 1954 TO 2014


WEATHER ITEM   OBSERVED TIME   RECORD YEAR NORMAL DEPARTURE LAST
                VALUE   (LST)  VALUE       VALUE  FROM      YEAR
                                                  NORMAL
..................................................................
TEMPERATURE (F)
 YESTERDAY
  MAXIMUM         72    340 PM  80    2003  62     10       40
  MINIMUM         34    634 AM  14    1971  33      1       27
  AVERAGE         53                        48      5       34

PRECIPITATION (IN)
  YESTERDAY        0.00          0.51 2000   0.01  -0.01     0.10
  MONTH TO DATE    0.00                      0.31  -0.31     0.15
  SINCE OCT 1      0.00                      0.31  -0.31     0.15
  SINCE JAN 1      3.71                      4.46  -0.75     4.18

DEGREE DAYS
 HEATING
  YESTERDAY       12                        17     -5       31
  MONTH TO DATE  211                       345   -134      417
  SINCE SEP 1    254                       430   -176      514
  SINCE JUL 1    254                       436   -182      514

 COOLING
  YESTERDAY        0                         0      0        0
  MONTH TO DATE    0                         0      0        0
  SINCE SEP 1    141                        68     73      121
  SINCE JAN 1   1004                       781    223     1042
..................................................................


WIND (MPH)
  HIGHEST WIND SPEED    14   HIGHEST WIND DIRECTION     N (10)
  HIGHEST GUST SPEED    16   HIGHEST GUST DIRECTION     N (10)
  AVERAGE WIND SPEED     6.9



WEATHER CONDITIONS
 THE FOLLOWING WEATHER WAS RECORDED YESTERDAY.
  NO SIGNIFICANT WEATHER WAS OBSERVED.


RELATIVE HUMIDITY (PERCENT)
 HIGHEST    44           400 AM
 LOWEST     14           400 PM
 AVERAGE    29

..........................................................


THE TONOPAH AIRPORT NV CLIMATE NORMALS FOR TODAY
                         NORMAL    RECORD    YEAR
 MAXIMUM TEMPERATURE (F)   62        76      1965
 MINIMUM TEMPERATURE (F)   33        13      1971


SUNRISE AND SUNSET
OCTOBER 30 2014.......SUNRISE   712 AM PDT   SUNSET   551 PM PDT
OCTOBER 31 2014.......SUNRISE   713 AM PDT   SUNSET   550 PM PDT


-  INDICATES NEGATIVE NUMBERS.
R  INDICATES RECORD WAS SET OR TIED.
MM INDICATES DATA IS MISSING.
T  INDICATES TRACE AMOUNT.




$$
