000
CDUS45 KLKN 190929
CLITPH


CLIMATE REPORT
NATIONAL WEATHER SERVICE ELKO NV
128 AM PST SUN FEB 19 2017


...................................

...THE TONOPAH AIRPORT NV CLIMATE SUMMARY FOR FEBRUARY 18 2017...

CLIMATE NORMAL PERIOD 1981 TO 2010
CLIMATE RECORD PERIOD 1954 TO 2017


WEATHER ITEM   OBSERVED TIME   RECORD YEAR NORMAL DEPARTURE LAST
                VALUE   (LST)  VALUE       VALUE  FROM      YEAR
                                                  NORMAL
..................................................................
TEMPERATURE (F)
 YESTERDAY
  MAXIMUM         41    522 PM  68    2015  50     -9       48
                                      1977
  MINIMUM         34    807 PM   9    1994  25      9       30
  AVERAGE         38                        37      1       39

PRECIPITATION (IN)
  YESTERDAY        0.20          0.40 1969   0.02   0.18     0.10
  MONTH TO DATE    0.61                      0.31   0.30     0.10
  SINCE OCT 1      1.50                      1.89  -0.39     4.45
  SINCE JAN 1      0.97                      0.80   0.17     1.07

DEGREE DAYS
 HEATING
  YESTERDAY       27                        28     -1       26
  MONTH TO DATE  413                       527   -114      573
  SINCE DEC 1   2547                      2561    -14     2645
  SINCE JUL 1   3564                      3778   -214     3719

 COOLING
  YESTERDAY        0                         0      0        0
  MONTH TO DATE    0                         0      0        0
  SINCE DEC 1      0                         0      0        0
  SINCE JAN 1      0                         0      0        0
..................................................................


WIND (MPH)
  HIGHEST WIND SPEED    21   HIGHEST WIND DIRECTION     S (160)
  HIGHEST GUST SPEED    27   HIGHEST GUST DIRECTION     S (170)
  AVERAGE WIND SPEED     6.6



WEATHER CONDITIONS
 THE FOLLOWING WEATHER WAS RECORDED YESTERDAY.
  LIGHT RAIN
  FOG


RELATIVE HUMIDITY (PERCENT)
 HIGHEST    92           500 AM
 LOWEST     79           500 PM
 AVERAGE    86

..........................................................


THE TONOPAH AIRPORT NV CLIMATE NORMALS FOR TODAY
                         NORMAL    RECORD    YEAR
 MAXIMUM TEMPERATURE (F)   50        70      1995
 MINIMUM TEMPERATURE (F)   25         8      1956


SUNRISE AND SUNSET
FEBRUARY 19 2017......SUNRISE   633 AM PST   SUNSET   532 PM PST
FEBRUARY 20 2017......SUNRISE   632 AM PST   SUNSET   533 PM PST


-  INDICATES NEGATIVE NUMBERS.
R  INDICATES RECORD WAS SET OR TIED.
MM INDICATES DATA IS MISSING.
T  INDICATES TRACE AMOUNT.




$$
