000
CDUS45 KLKN 280929
CLITPH


CLIMATE REPORT
NATIONAL WEATHER SERVICE ELKO NV
129 AM PST WED JAN 28 2015


...................................

...THE TONOPAH AIRPORT NV CLIMATE SUMMARY FOR JANUARY 27 2015...

CLIMATE NORMAL PERIOD 1981 TO 2010
CLIMATE RECORD PERIOD 1954 TO 2015


WEATHER ITEM   OBSERVED TIME   RECORD YEAR NORMAL DEPARTURE LAST
                VALUE   (LST)  VALUE       VALUE  FROM      YEAR
                                                  NORMAL
..................................................................
TEMPERATURE (F)
 YESTERDAY
  MAXIMUM         51    325 PM  63    1971  46      5       56
  MINIMUM         39   1159 PM  -3    1957  21     18       24
                                      1955
  AVERAGE         45                        34     11       40

PRECIPITATION (IN)
  YESTERDAY        0.15          0.29 1968   0.02   0.13     0.00
  MONTH TO DATE    0.17                      0.42  -0.25     0.00
  SINCE OCT 1      0.65                      1.51  -0.86     0.46
  SINCE JAN 1      0.17                      0.42  -0.25     0.00

DEGREE DAYS
 HEATING
  YESTERDAY       20                        31    -11       25
  MONTH TO DATE  682                       882   -200      697
  SINCE DEC 1   1572                      1910   -338     1748
  SINCE JUL 1   2485                      3127   -642     2975

 COOLING
  YESTERDAY        0                         0      0        0
  MONTH TO DATE    0                         0      0        0
  SINCE DEC 1      0                         0      0        0
  SINCE JAN 1      0                         0      0        0
..................................................................


WIND (MPH)
  HIGHEST WIND SPEED    20   HIGHEST WIND DIRECTION     S (180)
  HIGHEST GUST SPEED    24   HIGHEST GUST DIRECTION     S (180)
  AVERAGE WIND SPEED     9.9



WEATHER CONDITIONS
 THE FOLLOWING WEATHER WAS RECORDED YESTERDAY.
  RAIN
  LIGHT RAIN
  FOG


RELATIVE HUMIDITY (PERCENT)
 HIGHEST    93           600 AM
 LOWEST     56           400 PM
 AVERAGE    75

..........................................................


THE TONOPAH AIRPORT NV CLIMATE NORMALS FOR TODAY
                         NORMAL    RECORD    YEAR
 MAXIMUM TEMPERATURE (F)   46        62      1976
 MINIMUM TEMPERATURE (F)   22       -10      1957


SUNRISE AND SUNSET
JANUARY 28 2015.......SUNRISE   656 AM PST   SUNSET   507 PM PST
JANUARY 29 2015.......SUNRISE   655 AM PST   SUNSET   508 PM PST


-  INDICATES NEGATIVE NUMBERS.
R  INDICATES RECORD WAS SET OR TIED.
MM INDICATES DATA IS MISSING.
T  INDICATES TRACE AMOUNT.




$$
