000
CDUS44 KMRX 132227
CLITRI


CLIMATE REPORT
NATIONAL WEATHER SERVICE MORRISTOWN TN
527 PM EST SAT FEB 13 2016


...................................

...THE TRI-CITIES      ASOS CLIMATE SUMMARY FOR FEBRUARY 13 2016...
VALID TODAY AS OF 0500 PM LOCAL TIME.

CLIMATE NORMAL PERIOD 1981 TO 2010
CLIMATE RECORD PERIOD 1934 TO 2016


WEATHER ITEM   OBSERVED TIME   RECORD YEAR NORMAL DEPARTURE LAST
                VALUE   (LST)  VALUE       VALUE  FROM      YEAR
                                                  NORMAL
..................................................................
TEMPERATURE (F)
 TODAY
  MAXIMUM         29   1221 AM  72    1961  49    -20       33
  MINIMUM         20    846 AM  -2    1955  28     -8       17
  AVERAGE         25                        38    -13       25

PRECIPITATION (IN)
  TODAY            T             1.62 1991   0.13  -0.13     0.00
  MONTH TO DATE    1.93                      1.62   0.31     0.80
  SINCE DEC 1     10.12                      8.36   1.76     6.11
  SINCE JAN 1      4.85                      4.99  -0.14     3.08

SNOWFALL (IN)
  TODAY           MM                         0.1   MM        0.0
  MONTH TO DATE    4.0                       1.7    2.3       T
  SINCE DEC 1     13.8                       8.8    5.0      0.3
  SINCE JUL 1     13.8                       9.1    4.7      1.5
  SNOW DEPTH       0

DEGREE DAYS
 HEATING
  TODAY           40                        26     14       40
  MONTH TO DATE  375                       360     15      372
  SINCE DEC 1   1820                      2128   -308     2024
  SINCE JUL 1   2463                      3014   -551     3007

 COOLING
  TODAY            0                         0      0        0
  MONTH TO DATE    0                         0      0        0
  SINCE DEC 1      0                         0      0        0
  SINCE JAN 1      0                         0      0        0
..................................................................


WIND (MPH)
  HIGHEST WIND SPEED    22   HIGHEST WIND DIRECTION     W (290)
  HIGHEST GUST SPEED    27   HIGHEST GUST DIRECTION     W (290)
  AVERAGE WIND SPEED    10.2


SKY COVER
  POSSIBLE SUNSHINE  MM
  AVERAGE SKY COVER 0.6


WEATHER CONDITIONS
 THE FOLLOWING WEATHER WAS RECORDED TODAY.
  LIGHT SNOW
  FOG
  HAZE


RELATIVE HUMIDITY (PERCENT)
 HIGHEST    84           100 AM
 LOWEST     37           500 PM
 AVERAGE    61

..........................................................


THE TRI-CITIES      ASOS CLIMATE NORMALS FOR TOMORROW
                         NORMAL    RECORD    YEAR
 MAXIMUM TEMPERATURE (F)   50        75      1950
 MINIMUM TEMPERATURE (F)   28         3      1971


SUNRISE AND SUNSET
FEBRUARY 13 2016......SUNRISE   720 AM EST   SUNSET   608 PM EST
FEBRUARY 14 2016......SUNRISE   719 AM EST   SUNSET   609 PM EST


-  INDICATES NEGATIVE NUMBERS.
R  INDICATES RECORD WAS SET OR TIED.
MM INDICATES DATA IS MISSING.
T  INDICATES TRACE AMOUNT.




$$
