000
CDUS44 KMRX 272141
CLITRI


CLIMATE REPORT
NATIONAL WEATHER SERVICE MORRISTOWN TN
540 PM EDT SAT AUG 27 2016


...................................

...THE TRI-CITIES      ASOS CLIMATE SUMMARY FOR AUGUST 27 2016...
VALID TODAY AS OF 0500 PM LOCAL TIME.

CLIMATE NORMAL PERIOD 1981 TO 2010
CLIMATE RECORD PERIOD 1934 TO 2016


WEATHER ITEM   OBSERVED TIME   RECORD YEAR NORMAL DEPARTURE LAST
                VALUE   (LST)  VALUE       VALUE  FROM      YEAR
                                                  NORMAL
..................................................................
TEMPERATURE (F)
 TODAY
  MAXIMUM         95R   510 PM  95    1954  85     10       84
                                      1943
  MINIMUM         65    634 AM  46    1945  61      4       57
  AVERAGE         80                        73      7       71

PRECIPITATION (IN)
  TODAY            0.00          1.17 1983   0.10  -0.10     0.00
  MONTH TO DATE    3.21                      3.08   0.13     6.00
  SINCE JUN 1      8.23                     11.67  -3.44    14.24
  SINCE JAN 1     24.14                     29.06  -4.92    29.15

SNOWFALL (IN)
  TODAY            0.0                       0.0    0.0      0.0
  MONTH TO DATE    0.0                       0.0    0.0      0.0
  SINCE JUN 1      0.0                       0.0    0.0      0.0
  SINCE JUL 1      0.0                       0.0    0.0      0.0
  SNOW DEPTH       0

DEGREE DAYS
 HEATING
  TODAY            0                         0      0        0
  MONTH TO DATE    0                         0      0        0
  SINCE JUN 1      0                        11    -11        0
  SINCE JUL 1      0                         0      0        0

 COOLING
  TODAY           15                         8      7        6
  MONTH TO DATE  374                       241    133      259
  SINCE JUN 1   1081                       746    335      936
  SINCE JAN 1   1177                       819    358     1102
..................................................................


WIND (MPH)
  HIGHEST WIND SPEED    13   HIGHEST WIND DIRECTION    SW (210)
  HIGHEST GUST SPEED    16   HIGHEST GUST DIRECTION    SW (210)
  AVERAGE WIND SPEED     1.7


SKY COVER
  POSSIBLE SUNSHINE  MM
  AVERAGE SKY COVER 0.3


WEATHER CONDITIONS
 THE FOLLOWING WEATHER WAS RECORDED TODAY.
  THUNDERSTORM
  FOG


RELATIVE HUMIDITY (PERCENT)
 HIGHEST    97           200 AM
 LOWEST     44           100 PM
 AVERAGE    71

..........................................................


THE TRI-CITIES      ASOS CLIMATE NORMALS FOR TOMORROW
                         NORMAL    RECORD    YEAR
 MAXIMUM TEMPERATURE (F)   84        94      1953
                                             1948
 MINIMUM TEMPERATURE (F)   61        48      1986
                                             1968


SUNRISE AND SUNSET
AUGUST 27 2016........SUNRISE   657 AM EDT   SUNSET   804 PM EDT
AUGUST 28 2016........SUNRISE   658 AM EDT   SUNSET   803 PM EDT


-  INDICATES NEGATIVE NUMBERS.
R  INDICATES RECORD WAS SET OR TIED.
MM INDICATES DATA IS MISSING.
T  INDICATES TRACE AMOUNT.




$$
