000
CDUS44 KMRX 230938
CLITRI


CLIMATE REPORT
NATIONAL WEATHER SERVICE MORRISTOWN TN
438 AM EST TUE JAN 23 2018


...................................

...THE TRI-CITIES      ASOS CLIMATE SUMMARY FOR JANUARY 22 2018...

CLIMATE NORMAL PERIOD 1981 TO 2010
CLIMATE RECORD PERIOD 1934 TO 2018


WEATHER ITEM   OBSERVED TIME   RECORD YEAR NORMAL DEPARTURE LAST
                VALUE   (LST)  VALUE       VALUE  FROM      YEAR
                                                  NORMAL
..................................................................
TEMPERATURE (F)
 YESTERDAY
  MAXIMUM         66    218 PM  73    1938  45     21       69
  MINIMUM         33    803 AM -10    1970  25      8       46
  AVERAGE         50                        35     15       58

PRECIPITATION (IN)
  YESTERDAY        T             1.64 1954   0.11  -0.11     0.07
  MONTH TO DATE    1.05                      2.37  -1.32     1.89
  SINCE DEC 1      2.81                      5.74  -2.93     7.25
  SINCE JAN 1      1.05                      2.37  -1.32     1.89

SNOWFALL (IN)
  YESTERDAY        0.0                       0.2   -0.2      0.0
  MONTH TO DATE    1.9                       3.4   -1.5      3.7
  SINCE DEC 1      3.4                       5.8   -2.4      3.7
  SINCE JUL 1      3.4                       6.1   -2.7      3.7
  SNOW DEPTH       0

DEGREE DAYS
 HEATING
  YESTERDAY       15                        30    -15        7
  MONTH TO DATE  792                       660    132      414
  SINCE DEC 1   1605                      1503    102     1192
  SINCE JUL 1   2384                      2389     -5     1811

 COOLING
  YESTERDAY        0                         0      0        0
  MONTH TO DATE    0                         0      0        0
  SINCE DEC 1      0                         0      0        0
  SINCE JAN 1      0                         0      0        0
..................................................................


WIND (MPH)
  HIGHEST WIND SPEED    16   HIGHEST WIND DIRECTION     S (190)
  HIGHEST GUST SPEED    23   HIGHEST GUST DIRECTION     S (190)
  AVERAGE WIND SPEED     4.1


SKY COVER
  POSSIBLE SUNSHINE  MM
  AVERAGE SKY COVER 0.8


WEATHER CONDITIONS
 THE FOLLOWING WEATHER WAS RECORDED YESTERDAY.
  LIGHT RAIN
  FOG


RELATIVE HUMIDITY (PERCENT)
 HIGHEST   100          1200 AM
 LOWEST     42           200 PM
 AVERAGE    71

..........................................................


THE TRI-CITIES      ASOS CLIMATE NORMALS FOR TODAY
                         NORMAL    RECORD    YEAR
 MAXIMUM TEMPERATURE (F)   45        74      1938
 MINIMUM TEMPERATURE (F)   25         1      1963


SUNRISE AND SUNSET
JANUARY 23 2018.......SUNRISE   737 AM EST   SUNSET   546 PM EST
JANUARY 24 2018.......SUNRISE   737 AM EST   SUNSET   547 PM EST


-  INDICATES NEGATIVE NUMBERS.
R  INDICATES RECORD WAS SET OR TIED.
MM INDICATES DATA IS MISSING.
T  INDICATES TRACE AMOUNT.




$$
