000
CDUS44 KMRX 252114 RRA
CLITRI

CLIMATE REPORT
NATIONAL WEATHER SERVICE MORRISTOWN TN
514 PM EDT MON MAY 25 2015


...................................

...THE TRI-CITIES CLIMATE SUMMARY FOR MAY 25 2015...
VALID TODAY AS OF 0500 PM LOCAL TIME.

CLIMATE NORMAL PERIOD 1981 TO 2010
CLIMATE RECORD PERIOD 1934 TO 2015


WEATHER ITEM   OBSERVED TIME   RECORD YEAR NORMAL DEPARTURE LAST
                VALUE   (LST)  VALUE       VALUE  FROM      YEAR
                                                  NORMAL
..................................................................
TEMPERATURE (F)
 TODAY
  MAXIMUM         86    336 PM  90    1953  78      8       78
  MINIMUM         54    434 AM  40    2013  54      0       48
  AVERAGE         70                        66      4       63

PRECIPITATION (IN)
  TODAY            0.00          1.69 1943   0.12  -0.12     0.00
  MONTH TO DATE    0.67                      3.04  -2.37     1.83
  SINCE MAR 1      9.55                      9.81  -0.26     6.57
  SINCE JAN 1     14.88                     16.63  -1.75    11.63

SNOWFALL (IN)
  TODAY            0.0                       0.0    0.0      0.0
  MONTH TO DATE    0.0                       0.0    0.0      0.0
  SINCE MAR 1      T                         2.5   -2.5      0.7
  SINCE JUL 1     15.5                      13.3    2.2     13.0
  SNOW DEPTH       0

DEGREE DAYS
 HEATING
  TODAY            0                         2     -2        2
  MONTH TO DATE   41                        99    -58       80
  SINCE MAR 1    749                       971   -222      915
  SINCE JUL 1   4376                      4353     23     4410

 COOLING
  TODAY            5                         3      2        0
  MONTH TO DATE   96                        43     53       66
  SINCE MAR 1    106                        54     52       87
  SINCE JAN 1    106                        54     52       87
..................................................................


WIND (MPH)
  HIGHEST WIND SPEED    13   HIGHEST WIND DIRECTION     S (180)
  HIGHEST GUST SPEED    20   HIGHEST GUST DIRECTION     S (190)
  AVERAGE WIND SPEED     3.0


SKY COVER
  POSSIBLE SUNSHINE  MM
  AVERAGE SKY COVER 0.2


WEATHER CONDITIONS
 THE FOLLOWING WEATHER WAS RECORDED TODAY.
  NO SIGNIFICANT WEATHER WAS OBSERVED.


RELATIVE HUMIDITY (PERCENT)
 HIGHEST    86           300 AM
 LOWEST     34           100 PM
 AVERAGE    60

..........................................................


THE TRI-CITIES CLIMATE NORMALS FOR TOMORROW
                         NORMAL    RECORD    YEAR
 MAXIMUM TEMPERATURE (F)   78        91      2012
 MINIMUM TEMPERATURE (F)   54        39      1988


SUNRISE AND SUNSET
MAY 25 2015...........SUNRISE   616 AM EDT   SUNSET   837 PM EDT
MAY 26 2015...........SUNRISE   616 AM EDT   SUNSET   838 PM EDT


-  INDICATES NEGATIVE NUMBERS.
R  INDICATES RECORD WAS SET OR TIED.
MM INDICATES DATA IS MISSING.
T  INDICATES TRACE AMOUNT.




$$
