000
CDUS44 KMRX 201210
CLITRI

CLIMATE REPORT NATIONAL WEATHER SERVICE MORRISTOWN TN
810 AM EDT SUN APR 20 2014

...................................

...THE TRI-CITIES  CLIMATE SUMMARY FOR APRIL 19 2014...

CLIMATE NORMAL PERIOD 1981 TO 2010
CLIMATE RECORD PERIOD 1934 TO 2014


WEATHER ITEM   OBSERVED TIME   RECORD YEAR NORMAL DEPARTURE LAST
                VALUE   (LST)  VALUE       VALUE  FROM      YEAR
                                                  NORMAL
..................................................................
TEMPERATURE (F)
 YESTERDAY
  MAXIMUM         72    330 PM  90    1941  69      3       72
  MINIMUM         48    624 AM  25    1983  43      5       46
  AVERAGE         60                        56      4       59

PRECIPITATION (IN)
  YESTERDAY        0.00          1.26 1998   0.11  -0.11     0.32
  MONTH TO DATE    1.63                      2.08  -0.45     3.08
  SINCE MAR 1      3.90                      5.52  -1.62     7.70
  SINCE JAN 1      8.96                     12.34  -3.38    19.55

SNOWFALL (IN)
  YESTERDAY        0.0                       0.0    0.0      0.0
  MONTH TO DATE    T                         0.9   -0.9      0.0
  SINCE MAR 1      0.7                       2.3   -1.6      1.5
  SINCE JUL 1     13.0                      13.1   -0.1      9.2
  SNOW DEPTH       0

DEGREE DAYS
 HEATING
  YESTERDAY        5                         9     -4        6
  MONTH TO DATE  169                       220    -51      171
  SINCE MAR 1    785                       788     -3      917
  SINCE JUL 1   4280                      4170    110     4086

 COOLING
  YESTERDAY        0                         0      0        0
  MONTH TO DATE    6                         0      6        6
  SINCE MAR 1      6                         1      5        6
  SINCE JAN 1      6                         1      5        6
..................................................................


WIND (MPH)
  HIGHEST WIND SPEED    16   HIGHEST WIND DIRECTION    NE (40)
  HIGHEST GUST SPEED    25   HIGHEST GUST DIRECTION    NE (30)
  AVERAGE WIND SPEED     4.6


SKY COVER
  POSSIBLE SUNSHINE  MM
  AVERAGE SKY COVER  MM


WEATHER CONDITIONS
 THE FOLLOWING WEATHER WAS RECORDED YESTERDAY.
  NO SIGNIFICANT WEATHER WAS OBSERVED.


RELATIVE HUMIDITY (PERCENT)
 HIGHEST    63          1200 AM
 LOWEST     25           200 PM
 AVERAGE    44

..........................................................


THE TRI-CITIES      ASOS CLIMATE NORMALS FOR TODAY
                         NORMAL    RECORD    YEAR
 MAXIMUM TEMPERATURE (F)   69        85      2002
                                             1976
                                             1954
 MINIMUM TEMPERATURE (F)   44        24      1983


SUNRISE AND SUNSET
APRIL 20 2014.........SUNRISE   649 AM EDT   SUNSET   808 PM EDT
APRIL 21 2014.........SUNRISE   648 AM EDT   SUNSET   809 PM EDT


-  INDICATES NEGATIVE NUMBERS.
R  INDICATES RECORD WAS SET OR TIED.
MM INDICATES DATA IS MISSING.
T  INDICATES TRACE AMOUNT.

&&

THE MORNING LOW TEMPERATURE WAS 42.
THERE HAS BEEN NO PRECIPITATION SINCE MIDNIGHT.


$$
