000
CDUS44 KMRX 252221
CLITRI


CLIMATE REPORT
NATIONAL WEATHER SERVICE MORRISTOWN TN
520 PM EST SAT FEB 25 2017


...................................

...THE TRI-CITIES      ASOS CLIMATE SUMMARY FOR FEBRUARY 25 2017...
VALID TODAY AS OF 0500 PM LOCAL TIME.

CLIMATE NORMAL PERIOD 1981 TO 2010
CLIMATE RECORD PERIOD 1934 TO 2017


WEATHER ITEM   OBSERVED TIME   RECORD YEAR NORMAL DEPARTURE LAST
                VALUE   (LST)  VALUE       VALUE  FROM      YEAR
                                                  NORMAL
..................................................................
TEMPERATURE (F)
 TODAY
  MAXIMUM         66    421 AM  74    2000  53     13       38
  MINIMUM         50    916 AM  -1    1967  30     20       34
  AVERAGE         58                        42     16       36

PRECIPITATION (IN)
  TODAY            0.33          1.78 1961   0.12   0.21     0.03
  MONTH TO DATE    1.76                      3.10  -1.34     4.48
  SINCE DEC 1      9.67                      9.84  -0.17    12.67
  SINCE JAN 1      4.31                      6.47  -2.16     7.40

SNOWFALL (IN)
  TODAY            0.0                       0.1   -0.1       T
  MONTH TO DATE    T                         3.1   -3.1      8.6
  SINCE DEC 1      4.0                      10.2   -6.2     18.4
  SINCE JUL 1      4.0                      10.5   -6.5     18.4
  SNOW DEPTH       0

DEGREE DAYS
 HEATING
  TODAY            7                        23    -16       29
  MONTH TO DATE  465                       659   -194      636
  SINCE DEC 1   1876                      2427   -551     2081
  SINCE JUL 1   2495                      3313   -818     2724

 COOLING
  TODAY            0                         0      0        0
  MONTH TO DATE    0                         0      0        0
  SINCE DEC 1      0                         0      0        0
  SINCE JAN 1      0                         0      0        0
..................................................................


WIND (MPH)
  HIGHEST WIND SPEED    31   HIGHEST WIND DIRECTION     W (260)
  HIGHEST GUST SPEED    41   HIGHEST GUST DIRECTION     W (250)
  AVERAGE WIND SPEED    14.1


SKY COVER
  POSSIBLE SUNSHINE  MM
  AVERAGE SKY COVER 0.7


WEATHER CONDITIONS
 THE FOLLOWING WEATHER WAS RECORDED TODAY.
  THUNDERSTORM
  HEAVY RAIN
  RAIN
  LIGHT RAIN
  FOG
  HAZE


RELATIVE HUMIDITY (PERCENT)
 HIGHEST   100           800 AM
 LOWEST     38           300 PM
 AVERAGE    69

..........................................................


THE TRI-CITIES      ASOS CLIMATE NORMALS FOR TOMORROW
                         NORMAL    RECORD    YEAR
 MAXIMUM TEMPERATURE (F)   53        80      1977
 MINIMUM TEMPERATURE (F)   30         4      1967


SUNRISE AND SUNSET
FEBRUARY 25 2017......SUNRISE   705 AM EST   SUNSET   621 PM EST
FEBRUARY 26 2017......SUNRISE   704 AM EST   SUNSET   622 PM EST


-  INDICATES NEGATIVE NUMBERS.
R  INDICATES RECORD WAS SET OR TIED.
MM INDICATES DATA IS MISSING.
T  INDICATES TRACE AMOUNT.




$$
