000
CDUS44 KMRX 260918 RRA
CLITRI

CLIMATE REPORT
NATIONAL WEATHER SERVICE MORRISTOWN TN
416 AM EST MON JAN 26 2015


...................................

...THE TRI-CITIES      ASOS CLIMATE SUMMARY FOR JANUARY 25 2015...

CLIMATE NORMAL PERIOD 1981 TO 2010
CLIMATE RECORD PERIOD 1934 TO 2015


WEATHER ITEM   OBSERVED TIME   RECORD YEAR NORMAL DEPARTURE LAST
                VALUE   (LST)  VALUE       VALUE  FROM      YEAR
                                                  NORMAL
..................................................................
TEMPERATURE (F)
 YESTERDAY
  MAXIMUM         55    344 PM  79    1950  46      9       32
  MINIMUM         24    708 AM  -4    1963  25     -1        6
  AVERAGE         40                        35      5       19

PRECIPITATION (IN)
  YESTERDAY        T             1.06 1978   0.11  -0.11     0.09
  MONTH TO DATE    2.08                      2.71  -0.63     1.69
  SINCE DEC 1      5.11                      6.08  -0.97     8.03
  SINCE JAN 1      2.08                      2.71  -0.63     1.69

SNOWFALL (IN)
  YESTERDAY        0.0                       0.1   -0.1      1.4
  MONTH TO DATE    0.3                       3.8   -3.5      2.1
  SINCE DEC 1      0.3                       6.2   -5.9      2.1
  SINCE JUL 1      1.5                       6.5   -5.0      3.5
  SNOW DEPTH       0

DEGREE DAYS
 HEATING
  YESTERDAY       25                        30     -5       46
  MONTH TO DATE  725                       750    -25      869
  SINCE DEC 1   1456                      1593   -137     1609
  SINCE JUL 1   2439                      2479    -40     2500

 COOLING
  YESTERDAY        0                         0      0        0
  MONTH TO DATE    0                         0      0        0
  SINCE DEC 1      0                         0      0        0
  SINCE JAN 1      0                         0      0        0
..................................................................


WIND (MPH)
  HIGHEST WIND SPEED     8   HIGHEST WIND DIRECTION     N (340)
  HIGHEST GUST SPEED    10   HIGHEST GUST DIRECTION     W (280)
  AVERAGE WIND SPEED     1.7


SKY COVER
  POSSIBLE SUNSHINE  MM
  AVERAGE SKY COVER 0.6


WEATHER CONDITIONS
 THE FOLLOWING WEATHER WAS RECORDED YESTERDAY.
  LIGHT RAIN


RELATIVE HUMIDITY (PERCENT)
 HIGHEST    92           300 AM
 LOWEST     41           300 PM
 AVERAGE    67

..........................................................


THE TRI-CITIES      ASOS CLIMATE NORMALS FOR TODAY
                         NORMAL    RECORD    YEAR
 MAXIMUM TEMPERATURE (F)   46        75      1950
 MINIMUM TEMPERATURE (F)   25         7      1987
                                             1948
                                             1940


SUNRISE AND SUNSET
JANUARY 26 2015.......SUNRISE   736 AM EST   SUNSET   549 PM EST
JANUARY 27 2015.......SUNRISE   735 AM EST   SUNSET   550 PM EST


-  INDICATES NEGATIVE NUMBERS.
R  INDICATES RECORD WAS SET OR TIED.
MM INDICATES DATA IS MISSING.
T  INDICATES TRACE AMOUNT.


$$
