000
CDUS44 KMRX 250810
CLITRI


CLIMATE REPORT
NATIONAL WEATHER SERVICE MORRISTOWN TN
410 AM EDT SAT MAR 25 2017


...................................

...THE TRI-CITIES      ASOS CLIMATE SUMMARY FOR MARCH 24 2017...

CLIMATE NORMAL PERIOD 1981 TO 2010
CLIMATE RECORD PERIOD 1934 TO 2017


WEATHER ITEM   OBSERVED TIME   RECORD YEAR NORMAL DEPARTURE LAST
                VALUE   (LST)  VALUE       VALUE  FROM      YEAR
                                                  NORMAL
..................................................................
TEMPERATURE (F)
 YESTERDAY
  MAXIMUM         74    429 PM  80    1949  62     12       77
  MINIMUM         43    613 AM  21    1940  36      7       38
  AVERAGE         59                        49     10       58

PRECIPITATION (IN)
  YESTERDAY        0.00          0.78 2013   0.11  -0.11     0.10
  MONTH TO DATE    3.67                      2.64   1.03     0.85
  SINCE MAR 1      3.67                      2.64   1.03     0.85
  SINCE JAN 1      8.35                      9.46  -1.11     8.25

SNOWFALL (IN)
  YESTERDAY        0.0                       0.1   -0.1      0.0
  MONTH TO DATE    0.3                       1.2   -0.9       T
  SINCE MAR 1      0.3                       1.2   -0.9       T
  SINCE JUL 1      4.3                      12.0   -7.7     18.4
  SNOW DEPTH       0

DEGREE DAYS
 HEATING
  YESTERDAY        6                        16    -10        7
  MONTH TO DATE  505                       462     43      321
  SINCE MAR 1    505                       462     43      321
  SINCE JUL 1   3072                      3844   -772     3141

 COOLING
  YESTERDAY        0                         0      0        0
  MONTH TO DATE    0                         0      0        5
  SINCE MAR 1      0                         0      0        5
  SINCE JAN 1      0                         0      0        5
..................................................................


WIND (MPH)
  HIGHEST WIND SPEED    15   HIGHEST WIND DIRECTION     W (260)
  HIGHEST GUST SPEED    21   HIGHEST GUST DIRECTION    SW (230)
  AVERAGE WIND SPEED     5.1


SKY COVER
  POSSIBLE SUNSHINE  MM
  AVERAGE SKY COVER 0.7


WEATHER CONDITIONS
 THE FOLLOWING WEATHER WAS RECORDED YESTERDAY.
  NO SIGNIFICANT WEATHER WAS OBSERVED.


RELATIVE HUMIDITY (PERCENT)
 HIGHEST    67          1100 PM
 LOWEST     38          1200 AM
 AVERAGE    53

..........................................................


THE TRI-CITIES      ASOS CLIMATE NORMALS FOR TODAY
                         NORMAL    RECORD    YEAR
 MAXIMUM TEMPERATURE (F)   62        85      1954
 MINIMUM TEMPERATURE (F)   37        12      1940


SUNRISE AND SUNSET
MARCH 25 2017.........SUNRISE   725 AM EDT   SUNSET   746 PM EDT
MARCH 26 2017.........SUNRISE   724 AM EDT   SUNSET   747 PM EDT


-  INDICATES NEGATIVE NUMBERS.
R  INDICATES RECORD WAS SET OR TIED.
MM INDICATES DATA IS MISSING.
T  INDICATES TRACE AMOUNT.




$$
