000
CDUS46 KSGX 221137
CLITRM


CLIMATE REPORT
NATIONAL WEATHER SERVICE SAN DIEGO, CA
432 AM PDT THU JUN 22 2017


...................................

...THE THERMAL AIRPORT CA CLIMATE SUMMARY FOR JUNE 21 2017...

CLIMATE NORMAL PERIOD 1981 TO 2010
CLIMATE RECORD PERIOD 1950 TO 2017


WEATHER ITEM   OBSERVED TIME   RECORD YEAR NORMAL DEPARTURE LAST
                VALUE   (LST)  VALUE       VALUE  FROM      YEAR
                                                  NORMAL
..................................................................
TEMPERATURE (F)
 YESTERDAY
  MAXIMUM        114    424 PM 117    1968 105      9      108
  MINIMUM         84    530 AM  61    1992  69     15       78
  AVERAGE         99                        87     12       93

PRECIPITATION (IN)
  YESTERDAY        0.00          0.00 2002   0.00   0.00     0.00
                                      2000
  MONTH TO DATE    0.00                      0.01  -0.01     0.00
  SINCE OCT 1      3.69                      2.62   1.07     1.98
  SINCE JAN 1      2.01                      1.81   0.20     1.55

DEGREE DAYS
 HEATING
  YESTERDAY        0                         0      0        0
  MONTH TO DATE    0                         0      0        0
  SINCE JUN 1      0                         0      0        0
  SINCE JUL 1    904                      1181   -277     1047

 COOLING
  YESTERDAY       34                        22     12       28
  MONTH TO DATE  474                       403     71      508
  SINCE JUN 1    474                       403     71      508
  SINCE JAN 1   1448                      1076    372     1385
..................................................................


WIND (MPH)
  RESULTANT WIND SPEED   2   RESULTANT WIND DIRECTION  SE (120)
  HIGHEST WIND SPEED    21   HIGHEST WIND DIRECTION     N (340)
  HIGHEST GUST SPEED    26   HIGHEST GUST DIRECTION     N (340)
  AVERAGE WIND SPEED     8.5


SKY COVER
  POSSIBLE SUNSHINE  MM
  AVERAGE SKY COVER 0.0


WEATHER CONDITIONS
 THE FOLLOWING WEATHER WAS RECORDED YESTERDAY.
  NO SIGNIFICANT WEATHER WAS OBSERVED.


RELATIVE HUMIDITY (PERCENT)
 HIGHEST    38           700 AM
 LOWEST      5           300 PM
 AVERAGE    22

..........................................................


THE THERMAL AIRPORT CA CLIMATE NORMALS FOR TODAY
                         NORMAL    RECORD    YEAR
 MAXIMUM TEMPERATURE (F)  105       117      1959
 MINIMUM TEMPERATURE (F)   69        55      1998


SUNRISE AND SUNSET
JUNE 22 2017..........SUNRISE   535 AM PDT   SUNSET   758 PM PDT
JUNE 23 2017..........SUNRISE   535 AM PDT   SUNSET   759 PM PDT


-  INDICATES NEGATIVE NUMBERS.
R  INDICATES RECORD WAS SET OR TIED.
MM INDICATES DATA IS MISSING.
T  INDICATES TRACE AMOUNT.




$$
