000
CDUS46 KSGX 281417
CLITRM


CLIMATE REPORT
NATIONAL WEATHER SERVICE SAN DIEGO, CA
617 AM PST SUN DEC 28 2014


...................................

...THE THERMAL AIRPORT CA CLIMATE SUMMARY FOR DECEMBER 27 2014...

CLIMATE NORMAL PERIOD 1981 TO 2010
CLIMATE RECORD PERIOD 1950 TO 2014


WEATHER ITEM   OBSERVED TIME   RECORD YEAR NORMAL DEPARTURE LAST
                VALUE   (LST)  VALUE       VALUE  FROM      YEAR
                                                  NORMAL
..................................................................
TEMPERATURE (F)
 YESTERDAY
  MAXIMUM         62    343 PM  82    1967  70     -8       74
  MINIMUM         27   1153 PM  23    1997  36     -9       31
  AVERAGE         45                        53     -8       53

PRECIPITATION (IN)
  YESTERDAY        0.00          0.83 1984   0.02  -0.02     0.00
  MONTH TO DATE    0.13                      0.29  -0.16     0.01
  SINCE JUL 1      0.58                      1.32  -0.74     1.47
  SINCE JAN 1      0.66                      3.14  -2.48     1.91

SNOWFALL (IN)
  YESTERDAY        0.0
  MONTH TO DATE    0.0
  SINCE JAN 1      0.0
  SINCE JUL 1      0.0
  SNOW DEPTH       0

DEGREE DAYS
 HEATING
  YESTERDAY       20                        12      8       12
  MONTH TO DATE  210                       324   -114      320
  SINCE DEC 1    210                       324   -114      320
  SINCE JUL 1    319                       491   -172      429

 COOLING
  YESTERDAY        0                         0      0        0
  MONTH TO DATE    3                         0      3        0
  SINCE DEC 1      3                         0      3        0
  SINCE JAN 1   4261                      3686    575     4072
..................................................................


WIND (MPH)
  RESULTANT WIND SPEED   3   RESULTANT WIND DIRECTION   N (340)
  HIGHEST WIND SPEED    13   HIGHEST WIND DIRECTION    NW (310)
  HIGHEST GUST SPEED    18   HIGHEST GUST DIRECTION     N (350)
  AVERAGE WIND SPEED     4.4


SKY COVER
  POSSIBLE SUNSHINE  MM
  AVERAGE SKY COVER 0.0


WEATHER CONDITIONS
 THE FOLLOWING WEATHER WAS RECORDED YESTERDAY.
  NO SIGNIFICANT WEATHER WAS OBSERVED.


RELATIVE HUMIDITY (PERCENT)
 HIGHEST    58          1100 PM
 LOWEST     10           300 PM
 AVERAGE    34

..........................................................


THE THERMAL AIRPORT CA CLIMATE NORMALS FOR TODAY
                         NORMAL    RECORD    YEAR
 MAXIMUM TEMPERATURE (F)   70        85      1963
 MINIMUM TEMPERATURE (F)   36        24      2003


SUNRISE AND SUNSET
DECEMBER 28 2014......SUNRISE   648 AM PST   SUNSET   445 PM PST
DECEMBER 29 2014......SUNRISE   648 AM PST   SUNSET   445 PM PST


-  INDICATES NEGATIVE NUMBERS.
R  INDICATES RECORD WAS SET OR TIED.
MM INDICATES DATA IS MISSING.
T  INDICATES TRACE AMOUNT.




$$
