000
CDUS46 KSGX 060016
CLITRM


CLIMATE REPORT
NATIONAL WEATHER SERVICE SAN DIEGO, CA
416 PM PST FRI FEB 5 2016


...................................

...THE THERMAL AIRPORT CA CLIMATE SUMMARY FOR FEBRUARY 5 2016...
VALID TODAY AS OF 0400 PM LOCAL TIME.

CLIMATE NORMAL PERIOD 1981 TO 2010
CLIMATE RECORD PERIOD 1950 TO 2016


WEATHER ITEM   OBSERVED TIME   RECORD YEAR NORMAL DEPARTURE LAST
                VALUE   (LST)  VALUE       VALUE  FROM      YEAR
                                                  NORMAL
..................................................................
TEMPERATURE (F)
 TODAY
  MAXIMUM         76    211 PM  91    1963  73      3       82
  MINIMUM         35    156 AM  25    1985  40     -5       38
  AVERAGE         56                        56      0       60

PRECIPITATION (IN)
  TODAY            0.00          0.03 1978   0.02  -0.02     0.00
  MONTH TO DATE    0.00                      0.10  -0.10     0.00
  SINCE OCT 1      1.63                      1.58   0.05     0.42
  SINCE JAN 1      1.20                      0.77   0.43     0.27

DEGREE DAYS
 HEATING
  TODAY            9                         9      0        5
  MONTH TO DATE   72                        45     27       19
  SINCE DEC 1    796                       738     58      569
  SINCE JUL 1    995                       905     90      678

 COOLING
  TODAY            0                         0      0        0
  MONTH TO DATE    0                         0      0        0
  SINCE DEC 1      0                         3     -3        3
  SINCE JAN 1      0                         2     -2        0
..................................................................


WIND (MPH)
  RESULTANT WIND SPEED   4   RESULTANT WIND DIRECTION  NW (320)
  HIGHEST WIND SPEED    15   HIGHEST WIND DIRECTION     N (340)
  HIGHEST GUST SPEED    17   HIGHEST GUST DIRECTION     N (340)
  AVERAGE WIND SPEED     5.4


SKY COVER
  POSSIBLE SUNSHINE  MM
  AVERAGE SKY COVER 0.0


WEATHER CONDITIONS
 THE FOLLOWING WEATHER WAS RECORDED TODAY.
  NO SIGNIFICANT WEATHER WAS OBSERVED.


RELATIVE HUMIDITY (PERCENT)
 HIGHEST    54          1200 AM
 LOWEST     11           100 PM
 AVERAGE    33

..........................................................


THE THERMAL AIRPORT CA CLIMATE NORMALS FOR TOMORROW
                         NORMAL    RECORD    YEAR
 MAXIMUM TEMPERATURE (F)   73        94      1963
 MINIMUM TEMPERATURE (F)   40        23      2003


SUNRISE AND SUNSET
FEBRUARY  5 2016......SUNRISE   638 AM PST   SUNSET   519 PM PST
FEBRUARY  6 2016......SUNRISE   637 AM PST   SUNSET   520 PM PST


-  INDICATES NEGATIVE NUMBERS.
R  INDICATES RECORD WAS SET OR TIED.
MM INDICATES DATA IS MISSING.
T  INDICATES TRACE AMOUNT.




$$
