000
CDUS46 KSGX 050017
CLITRM


CLIMATE REPORT
NATIONAL WEATHER SERVICE SAN DIEGO, CA
517 PM PDT TUE AUG 4 2015


...................................

...THE THERMAL AIRPORT CA CLIMATE SUMMARY FOR AUGUST 4 2015...
VALID TODAY AS OF 0500 PM LOCAL TIME.

CLIMATE NORMAL PERIOD 1981 TO 2010
CLIMATE RECORD PERIOD 1950 TO 2015


WEATHER ITEM   OBSERVED TIME   RECORD YEAR NORMAL DEPARTURE LAST
                VALUE   (LST)  VALUE       VALUE  FROM      YEAR
                                                  NORMAL
..................................................................
TEMPERATURE (F)
 TODAY
  MAXIMUM        112    307 PM 118    1969 106      6       98
  MINIMUM         68    524 AM  63    1996  75     -7       75
  AVERAGE         90                        91     -1       87

PRECIPITATION (IN)
  TODAY            0.00          0.19 1955   0.00   0.00     0.00
  MONTH TO DATE    0.00                      0.02  -0.02     0.32
  SINCE OCT 1      1.72                      2.79  -1.07     0.48
  SINCE JAN 1      1.57                      1.98  -0.41     0.40

DEGREE DAYS
 HEATING
  TODAY            0                         0      0        0
  MONTH TO DATE    0                         0      0        0
  SINCE JUN 1      0                         0      0        0
  SINCE JUL 1      0                         0      0        0

 COOLING
  TODAY           25                        26     -1       22
  MONTH TO DATE  117                       104     13       93
  SINCE JUN 1   1595                      1498     97     1693
  SINCE JAN 1   2349                      2171    178     2515
..................................................................


WIND (MPH)
  RESULTANT WIND SPEED   1   RESULTANT WIND DIRECTION   E (90)
  HIGHEST WIND SPEED    13   HIGHEST WIND DIRECTION    NW (300)
  HIGHEST GUST SPEED    15   HIGHEST GUST DIRECTION     W (290)
  AVERAGE WIND SPEED     3.9


SKY COVER
  POSSIBLE SUNSHINE  MM
  AVERAGE SKY COVER 0.0


WEATHER CONDITIONS
 THE FOLLOWING WEATHER WAS RECORDED TODAY.
  NO SIGNIFICANT WEATHER WAS OBSERVED.


RELATIVE HUMIDITY (PERCENT)
 HIGHEST    61           500 AM
 LOWEST      7           300 PM
 AVERAGE    34

..........................................................


THE THERMAL AIRPORT CA CLIMATE NORMALS FOR TOMORROW
                         NORMAL    RECORD    YEAR
 MAXIMUM TEMPERATURE (F)  106       121      1997
 MINIMUM TEMPERATURE (F)   75        61      1996


SUNRISE AND SUNSET
AUGUST  4 2015........SUNRISE   559 AM PDT   SUNSET   742 PM PDT
AUGUST  5 2015........SUNRISE   600 AM PDT   SUNSET   741 PM PDT


-  INDICATES NEGATIVE NUMBERS.
R  INDICATES RECORD WAS SET OR TIED.
MM INDICATES DATA IS MISSING.
T  INDICATES TRACE AMOUNT.




$$
