399
CDUS46 KSGX 221417
CLITRM


CLIMATE REPORT
NATIONAL WEATHER SERVICE SAN DIEGO, CA
717 AM PDT FRI MAY 22 2015


...................................

...THE THERMAL AIRPORT CA CLIMATE SUMMARY FOR MAY 21 2015...

CLIMATE NORMAL PERIOD 1981 TO 2010
CLIMATE RECORD PERIOD 1950 TO 2015


WEATHER ITEM   OBSERVED TIME   RECORD YEAR NORMAL DEPARTURE LAST
                VALUE   (LST)  VALUE       VALUE  FROM      YEAR
                                                  NORMAL
..................................................................
TEMPERATURE (F)
 YESTERDAY
  MAXIMUM         86    117 PM 114    2000  97    -11       87
  MINIMUM         64    523 AM  50    1972  63      1       62
  AVERAGE         75                        80     -5       75

PRECIPITATION (IN)
  YESTERDAY        0.00          0.00 2002   0.00   0.00     0.00
                                      2000
  MONTH TO DATE    0.07                      0.02   0.05     0.00
  SINCE OCT 1      0.84                      2.60  -1.76     0.16
  SINCE JAN 1      0.69                      1.79  -1.10     0.08

SNOWFALL (IN)
  YESTERDAY        0.0
  MONTH TO DATE    0.0
  SINCE MAR 1      0.0
  SINCE JUL 1      0.0
  SNOW DEPTH       0

DEGREE DAYS
 HEATING
  YESTERDAY        0                         0      0        0
  MONTH TO DATE   15                         0     15        0
  SINCE MAR 1     59                       115    -56       32
  SINCE JUL 1    764                      1180   -416      821

 COOLING
  YESTERDAY       10                        15     -5       10
  MONTH TO DATE  198                       259    -61      263
  SINCE MAR 1    593                       503     90      615
  SINCE JAN 1    615                       515    100      625
..................................................................


WIND (MPH)
  RESULTANT WIND SPEED  13   RESULTANT WIND DIRECTION   N (340)
  HIGHEST WIND SPEED    25   HIGHEST WIND DIRECTION     N (340)
  HIGHEST GUST SPEED    32   HIGHEST GUST DIRECTION     N (340)
  AVERAGE WIND SPEED    14.3


SKY COVER
  POSSIBLE SUNSHINE  MM
  AVERAGE SKY COVER 0.0


WEATHER CONDITIONS
 THE FOLLOWING WEATHER WAS RECORDED YESTERDAY.
  HAZE


RELATIVE HUMIDITY (PERCENT)
 HIGHEST    45           300 AM
 LOWEST     17           100 PM
 AVERAGE    31

..........................................................


THE THERMAL AIRPORT CA CLIMATE NORMALS FOR TODAY
                         NORMAL    RECORD    YEAR
 MAXIMUM TEMPERATURE (F)   97       110      2000
 MINIMUM TEMPERATURE (F)   63        56      1994


SUNRISE AND SUNSET
MAY 22 2015...........SUNRISE   540 AM PDT   SUNSET   743 PM PDT
MAY 23 2015...........SUNRISE   539 AM PDT   SUNSET   744 PM PDT


-  INDICATES NEGATIVE NUMBERS.
R  INDICATES RECORD WAS SET OR TIED.
MM INDICATES DATA IS MISSING.
T  INDICATES TRACE AMOUNT.




$$
