000
CDUS46 KSGX 291419
CLITRM


CLIMATE REPORT
NATIONAL WEATHER SERVICE SAN DIEGO, CA
719 AM PDT THU SEP 29 2016


...................................

...THE THERMAL AIRPORT CA CLIMATE SUMMARY FOR SEPTEMBER 28 2016...

CLIMATE NORMAL PERIOD 1981 TO 2010
CLIMATE RECORD PERIOD 1950 TO 2016


WEATHER ITEM   OBSERVED TIME   RECORD YEAR NORMAL DEPARTURE LAST
                VALUE   (LST)  VALUE       VALUE  FROM      YEAR
                                                  NORMAL
..................................................................
TEMPERATURE (F)
 YESTERDAY
  MAXIMUM         98    214 PM 110    1963  97      1      104
  MINIMUM         68    618 AM  52    2013  62      6       67
  AVERAGE         83                        80      3       86

PRECIPITATION (IN)
  YESTERDAY        0.00          0.04 1951   0.00   0.00     0.00
  MONTH TO DATE    0.29                      0.22   0.07     0.03
  SINCE OCT 1      2.27                      3.18  -0.91     1.75
  SINCE JAN 1      1.84                      2.37  -0.53     1.60

DEGREE DAYS
 HEATING
  YESTERDAY        0                         0      0        0
  MONTH TO DATE    0                         0      0        0
  SINCE SEP 1      0                         0      0        0
  SINCE JUL 1      0                         0      0        0

 COOLING
  YESTERDAY       18                        15      3       21
  MONTH TO DATE  517                       539    -22      619
  SINCE SEP 1    517                       539    -22      619
  SINCE JAN 1   3854                      3372    482     3741
..................................................................


WIND (MPH)
  RESULTANT WIND SPEED   1   RESULTANT WIND DIRECTION   N (20)
  HIGHEST WIND SPEED    14   HIGHEST WIND DIRECTION    SE (140)
  HIGHEST GUST SPEED    18   HIGHEST GUST DIRECTION    SE (120)
  AVERAGE WIND SPEED     3.7


SKY COVER
  POSSIBLE SUNSHINE  MM
  AVERAGE SKY COVER 0.0


WEATHER CONDITIONS
 THE FOLLOWING WEATHER WAS RECORDED YESTERDAY.
  NO SIGNIFICANT WEATHER WAS OBSERVED.


RELATIVE HUMIDITY (PERCENT)
 HIGHEST    53           300 AM
 LOWEST     18           100 PM
 AVERAGE    36

..........................................................


THE THERMAL AIRPORT CA CLIMATE NORMALS FOR TODAY
                         NORMAL    RECORD    YEAR
 MAXIMUM TEMPERATURE (F)   97       112      1980
 MINIMUM TEMPERATURE (F)   61        52      2013


SUNRISE AND SUNSET
SEPTEMBER 29 2016.....SUNRISE   638 AM PDT   SUNSET   631 PM PDT
SEPTEMBER 30 2016.....SUNRISE   639 AM PDT   SUNSET   630 PM PDT


-  INDICATES NEGATIVE NUMBERS.
R  INDICATES RECORD WAS SET OR TIED.
MM INDICATES DATA IS MISSING.
T  INDICATES TRACE AMOUNT.




$$
