000
CDUS46 KSGX 261426
CLITRM


CLIMATE REPORT
NATIONAL WEATHER SERVICE SAN DIEGO, CA
726 AM PDT SAT JUL 26 2014


...................................

...THE THERMAL AIRPORT CA CLIMATE SUMMARY FOR JULY 25 2014...

CLIMATE NORMAL PERIOD 1981 TO 2010
CLIMATE RECORD PERIOD 1950 TO 2014


WEATHER ITEM   OBSERVED TIME   RECORD YEAR NORMAL DEPARTURE LAST
                VALUE   (LST)  VALUE       VALUE  FROM      YEAR
                                                  NORMAL
..................................................................
TEMPERATURE (F)
 YESTERDAY
  MAXIMUM        104    238 PM 115    2000 107     -3      104
  MINIMUM         85    429 AM  61    1992  75     10       77
  AVERAGE         95                        91      4       91

PRECIPITATION (IN)
  YESTERDAY        T             0.14 1956   0.01  -0.01     0.00
  MONTH TO DATE    T                         0.11  -0.11     0.05
  SINCE JUL 1      T                         0.11  -0.11     0.05
  SINCE JAN 1      0.08                      1.93  -1.85     0.49

SNOWFALL (IN)
  YESTERDAY        0.0
  MONTH TO DATE    0.0
  SINCE JAN 1      0.0
  SINCE JUL 1      0.0
  SNOW DEPTH       0

DEGREE DAYS
 HEATING
  YESTERDAY        0                         0      0        0
  MONTH TO DATE    0                         0      0        0
  SINCE JUN 1      0                         0      0        0
  SINCE JUL 1      0                         0      0        0

 COOLING
  YESTERDAY       30                        26      4       26
  MONTH TO DATE  719                       633     86      716
  SINCE JUN 1   1403                      1241    162     1439
  SINCE JAN 1   2225                      1914    311     2346
..................................................................


WIND (MPH)
  RESULTANT WIND SPEED   1   RESULTANT WIND DIRECTION   W (290)
  HIGHEST WIND SPEED    17   HIGHEST WIND DIRECTION    NW (300)
  HIGHEST GUST SPEED    22   HIGHEST GUST DIRECTION     N (340)
  AVERAGE WIND SPEED     6.3


SKY COVER
  POSSIBLE SUNSHINE  MM
  AVERAGE SKY COVER 0.0


WEATHER CONDITIONS
 THE FOLLOWING WEATHER WAS RECORDED YESTERDAY.
  NO SIGNIFICANT WEATHER WAS OBSERVED.


RELATIVE HUMIDITY (PERCENT)
 HIGHEST    56           600 AM
 LOWEST     25           600 PM
 AVERAGE    41

..........................................................


THE THERMAL AIRPORT CA CLIMATE NORMALS FOR TODAY
                         NORMAL    RECORD    YEAR
 MAXIMUM TEMPERATURE (F)  107       120      1998
 MINIMUM TEMPERATURE (F)   75        65      1995


SUNRISE AND SUNSET
JULY 26 2014..........SUNRISE   553 AM PDT   SUNSET   749 PM PDT
JULY 27 2014..........SUNRISE   553 AM PDT   SUNSET   749 PM PDT


-  INDICATES NEGATIVE NUMBERS.
R  INDICATES RECORD WAS SET OR TIED.
MM INDICATES DATA IS MISSING.
T  INDICATES TRACE AMOUNT.




$$
