000
CDUS46 KPQR 011141
CLITTD


CLIMATE REPORT
NATIONAL WEATHER SERVICE PORTLAND OREGON
340 AM PST SUN FEB 1 2015


...................................

...THE TROUTDALE OR CLIMATE SUMMARY FOR JANUARY 31 2015...

CLIMATE NORMAL PERIOD 1981 TO 2010
CLIMATE RECORD PERIOD 1948 TO 2015


WEATHER ITEM   OBSERVED TIME   RECORD YEAR NORMAL DEPARTURE LAST
                VALUE   (LST)  VALUE       VALUE  FROM      YEAR
                                                  NORMAL
..................................................................
TEMPERATURE (F)
 YESTERDAY
  MAXIMUM         48   1244 PM  62    1995  48      0       48
  MINIMUM         32    846 AM   3    1950  35     -3       42
  AVERAGE         40                        41     -1       45

PRECIPITATION (IN)
  YESTERDAY        0.00                      0.17  -0.17     0.03
  MONTH TO DATE    2.74                      6.18  -3.44     2.86
  SINCE OCT 1     17.70                     24.58  -6.88    10.45
  SINCE JAN 1      2.74                      6.18  -3.44     2.86

DEGREE DAYS
 HEATING
  YESTERDAY       25                        24      1       20
  MONTH TO DATE  620                       782   -162      704

 COOLING
  YESTERDAY        0                         0      0        0
  MONTH TO DATE    0                         0      0        0
..................................................................


WIND (MPH)
  HIGHEST WIND SPEED    30   HIGHEST WIND DIRECTION     E (90)
  HIGHEST GUST SPEED    38   HIGHEST GUST DIRECTION     E (90)
  AVERAGE WIND SPEED    15.8


SKY COVER
  POSSIBLE SUNSHINE  MM
  AVERAGE SKY COVER 0.1


WEATHER CONDITIONS
 THE FOLLOWING WEATHER WAS RECORDED YESTERDAY.
  FOG
  FOG W/VISIBILITY <= 1/4 MILE


RELATIVE HUMIDITY (PERCENT)
 HIGHEST    96           900 AM
 LOWEST     60          1100 AM
 AVERAGE    78

..........................................................


THE TROUTDALE OR CLIMATE NORMALS FOR TODAY
                         NORMAL    RECORD    YEAR
 MAXIMUM TEMPERATURE (F)   48        60      1962
 MINIMUM TEMPERATURE (F)   35         7      1950


SUNRISE AND SUNSET
FEBRUARY  1 2015......SUNRISE   731 AM PST   SUNSET   516 PM PST
FEBRUARY  2 2015......SUNRISE   730 AM PST   SUNSET   518 PM PST


-  INDICATES NEGATIVE NUMBERS.
R  INDICATES RECORD WAS SET OR TIED.
MM INDICATES DATA IS MISSING.
T  INDICATES TRACE AMOUNT.




$$
