000
CDUS46 KPQR 312342
CLITTD


CLIMATE REPORT
NATIONAL WEATHER SERVICE PORTLAND OREGON
442 PM PDT THU JUL 31 2014


...................................

...THE TROUTDALE OR CLIMATE SUMMARY FOR JULY 31 2014...
VALID TODAY AS OF 0400 PM LOCAL TIME.

CLIMATE NORMAL PERIOD 1981 TO 2010
CLIMATE RECORD PERIOD 9999 TO 9999


WEATHER ITEM   OBSERVED TIME   NORMAL DEPARTURE LAST
                VALUE   (LST)  VALUE  FROM      YEAR
                                      NORMAL
......................................................
TEMPERATURE (F)
 TODAY
  MAXIMUM         90    300 PM  83      7       78
  MINIMUM         58        MM  55      3       58
  AVERAGE         74            69      5       68

PRECIPITATION (IN)
  TODAY            0.00          0.01  -0.01     0.00
  MONTH TO DATE    1.07          0.74   0.33      T
  SINCE OCT 1     29.15         44.26 -15.11    36.50
  SINCE JAN 1     21.56         25.86  -4.30    16.52

DEGREE DAYS
 HEATING
  TODAY            0             1     -1        0
  MONTH TO DATE    4            36    -32        5

 COOLING
  TODAY            9             5      4        3
  MONTH TO DATE  216           116    100      150
......................................................


WIND (MPH)
  HIGHEST WIND SPEED     6   HIGHEST WIND DIRECTION     E (99)
  HIGHEST GUST SPEED    MM   HIGHEST GUST DIRECTION    MM
  AVERAGE WIND SPEED     2.9


SKY COVER
  POSSIBLE SUNSHINE  MM
  AVERAGE SKY COVER 0.0


WEATHER CONDITIONS
 THE FOLLOWING WEATHER WAS RECORDED TODAY.
  NO SIGNIFICANT WEATHER WAS OBSERVED.


RELATIVE HUMIDITY (PERCENT)
 HIGHEST    93           500 AM
 LOWEST     34           200 PM
 AVERAGE    64

..........................................................


THE TROUTDALE OR CLIMATE NORMALS FOR TOMORROW
                         NORMAL    RECORD    YEAR
 MAXIMUM TEMPERATURE (F)   83       104      1965
 MINIMUM TEMPERATURE (F)   55        45      2002


SUNRISE AND SUNSET
JULY 31 2014..........SUNRISE   552 AM PDT   SUNSET   839 PM PDT
AUGUST  1 2014........SUNRISE   554 AM PDT   SUNSET   838 PM PDT


-  INDICATES NEGATIVE NUMBERS.
R  INDICATES RECORD WAS SET OR TIED.
MM INDICATES DATA IS MISSING.
T  INDICATES TRACE AMOUNT.




$$
