000
CDUS46 KPQR 161152
CLITTD


CLIMATE REPORT
NATIONAL WEATHER SERVICE PORTLAND OREGON
351 AM PST TUE JAN 16 2018


...................................

...THE TROUTDALE OR CLIMATE SUMMARY FOR JANUARY 15 2018...

CLIMATE NORMAL PERIOD 1981 TO 2010
CLIMATE RECORD PERIOD 1948 TO 2018


WEATHER ITEM   OBSERVED TIME   RECORD YEAR NORMAL DEPARTURE LAST
                VALUE   (LST)  VALUE       VALUE  FROM      YEAR
                                                  NORMAL
..................................................................
TEMPERATURE (F)
 YESTERDAY
  MAXIMUM         53   1221 PM  64    1958  46      7       28
  MINIMUM         45   1159 PM  16    1950  34     11       21
  AVERAGE         49                        40      9       25

PRECIPITATION (IN)
  YESTERDAY        T                         0.21  -0.21     0.00
  MONTH TO DATE    1.26                      3.28  -2.02     1.01
  SINCE OCT 1     15.60                     21.68  -6.08    22.10
  SINCE JAN 1      1.26                      3.28  -2.02     1.01

DEGREE DAYS
 HEATING
  YESTERDAY       16                        25     -9       40
  MONTH TO DATE  291                       392   -101      539

 COOLING
  YESTERDAY        0                         0      0        0
  MONTH TO DATE    0                         0      0        0
..................................................................


WIND (MPH)
  HIGHEST WIND SPEED    32   HIGHEST WIND DIRECTION     E (90)
  HIGHEST GUST SPEED    40   HIGHEST GUST DIRECTION     E (90)
  AVERAGE WIND SPEED    24.7


SKY COVER
  POSSIBLE SUNSHINE  MM
  AVERAGE SKY COVER 0.3


WEATHER CONDITIONS
 THE FOLLOWING WEATHER WAS RECORDED YESTERDAY.
  LIGHT RAIN


RELATIVE HUMIDITY (PERCENT)
 HIGHEST    76           700 PM
 LOWEST     63          1200 PM
 AVERAGE    70

..........................................................


THE TROUTDALE OR CLIMATE NORMALS FOR TODAY
                         NORMAL    RECORD    YEAR
 MAXIMUM TEMPERATURE (F)   46        61      1971
 MINIMUM TEMPERATURE (F)   34        12      1950


SUNRISE AND SUNSET
JANUARY 16 2018.......SUNRISE   745 AM PST   SUNSET   454 PM PST
JANUARY 17 2018.......SUNRISE   745 AM PST   SUNSET   455 PM PST


-  INDICATES NEGATIVE NUMBERS.
R  INDICATES RECORD WAS SET OR TIED.
MM INDICATES DATA IS MISSING.
T  INDICATES TRACE AMOUNT.




$$
