000
CDUS46 KPQR 251142
CLITTD


CLIMATE REPORT
NATIONAL WEATHER SERVICE PORTLAND OREGON
441 AM PDT MON MAY 25 2015


...................................

...THE TROUTDALE OR CLIMATE SUMMARY FOR MAY 24 2015...

CLIMATE NORMAL PERIOD 1981 TO 2010
CLIMATE RECORD PERIOD 1948 TO 2015


WEATHER ITEM   OBSERVED TIME   RECORD YEAR NORMAL DEPARTURE LAST
                VALUE   (LST)  VALUE       VALUE  FROM      YEAR
                                                  NORMAL
..................................................................
TEMPERATURE (F)
 YESTERDAY
  MAXIMUM         67    446 PM  94    1999  70     -3       70
  MINIMUM         55   1159 PM  35    1964  48      7       56
  AVERAGE         61                        59      2       63

PRECIPITATION (IN)
  YESTERDAY        0.00                      0.10  -0.10     0.00
  MONTH TO DATE    0.82                      2.26  -1.44     2.84
  SINCE OCT 1     28.34                     40.42 -12.08    25.33
  SINCE JAN 1     13.38                     22.02  -8.64    17.74

DEGREE DAYS
 HEATING
  YESTERDAY        4                         7     -3        2
  MONTH TO DATE  143                       211    -68      115

 COOLING
  YESTERDAY        0                         1     -1        0
  MONTH TO DATE    2                         7     -5       28
..................................................................


WIND (MPH)
  HIGHEST WIND SPEED     9   HIGHEST WIND DIRECTION    NW (310)
  HIGHEST GUST SPEED    13   HIGHEST GUST DIRECTION     W (290)
  AVERAGE WIND SPEED     2.8


SKY COVER
  POSSIBLE SUNSHINE  MM
  AVERAGE SKY COVER 1.0


WEATHER CONDITIONS
 THE FOLLOWING WEATHER WAS RECORDED YESTERDAY.
  NO SIGNIFICANT WEATHER WAS OBSERVED.


RELATIVE HUMIDITY (PERCENT)
 HIGHEST    77          1200 AM
 LOWEST     56           300 PM
 AVERAGE    67

..........................................................


THE TROUTDALE OR CLIMATE NORMALS FOR TODAY
                         NORMAL    RECORD    YEAR
 MAXIMUM TEMPERATURE (F)   70        87      1979
 MINIMUM TEMPERATURE (F)   48        38      1975


SUNRISE AND SUNSET
MAY 25 2015...........SUNRISE   529 AM PDT   SUNSET   845 PM PDT
MAY 26 2015...........SUNRISE   528 AM PDT   SUNSET   846 PM PDT


-  INDICATES NEGATIVE NUMBERS.
R  INDICATES RECORD WAS SET OR TIED.
MM INDICATES DATA IS MISSING.
T  INDICATES TRACE AMOUNT.




$$
