469
CDUS46 KPQR 241153
CLITTD


CLIMATE REPORT
NATIONAL WEATHER SERVICE PORTLAND OREGON
353 AM PST TUE JAN 24 2017


...................................

...THE TROUTDALE OR CLIMATE SUMMARY FOR JANUARY 23 2017...

CLIMATE NORMAL PERIOD 1981 TO 2010
CLIMATE RECORD PERIOD 1948 TO 2017


WEATHER ITEM   OBSERVED TIME   RECORD YEAR NORMAL DEPARTURE LAST
                VALUE   (LST)  VALUE       VALUE  FROM      YEAR
                                                  NORMAL
..................................................................
TEMPERATURE (F)
 YESTERDAY
  MAXIMUM         49    305 PM  62    1953  47      2       51
  MINIMUM         34   1154 PM  17    1962  35     -1       46
  AVERAGE         42                        41      1       49

PRECIPITATION (IN)
  YESTERDAY        0.00                      0.18  -0.18     0.21
  MONTH TO DATE    2.33                      4.79  -2.46     3.66
  SINCE OCT 1     23.42                     23.19   0.23    23.48
  SINCE JAN 1      2.33                      4.79  -2.46     3.66

DEGREE DAYS
 HEATING
  YESTERDAY       23                        24     -1       16
  MONTH TO DATE  753                       590    163      538

 COOLING
  YESTERDAY        0                         0      0        0
  MONTH TO DATE    0                         0      0        0
..................................................................


WIND (MPH)
  HIGHEST WIND SPEED    21   HIGHEST WIND DIRECTION     E (80)
  HIGHEST GUST SPEED    27   HIGHEST GUST DIRECTION     E (80)
  AVERAGE WIND SPEED    12.7


SKY COVER
  POSSIBLE SUNSHINE  MM
  AVERAGE SKY COVER 0.3


WEATHER CONDITIONS
 THE FOLLOWING WEATHER WAS RECORDED YESTERDAY.
  NO SIGNIFICANT WEATHER WAS OBSERVED.


RELATIVE HUMIDITY (PERCENT)
 HIGHEST    85          1200 AM
 LOWEST     61           300 PM
 AVERAGE    73

..........................................................


THE TROUTDALE OR CLIMATE NORMALS FOR TODAY
                         NORMAL    RECORD    YEAR
 MAXIMUM TEMPERATURE (F)   47        63      2015
 MINIMUM TEMPERATURE (F)   35        13      1950


SUNRISE AND SUNSET
JANUARY 24 2017.......SUNRISE   739 AM PST   SUNSET   505 PM PST
JANUARY 25 2017.......SUNRISE   738 AM PST   SUNSET   507 PM PST


-  INDICATES NEGATIVE NUMBERS.
R  INDICATES RECORD WAS SET OR TIED.
MM INDICATES DATA IS MISSING.
T  INDICATES TRACE AMOUNT.




$$
