000
CDUS41 KPHI 220547
CLITTN


CLIMATE REPORT
NATIONAL WEATHER SERVICE MOUNT HOLLY NJ
146 AM EDT SUN OCT 22 2017


...................................

...THE TRENTON NJ CLIMATE SUMMARY FOR OCTOBER 21 2017...

CLIMATE NORMAL PERIOD 1981 TO 2010
CLIMATE RECORD PERIOD 1865 TO 2017


WEATHER ITEM   OBSERVED TIME   RECORD YEAR NORMAL DEPARTURE LAST
                VALUE   (LST)  VALUE       VALUE  FROM      YEAR
                                                  NORMAL
..................................................................
TEMPERATURE (F)
 YESTERDAY
  MAXIMUM         77    232 PM  85    1947  63     14       79
  MINIMUM         44    514 AM  28    1952  42      2       56
  AVERAGE         61                        53      8       68

PRECIPITATION (IN)
  YESTERDAY        0.00          2.10 1988   0.14  -0.14      T
  MONTH TO DATE    1.40                      2.86  -1.46     0.84
  SINCE SEP 1      3.26                      7.13  -3.87     3.22
  SINCE JAN 1     34.43                     38.11  -3.68    28.02

DEGREE DAYS
 HEATING
  YESTERDAY        4                        12     -8        0
  MONTH TO DATE   77                       194   -117      120
  SINCE SEP 1    110                       256   -146      148
  SINCE JUL 1    111                       259   -148      148

 COOLING
  YESTERDAY        0                         0      0        3
  MONTH TO DATE   60                         7     53       28
  SINCE SEP 1    225                       106    119      229
  SINCE JAN 1   1145                       962    183     1380
..................................................................


WIND (MPH)
  HIGHEST WIND SPEED     9   HIGHEST WIND DIRECTION     S (180)
  HIGHEST GUST SPEED    11   HIGHEST GUST DIRECTION     S (170)
  AVERAGE WIND SPEED     2.3


SKY COVER
  POSSIBLE SUNSHINE  MM
  AVERAGE SKY COVER 0.0


WEATHER CONDITIONS
 THE FOLLOWING WEATHER WAS RECORDED YESTERDAY.
  NO SIGNIFICANT WEATHER WAS OBSERVED.


RELATIVE HUMIDITY (PERCENT)
 HIGHEST    77          1100 PM
 LOWEST     24           100 PM
 AVERAGE    51

..........................................................


THE TRENTON NJ CLIMATE NORMALS FOR TODAY
                         NORMAL    RECORD    YEAR
 MAXIMUM TEMPERATURE (F)   63        83      1979
 MINIMUM TEMPERATURE (F)   42        27      1940


SUNRISE AND SUNSET
OCTOBER 22 2017.......SUNRISE   718 AM EDT   SUNSET   609 PM EDT
OCTOBER 23 2017.......SUNRISE   719 AM EDT   SUNSET   608 PM EDT


-  INDICATES NEGATIVE NUMBERS.
R  INDICATES RECORD WAS SET OR TIED.
MM INDICATES DATA IS MISSING.
T  INDICATES TRACE AMOUNT.




$$
