000
CDUS41 KPHI 172131
CLITTN


CLIMATE REPORT
NATIONAL WEATHER SERVICE MOUNT HOLLY NJ
430 PM EST WED DEC 17 2014


...................................

...THE TRENTON NJ CLIMATE SUMMARY FOR DECEMBER 17 2014...
VALID TODAY AS OF 0400 PM LOCAL TIME.

CLIMATE NORMAL PERIOD 1981 TO 2010
CLIMATE RECORD PERIOD 1865 TO 2014


WEATHER ITEM   OBSERVED TIME   RECORD YEAR NORMAL DEPARTURE LAST
                VALUE   (LST)  VALUE       VALUE  FROM      YEAR
                                                  NORMAL
..................................................................
TEMPERATURE (F)
 TODAY
  MAXIMUM         52    109 PM  66    2000  42     10       30
  MINIMUM         42    820 AM   2    1919  27     15       20
  AVERAGE         47                        35     12       25

PRECIPITATION (IN)
  TODAY            0.00          0.86 2000   0.11  -0.11     0.08
                                      1946
  MONTH TO DATE    3.10                      2.28   0.82     2.70
  SINCE DEC 1      3.10                      2.28   0.82     2.70
  SINCE JAN 1     42.95                     45.02  -2.07    41.51

SNOWFALL (IN)
  TODAY           MM            MM      MM  MM     MM       MM
  MONTH TO DATE   MM                        MM     MM       MM
  SINCE DEC 1     MM                        MM     MM       MM
  SINCE JUL 1     MM                        MM     MM       MM
  SNOW DEPTH      MM

DEGREE DAYS
 HEATING
  TODAY           18                        30    -12       40
  MONTH TO DATE  436                       469    -33      526
  SINCE DEC 1    436                       469    -33      526
  SINCE JUL 1   1406                      1445    -39     1513

 COOLING
  TODAY            0                         0      0        0
  MONTH TO DATE    0                         0      0        0
  SINCE DEC 1      0                         0      0        0
  SINCE JAN 1    930                       965    -35     1077
..................................................................


WIND (MPH)
  HIGHEST WIND SPEED    18   HIGHEST WIND DIRECTION     W (290)
  HIGHEST GUST SPEED    27   HIGHEST GUST DIRECTION     W (280)
  AVERAGE WIND SPEED     8.4


SKY COVER
  POSSIBLE SUNSHINE  MM
  AVERAGE SKY COVER 0.8


WEATHER CONDITIONS
 THE FOLLOWING WEATHER WAS RECORDED TODAY.
  FOG
  FOG W/VISIBILITY <= 1/4 MILE


RELATIVE HUMIDITY (PERCENT)
 HIGHEST    96           500 AM
 LOWEST     50           400 PM
 AVERAGE    73

..........................................................


THE TRENTON NJ CLIMATE NORMALS FOR TOMORROW
                         NORMAL    RECORD    YEAR
 MAXIMUM TEMPERATURE (F)   42        66      2006
 MINIMUM TEMPERATURE (F)   27        -1      1919


SUNRISE AND SUNSET
DECEMBER 17 2014......SUNRISE   716 AM EST   SUNSET   435 PM EST
DECEMBER 18 2014......SUNRISE   717 AM EST   SUNSET   435 PM EST


-  INDICATES NEGATIVE NUMBERS.
R  INDICATES RECORD WAS SET OR TIED.
MM INDICATES DATA IS MISSING.
T  INDICATES TRACE AMOUNT.




$$
