000
CDUS41 KPHI 300628
CLITTN


CLIMATE REPORT
NATIONAL WEATHER SERVICE MOUNT HOLLY NJ
228 AM EDT SAT APR 30 2016


...................................

...THE TRENTON NJ CLIMATE SUMMARY FOR APRIL 29 2016...

CLIMATE NORMAL PERIOD 1981 TO 2010
CLIMATE RECORD PERIOD 1865 TO 2016


WEATHER ITEM   OBSERVED TIME   RECORD YEAR NORMAL DEPARTURE LAST
                VALUE   (LST)  VALUE       VALUE  FROM      YEAR
                                                  NORMAL
..................................................................
TEMPERATURE (F)
 YESTERDAY
  MAXIMUM         53   1108 AM  88    1974  66    -13       76
                                      1888
  MINIMUM         44   1052 PM  33    1992  45     -1       50
  AVERAGE         49                        56     -7       63

PRECIPITATION (IN)
  YESTERDAY        T             1.16 1958   0.09  -0.09     0.00
  MONTH TO DATE    1.67                      3.45  -1.78     2.50
  SINCE MAR 1      3.29                      7.59  -4.30     6.84
  SINCE JAN 1     10.49                     13.06  -2.57    13.43

SNOWFALL (IN)
  YESTERDAY       MM            MM      MM  MM     MM       MM
  MONTH TO DATE   MM                        MM     MM       MM
  SINCE MAR 1     MM                        MM     MM       MM
  SINCE JUL 1     MM                        MM     MM       MM
  SNOW DEPTH      MM

DEGREE DAYS
 HEATING
  YESTERDAY       16                        10      6        2
  MONTH TO DATE  392                       410    -18      336
  SINCE MAR 1    913                      1142   -229     1214
  SINCE JUL 1   4007                      4956   -949     5297

 COOLING
  YESTERDAY        0                         1     -1        0
  MONTH TO DATE    9                         3      6        0
  SINCE MAR 1     12                         3      9        0
  SINCE JAN 1     12                         3      9        0
..................................................................


WIND (MPH)
  HIGHEST WIND SPEED    15   HIGHEST WIND DIRECTION     E (90)
  HIGHEST GUST SPEED    19   HIGHEST GUST DIRECTION    SE (120)
  AVERAGE WIND SPEED     6.8


SKY COVER
  POSSIBLE SUNSHINE  MM
  AVERAGE SKY COVER 1.0


WEATHER CONDITIONS
 THE FOLLOWING WEATHER WAS RECORDED YESTERDAY.
  LIGHT RAIN
  HAZE


RELATIVE HUMIDITY (PERCENT)
 HIGHEST    92           300 AM
 LOWEST     54          1100 AM
 AVERAGE    73

..........................................................


THE TRENTON NJ CLIMATE NORMALS FOR TODAY
                         NORMAL    RECORD    YEAR
 MAXIMUM TEMPERATURE (F)   67        90      1942
 MINIMUM TEMPERATURE (F)   46        34      1931
                                             1874


SUNRISE AND SUNSET
APRIL 30 2016.........SUNRISE   559 AM EDT   SUNSET   754 PM EDT
MAY  1 2016...........SUNRISE   558 AM EDT   SUNSET   755 PM EDT


-  INDICATES NEGATIVE NUMBERS.
R  INDICATES RECORD WAS SET OR TIED.
MM INDICATES DATA IS MISSING.
T  INDICATES TRACE AMOUNT.




$$
