000
CDUS41 KPHI 302128
CLITTN


CLIMATE REPORT
NATIONAL WEATHER SERVICE MOUNT HOLLY NJ
527 PM EDT TUE JUN 30 2015


...................................

...THE TRENTON NJ CLIMATE SUMMARY FOR JUNE 30 2015...
VALID TODAY AS OF 0500 PM LOCAL TIME.

CLIMATE NORMAL PERIOD 1981 TO 2010
CLIMATE RECORD PERIOD 1865 TO 2015


WEATHER ITEM   OBSERVED TIME   RECORD YEAR NORMAL DEPARTURE LAST
                VALUE   (LST)  VALUE       VALUE  FROM      YEAR
                                                  NORMAL
..................................................................
TEMPERATURE (F)
 TODAY
  MAXIMUM         84    205 PM  98    1964  84      0       86
                                      1945
  MINIMUM         61    423 AM  52    1919  64     -3       65
  AVERAGE         73                        74     -1       76

PRECIPITATION (IN)
  TODAY            T             4.00 1939   0.13  -0.13     0.00
  MONTH TO DATE    6.17                      4.41   1.76     2.24
  SINCE JUN 1      6.17                      4.41   1.76     2.24
  SINCE JAN 1     20.23                     21.93  -1.70    22.57

SNOWFALL (IN)
  TODAY           MM            MM      MM  MM     MM       MM
  MONTH TO DATE   MM                        MM     MM       MM
  SINCE JUN 1     MM                        MM     MM       MM
  SINCE JUL 1     MM                        MM     MM       MM
  SNOW DEPTH      MM

DEGREE DAYS
 HEATING
  TODAY            0                         0      0        0
  MONTH TO DATE   25                        22      3        3
  SINCE JUN 1     25                        24      1        3
  SINCE JUL 1   5398                      5160    238     5477

 COOLING
  TODAY            8                         9     -1       11
  MONTH TO DATE  224                       190     34      201
  SINCE JUN 1    224                       190     34      201
  SINCE JAN 1    363                       247    116      245
..................................................................


WIND (MPH)
  HIGHEST WIND SPEED    22   HIGHEST WIND DIRECTION     S (180)
  HIGHEST GUST SPEED    29   HIGHEST GUST DIRECTION     S (170)
  AVERAGE WIND SPEED     7.6


SKY COVER
  POSSIBLE SUNSHINE  MM
  AVERAGE SKY COVER 0.5


WEATHER CONDITIONS
 THE FOLLOWING WEATHER WAS RECORDED TODAY.
  LIGHT RAIN


RELATIVE HUMIDITY (PERCENT)
 HIGHEST    90           500 AM
 LOWEST     48           100 PM
 AVERAGE    69

..........................................................


THE TRENTON NJ CLIMATE NORMALS FOR TOMORROW
                         NORMAL    RECORD    YEAR
 MAXIMUM TEMPERATURE (F)   84        98      1945
                                             1901
                                             1898
 MINIMUM TEMPERATURE (F)   65        48      1988


SUNRISE AND SUNSET
JUNE 30 2015..........SUNRISE   533 AM EDT   SUNSET   833 PM EDT
JULY  1 2015..........SUNRISE   533 AM EDT   SUNSET   833 PM EDT


-  INDICATES NEGATIVE NUMBERS.
R  INDICATES RECORD WAS SET OR TIED.
MM INDICATES DATA IS MISSING.
T  INDICATES TRACE AMOUNT.




$$
