000
CDUS41 KPHI 190628
CLITTN


CLIMATE REPORT
NATIONAL WEATHER SERVICE MOUNT HOLLY NJ
127 AM EST THU JAN 19 2017


...................................

...THE TRENTON NJ CLIMATE SUMMARY FOR JANUARY 18 2017...

CLIMATE NORMAL PERIOD 1981 TO 2010
CLIMATE RECORD PERIOD 1865 TO 2017


WEATHER ITEM   OBSERVED TIME   RECORD YEAR NORMAL DEPARTURE LAST
                VALUE   (LST)  VALUE       VALUE  FROM      YEAR
                                                  NORMAL
..................................................................
TEMPERATURE (F)
 YESTERDAY
  MAXIMUM         44    514 PM  64    2006  39      5       30
                                      1990
                                      1986
  MINIMUM         38    742 AM  -4    1893  23     15       16
  AVERAGE         41                        31     10       23

PRECIPITATION (IN)
  YESTERDAY        0.05          1.97 2015   0.09  -0.04      T
  MONTH TO DATE    1.79                      1.89  -0.10     1.84
  SINCE DEC 1      4.44                      5.59  -1.15     6.25
  SINCE JAN 1      1.79                      1.89  -0.10     1.84

DEGREE DAYS
 HEATING
  YESTERDAY       24                        34    -10       42
  MONTH TO DATE  544                       611    -67      573
  SINCE DEC 1   1418                      1530   -112     1060
  SINCE JUL 1   2228                      2506   -278     1806

 COOLING
  YESTERDAY        0                         0      0        0
  MONTH TO DATE    0                         0      0        0
  SINCE DEC 1      0                         0      0        2
  SINCE JAN 1      0                         0      0        0
..................................................................


WIND (MPH)
  HIGHEST WIND SPEED    10   HIGHEST WIND DIRECTION     N (350)
  HIGHEST GUST SPEED    13   HIGHEST GUST DIRECTION     N (350)
  AVERAGE WIND SPEED     5.3


SKY COVER
  POSSIBLE SUNSHINE  MM
  AVERAGE SKY COVER 1.0


WEATHER CONDITIONS
 THE FOLLOWING WEATHER WAS RECORDED YESTERDAY.
  LIGHT RAIN
  FOG


RELATIVE HUMIDITY (PERCENT)
 HIGHEST   100          1200 AM
 LOWEST     82           600 PM
 AVERAGE    91

..........................................................


THE TRENTON NJ CLIMATE NORMALS FOR TODAY
                         NORMAL    RECORD    YEAR
 MAXIMUM TEMPERATURE (F)   39        65      1951
 MINIMUM TEMPERATURE (F)   23        -8      1875


SUNRISE AND SUNSET
JANUARY 19 2017.......SUNRISE   718 AM EST   SUNSET   503 PM EST
JANUARY 20 2017.......SUNRISE   717 AM EST   SUNSET   504 PM EST


-  INDICATES NEGATIVE NUMBERS.
R  INDICATES RECORD WAS SET OR TIED.
MM INDICATES DATA IS MISSING.
T  INDICATES TRACE AMOUNT.




$$
