000
CDUS44 KTSA 220702
CLITUL

CLIMATE REPORT
NATIONAL WEATHER SERVICE TULSA OK
1246 AM CST THU FEB 22 2018


...................................

...THE TULSA OKLAHOMA CLIMATE SUMMARY FOR FEBRUARY 21 2018...

CLIMATE NORMAL PERIOD 1981 TO 2010
CLIMATE RECORD PERIOD 1882 TO 2018


WEATHER ITEM   OBSERVED TIME   RECORD YEAR NORMAL DEPARTURE LAST
                VALUE   (LST)  VALUE       VALUE  FROM      YEAR
                                                  NORMAL
..................................................................
TEMPERATURE (F)
 YESTERDAY
  MAXIMUM         31   1159 PM  82    1996  55    -24       74
  MINIMUM         25    839 AM   7    1939  33     -8       44
  AVERAGE         28                        44    -16       59

PRECIPITATION (IN)
  YESTERDAY        0.05          1.43 1913   0.08  -0.03     0.00
  MONTH TO DATE    1.90                      1.31   0.59     1.18
  SINCE DEC 1      3.59                      5.46  -1.87     5.04
  SINCE JAN 1      2.16                      2.97  -0.81     4.60

SNOWFALL (IN)
  YESTERDAY       MM                                         0.0
  MONTH TO DATE    T                                         0.0
  SINCE DEC 1      2.0                                       0.7
  SINCE JUL 1      2.0                                       0.7

DEGREE DAYS
 HEATING
  YESTERDAY       37                        21     16        6
  MONTH TO DATE  521                       499     22      315
  SINCE DEC 1   2084                      2136    -52     1804
  SINCE JUL 1   2586                      2772   -186     2143
..................................................................


WIND (MPH)
  HIGHEST WIND SPEED    21   HIGHEST WIND DIRECTION     N (360)
  HIGHEST GUST SPEED    27   HIGHEST GUST DIRECTION     N (360)
  AVERAGE WIND SPEED    12.7


SKY COVER
  POSSIBLE SUNSHINE  MM
  AVERAGE SKY COVER 1.0


WEATHER CONDITIONS
 THE FOLLOWING WEATHER WAS RECORDED YESTERDAY.
  LT FREEZING RAIN
  SLEET
  FOG


RELATIVE HUMIDITY (PERCENT)
 HIGHEST    92           300 AM
 LOWEST     81           400 AM
 AVERAGE    87

..........................................................


THE TULSA OKLAHOMA CLIMATE NORMALS FOR TODAY
                         NORMAL    RECORD    YEAR
 MAXIMUM TEMPERATURE (F)   55        90      1996
 MINIMUM TEMPERATURE (F)   33        11      1963


SUNRISE AND SUNSET
FEBRUARY 22 2018......SUNRISE   703 AM CST   SUNSET   612 PM CST
FEBRUARY 23 2018......SUNRISE   702 AM CST   SUNSET   613 PM CST


-  INDICATES NEGATIVE NUMBERS.
R  INDICATES RECORD WAS SET OR TIED.
MM INDICATES DATA IS MISSING.
T  INDICATES TRACE AMOUNT.




$$

&&
...........................................................

...........................................................
ALL DATA MEASURED AT THE TULSA INTERNATIONAL AIRPORT...
EXCEPT SNOWFALL...WHICH IS MEASURED AT THE NWS OFFICE.
