000
CDUS44 KTSA 260712
CLITUL

CLIMATE REPORT
NATIONAL WEATHER SERVICE TULSA OK
211 AM CDT MON JUN 26 2017


...................................

...THE TULSA OKLAHOMA CLIMATE SUMMARY FOR JUNE 25 2017...

CLIMATE NORMAL PERIOD 1981 TO 2010
CLIMATE RECORD PERIOD 1882 TO 2017


WEATHER ITEM   OBSERVED TIME   RECORD YEAR NORMAL DEPARTURE LAST
                VALUE   (LST)  VALUE       VALUE  FROM      YEAR
                                                  NORMAL
..................................................................
TEMPERATURE (F)
 YESTERDAY
  MAXIMUM         88    310 PM 105    2012  90     -2       97
                                      1933
  MINIMUM         66    511 AM  52    1974  70     -4       78
  AVERAGE         77                        80     -3       88

PRECIPITATION (IN)
  YESTERDAY        0.00          2.30 1895   0.14  -0.14     0.00
  MONTH TO DATE    1.62                      4.06  -2.44     0.65
  SINCE JUN 1      1.62                      4.06  -2.44     0.65
  SINCE JAN 1     25.55                     20.56   4.99    14.51

DEGREE DAYS
 COOLING
  YESTERDAY       12                        15     -3       23
  MONTH TO DATE  325                       300     25      435
  SINCE JUN 1    325                       300     25      435
  SINCE JAN 1    612                       534     78      639
..................................................................


WIND (MPH)
  HIGHEST WIND SPEED    15   HIGHEST WIND DIRECTION    SE (150)
  HIGHEST GUST SPEED    18   HIGHEST GUST DIRECTION    SE (150)
  AVERAGE WIND SPEED     5.1


SKY COVER
  POSSIBLE SUNSHINE  MM
  AVERAGE SKY COVER 0.5


WEATHER CONDITIONS
 THE FOLLOWING WEATHER WAS RECORDED YESTERDAY.
  NO SIGNIFICANT WEATHER WAS OBSERVED.


RELATIVE HUMIDITY (PERCENT)
 HIGHEST    87           400 AM
 LOWEST     31           200 PM
 AVERAGE    59

..........................................................


THE TULSA OKLAHOMA CLIMATE NORMALS FOR TODAY
                         NORMAL    RECORD    YEAR
 MAXIMUM TEMPERATURE (F)   90       105      1918
 MINIMUM TEMPERATURE (F)   70        53      1974
                                             1958


SUNRISE AND SUNSET
JUNE 26 2017..........SUNRISE   608 AM CDT   SUNSET   845 PM CDT
JUNE 27 2017..........SUNRISE   608 AM CDT   SUNSET   845 PM CDT


-  INDICATES NEGATIVE NUMBERS.
R  INDICATES RECORD WAS SET OR TIED.
MM INDICATES DATA IS MISSING.
T  INDICATES TRACE AMOUNT.




$$

&&
...........................................................

THE TULSA PRECIPITATION NORMALS FOR TODAY
                       NORMAL    RECORD      YEAR
  TODAY                 0.13      2.80       1896
  MONTH TO DATE         4.19
  YEAR TO DATE         20.69
...........................................................
ALL DATA MEASURED AT THE TULSA INTERNATIONAL AIRPORT...
EXCEPT SNOWFALL...WHICH IS MEASURED AT THE NWS OFFICE.
