434
CDUS44 KMEG 220741
CLITUP


CLIMATE REPORT
NATIONAL WEATHER SERVICE MEMPHIS TN
141 AM CST SUN JAN 22 2017


...................................

...THE TUPELO CLIMATE SUMMARY FOR JANUARY 21 2017...

CLIMATE NORMAL PERIOD 1981 TO 2010
CLIMATE RECORD PERIOD 1930 TO 2017


WEATHER ITEM   OBSERVED TIME   RECORD YEAR NORMAL DEPARTURE LAST
                VALUE   (LST)  VALUE       VALUE  FROM      YEAR
                                                  NORMAL
..................................................................
TEMPERATURE (F)
 YESTERDAY
  MAXIMUM         69    331 PM  77    1937  52     17       48
  MINIMUM         56    729 AM  -6    1985  32     24       38
  AVERAGE         63                        42     21       43

PRECIPITATION (IN)
  YESTERDAY        0.00          2.50 1949   0.14  -0.14     1.71
  MONTH TO DATE    4.08                      3.04   1.04     2.73
  SINCE DEC 1      8.98                      9.32  -0.34    10.09
  SINCE JAN 1      4.08                      3.04   1.04     2.73

SNOWFALL (IN)
  YESTERDAY        0.0           1.0  1935   0.0    0.0      0.0
  MONTH TO DATE    T                         0.6   -0.6       T
  SINCE DEC 1      T                         0.9   -0.9       T
  SINCE JUL 1      T                         0.9   -0.9       T
  SNOW DEPTH       0

DEGREE DAYS
 HEATING
  YESTERDAY        2                        23    -21       22
  MONTH TO DATE  273                       497   -224      537
  SINCE DEC 1    849                      1148   -299      899
  SINCE JUL 1   1143                      1670   -527     1240

 COOLING
  YESTERDAY        0                         0      0        0
  MONTH TO DATE    8                         0      8        0
  SINCE DEC 1     15                         2     13       27
  SINCE JAN 1      8                         0      8        0
..................................................................


WIND (MPH)
  HIGHEST WIND SPEED    29   HIGHEST WIND DIRECTION     E (90)
  HIGHEST GUST SPEED    36   HIGHEST GUST DIRECTION     E (90)
  AVERAGE WIND SPEED     7.5


SKY COVER
  POSSIBLE SUNSHINE  MM
  AVERAGE SKY COVER 0.1


WEATHER CONDITIONS
 THE FOLLOWING WEATHER WAS RECORDED YESTERDAY.
  THUNDERSTORM
  FOG
  HAZE


RELATIVE HUMIDITY (PERCENT)
 HIGHEST    86          1200 AM
 LOWEST     55           300 PM
 AVERAGE    71

..........................................................


THE TUPELO CLIMATE NORMALS FOR TODAY
                         NORMAL    RECORD    YEAR
 MAXIMUM TEMPERATURE (F)   52        75      1937
 MINIMUM TEMPERATURE (F)   32        10      1984


SUNRISE AND SUNSET
JANUARY 22 2017.......SUNRISE   658 AM CST   SUNSET   515 PM CST
JANUARY 23 2017.......SUNRISE   658 AM CST   SUNSET   516 PM CST


-  INDICATES NEGATIVE NUMBERS.
R  INDICATES RECORD WAS SET OR TIED.
MM INDICATES DATA IS MISSING.
T  INDICATES TRACE AMOUNT.




$$
