000
CDUS44 KMEG 122246
CLITUP


CLIMATE REPORT
NATIONAL WEATHER SERVICE MEMPHIS TN
445 PM CST FRI FEB 12 2016


...................................

...THE TUPELO CLIMATE SUMMARY FOR FEBRUARY 12 2016...
VALID TODAY AS OF 0400 PM LOCAL TIME.

CLIMATE NORMAL PERIOD 1981 TO 2010
CLIMATE RECORD PERIOD 1930 TO 2016


WEATHER ITEM   OBSERVED TIME   RECORD YEAR NORMAL DEPARTURE LAST
                VALUE   (LST)  VALUE       VALUE  FROM      YEAR
                                                  NORMAL
..................................................................
TEMPERATURE (F)
 TODAY
  MAXIMUM         60    200 PM  78    1962  56      4       44
  MINIMUM         29    607 AM   6    1981  35     -6       26
  AVERAGE         45                        45      0       35

PRECIPITATION (IN)
  TODAY            0.00          4.74 1948   0.17  -0.17     0.00
  MONTH TO DATE    1.26                      1.96  -0.70     0.42
  SINCE DEC 1     12.46                     12.72  -0.26     9.74
  SINCE JAN 1      5.10                      6.44  -1.34     4.66

SNOWFALL (IN)
  TODAY            0.0

DEGREE DAYS
 HEATING
  TODAY           20                        20      0       30
  MONTH TO DATE  243                       253    -10      277
  SINCE DEC 1   1351                      1627   -276     1577
  SINCE JUL 1   1692                      2149   -457     2214

 COOLING
  TODAY            0                         0      0        0
  MONTH TO DATE    0                         0      0        0
  SINCE DEC 1     27                         3     24        0
  SINCE JAN 1      0                         1     -1        0
..................................................................


WIND (MPH)
  HIGHEST WIND SPEED    18   HIGHEST WIND DIRECTION    NW (310)
  HIGHEST GUST SPEED    23   HIGHEST GUST DIRECTION    NW (310)
  AVERAGE WIND SPEED     5.6


SKY COVER
  POSSIBLE SUNSHINE  MM
  AVERAGE SKY COVER 0.0


WEATHER CONDITIONS
 THE FOLLOWING WEATHER WAS RECORDED TODAY.
  NO SIGNIFICANT WEATHER WAS OBSERVED.


RELATIVE HUMIDITY (PERCENT)
 HIGHEST    78           600 AM
 LOWEST     29           200 PM
 AVERAGE    54

..........................................................


THE TUPELO CLIMATE NORMALS FOR TOMORROW
                         NORMAL    RECORD    YEAR
 MAXIMUM TEMPERATURE (F)   56        82      1962
 MINIMUM TEMPERATURE (F)   35        17      1988
                                             1958


SUNRISE AND SUNSET
FEBRUARY 12 2016......SUNRISE   644 AM CST   SUNSET   535 PM CST
FEBRUARY 13 2016......SUNRISE   643 AM CST   SUNSET   536 PM CST


-  INDICATES NEGATIVE NUMBERS.
R  INDICATES RECORD WAS SET OR TIED.
MM INDICATES DATA IS MISSING.
T  INDICATES TRACE AMOUNT.




$$
