000
CDUS44 KMEG 200635
CLITUP


CLIMATE REPORT
NATIONAL WEATHER SERVICE MEMPHIS TN
134 AM CDT FRI OCT 20 2017


...................................

...THE TUPELO CLIMATE SUMMARY FOR OCTOBER 19 2017...

CLIMATE NORMAL PERIOD 1981 TO 2010
CLIMATE RECORD PERIOD 1930 TO 2017


WEATHER ITEM   OBSERVED TIME   RECORD YEAR NORMAL DEPARTURE LAST
                VALUE   (LST)  VALUE       VALUE  FROM      YEAR
                                                  NORMAL
..................................................................
TEMPERATURE (F)
 YESTERDAY
  MAXIMUM         77    245 PM  91    2016  74      3       91
  MINIMUM         41    619 AM  33    1978  50     -9       62
                                      1975
                                      1948
  AVERAGE         59                        62     -3       77

PRECIPITATION (IN)
  YESTERDAY        0.00          2.45 2004   0.14  -0.14     0.00
  MONTH TO DATE    0.65                      2.55  -1.90     0.41
  SINCE SEP 1      2.93                      5.99  -3.06     0.84
  SINCE JAN 1     38.98                     42.46  -3.48    36.69

SNOWFALL (IN)
  YESTERDAY        0.0           0.0  2002   0.0    0.0      0.0
                                      2001
  MONTH TO DATE    0.0                       0.0    0.0      0.0
  SINCE SEP 1      0.0                       0.0    0.0      0.0
  SINCE JUL 1      0.0                       0.0    0.0      0.0
  SNOW DEPTH       0

DEGREE DAYS
 HEATING
  YESTERDAY        6                         5      1        0
  MONTH TO DATE   33                        59    -26        0
  SINCE SEP 1     38                        71    -33        0
  SINCE JUL 1     38                        71    -33        0

 COOLING
  YESTERDAY        0                         2     -2       12
  MONTH TO DATE  122                        59     63      121
  SINCE SEP 1    400                       345     55      545
  SINCE JAN 1   2098                      2017     81     2468
..................................................................


WIND (MPH)
  HIGHEST WIND SPEED     8   HIGHEST WIND DIRECTION    NE (30)
  HIGHEST GUST SPEED    11   HIGHEST GUST DIRECTION    NW (320)
  AVERAGE WIND SPEED     2.3


SKY COVER
  POSSIBLE SUNSHINE  MM
  AVERAGE SKY COVER 0.0


WEATHER CONDITIONS
 THE FOLLOWING WEATHER WAS RECORDED YESTERDAY.
  NO SIGNIFICANT WEATHER WAS OBSERVED.


RELATIVE HUMIDITY (PERCENT)
 HIGHEST    93          1100 PM
 LOWEST     36           200 PM
 AVERAGE    65

..........................................................


THE TUPELO CLIMATE NORMALS FOR TODAY
                         NORMAL    RECORD    YEAR
 MAXIMUM TEMPERATURE (F)   74        88      1941
 MINIMUM TEMPERATURE (F)   49        30      1981


SUNRISE AND SUNSET
OCTOBER 20 2017.......SUNRISE   705 AM CDT   SUNSET   614 PM CDT
OCTOBER 21 2017.......SUNRISE   706 AM CDT   SUNSET   613 PM CDT


-  INDICATES NEGATIVE NUMBERS.
R  INDICATES RECORD WAS SET OR TIED.
MM INDICATES DATA IS MISSING.
T  INDICATES TRACE AMOUNT.




$$
