000
CDUS44 KMEG 302215
CLITUP


CLIMATE REPORT
NATIONAL WEATHER SERVICE MEMPHIS TN
514 PM CDT TUE SEP 30 2014


...................................

...THE TUPELO CLIMATE SUMMARY FOR SEPTEMBER 30 2014...
VALID TODAY AS OF 0500 PM LOCAL TIME.

CLIMATE NORMAL PERIOD 1981 TO 2010
CLIMATE RECORD PERIOD 1930 TO 2014


WEATHER ITEM   OBSERVED TIME   RECORD YEAR NORMAL DEPARTURE LAST
                VALUE   (LST)  VALUE       VALUE  FROM      YEAR
                                                  NORMAL
..................................................................
TEMPERATURE (F)
 TODAY
  MAXIMUM         87    254 PM  96    1933  81      6       74
  MINIMUM         61    609 AM  39    1967  57      4       65
  AVERAGE         74                        69      5       70

PRECIPITATION (IN)
  TODAY            0.00          1.66 1989   0.14  -0.14     0.27
  MONTH TO DATE    3.23                      3.44  -0.21     3.08
  SINCE SEP 1      3.23                      3.44  -0.21     3.08
  SINCE JAN 1     39.16                     39.91  -0.75    40.36

SNOWFALL (IN)
  TODAY            0.0

DEGREE DAYS
 HEATING
  TODAY            0                         1     -1        0
  MONTH TO DATE    1                        10     -9        0
  SINCE SEP 1      1                        12    -11        0
  SINCE JUL 1      1                        12    -11        0

 COOLING
  TODAY            9                         5      4        5
  MONTH TO DATE  323                       286     37      331
  SINCE SEP 1    323                       286     37      331
  SINCE JAN 1   1870                      1958    -88     1926
..................................................................


WIND (MPH)
  HIGHEST WIND SPEED     9   HIGHEST WIND DIRECTION     E (80)
  HIGHEST GUST SPEED    12   HIGHEST GUST DIRECTION     S (160)
  AVERAGE WIND SPEED     4.6


SKY COVER
  POSSIBLE SUNSHINE  MM
  AVERAGE SKY COVER 0.1


WEATHER CONDITIONS
 THE FOLLOWING WEATHER WAS RECORDED TODAY.
  NO SIGNIFICANT WEATHER WAS OBSERVED.


RELATIVE HUMIDITY (PERCENT)
 HIGHEST    97           600 AM
 LOWEST     35           100 PM
 AVERAGE    66

..........................................................


THE TUPELO CLIMATE NORMALS FOR TOMORROW
                         NORMAL    RECORD    YEAR
 MAXIMUM TEMPERATURE (F)   80        95      1941
 MINIMUM TEMPERATURE (F)   56        38      1972


SUNRISE AND SUNSET
SEPTEMBER 30 2014.....SUNRISE   649 AM CDT   SUNSET   641 PM CDT
OCTOBER  1 2014.......SUNRISE   650 AM CDT   SUNSET   639 PM CDT


-  INDICATES NEGATIVE NUMBERS.
R  INDICATES RECORD WAS SET OR TIED.
MM INDICATES DATA IS MISSING.
T  INDICATES TRACE AMOUNT.




$$
