000
CDUS44 KMEG 222304
CLITUP


CLIMATE REPORT
NATIONAL WEATHER SERVICE MEMPHIS TN
504 PM CST MON DEC 22 2014


...................................

...THE TUPELO CLIMATE SUMMARY FOR DECEMBER 22 2014...
VALID TODAY AS OF 0500 PM LOCAL TIME.

CLIMATE NORMAL PERIOD 1981 TO 2010
CLIMATE RECORD PERIOD 1930 TO 2014


WEATHER ITEM   OBSERVED TIME   RECORD YEAR NORMAL DEPARTURE LAST
                VALUE   (LST)  VALUE       VALUE  FROM      YEAR
                                                  NORMAL
..................................................................
TEMPERATURE (F)
 TODAY
  MAXIMUM         54    259 PM  71    1933  52      2       61
  MINIMUM         48    105 AM  -1    1989  33     15       43
  AVERAGE         51                        43      8       52

PRECIPITATION (IN)
  TODAY            T             2.40 2004   0.19  -0.19     0.08
  MONTH TO DATE    2.16                      4.69  -2.53     5.49
  SINCE DEC 1      2.16                      4.69  -2.53     5.49
  SINCE JAN 1     54.16                     53.42   0.74    52.36

SNOWFALL (IN)
  TODAY           MM

DEGREE DAYS
 HEATING
  TODAY           14                        22     -8       13
  MONTH TO DATE  385                       445    -60      429
  SINCE DEC 1    385                       445    -60      429
  SINCE JUL 1   1022                       967     55     1052

 COOLING
  TODAY            0                         0      0        0
  MONTH TO DATE    0                         0      0        9
  SINCE DEC 1      0                         0      0        9
  SINCE JAN 1   1974                      2044    -70     2036
..................................................................


WIND (MPH)
  HIGHEST WIND SPEED    13   HIGHEST WIND DIRECTION     S (180)
  HIGHEST GUST SPEED    18   HIGHEST GUST DIRECTION     S (160)
  AVERAGE WIND SPEED     8.4


SKY COVER
  POSSIBLE SUNSHINE  MM
  AVERAGE SKY COVER 1.0


WEATHER CONDITIONS
 THE FOLLOWING WEATHER WAS RECORDED TODAY.
  LIGHT RAIN
  FOG


RELATIVE HUMIDITY (PERCENT)
 HIGHEST    93           300 AM
 LOWEST     83           600 AM
 AVERAGE    88

..........................................................


THE TUPELO CLIMATE NORMALS FOR TOMORROW
                         NORMAL    RECORD    YEAR
 MAXIMUM TEMPERATURE (F)   52        76      1970
 MINIMUM TEMPERATURE (F)   33        -3      1989


SUNRISE AND SUNSET
DECEMBER 22 2014......SUNRISE   658 AM CST   SUNSET   450 PM CST
DECEMBER 23 2014......SUNRISE   658 AM CST   SUNSET   450 PM CST


-  INDICATES NEGATIVE NUMBERS.
R  INDICATES RECORD WAS SET OR TIED.
MM INDICATES DATA IS MISSING.
T  INDICATES TRACE AMOUNT.




$$
