000
CDUS45 KTWC 030030
CLITUS

CLIMATE REPORT
NATIONAL WEATHER SERVICE TUCSON AZ
528 PM MST TUE SEP 2 2014


...................................

...THE TUCSON AZ CLIMATE SUMMARY FOR SEPTEMBER 2 2014...
VALID TODAY AS OF 0500 PM LOCAL TIME.

CLIMATE NORMAL PERIOD 1981 TO 2010
CLIMATE RECORD PERIOD 1895 TO 2014


WEATHER ITEM   OBSERVED TIME   RECORD YEAR NORMAL DEPARTURE LAST
                VALUE   (LST)  VALUE       VALUE  FROM      YEAR
                                                  NORMAL
..................................................................
TEMPERATURE (F)
 TODAY
  MAXIMUM        104    420 PM 107    1899  97      7       99
  MINIMUM         74    642 AM  57    1914  72      2       76
  AVERAGE         89                        85      4       88

PRECIPITATION (IN)
  TODAY            0.00          0.70 1988   0.06  -0.06      T
  MONTH TO DATE    0.00                      0.12  -0.12      T
  SINCE OCT 1      6.98                     10.42  -3.44     6.06
  SINCE JAN 1      3.93                      8.03  -4.10     4.85

DEGREE DAYS
 HEATING
  TODAY            0                         0      0        0
  MONTH TO DATE    0                         0      0        0
  SINCE SEP 1      0                         0      0        0
  SINCE JUL 1      0                         0      0        0

 COOLING
  TODAY           24                        20      4       23
  MONTH TO DATE   47                        40      7       46
  SINCE SEP 1     47                        40      7       46
  SINCE JAN 1   2738                      2450    288     2920
..................................................................


WIND (MPH)
  HIGHEST WIND SPEED    15   HIGHEST WIND DIRECTION    SE (140)
  HIGHEST GUST SPEED    17   HIGHEST GUST DIRECTION    SW (220)
  AVERAGE WIND SPEED     6.5


SKY COVER
  POSSIBLE SUNSHINE  MM
  AVERAGE SKY COVER 0.0


WEATHER CONDITIONS
 THE FOLLOWING WEATHER WAS RECORDED TODAY.
  NO SIGNIFICANT WEATHER WAS OBSERVED.


RELATIVE HUMIDITY (PERCENT)
 HIGHEST    46
 LOWEST     12
 AVERAGE    29

..........................................................


THE TUCSON AZ CLIMATE NORMALS FOR TOMORROW
                         NORMAL    RECORD    YEAR
 MAXIMUM TEMPERATURE (F)   97       107      1983
                                             1948
 MINIMUM TEMPERATURE (F)   72        58      1913


SUNRISE AND SUNSET
SEPTEMBER  2 2014.....SUNRISE   600 AM MST   SUNSET   647 PM MST
SEPTEMBER  3 2014.....SUNRISE   600 AM MST   SUNSET   645 PM MST


-  INDICATES NEGATIVE NUMBERS.
R  INDICATES RECORD WAS SET OR TIED.
MM INDICATES DATA IS MISSING.
T  INDICATES TRACE AMOUNT.




$$
