000
CDUS45 KTWC 290738
CLITUS

CLIMATE REPORT
NATIONAL WEATHER SERVICE TUCSON AZ
1235 AM MST FRI MAY 29 2015

...................................

...THE TUCSON AZ CLIMATE SUMMARY FOR MAY 28 2015...

CLIMATE NORMAL PERIOD 1981 TO 2010
CLIMATE RECORD PERIOD 1895 TO 2015


WEATHER ITEM   OBSERVED TIME   RECORD YEAR NORMAL DEPARTURE LAST
                VALUE   (LST)  VALUE       VALUE  FROM      YEAR
                                                  NORMAL
..................................................................
TEMPERATURE (F)
 YESTERDAY
  MAXIMUM         97    454 PM 107    2000  96      1      103
                                      1958
  MINIMUM         62    532 AM  45    1905  64     -2       72
  AVERAGE         80                        80      0       88

PRECIPITATION (IN)
  YESTERDAY        0.00          0.89 1943   0.01  -0.01     0.00
  MONTH TO DATE    0.09                      0.21  -0.12     0.00
  SINCE OCT 1      7.20                      5.44   1.76     3.66
  SINCE JAN 1      3.70                      3.05   0.65     0.61

DEGREE DAYS
 HEATING
  YESTERDAY        0                         0      0        0
  MONTH TO DATE    3                         3      0        0
  SINCE MAR 1     63                       242   -179       66
  SINCE JUL 1    905                      1509   -604      899

 COOLING
  YESTERDAY       15                        15      0       23
  MONTH TO DATE  212                       302    -90      325
  SINCE MAR 1    447                       452     -5      513
  SINCE JAN 1    455                       456     -1      537
..................................................................


WIND (MPH)
  HIGHEST WIND SPEED    18   HIGHEST WIND DIRECTION     N (340)
  HIGHEST GUST SPEED    23   HIGHEST GUST DIRECTION     N (340)
  AVERAGE WIND SPEED     7.1


SKY COVER
  POSSIBLE SUNSHINE  MM
  AVERAGE SKY COVER  MM


WEATHER CONDITIONS
 THE FOLLOWING WEATHER WAS RECORDED YESTERDAY.
  NO SIGNIFICANT WEATHER WAS OBSERVED.


RELATIVE HUMIDITY (PERCENT)
 HIGHEST    30
 LOWEST      6
 AVERAGE    18

..........................................................


THE TUCSON AZ CLIMATE NORMALS FOR TODAY
                         NORMAL    RECORD    YEAR
 MAXIMUM TEMPERATURE (F)   96       111      1910
 MINIMUM TEMPERATURE (F)   64        43      1918


SUNRISE AND SUNSET
MAY 29 2015...........SUNRISE   519 AM MST   SUNSET   723 PM MST
MAY 30 2015...........SUNRISE   519 AM MST   SUNSET   724 PM MST


-  INDICATES NEGATIVE NUMBERS.
R  INDICATES RECORD WAS SET OR TIED.
MM INDICATES DATA IS MISSING.
T  INDICATES TRACE AMOUNT.

$$
