000
CDUS45 KTWC 280757
CLITUS

CLIMATE REPORT
NATIONAL WEATHER SERVICE TUCSON AZ
1255 AM MST FRI JUL 28 2017


...................................

...THE TUCSON AZ CLIMATE SUMMARY FOR JULY 27 2017...

CLIMATE NORMAL PERIOD 1981 TO 2010
CLIMATE RECORD PERIOD 1895 TO 2017


WEATHER ITEM   OBSERVED TIME   RECORD YEAR NORMAL DEPARTURE LAST
                VALUE   (LST)  VALUE       VALUE  FROM      YEAR
                                                  NORMAL
..................................................................
TEMPERATURE (F)
 YESTERDAY
  MAXIMUM        100    345 PM 113    1995  98      2      105
  MINIMUM         76   1010 PM  59    1913  74      2       76
  AVERAGE         88                        86      2       91

PRECIPITATION (IN)
  YESTERDAY        0.01          1.84 1945   0.09  -0.08     0.12
  MONTH TO DATE    4.55                      1.86   2.69     1.34
  SINCE OCT 1      7.84                      7.52   0.32     8.34
  SINCE JAN 1      6.16                      5.13   1.03     5.46

DEGREE DAYS
 HEATING
  YESTERDAY        0                         0      0        0
  MONTH TO DATE    0                         0      0        0
  SINCE JUN 1      0                         0      0        0
  SINCE JUL 1      0                         0      0        0

 COOLING
  YESTERDAY       23                        21      2       26
  MONTH TO DATE  630                       602     28      705
  SINCE JUN 1   1380                      1196    184     1415
  SINCE JAN 1   2113                      1698    415     1982
..................................................................


WIND (MPH)
  HIGHEST WIND SPEED    35   HIGHEST WIND DIRECTION    SE (130)
  HIGHEST GUST SPEED    45   HIGHEST GUST DIRECTION    SE (140)
  AVERAGE WIND SPEED     7.8


SKY COVER
  POSSIBLE SUNSHINE  MM
  AVERAGE SKY COVER 0.1


WEATHER CONDITIONS
 THE FOLLOWING WEATHER WAS RECORDED YESTERDAY.
  THUNDERSTORM
  LIGHT RAIN


RELATIVE HUMIDITY (PERCENT)
 HIGHEST    74
 LOWEST     22
 AVERAGE    48

..........................................................


THE TUCSON AZ CLIMATE NORMALS FOR TODAY
                         NORMAL    RECORD    YEAR
 MAXIMUM TEMPERATURE (F)   98       114      1995
 MINIMUM TEMPERATURE (F)   74        62      1913


SUNRISE AND SUNSET
JULY 28 2017..........SUNRISE   536 AM MST   SUNSET   724 PM MST
JULY 29 2017..........SUNRISE   537 AM MST   SUNSET   723 PM MST


-  INDICATES NEGATIVE NUMBERS.
R  INDICATES RECORD WAS SET OR TIED.
MM INDICATES DATA IS MISSING.
T  INDICATES TRACE AMOUNT.




$$
