000
CDUS45 KTWC 270733
CLITUS

CLIMATE REPORT
NATIONAL WEATHER SERVICE TUCSON AZ
1232 AM MST MON FEB 27 2017


...................................

...THE TUCSON AZ CLIMATE SUMMARY FOR FEBRUARY 26 2017...

CLIMATE NORMAL PERIOD 1981 TO 2010
CLIMATE RECORD PERIOD 1895 TO 2017


WEATHER ITEM   OBSERVED TIME   RECORD YEAR NORMAL DEPARTURE LAST
                VALUE   (LST)  VALUE       VALUE  FROM      YEAR
                                                  NORMAL
..................................................................
TEMPERATURE (F)
 YESTERDAY
  MAXIMUM         68    411 PM  88    1986  70     -2       87
  MINIMUM         49   1159 PM  25    1912  44      5       48
  AVERAGE         59                        57      2       68

PRECIPITATION (IN)
  YESTERDAY        0.00          0.60 1931   0.03  -0.03     0.00
  MONTH TO DATE    0.17                      0.81  -0.64     0.18
  SINCE OCT 1      3.03                      4.14  -1.11     4.59
  SINCE JAN 1      1.35                      1.75  -0.40     1.71

DEGREE DAYS
 HEATING
  YESTERDAY        6                         8     -2        0
  MONTH TO DATE  139                       258   -119      142
  SINCE DEC 1    772                      1046   -274      933
  SINCE JUL 1    866                      1252   -386     1128

 COOLING
  YESTERDAY        0                         0      0        3
  MONTH TO DATE    9                         0      9       26
  SINCE DEC 1     12                         1     11       26
  SINCE JAN 1      9                         1      8       26
..................................................................


WIND (MPH)
  HIGHEST WIND SPEED    20   HIGHEST WIND DIRECTION     W (250)
  HIGHEST GUST SPEED    24   HIGHEST GUST DIRECTION     W (250)
  AVERAGE WIND SPEED     7.0


SKY COVER
  POSSIBLE SUNSHINE  MM
  AVERAGE SKY COVER 0.5


WEATHER CONDITIONS
 THE FOLLOWING WEATHER WAS RECORDED YESTERDAY.
  NO SIGNIFICANT WEATHER WAS OBSERVED.


RELATIVE HUMIDITY (PERCENT)
 HIGHEST    41
 LOWEST     12
 AVERAGE    27

..........................................................


THE TUCSON AZ CLIMATE NORMALS FOR TODAY
                         NORMAL    RECORD    YEAR
 MAXIMUM TEMPERATURE (F)   70        88      1986
                                             1906
 MINIMUM TEMPERATURE (F)   44        26      1937


SUNRISE AND SUNSET
FEBRUARY 27 2017......SUNRISE   653 AM MST   SUNSET   620 PM MST
FEBRUARY 28 2017......SUNRISE   652 AM MST   SUNSET   621 PM MST


-  INDICATES NEGATIVE NUMBERS.
R  INDICATES RECORD WAS SET OR TIED.
MM INDICATES DATA IS MISSING.
T  INDICATES TRACE AMOUNT.




$$
