000
CDUS45 KTWC 270028
CLITUS

CLIMATE REPORT
NATIONAL WEATHER SERVICE TUCSON AZ
527 PM MST THU MAY 26 2016

...................................

...THE TUCSON AZ CLIMATE SUMMARY FOR MAY 26 2016...
VALID TODAY AS OF 0500 PM LOCAL TIME.

CLIMATE NORMAL PERIOD 1981 TO 2010
CLIMATE RECORD PERIOD 1895 TO 2016


WEATHER ITEM   OBSERVED TIME   RECORD YEAR NORMAL DEPARTURE LAST
                VALUE   (LST)  VALUE       VALUE  FROM      YEAR
                                                  NORMAL
..................................................................
TEMPERATURE (F)
 TODAY
  MAXIMUM         82    402 PM 107    1951  95    -13       93
  MINIMUM         56    618 AM  44    1916  63     -7       60
  AVERAGE         69                        79    -10       77

PRECIPITATION (IN)
  TODAY            0.00          0.44 1926   0.01  -0.01     0.00
  MONTH TO DATE    0.00                      0.19  -0.19     0.09
  SINCE OCT 1      5.41                      5.42  -0.01     7.20
  SINCE JAN 1      2.53                      3.03  -0.50     3.70

DEGREE DAYS
 HEATING
  TODAY            0                         0      0        0
  MONTH TO DATE    0                         3     -3        3
  SINCE MAR 1     89                       242   -153       63
  SINCE JUL 1   1217                      1509   -292      905

 COOLING
  TODAY            4                        14    -10       12
  MONTH TO DATE  257                       273    -16      182
  SINCE MAR 1    472                       423     49      417
  SINCE JAN 1    506                       427     79      425
..................................................................


WIND (MPH)
  HIGHEST WIND SPEED    18   HIGHEST WIND DIRECTION     W (290)
  HIGHEST GUST SPEED    26   HIGHEST GUST DIRECTION     W (270)
  AVERAGE WIND SPEED     4.7


SKY COVER
  POSSIBLE SUNSHINE  MM
  AVERAGE SKY COVER 0.0


WEATHER CONDITIONS
 THE FOLLOWING WEATHER WAS RECORDED TODAY.
  NO SIGNIFICANT WEATHER WAS OBSERVED.


RELATIVE HUMIDITY (PERCENT)
 HIGHEST    30
 LOWEST     11
 AVERAGE    21

..........................................................


THE TUCSON AZ CLIMATE NORMALS FOR TOMORROW
                         NORMAL    RECORD    YEAR
 MAXIMUM TEMPERATURE (F)   95       107      1951
 MINIMUM TEMPERATURE (F)   64        44      1917


SUNRISE AND SUNSET
MAY 26 2016...........SUNRISE   520 AM MST   SUNSET   722 PM MST
MAY 27 2016...........SUNRISE   520 AM MST   SUNSET   723 PM MST


-  INDICATES NEGATIVE NUMBERS.
R  INDICATES RECORD WAS SET OR TIED.
MM INDICATES DATA IS MISSING.
T  INDICATES TRACE AMOUNT.

$$
