000
CDUS45 KTWC 060027
CLITUS

CLIMATE REPORT
NATIONAL WEATHER SERVICE TUCSON AZ
526 PM MST THU MAR 5 2015


...................................

...THE TUCSON AZ CLIMATE SUMMARY FOR MARCH 5 2015...
VALID TODAY AS OF 0500 PM LOCAL TIME.

CLIMATE NORMAL PERIOD 1981 TO 2010
CLIMATE RECORD PERIOD 1895 TO 2015


WEATHER ITEM   OBSERVED TIME   RECORD YEAR NORMAL DEPARTURE LAST
                VALUE   (LST)  VALUE       VALUE  FROM      YEAR
                                                  NORMAL
..................................................................
TEMPERATURE (F)
 TODAY
  MAXIMUM         71    424 PM  96    1910  72     -1       78
  MINIMUM         39    715 AM  28    1948  45     -6       48
                                      1917
  AVERAGE         55                        58     -3       63

PRECIPITATION (IN)
  TODAY            0.00          0.56 1923   0.03  -0.03     0.00
  MONTH TO DATE    0.34                      0.13   0.21     0.58
  SINCE OCT 1      6.79                      4.32   2.47     3.64
  SINCE JAN 1      3.29                      1.93   1.36     0.59

DEGREE DAYS
 HEATING
  TODAY           10                         7      3        2
  MONTH TO DATE   35                        38     -3       22
  SINCE MAR 1     35                        38     -3       22
  SINCE JUL 1    877                      1305   -428      855

 COOLING
  TODAY            0                         0      0        0
  MONTH TO DATE    0                         0      0        0
  SINCE MAR 1      0                         0      0        0
  SINCE JAN 1      8                         4      4       24
..................................................................


WIND (MPH)
  HIGHEST WIND SPEED    17   HIGHEST WIND DIRECTION    NE (40)
  HIGHEST GUST SPEED    22   HIGHEST GUST DIRECTION    NE (30)
  AVERAGE WIND SPEED     4.5


SKY COVER
  POSSIBLE SUNSHINE  MM
  AVERAGE SKY COVER 0.0


WEATHER CONDITIONS
 THE FOLLOWING WEATHER WAS RECORDED TODAY.
  HAZE


RELATIVE HUMIDITY (PERCENT)
 HIGHEST    79
 LOWEST     14
 AVERAGE    47

..........................................................


THE TUCSON AZ CLIMATE NORMALS FOR TOMORROW
                         NORMAL    RECORD    YEAR
 MAXIMUM TEMPERATURE (F)   72        93      1910
 MINIMUM TEMPERATURE (F)   45        27      1896


SUNRISE AND SUNSET
MARCH  5 2015.........SUNRISE   647 AM MST   SUNSET   624 PM MST
MARCH  6 2015.........SUNRISE   645 AM MST   SUNSET   625 PM MST


-  INDICATES NEGATIVE NUMBERS.
R  INDICATES RECORD WAS SET OR TIED.
MM INDICATES DATA IS MISSING.
T  INDICATES TRACE AMOUNT.




$$
