000
CDUS45 KTWC 190739
CLITUS

CLIMATE REPORT
NATIONAL WEATHER SERVICE TUCSON AZ
1239 AM MST FRI JAN 19 2018


...................................

...THE TUCSON AZ CLIMATE SUMMARY FOR JANUARY 18 2018...

CLIMATE NORMAL PERIOD 1981 TO 2010
CLIMATE RECORD PERIOD 1895 TO 2018


WEATHER ITEM   OBSERVED TIME   RECORD YEAR NORMAL DEPARTURE LAST
                VALUE   (LST)  VALUE       VALUE  FROM      YEAR
                                                  NORMAL
..................................................................
TEMPERATURE (F)
 YESTERDAY
  MAXIMUM         75    341 PM  84    2000  66      9       63
  MINIMUM         50   1154 PM  21    1925  40     10       41
  AVERAGE         63                        53     10       52

PRECIPITATION (IN)
  YESTERDAY        0.00          1.32 1993   0.03  -0.03     0.00
  MONTH TO DATE    T                         0.54  -0.54     0.79
  SINCE OCT 1      0.59                      2.93  -2.34     2.47
  SINCE JAN 1      T                         0.54  -0.54     0.79

DEGREE DAYS
 HEATING
  YESTERDAY        2                        12    -10       13
  MONTH TO DATE   71                       230   -159      173
  SINCE DEC 1    313                       635   -322      437
  SINCE JUL 1    317                       841   -524      531

 COOLING
  YESTERDAY        0                         0      0        0
  MONTH TO DATE    2                         0      2        0
  SINCE DEC 1     11                         0     11        3
  SINCE JAN 1      2                         0      2        0
..................................................................


WIND (MPH)
  HIGHEST WIND SPEED    20   HIGHEST WIND DIRECTION    SE (120)
  HIGHEST GUST SPEED    25   HIGHEST GUST DIRECTION    SE (120)
  AVERAGE WIND SPEED     8.8


SKY COVER
  POSSIBLE SUNSHINE  MM
  AVERAGE SKY COVER  MM


WEATHER CONDITIONS
 THE FOLLOWING WEATHER WAS RECORDED YESTERDAY.
  NO SIGNIFICANT WEATHER WAS OBSERVED.


RELATIVE HUMIDITY (PERCENT)
 HIGHEST    MM
 LOWEST     MM
 AVERAGE    MM

..........................................................


THE TUCSON AZ CLIMATE NORMALS FOR TODAY
                         NORMAL    RECORD    YEAR
 MAXIMUM TEMPERATURE (F)   66        85      1971
 MINIMUM TEMPERATURE (F)   40        22      1936
                                             1928


SUNRISE AND SUNSET
JANUARY 19 2018.......SUNRISE   724 AM MST   SUNSET   546 PM MST
JANUARY 20 2018.......SUNRISE   723 AM MST   SUNSET   546 PM MST


-  INDICATES NEGATIVE NUMBERS.
R  INDICATES RECORD WAS SET OR TIED.
MM INDICATES DATA IS MISSING.
T  INDICATES TRACE AMOUNT.




$$
