000
CDUS45 KTWC 250025
CLITUS

CLIMATE REPORT
NATIONAL WEATHER SERVICE TUCSON AZ
525 PM MST SUN JUL 24 2016


...................................

...THE TUCSON AZ CLIMATE SUMMARY FOR JULY 24 2016...
VALID TODAY AS OF 0500 PM LOCAL TIME.

CLIMATE NORMAL PERIOD 1981 TO 2010
CLIMATE RECORD PERIOD 1895 TO 2016


WEATHER ITEM   OBSERVED TIME   RECORD YEAR NORMAL DEPARTURE LAST
                VALUE   (LST)  VALUE       VALUE  FROM      YEAR
                                                  NORMAL
..................................................................
TEMPERATURE (F)
 TODAY
  MAXIMUM        103    323 PM 109    1987  98      5       99
  MINIMUM         82    658 AM  62    1913  75      7       74
  AVERAGE         93                        86      7       87

PRECIPITATION (IN)
  TODAY            0.00          1.87 1948   0.09  -0.09     0.00
  MONTH TO DATE    1.20                      1.59  -0.39     0.52
  SINCE OCT 1      8.20                      7.25   0.95     8.28
  SINCE JAN 1      5.32                      4.86   0.46     4.78

DEGREE DAYS
 HEATING
  TODAY            0                         0      0        0
  MONTH TO DATE    0                         0      0        0
  SINCE JUN 1      0                         0      0        0
  SINCE JUL 1      0                         0      0        0

 COOLING
  TODAY           28                        21      7       22
  MONTH TO DATE  625                       539     86      536
  SINCE JUN 1   1335                      1133    202     1249
  SINCE JAN 1   1902                      1635    267     1763
..................................................................


WIND (MPH)
  HIGHEST WIND SPEED    25   HIGHEST WIND DIRECTION     S (190)
  HIGHEST GUST SPEED    32   HIGHEST GUST DIRECTION     S (200)
  AVERAGE WIND SPEED     8.7


SKY COVER
  POSSIBLE SUNSHINE  MM
  AVERAGE SKY COVER 0.0


WEATHER CONDITIONS
 THE FOLLOWING WEATHER WAS RECORDED TODAY.
  NO SIGNIFICANT WEATHER WAS OBSERVED.


RELATIVE HUMIDITY (PERCENT)
 HIGHEST    51
 LOWEST     21
 AVERAGE    36

..........................................................


THE TUCSON AZ CLIMATE NORMALS FOR TOMORROW
                         NORMAL    RECORD    YEAR
 MAXIMUM TEMPERATURE (F)   98       109      1943
 MINIMUM TEMPERATURE (F)   75        65      1913


SUNRISE AND SUNSET
JULY 24 2016..........SUNRISE   534 AM MST   SUNSET   726 PM MST
JULY 25 2016..........SUNRISE   535 AM MST   SUNSET   725 PM MST


-  INDICATES NEGATIVE NUMBERS.
R  INDICATES RECORD WAS SET OR TIED.
MM INDICATES DATA IS MISSING.
T  INDICATES TRACE AMOUNT.




$$
