000
CDUS45 KTWC 260031
CLITUS

CLIMATE REPORT
NATIONAL WEATHER SERVICE TUCSON AZ
530 PM MST THU DEC 25 2014


...................................

...THE TUCSON AZ CLIMATE SUMMARY FOR DECEMBER 25 2014...
VALID TODAY AS OF 0500 PM LOCAL TIME.

CLIMATE NORMAL PERIOD 1981 TO 2010
CLIMATE RECORD PERIOD 1895 TO 2014


WEATHER ITEM   OBSERVED TIME   RECORD YEAR NORMAL DEPARTURE LAST
                VALUE   (LST)  VALUE       VALUE  FROM      YEAR
                                                  NORMAL
..................................................................
TEMPERATURE (F)
 TODAY
  MAXIMUM         69    243 PM  82    1933  64      5       69
  MINIMUM         45    139 AM  21    1903  39      6       37
  AVERAGE         57                        51      6       53

PRECIPITATION (IN)
  TODAY            0.00          0.71 1944   0.03  -0.03     0.00
  MONTH TO DATE    1.47                      0.75   0.72     0.83
  SINCE OCT 1      2.80                      2.21   0.59     3.05
  SINCE JAN 1      9.49                     11.41  -1.92     8.53

DEGREE DAYS
 HEATING
  TODAY            8                        14     -6       12
  MONTH TO DATE  216                       324   -108      294
  SINCE DEC 1    216                       324   -108      294
  SINCE JUL 1    352                       530   -178      400

 COOLING
  TODAY            0                         0      0        0
  MONTH TO DATE    3                         0      3        0
  SINCE DEC 1      3                         0      3        0
  SINCE JAN 1   3619                      3146    473     3653
..................................................................


WIND (MPH)
  HIGHEST WIND SPEED    26   HIGHEST WIND DIRECTION    SW (240)
  HIGHEST GUST SPEED    36   HIGHEST GUST DIRECTION    SW (210)
  AVERAGE WIND SPEED    11.2


SKY COVER
  POSSIBLE SUNSHINE  MM
  AVERAGE SKY COVER 0.2


WEATHER CONDITIONS
 THE FOLLOWING WEATHER WAS RECORDED TODAY.
  NO SIGNIFICANT WEATHER WAS OBSERVED.


RELATIVE HUMIDITY (PERCENT)
 HIGHEST    49
 LOWEST     14
 AVERAGE    32

..........................................................


THE TUCSON AZ CLIMATE NORMALS FOR TOMORROW
                         NORMAL    RECORD    YEAR
 MAXIMUM TEMPERATURE (F)   64        82      1933
 MINIMUM TEMPERATURE (F)   39        16      1895


SUNRISE AND SUNSET
DECEMBER 25 2014......SUNRISE   722 AM MST   SUNSET   526 PM MST
DECEMBER 26 2014......SUNRISE   723 AM MST   SUNSET   526 PM MST


-  INDICATES NEGATIVE NUMBERS.
R  INDICATES RECORD WAS SET OR TIED.
MM INDICATES DATA IS MISSING.
T  INDICATES TRACE AMOUNT.




$$
