000
CDUS45 KTWC 240730
CLITUS

CLIMATE REPORT
NATIONAL WEATHER SERVICE TUCSON AZ
1230 AM MST SUN SEP 24 2017

...................................

...THE TUCSON AZ CLIMATE SUMMARY FOR SEPTEMBER 23 2017...

CLIMATE NORMAL PERIOD 1981 TO 2010
CLIMATE RECORD PERIOD 1895 TO 2017


WEATHER ITEM   OBSERVED TIME   RECORD YEAR NORMAL DEPARTURE LAST
                VALUE   (LST)  VALUE       VALUE  FROM      YEAR
                                                  NORMAL
..................................................................
TEMPERATURE (F)
 YESTERDAY
  MAXIMUM         86    349 PM 103    2001  93     -7       85
  MINIMUM         66   1159 PM  48    1941  66      0       66
  AVERAGE         76                        80     -4       76

PRECIPITATION (IN)
  YESTERDAY        0.00          1.32 1929   0.04  -0.04     0.01
  MONTH TO DATE    0.03                      1.05  -1.02     1.30
  SINCE OCT 1     11.86                     11.35   0.51    12.71
  SINCE JAN 1     10.18                      8.96   1.22     9.83

DEGREE DAYS
 HEATING
  YESTERDAY        0                         0      0        0
  MONTH TO DATE    0                         0      0        0
  SINCE SEP 1      0                         0      0        0
  SINCE JUL 1      0                         0      0        0

 COOLING
  YESTERDAY       11                        15     -4       11
  MONTH TO DATE  477                       407     70      400
  SINCE SEP 1    477                       407     70      400
  SINCE JAN 1   3316                      2817    499     3110
..................................................................


WIND (MPH)
  HIGHEST WIND SPEED    21   HIGHEST WIND DIRECTION     W (270)
  HIGHEST GUST SPEED    28   HIGHEST GUST DIRECTION     W (260)
  AVERAGE WIND SPEED     7.0


SKY COVER
  POSSIBLE SUNSHINE  MM
  AVERAGE SKY COVER 0.3


WEATHER CONDITIONS
 THE FOLLOWING WEATHER WAS RECORDED YESTERDAY.
  NO SIGNIFICANT WEATHER WAS OBSERVED.


RELATIVE HUMIDITY (PERCENT)
 HIGHEST    36
 LOWEST     11
 AVERAGE    24

..........................................................


THE TUCSON AZ CLIMATE NORMALS FOR TODAY
                         NORMAL    RECORD    YEAR
 MAXIMUM TEMPERATURE (F)   92       104      1899
 MINIMUM TEMPERATURE (F)   66        49      1923


SUNRISE AND SUNSET
SEPTEMBER 24 2017.....SUNRISE   613 AM MST   SUNSET   617 PM MST
SEPTEMBER 25 2017.....SUNRISE   614 AM MST   SUNSET   616 PM MST


-  INDICATES NEGATIVE NUMBERS.
R  INDICATES RECORD WAS SET OR TIED.
MM INDICATES DATA IS MISSING.
T  INDICATES TRACE AMOUNT.

$$
