000
CDUS45 KTWC 291432
CLITUS

CLIMATE REPORT
NATIONAL WEATHER SERVICE TUCSON AZ
727 AM MST WED JUL 29 2015


...................................

...THE TUCSON AZ CLIMATE SUMMARY FOR JULY 29 2015...
VALID AS OF 0700 AM LOCAL TIME.

CLIMATE NORMAL PERIOD 1981 TO 2010
CLIMATE RECORD PERIOD 1895 TO 2015


WEATHER ITEM   OBSERVED TIME   RECORD YEAR NORMAL DEPARTURE LAST
                VALUE   (LST)  VALUE       VALUE  FROM      YEAR
                                                  NORMAL
..................................................................
TEMPERATURE (F)
 TODAY
  MINIMUM         74    642 AM  62    1913  74      0       77

PRECIPITATION (IN)
  TODAY            0.03          3.93 1958   0.09  -0.06     0.00
  MONTH TO DATE    2.04                      2.05  -0.01     1.43
  SINCE OCT 1      9.80                      7.71   2.09     5.09
  SINCE JAN 1      6.30                      5.32   0.98     2.04

DEGREE DAYS
 HEATING
  TODAY            0                         0      0        0

 COOLING
  TODAY           11                        21    -10       25
..................................................................


WIND (MPH)
  HIGHEST WIND SPEED    13   HIGHEST WIND DIRECTION    SE (140)
  HIGHEST GUST SPEED    16   HIGHEST GUST DIRECTION    SE (140)
  AVERAGE WIND SPEED     5.3


SKY COVER
  POSSIBLE SUNSHINE  MM
  AVERAGE SKY COVER 0.5


WEATHER CONDITIONS
 THE FOLLOWING WEATHER WAS RECORDED TODAY.
  THUNDERSTORM
  HAZE


RELATIVE HUMIDITY (PERCENT)
 HIGHEST    84           200 AM

..........................................................


THE TUCSON AZ CLIMATE NORMALS FOR TOMORROW
                         NORMAL    RECORD    YEAR
 MAXIMUM TEMPERATURE (F)   98       109      1986
                                             1957
                                             1943
 MINIMUM TEMPERATURE (F)   74        64      1919
                                             1903


SUNRISE AND SUNSET
JULY 29 2015..........SUNRISE   537 AM MST   SUNSET   723 PM MST
JULY 30 2015..........SUNRISE   537 AM MST   SUNSET   723 PM MST


-  INDICATES NEGATIVE NUMBERS.
R  INDICATES RECORD WAS SET OR TIED.
MM INDICATES DATA IS MISSING.
T  INDICATES TRACE AMOUNT.




$$
