000
CDUS43 KAPX 280533
CLITVC


CLIMATE REPORT
NATIONAL WEATHER SERVICE GAYLORD MI
132 AM EDT MON JUL 28 2014


...................................

...THE TRAVERSE CITY MI CLIMATE SUMMARY FOR JULY 27 2014...

CLIMATE NORMAL PERIOD 1981 TO 2010
CLIMATE RECORD PERIOD 1896 TO 2014


WEATHER ITEM   OBSERVED TIME   RECORD YEAR NORMAL DEPARTURE LAST
                VALUE   (LST)  VALUE       VALUE  FROM      YEAR
                                                  NORMAL
..................................................................
TEMPERATURE (F)
 YESTERDAY
  MAXIMUM         77   1152 AM  99    1941  80     -3       63
  MINIMUM         61    301 AM  43    2001  58      3       55
  AVERAGE         69                        69      0       59

PRECIPITATION (IN)
  YESTERDAY        0.46          0.93 2012   0.10   0.36     0.04
  MONTH TO DATE    2.10                      2.60  -0.50     2.72
  SINCE JUN 1      4.77                      5.76  -0.99     4.10
  SINCE JAN 1     14.45                     17.31  -2.86    16.48

DEGREE DAYS
 HEATING
  YESTERDAY        0                         1     -1        6
  MONTH TO DATE   45                        28     17       19
  SINCE JUN 1    117                       140    -23      121
  SINCE JUL 1     45                        28     17       19

 COOLING
  YESTERDAY        4                         5     -1        0
  MONTH TO DATE   89                       135    -46      201
  SINCE JUN 1    196                       216    -20      288
  SINCE JAN 1    205                       236    -31      330
..................................................................


WIND (MPH)
  HIGHEST WIND SPEED    16   HIGHEST WIND DIRECTION     N (350)
  HIGHEST GUST SPEED    24   HIGHEST GUST DIRECTION     N (350)
  AVERAGE WIND SPEED     4.6




RELATIVE HUMIDITY (PERCENT)
 HIGHEST    97
 LOWEST     72
 AVERAGE    85

..........................................................


THE TRAVERSE CITY MI CLIMATE NORMALS FOR TODAY
                         NORMAL    RECORD    YEAR
 MAXIMUM TEMPERATURE (F)   80        98      1941
 MINIMUM TEMPERATURE (F)   58        43      1978


SUNRISE AND SUNSET
JULY 28 2014..........SUNRISE   624 AM EDT   SUNSET   913 PM EDT
JULY 29 2014..........SUNRISE   625 AM EDT   SUNSET   912 PM EDT


-  INDICATES NEGATIVE NUMBERS.
R  INDICATES RECORD WAS SET OR TIED.
MM INDICATES DATA IS MISSING.
T  INDICATES TRACE AMOUNT.




$$
