000
CDUS43 KAPX 280526
CLITVC


CLIMATE REPORT
NATIONAL WEATHER SERVICE GAYLORD MI
126 AM EDT TUE MAR 28 2017


...................................

...THE TRAVERSE CITY MI CLIMATE SUMMARY FOR MARCH 27 2017...

CLIMATE NORMAL PERIOD 1981 TO 2010
CLIMATE RECORD PERIOD 1896 TO 2017


WEATHER ITEM   OBSERVED TIME   RECORD YEAR NORMAL DEPARTURE LAST
                VALUE   (LST)  VALUE       VALUE  FROM      YEAR
                                                  NORMAL
..................................................................
TEMPERATURE (F)
 YESTERDAY
  MAXIMUM         43    155 AM  81    1945  45     -2       49
  MINIMUM         37   1159 PM  -7    1965  25     12       35
  AVERAGE         40                        35      5       42

PRECIPITATION (IN)
  YESTERDAY        T             0.96 1991   0.06  -0.06     0.27
  MONTH TO DATE    1.63                      1.58   0.05     2.27
  SINCE MAR 1      1.63                      1.58   0.05     2.27
  SINCE JAN 1      4.96                      5.90  -0.94     5.06

DEGREE DAYS
 HEATING
  YESTERDAY       25                        30     -5       23
  MONTH TO DATE  923                       946    -23      764
  SINCE MAR 1    923                       946    -23      764
  SINCE JUL 1   5096                      6286  -1190     5074

 COOLING
  YESTERDAY        0                         0      0        0
  MONTH TO DATE    0                         0      0        0
  SINCE MAR 1      0                         0      0        0
  SINCE JAN 1      0                         0      0        0
..................................................................


WIND (MPH)
  HIGHEST WIND SPEED    10   HIGHEST WIND DIRECTION    NW (330)
  HIGHEST GUST SPEED    14   HIGHEST GUST DIRECTION     N (340)
  AVERAGE WIND SPEED     3.9




RELATIVE HUMIDITY (PERCENT)
 HIGHEST   100
 LOWEST     79
 AVERAGE    90

..........................................................


THE TRAVERSE CITY MI CLIMATE NORMALS FOR TODAY
                         NORMAL    RECORD    YEAR
 MAXIMUM TEMPERATURE (F)   45        78      1946
 MINIMUM TEMPERATURE (F)   26        -1      1923


SUNRISE AND SUNSET
MARCH 28 2017.........SUNRISE   730 AM EDT   SUNSET   805 PM EDT
MARCH 29 2017.........SUNRISE   728 AM EDT   SUNSET   806 PM EDT


-  INDICATES NEGATIVE NUMBERS.
R  INDICATES RECORD WAS SET OR TIED.
MM INDICATES DATA IS MISSING.
T  INDICATES TRACE AMOUNT.




$$
