000
CDUS43 KAPX 300531
CLITVC


CLIMATE REPORT
NATIONAL WEATHER SERVICE GAYLORD MI
130 AM EDT MON MAY 30 2016


...................................

...THE TRAVERSE CITY MI CLIMATE SUMMARY FOR MAY 29 2016...

CLIMATE NORMAL PERIOD 1981 TO 2010
CLIMATE RECORD PERIOD 1896 TO 2016


WEATHER ITEM   OBSERVED TIME   RECORD YEAR NORMAL DEPARTURE LAST
                VALUE   (LST)  VALUE       VALUE  FROM      YEAR
                                                  NORMAL
..................................................................
TEMPERATURE (F)
 YESTERDAY
  MAXIMUM         80   1206 PM  93    2006  70     10       80
  MINIMUM         66    516 AM  31    1964  46     20       56
  AVERAGE         73                        58     15       68

PRECIPITATION (IN)
  YESTERDAY        0.01          4.18 1942   0.09  -0.08     0.56
  MONTH TO DATE    1.51                      2.42  -0.91     3.38
  SINCE MAR 1      7.07                      7.06   0.01     5.31
  SINCE JAN 1      9.86                     11.38  -1.52     6.09

DEGREE DAYS
 HEATING
  YESTERDAY        0                         8     -8        0
  MONTH TO DATE  298                       355    -57      249
  SINCE MAR 1   1857                      2082   -225     1982
  SINCE JUL 1   6167                      7422  -1255     7714

 COOLING
  YESTERDAY        8                         1      7        3
  MONTH TO DATE   47                        12     35       35
  SINCE MAR 1     47                        15     32       35
  SINCE JAN 1     47                        15     32       35
..................................................................


WIND (MPH)
  HIGHEST WIND SPEED    21   HIGHEST WIND DIRECTION     W (250)
  HIGHEST GUST SPEED    31   HIGHEST GUST DIRECTION    SW (240)
  AVERAGE WIND SPEED     7.8




RELATIVE HUMIDITY (PERCENT)
 HIGHEST    81
 LOWEST     42
 AVERAGE    62

..........................................................


THE TRAVERSE CITY MI CLIMATE NORMALS FOR TODAY
                         NORMAL    RECORD    YEAR
 MAXIMUM TEMPERATURE (F)   70        92      1937
 MINIMUM TEMPERATURE (F)   47        28      1961


SUNRISE AND SUNSET
MAY 30 2016...........SUNRISE   601 AM EDT   SUNSET   920 PM EDT
MAY 31 2016...........SUNRISE   600 AM EDT   SUNSET   920 PM EDT


-  INDICATES NEGATIVE NUMBERS.
R  INDICATES RECORD WAS SET OR TIED.
MM INDICATES DATA IS MISSING.
T  INDICATES TRACE AMOUNT.




$$
