000
CDUS43 KAPX 090529
CLITVC


CLIMATE REPORT
NATIONAL WEATHER SERVICE GAYLORD MI
1228 AM EST FRI DEC 9 2016


...................................

...THE TRAVERSE CITY MI CLIMATE SUMMARY FOR DECEMBER 8 2016...

CLIMATE NORMAL PERIOD 1981 TO 2010
CLIMATE RECORD PERIOD 1896 TO 2016


WEATHER ITEM   OBSERVED TIME   RECORD YEAR NORMAL DEPARTURE LAST
                VALUE   (LST)  VALUE       VALUE  FROM      YEAR
                                                  NORMAL
..................................................................
TEMPERATURE (F)
 YESTERDAY
  MAXIMUM         33    258 PM  60    1946  34     -1       44
  MINIMUM         25    858 AM  -3    1958  23      2       37
  AVERAGE         29                        29      0       41

PRECIPITATION (IN)
  YESTERDAY        0.06          0.36 1996   0.08  -0.02      T
  MONTH TO DATE    0.38                      0.65  -0.27     0.16
  SINCE DEC 1      0.38                      0.65  -0.27     0.16
  SINCE JAN 1     25.55                     31.21  -5.66    21.63

DEGREE DAYS
 HEATING
  YESTERDAY       36                        36      0       24
  MONTH TO DATE  235                       279    -44      204
  SINCE DEC 1    235                       279    -44      204
  SINCE JUL 1   1194                      1898   -704     1384
..................................................................


WIND (MPH)
  HIGHEST WIND SPEED    21   HIGHEST WIND DIRECTION    NW (320)
  HIGHEST GUST SPEED    27   HIGHEST GUST DIRECTION    NW (310)
  AVERAGE WIND SPEED    11.3




RELATIVE HUMIDITY (PERCENT)
 HIGHEST    92
 LOWEST     63
 AVERAGE    78

..........................................................


THE TRAVERSE CITY MI CLIMATE NORMALS FOR TODAY
                         NORMAL    RECORD    YEAR
 MAXIMUM TEMPERATURE (F)   34        60      1946
 MINIMUM TEMPERATURE (F)   23         1      1995


SUNRISE AND SUNSET
DECEMBER  9 2016......SUNRISE   808 AM EST   SUNSET   502 PM EST
DECEMBER 10 2016......SUNRISE   809 AM EST   SUNSET   502 PM EST


-  INDICATES NEGATIVE NUMBERS.
R  INDICATES RECORD WAS SET OR TIED.
MM INDICATES DATA IS MISSING.
T  INDICATES TRACE AMOUNT.




$$
