000
CDUS43 KAPX 300527
CLITVC


CLIMATE REPORT
NATIONAL WEATHER SERVICE GAYLORD MI
127 AM EDT SAT APR 30 2016


...................................

...THE TRAVERSE CITY MI CLIMATE SUMMARY FOR APRIL 29 2016...

CLIMATE NORMAL PERIOD 1981 TO 2010
CLIMATE RECORD PERIOD 1896 TO 2016


WEATHER ITEM   OBSERVED TIME   RECORD YEAR NORMAL DEPARTURE LAST
                VALUE   (LST)  VALUE       VALUE  FROM      YEAR
                                                  NORMAL
..................................................................
TEMPERATURE (F)
 YESTERDAY
  MAXIMUM         58    357 PM  90    1970  60     -2       55
  MINIMUM         38   1118 PM  21    1977  36      2       32
  AVERAGE         48                        48      0       44

PRECIPITATION (IN)
  YESTERDAY        0.00          0.79 2014   0.09  -0.09      T
  MONTH TO DATE    1.74                      2.70  -0.96     1.41
  SINCE MAR 1      5.56                      4.56   1.00     1.93
  SINCE JAN 1      8.35                      8.88  -0.53     2.71

DEGREE DAYS
 HEATING
  YESTERDAY       17                        17      0       21
  MONTH TO DATE  684                       649     35      629
  SINCE MAR 1   1539                      1711   -172     1712
  SINCE JUL 1   5849                      7051  -1202     7444

 COOLING
  YESTERDAY        0                         0      0        0
  MONTH TO DATE    0                         0      0        0
  SINCE MAR 1      0                         0      0        0
  SINCE JAN 1      0                         0      0        0
..................................................................


WIND (MPH)
  HIGHEST WIND SPEED    16   HIGHEST WIND DIRECTION    NW (310)
  HIGHEST GUST SPEED    20   HIGHEST GUST DIRECTION    NW (320)
  AVERAGE WIND SPEED     4.7




RELATIVE HUMIDITY (PERCENT)
 HIGHEST    82
 LOWEST     36
 AVERAGE    59

..........................................................


THE TRAVERSE CITY MI CLIMATE NORMALS FOR TODAY
                         NORMAL    RECORD    YEAR
 MAXIMUM TEMPERATURE (F)   60        85      2001
 MINIMUM TEMPERATURE (F)   37        23      1956


SUNRISE AND SUNSET
APRIL 30 2016.........SUNRISE   633 AM EDT   SUNSET   847 PM EDT
MAY  1 2016...........SUNRISE   632 AM EDT   SUNSET   848 PM EDT


-  INDICATES NEGATIVE NUMBERS.
R  INDICATES RECORD WAS SET OR TIED.
MM INDICATES DATA IS MISSING.
T  INDICATES TRACE AMOUNT.




$$
