000
CDUS43 KAPX 280531
CLITVC


CLIMATE REPORT
NATIONAL WEATHER SERVICE GAYLORD MI
131 AM EDT FRI AUG 28 2015


...................................

...THE TRAVERSE CITY MI CLIMATE SUMMARY FOR AUGUST 27 2015...

CLIMATE NORMAL PERIOD 1981 TO 2010
CLIMATE RECORD PERIOD 1896 TO 2015


WEATHER ITEM   OBSERVED TIME   RECORD YEAR NORMAL DEPARTURE LAST
                VALUE   (LST)  VALUE       VALUE  FROM      YEAR
                                                  NORMAL
..................................................................
TEMPERATURE (F)
 YESTERDAY
  MAXIMUM         76    424 PM  96    1973  76      0       70
  MINIMUM         57   1159 PM  37    1915  56      1       52
  AVERAGE         67                        66      1       61

PRECIPITATION (IN)
  YESTERDAY        0.00          2.80 2013   0.11  -0.11     0.00
  MONTH TO DATE    1.75                      2.94  -1.19     1.75
  SINCE JUN 1      4.84                      9.12  -4.28     6.52
  SINCE JAN 1     11.32                     20.67  -9.35    16.20

DEGREE DAYS
 HEATING
  YESTERDAY        0                         2     -2        4
  MONTH TO DATE   19                        31    -12       18
  SINCE JUN 1    135                       171    -36      145
  SINCE JUL 1     47                        59    -12       73

 COOLING
  YESTERDAY        2                         3     -1        0
  MONTH TO DATE  159                       105     54      107
  SINCE JUN 1    380                       338     42      305
  SINCE JAN 1    415                       358     57      314
..................................................................


WIND (MPH)
  HIGHEST WIND SPEED    12   HIGHEST WIND DIRECTION     W (270)
  HIGHEST GUST SPEED    18   HIGHEST GUST DIRECTION     W (270)
  AVERAGE WIND SPEED     3.1




RELATIVE HUMIDITY (PERCENT)
 HIGHEST    93
 LOWEST     53
 AVERAGE    73

..........................................................


THE TRAVERSE CITY MI CLIMATE NORMALS FOR TODAY
                         NORMAL    RECORD    YEAR
 MAXIMUM TEMPERATURE (F)   76        95      1991
 MINIMUM TEMPERATURE (F)   55        36      1968


SUNRISE AND SUNSET
AUGUST 28 2015........SUNRISE   700 AM EDT   SUNSET   827 PM EDT
AUGUST 29 2015........SUNRISE   701 AM EDT   SUNSET   825 PM EDT


-  INDICATES NEGATIVE NUMBERS.
R  INDICATES RECORD WAS SET OR TIED.
MM INDICATES DATA IS MISSING.
T  INDICATES TRACE AMOUNT.




$$
