000
CDUS43 KAPX 270537
CLITVC


CLIMATE REPORT
NATIONAL WEATHER SERVICE GAYLORD MI
1237 AM EST THU NOV 27 2014


...................................

...THE TRAVERSE CITY MI CLIMATE SUMMARY FOR NOVEMBER 26 2014...

CLIMATE NORMAL PERIOD 1981 TO 2010
CLIMATE RECORD PERIOD 1896 TO 2014


WEATHER ITEM   OBSERVED TIME   RECORD YEAR NORMAL DEPARTURE LAST
                VALUE   (LST)  VALUE       VALUE  FROM      YEAR
                                                  NORMAL
..................................................................
TEMPERATURE (F)
 YESTERDAY
  MAXIMUM         30        MM  63    1960  39     -9       34
  MINIMUM         26        MM   3    1974  27     -1       22
  AVERAGE         28                        33     -5       28

PRECIPITATION (IN)
  YESTERDAY        T             1.08 1979   0.09  -0.09     0.12
  MONTH TO DATE    3.03                      2.37   0.66     4.60
  SINCE SEP 1     14.66                      9.12   5.54    14.46
  SINCE JAN 1     31.46                     30.23   1.23    35.03

DEGREE DAYS
 HEATING
  YESTERDAY       37                        32      5       37
  MONTH TO DATE  819                       700    119      685
  SINCE SEP 1   1460                      1418     42     1275
  SINCE JUL 1   1539                      1487     52     1325
..................................................................


WIND (MPH)
  HIGHEST WIND SPEED     5   HIGHEST WIND DIRECTION    SE (120)
  HIGHEST GUST SPEED    MM   HIGHEST GUST DIRECTION    MM
  AVERAGE WIND SPEED     2.3




RELATIVE HUMIDITY (PERCENT)
 HIGHEST    85
 LOWEST     72
 AVERAGE    79

..........................................................


THE TRAVERSE CITY MI CLIMATE NORMALS FOR TODAY
                         NORMAL    RECORD    YEAR
 MAXIMUM TEMPERATURE (F)   39        66      1990
 MINIMUM TEMPERATURE (F)   27         3      1951


SUNRISE AND SUNSET
NOVEMBER 27 2014......SUNRISE   755 AM EST   SUNSET   505 PM EST
NOVEMBER 28 2014......SUNRISE   756 AM EST   SUNSET   504 PM EST


-  INDICATES NEGATIVE NUMBERS.
R  INDICATES RECORD WAS SET OR TIED.
MM INDICATES DATA IS MISSING.
T  INDICATES TRACE AMOUNT.




$$
