000
CDUS43 KAPX 220526
CLITVC


CLIMATE REPORT
NATIONAL WEATHER SERVICE GAYLORD MI
126 AM EDT FRI SEP 22 2017


...................................

...THE TRAVERSE CITY MI CLIMATE SUMMARY FOR SEPTEMBER 21 2017...

CLIMATE NORMAL PERIOD 1981 TO 2010
CLIMATE RECORD PERIOD 1896 TO 2017


WEATHER ITEM   OBSERVED TIME   RECORD YEAR NORMAL DEPARTURE LAST
                VALUE   (LST)  VALUE       VALUE  FROM      YEAR
                                                  NORMAL
..................................................................
TEMPERATURE (F)
 YESTERDAY
  MAXIMUM         87   1254 PM  88    1914  68     19       76
  MINIMUM         66   1149 PM  33    1973  48     18       61
  AVERAGE         77                        58     19       69

PRECIPITATION (IN)
  YESTERDAY        0.00          2.20 1947   0.12  -0.12      T
  MONTH TO DATE    1.66                      2.49  -0.83     2.29
  SINCE SEP 1      1.66                      2.49  -0.83     2.29
  SINCE JAN 1     22.03                     23.60  -1.57    20.03

DEGREE DAYS
 HEATING
  YESTERDAY        0                         8     -8        0
  MONTH TO DATE   78                       106    -28       15
  SINCE SEP 1     78                       106    -28       15
  SINCE JUL 1    112                       175    -63       24

 COOLING
  YESTERDAY       12                         1     11        4
  MONTH TO DATE   51                        33     18       95
  SINCE SEP 1     51                        33     18       95
  SINCE JAN 1    434                       402     32      755
..................................................................


WIND (MPH)
  HIGHEST WIND SPEED    12   HIGHEST WIND DIRECTION     N (20)
  HIGHEST GUST SPEED    15   HIGHEST GUST DIRECTION    NE (30)
  AVERAGE WIND SPEED     2.6




RELATIVE HUMIDITY (PERCENT)
 HIGHEST    87
 LOWEST     50
 AVERAGE    69

..........................................................


THE TRAVERSE CITY MI CLIMATE NORMALS FOR TODAY
                         NORMAL    RECORD    YEAR
 MAXIMUM TEMPERATURE (F)   68        90      1908
 MINIMUM TEMPERATURE (F)   48        31      1981


SUNRISE AND SUNSET
SEPTEMBER 22 2017.....SUNRISE   730 AM EDT   SUNSET   739 PM EDT
SEPTEMBER 23 2017.....SUNRISE   731 AM EDT   SUNSET   737 PM EDT


-  INDICATES NEGATIVE NUMBERS.
R  INDICATES RECORD WAS SET OR TIED.
MM INDICATES DATA IS MISSING.
T  INDICATES TRACE AMOUNT.




$$
