000
CDUS43 KAPX 020527
CLITVC


CLIMATE REPORT
NATIONAL WEATHER SERVICE GAYLORD MI
127 AM EDT THU OCT 2 2014


...................................

...THE TRAVERSE CITY MI CLIMATE SUMMARY FOR OCTOBER 1 2014...

CLIMATE NORMAL PERIOD 1981 TO 2010
CLIMATE RECORD PERIOD 1896 TO 2014


WEATHER ITEM   OBSERVED TIME   RECORD YEAR NORMAL DEPARTURE LAST
                VALUE   (LST)  VALUE       VALUE  FROM      YEAR
                                                  NORMAL
..................................................................
TEMPERATURE (F)
 YESTERDAY
  MAXIMUM         69    225 PM  88    1971  64      5       79
  MINIMUM         51    950 PM  30    2009  44      7       53
                                      1960
  AVERAGE         60                        54      6       66

PRECIPITATION (IN)
  YESTERDAY        0.00          1.75 1994   0.11  -0.11     0.00
  MONTH TO DATE    0.00                      0.11  -0.11     0.00
  SINCE SEP 1      6.26                      3.64   2.62     2.92
  SINCE JAN 1     23.06                     24.75  -1.69    23.49

DEGREE DAYS
 HEATING
  YESTERDAY        5                        12     -7        0
  MONTH TO DATE    5                        12     -7        0
  SINCE SEP 1    158                       205    -47      165
  SINCE JUL 1    237                       274    -37      215

 COOLING
  YESTERDAY        0                         0      0        1
  MONTH TO DATE    0                         0      0        1
  SINCE SEP 1     42                        38      4       54
  SINCE JAN 1    374                       407    -33      531
..................................................................


WIND (MPH)
  HIGHEST WIND SPEED    13   HIGHEST WIND DIRECTION    SE (140)
  HIGHEST GUST SPEED    18   HIGHEST GUST DIRECTION     S (160)
  AVERAGE WIND SPEED     2.7




RELATIVE HUMIDITY (PERCENT)
 HIGHEST    93
 LOWEST     55
 AVERAGE    74

..........................................................


THE TRAVERSE CITY MI CLIMATE NORMALS FOR TODAY
                         NORMAL    RECORD    YEAR
 MAXIMUM TEMPERATURE (F)   63        89      1922
 MINIMUM TEMPERATURE (F)   44        30      1974


SUNRISE AND SUNSET
OCTOBER  2 2014.......SUNRISE   741 AM EDT   SUNSET   721 PM EDT
OCTOBER  3 2014.......SUNRISE   743 AM EDT   SUNSET   719 PM EDT


-  INDICATES NEGATIVE NUMBERS.
R  INDICATES RECORD WAS SET OR TIED.
MM INDICATES DATA IS MISSING.
T  INDICATES TRACE AMOUNT.




$$
