000
CDUS43 KAPX 292127
CLITVC


CLIMATE REPORT
NATIONAL WEATHER SERVICE GAYLORD MI
527 PM EDT FRI JUL 29 2016


...................................

...THE TRAVERSE CITY MI CLIMATE SUMMARY FOR JULY 29 2016...
VALID TODAY AS OF 0500 PM LOCAL TIME.

CLIMATE NORMAL PERIOD 1981 TO 2010
CLIMATE RECORD PERIOD 1896 TO 2016


WEATHER ITEM   OBSERVED TIME   RECORD YEAR NORMAL DEPARTURE LAST
                VALUE   (LST)  VALUE       VALUE  FROM      YEAR
                                                  NORMAL
..................................................................
TEMPERATURE (F)
 TODAY
  MAXIMUM         81    327 PM 100    1941  80      1       88
  MINIMUM         64    529 AM  43    1956  58      6       71
  AVERAGE         73                        69      4       80

PRECIPITATION (IN)
  TODAY            0.05          2.40 1996   0.10  -0.05     0.00
  MONTH TO DATE    2.14                      2.80  -0.66     1.07
  SINCE JUN 1      4.21                      5.96  -1.75     3.09
  SINCE JAN 1     14.07                     17.51  -3.44     9.57

DEGREE DAYS
 HEATING
  TODAY            0                         1     -1        0
  MONTH TO DATE    9                        30    -21       28
  SINCE JUN 1     73                       142    -69      116
  SINCE JUL 1      9                        30    -21       28

 COOLING
  TODAY            8                         5      3       15
  MONTH TO DATE  243                       145     98      175
  SINCE JUN 1    333                       226    107      199
  SINCE JAN 1    383                       246    137      234
..................................................................


WIND (MPH)
  RESULTANT WIND SPEED   5   RESULTANT WIND DIRECTION   N (10)
  HIGHEST WIND SPEED    14   HIGHEST WIND DIRECTION     N (340)
  HIGHEST GUST SPEED    19   HIGHEST GUST DIRECTION     N (10)
  AVERAGE WIND SPEED     5.1


SKY COVER
  POSSIBLE SUNSHINE  MM
  AVERAGE SKY COVER 0.8


WEATHER CONDITIONS
 THE FOLLOWING WEATHER WAS RECORDED TODAY.
  LIGHT RAIN


RELATIVE HUMIDITY (PERCENT)
 HIGHEST    93           400 AM
 LOWEST     45           100 PM
 AVERAGE    69

..........................................................




SUNRISE AND SUNSET
JULY 29 2016..........SUNRISE   626 AM EDT   SUNSET   911 PM EDT
JULY 30 2016..........SUNRISE   627 AM EDT   SUNSET   910 PM EDT


-  INDICATES NEGATIVE NUMBERS.
R  INDICATES RECORD WAS SET OR TIED.
MM INDICATES DATA IS MISSING.
T  INDICATES TRACE AMOUNT.




$$
