728
CDUS44 KJAN 032210
CLITVR


CLIMATE REPORT
NATIONAL WEATHER SERVICE JACKSON MS
409 PM CST SAT DEC 3 2016


...................................

...THE VICKSBURG CLIMATE SUMMARY FOR DECEMBER 3 2016...
VALID TODAY AS OF 0400 PM LOCAL TIME.

CLIMATE NORMAL PERIOD 1981 TO 2010
CLIMATE RECORD PERIOD 1948 TO 2016


WEATHER ITEM   OBSERVED TIME   RECORD YEAR NORMAL DEPARTURE LAST
                VALUE   (LST)  VALUE       VALUE  FROM      YEAR
                                                  NORMAL
..................................................................
TEMPERATURE (F)
 TODAY
  MAXIMUM         54   1241 AM  83    1982  62     -8       55
  MINIMUM         47    726 AM  23    1960  40      7       39
  AVERAGE         51                        51      0       47

PRECIPITATION (IN)
  TODAY            1.10          2.71 1953   0.20   0.90     0.00
  MONTH TO DATE    1.10                      0.60   0.50     0.26
  SINCE DEC 1      1.10                      0.60   0.50     0.26
  SINCE JAN 1     55.92                     49.73   6.19    58.48

SNOWFALL (IN)
  TODAY           MM

DEGREE DAYS
 HEATING
  TODAY           14                        15     -1       18
  MONTH TO DATE   49                        44      5       41
  SINCE DEC 1     49                        44      5       41
  SINCE JUL 1    326                       446   -120      230

 COOLING
  TODAY            0                         0      0        0
  MONTH TO DATE    0                         0      0        0
  SINCE DEC 1      0                         0      0        0
  SINCE JAN 1   2919                      2225    694     2603
..................................................................


WIND (MPH)
  HIGHEST WIND SPEED    22   HIGHEST WIND DIRECTION    NE (60)
  HIGHEST GUST SPEED    28   HIGHEST GUST DIRECTION     E (70)
  AVERAGE WIND SPEED     9.9


SKY COVER
  POSSIBLE SUNSHINE  MM
  AVERAGE SKY COVER 0.9


WEATHER CONDITIONS
 THE FOLLOWING WEATHER WAS RECORDED TODAY.
  HEAVY RAIN
  RAIN
  LIGHT RAIN
  FOG


RELATIVE HUMIDITY (PERCENT)
 HIGHEST    93           700 AM
 LOWEST     54          1200 AM
 AVERAGE    74

..........................................................


THE VICKSBURG CLIMATE NORMALS FOR TOMORROW
                         NORMAL    RECORD    YEAR
 MAXIMUM TEMPERATURE (F)   61        82      1978
 MINIMUM TEMPERATURE (F)   39        21      1989


SUNRISE AND SUNSET
DECEMBER  3 2016......SUNRISE   650 AM CST   SUNSET   459 PM CST
DECEMBER  4 2016......SUNRISE   650 AM CST   SUNSET   459 PM CST


-  INDICATES NEGATIVE NUMBERS.
R  INDICATES RECORD WAS SET OR TIED.
MM INDICATES DATA IS MISSING.
T  INDICATES TRACE AMOUNT.




$$
