000
CDUS44 KJAN 280634
CLITVR


CLIMATE REPORT
NATIONAL WEATHER SERVICE JACKSON MS
126 AM CDT FRI AUG 28 2015


...................................

...THE VICKSBURG CLIMATE SUMMARY FOR AUGUST 27 2015...

CLIMATE NORMAL PERIOD 1981 TO 2010
CLIMATE RECORD PERIOD 1948 TO 2015


WEATHER ITEM   OBSERVED TIME   RECORD YEAR NORMAL DEPARTURE LAST
                VALUE   (LST)  VALUE       VALUE  FROM      YEAR
                                                  NORMAL
..................................................................
TEMPERATURE (F)
 YESTERDAY
  MAXIMUM         88    413 PM 100    2000  91     -3       95
  MINIMUM         53R   340 AM  56    1952  68    -15       66
  AVERAGE         71                        80     -9       81

PRECIPITATION (IN)
  YESTERDAY        0.00          5.26 1992   0.13  -0.13     0.00
  MONTH TO DATE    3.21                      3.11   0.10     4.72
  SINCE JUN 1     10.18                     10.73  -0.55    14.20
  SINCE JAN 1     40.45                     36.03   4.42    42.53

SNOWFALL (IN)
  YESTERDAY        0.0

DEGREE DAYS
 HEATING
  YESTERDAY        0                         0      0        0
  MONTH TO DATE    0                         0      0        0
  SINCE JUN 1      0                         0      0        0
  SINCE JUL 1      0                         0      0        0

 COOLING
  YESTERDAY        6                        15     -9       16
  MONTH TO DATE  476                       436     40      417
  SINCE JUN 1   1553                      1364    189     1248
  SINCE JAN 1   1999                      1734    265     1598
..................................................................


WIND (MPH)
  HIGHEST WIND SPEED    15   HIGHEST WIND DIRECTION     N (20)
  HIGHEST GUST SPEED    23   HIGHEST GUST DIRECTION     N (10)
  AVERAGE WIND SPEED     4.7


SKY COVER
  POSSIBLE SUNSHINE  MM
  AVERAGE SKY COVER 0.0


WEATHER CONDITIONS
 THE FOLLOWING WEATHER WAS RECORDED YESTERDAY.
  NO SIGNIFICANT WEATHER WAS OBSERVED.


RELATIVE HUMIDITY (PERCENT)
 HIGHEST    93          1200 AM
 LOWEST     34           300 PM
 AVERAGE    64

..........................................................


THE VICKSBURG CLIMATE NORMALS FOR TODAY
                         NORMAL    RECORD    YEAR
 MAXIMUM TEMPERATURE (F)   91       103      1954
 MINIMUM TEMPERATURE (F)   68        53      1952


SUNRISE AND SUNSET
AUGUST 28 2015........SUNRISE   636 AM CDT   SUNSET   734 PM CDT
AUGUST 29 2015........SUNRISE   637 AM CDT   SUNSET   732 PM CDT


-  INDICATES NEGATIVE NUMBERS.
R  INDICATES RECORD WAS SET OR TIED.
MM INDICATES DATA IS MISSING.
T  INDICATES TRACE AMOUNT.




$$
