000
CDUS44 KJAN 062212
CLITVR


CLIMATE REPORT
NATIONAL WEATHER SERVICE JACKSON MS
405 PM CST FRI MAR 6 2015


...................................

...THE VICKSBURG CLIMATE SUMMARY FOR MARCH 6 2015...
VALID TODAY AS OF 0400 PM LOCAL TIME.

CLIMATE NORMAL PERIOD 1981 TO 2010
CLIMATE RECORD PERIOD 1948 TO 2015


WEATHER ITEM   OBSERVED TIME   RECORD YEAR NORMAL DEPARTURE LAST
                VALUE   (LST)  VALUE       VALUE  FROM      YEAR
                                                  NORMAL
..................................................................
TEMPERATURE (F)
 TODAY
  MAXIMUM         45    336 PM  86    1956  66    -21       44
  MINIMUM         24R   649 AM  25    1960  44    -20       37
  AVERAGE         35                        55    -20       41

PRECIPITATION (IN)
  TODAY            0.00          2.79 1961   0.20  -0.20     0.34
  MONTH TO DATE    1.11                      1.14  -0.03     0.96
  SINCE MAR 1      1.11                      1.14  -0.03     0.96
  SINCE JAN 1     12.36                     11.48   0.88     6.38

SNOWFALL (IN)
  TODAY            0.0

DEGREE DAYS
 HEATING
  TODAY           30                        11     19       24
  MONTH TO DATE  108                        68     40      119
  SINCE MAR 1    108                        68     40      119
  SINCE JUL 1   2366                      2044    322     2528

 COOLING
  TODAY            0                         1     -1        0
  MONTH TO DATE    0                         3     -3        2
  SINCE MAR 1      0                         3     -3        2
  SINCE JAN 1      0                        12    -12        9
..................................................................


WIND (MPH)
  HIGHEST WIND SPEED    15   HIGHEST WIND DIRECTION     N (20)
  HIGHEST GUST SPEED    18   HIGHEST GUST DIRECTION     N (350)
  AVERAGE WIND SPEED     9.6


SKY COVER
  POSSIBLE SUNSHINE  MM
  AVERAGE SKY COVER 0.0


WEATHER CONDITIONS
 THE FOLLOWING WEATHER WAS RECORDED TODAY.
  NO SIGNIFICANT WEATHER WAS OBSERVED.


RELATIVE HUMIDITY (PERCENT)
 HIGHEST    68           500 AM
 LOWEST     36           200 PM
 AVERAGE    52

..........................................................


THE VICKSBURG CLIMATE NORMALS FOR TOMORROW
                         NORMAL    RECORD    YEAR
 MAXIMUM TEMPERATURE (F)   66        84      2009
                                             1974
 MINIMUM TEMPERATURE (F)   44        27      1984
                                             1954


SUNRISE AND SUNSET
MARCH  6 2015.........SUNRISE   626 AM CST   SUNSET   605 PM CST
MARCH  7 2015.........SUNRISE   625 AM CST   SUNSET   606 PM CST


-  INDICATES NEGATIVE NUMBERS.
R  INDICATES RECORD WAS SET OR TIED.
MM INDICATES DATA IS MISSING.
T  INDICATES TRACE AMOUNT.




$$
