000
CDUS44 KJAN 280648
CLITVR


CLIMATE REPORT
NATIONAL WEATHER SERVICE JACKSON MS
147 AM CDT SUN AUG 28 2016


...................................

...THE VICKSBURG CLIMATE SUMMARY FOR AUGUST 27 2016...

CLIMATE NORMAL PERIOD 1981 TO 2010
CLIMATE RECORD PERIOD 1948 TO 2016


WEATHER ITEM   OBSERVED TIME   RECORD YEAR NORMAL DEPARTURE LAST
                VALUE   (LST)  VALUE       VALUE  FROM      YEAR
                                                  NORMAL
..................................................................
TEMPERATURE (F)
 YESTERDAY
  MAXIMUM         94    231 PM 100    2000  91      3       88
  MINIMUM         73    606 AM  53    2015  68      5       53
  AVERAGE         84                        80      4       71

PRECIPITATION (IN)
  YESTERDAY        0.00          5.26 1992   0.13  -0.13     0.00
  MONTH TO DATE    6.77                      3.11   3.66     3.21
  SINCE JUN 1     15.98                     10.73   5.25    10.18
  SINCE JAN 1     51.45                     36.03  15.42    40.45

SNOWFALL (IN)
  YESTERDAY        0.0

DEGREE DAYS
 HEATING
  YESTERDAY        0                         0      0        0
  MONTH TO DATE    0                         0      0        0
  SINCE JUN 1      0                         0      0        0
  SINCE JUL 1      0                         0      0        0

 COOLING
  YESTERDAY       19                        15      4        6
  MONTH TO DATE  526                       436     90      476
  SINCE JUN 1   1649                      1364    285     1553
  SINCE JAN 1   2164                      1734    430     1999
..................................................................


WIND (MPH)
  HIGHEST WIND SPEED    10   HIGHEST WIND DIRECTION    NE (40)
  HIGHEST GUST SPEED    13   HIGHEST GUST DIRECTION    NE (40)
  AVERAGE WIND SPEED     2.5


SKY COVER
  POSSIBLE SUNSHINE  MM
  AVERAGE SKY COVER 0.0


WEATHER CONDITIONS
 THE FOLLOWING WEATHER WAS RECORDED YESTERDAY.
  FOG


RELATIVE HUMIDITY (PERCENT)
 HIGHEST    94          1200 AM
 LOWEST     46           300 PM
 AVERAGE    70

..........................................................


THE VICKSBURG CLIMATE NORMALS FOR TODAY
                         NORMAL    RECORD    YEAR
 MAXIMUM TEMPERATURE (F)   91       103      1954
 MINIMUM TEMPERATURE (F)   68        53      1952


SUNRISE AND SUNSET
AUGUST 28 2016........SUNRISE   637 AM CDT   SUNSET   733 PM CDT
AUGUST 29 2016........SUNRISE   638 AM CDT   SUNSET   732 PM CDT


-  INDICATES NEGATIVE NUMBERS.
R  INDICATES RECORD WAS SET OR TIED.
MM INDICATES DATA IS MISSING.
T  INDICATES TRACE AMOUNT.




$$
