000
CDUS44 KJAN 242234
CLITVR


CLIMATE REPORT
NATIONAL WEATHER SERVICE JACKSON MS
534 PM CDT SAT SEP 24 2016


...................................

...THE VICKSBURG CLIMATE SUMMARY FOR SEPTEMBER 24 2016...
VALID AS OF 0500 PM LOCAL TIME.

CLIMATE NORMAL PERIOD 1981 TO 2010
CLIMATE RECORD PERIOD 1948 TO 2016


WEATHER ITEM   OBSERVED TIME   RECORD YEAR NORMAL DEPARTURE LAST
                VALUE   (LST)  VALUE       VALUE  FROM      YEAR
                                                  NORMAL
..................................................................
TEMPERATURE (F)
 TODAY
  MAXIMUM         96R   226 PM  95    2010  85     11       92
                                      1980
  MINIMUM         68    618 AM  45    1983  61      7       62
                                      1982
  AVERAGE         82                        73      9       77

PRECIPITATION (IN)
  TODAY            0.00          2.03 2013   0.07  -0.07     0.00
  MONTH TO DATE    0.12                      2.34  -2.22     0.52
  SINCE SEP 1      0.12                      2.34  -2.22     0.52
  SINCE JAN 1     51.67                     38.91  12.76    40.97

DEGREE DAYS
 HEATING
  TODAY            0                         0      0        0
  MONTH TO DATE    0                         0      0        0
  SINCE SEP 1      0                         0      0        0
  SINCE JUL 1      0                         0      0        0

 COOLING
  TODAY           17                         8      9       12
  MONTH TO DATE  422                       264    158      307
  SINCE SEP 1    422                       264    158      307
  SINCE JAN 1   2669                      2053    616     2361
..................................................................


WIND (MPH)
  HIGHEST WIND SPEED    10   HIGHEST WIND DIRECTION    NE (40)
  HIGHEST GUST SPEED    14   HIGHEST GUST DIRECTION    NE (40)
  AVERAGE WIND SPEED     3.2


SKY COVER
  POSSIBLE SUNSHINE  MM
  AVERAGE SKY COVER 0.1


WEATHER CONDITIONS
 THE FOLLOWING WEATHER WAS RECORDED TODAY.
  FOG


RELATIVE HUMIDITY (PERCENT)
 HIGHEST   100           100 AM
 LOWEST     39           400 PM
 AVERAGE    70

..........................................................


THE VICKSBURG CLIMATE NORMALS FOR TOMORROW
                         NORMAL    RECORD    YEAR
 MAXIMUM TEMPERATURE (F)   85        94      2010
                                             1993
 MINIMUM TEMPERATURE (F)   60        43      1949


SUNRISE AND SUNSET
SEPTEMBER 24 2016.....SUNRISE   654 AM CDT   SUNSET   657 PM CDT
SEPTEMBER 25 2016.....SUNRISE   655 AM CDT   SUNSET   656 PM CDT


-  INDICATES NEGATIVE NUMBERS.
R  INDICATES RECORD WAS SET OR TIED.
MM INDICATES DATA IS MISSING.
T  INDICATES TRACE AMOUNT.




$$
