493
CDUS44 KJAN 040641
CLITVR


CLIMATE REPORT
NATIONAL WEATHER SERVICE JACKSON MS
139 AM CDT WED MAY 4 2016


...................................

...THE VICKSBURG CLIMATE SUMMARY FOR MAY 3 2016...

CLIMATE NORMAL PERIOD 1981 TO 2010
CLIMATE RECORD PERIOD 1948 TO 2016


WEATHER ITEM   OBSERVED TIME   RECORD YEAR NORMAL DEPARTURE LAST
                VALUE   (LST)  VALUE       VALUE  FROM      YEAR
                                                  NORMAL
..................................................................
TEMPERATURE (F)
 YESTERDAY
  MAXIMUM         76    126 PM  89    1955  81     -5       83
                                      1952
  MINIMUM         57   1159 PM  39    2013  58     -1       53
  AVERAGE         67                        69     -2       68

PRECIPITATION (IN)
  YESTERDAY        0.00          1.64 1984   0.18  -0.18     0.00
  MONTH TO DATE    1.09                      0.53   0.56     0.00
  SINCE MAR 1     23.72                     10.53  13.19    10.28
  SINCE JAN 1     33.72                     20.87  12.85    21.53

SNOWFALL (IN)
  YESTERDAY        0.0

DEGREE DAYS
 HEATING
  YESTERDAY        0                         1     -1        0
  MONTH TO DATE    0                         3     -3        3
  SINCE MAR 1    129                       368   -239      264
  SINCE JUL 1   1507                      2344   -837     2522

 COOLING
  YESTERDAY        2                         5     -3        3
  MONTH TO DATE   18                        15      3        3
  SINCE MAR 1    234                       124    110      157
  SINCE JAN 1    246                       133    113      157
..................................................................


WIND (MPH)
  HIGHEST WIND SPEED    18   HIGHEST WIND DIRECTION     N (10)
  HIGHEST GUST SPEED    23   HIGHEST GUST DIRECTION     N (10)
  AVERAGE WIND SPEED     9.7


SKY COVER
  POSSIBLE SUNSHINE  MM
  AVERAGE SKY COVER 0.5


WEATHER CONDITIONS
 THE FOLLOWING WEATHER WAS RECORDED YESTERDAY.
  NO SIGNIFICANT WEATHER WAS OBSERVED.


RELATIVE HUMIDITY (PERCENT)
 HIGHEST    90           500 AM
 LOWEST     49           200 PM
 AVERAGE    70

..........................................................


THE VICKSBURG CLIMATE NORMALS FOR TODAY
                         NORMAL    RECORD    YEAR
 MAXIMUM TEMPERATURE (F)   81        91      2003
 MINIMUM TEMPERATURE (F)   58        37      2013


SUNRISE AND SUNSET
MAY  4 2016...........SUNRISE   614 AM CDT   SUNSET   748 PM CDT
MAY  5 2016...........SUNRISE   613 AM CDT   SUNSET   748 PM CDT


-  INDICATES NEGATIVE NUMBERS.
R  INDICATES RECORD WAS SET OR TIED.
MM INDICATES DATA IS MISSING.
T  INDICATES TRACE AMOUNT.




$$
