000
CDUS44 KJAN 122109
CLITVR


CLIMATE REPORT
NATIONAL WEATHER SERVICE JACKSON MS
408 PM CDT SAT JUL 12 2014


...................................

...THE VICKSBURG CLIMATE SUMMARY FOR JULY 12 2014...
VALID TODAY AS OF 0400 PM LOCAL TIME.

CLIMATE NORMAL PERIOD 1981 TO 2010
CLIMATE RECORD PERIOD 1948 TO 2014


WEATHER ITEM   OBSERVED TIME   RECORD YEAR NORMAL DEPARTURE LAST
                VALUE   (LST)  VALUE       VALUE  FROM      YEAR
                                                  NORMAL
..................................................................
TEMPERATURE (F)
 TODAY
  MAXIMUM         93    254 PM  99    2011  92      1       92
  MINIMUM         66    513 AM  61    1957  71     -5       63
  AVERAGE         80                        81     -1       78

PRECIPITATION (IN)
  TODAY            0.00          1.58 1985   0.10  -0.10     0.00
  MONTH TO DATE    0.46                      1.41  -0.95     0.08
  SINCE JUN 1      7.01                      5.40   1.61     5.41
  SINCE JAN 1     35.34                     30.70   4.64    40.73

SNOWFALL (IN)
  TODAY            0.0

DEGREE DAYS
 HEATING
  TODAY            0                         0      0        0
  MONTH TO DATE    0                         0      0        0
  SINCE JUN 1      0                         0      0        0
  SINCE JUL 1      0                         0      0        0

 COOLING
  TODAY           15                        16     -1       13
  MONTH TO DATE  161                       192    -31      163
  SINCE JUN 1    585                       610    -25      604
  SINCE JAN 1    935                       980    -45      934
..................................................................


WIND (MPH)
  HIGHEST WIND SPEED     8   HIGHEST WIND DIRECTION     N (10)
  HIGHEST GUST SPEED    10   HIGHEST GUST DIRECTION     N (20)
  AVERAGE WIND SPEED     2.0


SKY COVER
  POSSIBLE SUNSHINE  MM
  AVERAGE SKY COVER 0.2


WEATHER CONDITIONS
 THE FOLLOWING WEATHER WAS RECORDED TODAY.
  FOG
  FOG W/VISIBILITY <= 1/4 MILE


RELATIVE HUMIDITY (PERCENT)
 HIGHEST   100           600 AM
 LOWEST     52           100 PM
 AVERAGE    76

..........................................................


THE VICKSBURG CLIMATE NORMALS FOR TOMORROW
                         NORMAL    RECORD    YEAR
 MAXIMUM TEMPERATURE (F)   92       101      1980
 MINIMUM TEMPERATURE (F)   71        60      2013


SUNRISE AND SUNSET
JULY 12 2014..........SUNRISE   606 AM CDT   SUNSET   813 PM CDT
JULY 13 2014..........SUNRISE   607 AM CDT   SUNSET   813 PM CDT


-  INDICATES NEGATIVE NUMBERS.
R  INDICATES RECORD WAS SET OR TIED.
MM INDICATES DATA IS MISSING.
T  INDICATES TRACE AMOUNT.




$$
