000
CDUS45 KBOI 270932
CLITWF


CLIMATE REPORT
NATIONAL WEATHER SERVICE BOISE ID
331 AM MDT SAT AUG 27 2016


...................................

...THE TWIN FALLS ID CLIMATE SUMMARY FOR AUGUST 26 2016...

CLIMATE NORMAL PERIOD 1981 TO 2010
CLIMATE RECORD PERIOD 9999 TO 9999


WEATHER ITEM   OBSERVED TIME   NORMAL DEPARTURE LAST
                VALUE   (LST)  VALUE  FROM      YEAR
                                      NORMAL
......................................................
TEMPERATURE (F)
 YESTERDAY
  MAXIMUM         81    309 PM  86     -5       96
  MINIMUM         50    607 AM  54     -4       66
  AVERAGE         66

PRECIPITATION (IN)
  YESTERDAY        0.00          0.01  -0.01      T
  MONTH TO DATE    0.01          0.25  -0.24     0.40
  SINCE OCT 1     10.97         10.06   0.91     8.51
  SINCE JAN 1      6.59          6.81  -0.22     5.51

DEGREE DAYS
 HEATING
  YESTERDAY        0             1     -1        0
  MONTH TO DATE    3             4     -1        0
  SINCE JUN 1     77            97    -20       10
  SINCE JUL 1     24            10     14        3

 COOLING
  YESTERDAY        1             6     -5       16
  MONTH TO DATE  174           207    -33      260
  SINCE JUN 1    573           571      2      818
  SINCE JAN 1    576           593    -17      834
......................................................


WIND (MPH)
  HIGHEST WIND SPEED    18   HIGHEST WIND DIRECTION     W (290)
  HIGHEST GUST SPEED    24   HIGHEST GUST DIRECTION     W (280)
  AVERAGE WIND SPEED     9.1


SKY COVER
  AVERAGE SKY COVER 0.0


WEATHER CONDITIONS
 THE FOLLOWING WEATHER WAS RECORDED YESTERDAY.
  NO SIGNIFICANT WEATHER WAS OBSERVED.


RELATIVE HUMIDITY (PERCENT)
 HIGHEST    55           800 PM
 LOWEST     16           300 PM
 AVERAGE    36

..........................................................




SUNRISE AND SUNSET
AUGUST 27 2016........SUNRISE   658 AM MDT   SUNSET   819 PM MDT
AUGUST 28 2016........SUNRISE   659 AM MDT   SUNSET   818 PM MDT


-  INDICATES NEGATIVE NUMBERS.
R  INDICATES RECORD WAS SET OR TIED.
MM INDICATES DATA IS MISSING.
T  INDICATES TRACE AMOUNT.




$$
