000
CDUS45 KBOI 270930
CLITWF


CLIMATE REPORT
NATIONAL WEATHER SERVICE BOISE ID
330 AM MDT WED AUG 27 2014


...................................

...THE TWIN FALLS ID CLIMATE SUMMARY FOR AUGUST 26 2014...

CLIMATE NORMAL PERIOD 1981 TO 2010
CLIMATE RECORD PERIOD 9999 TO 9999


WEATHER ITEM   OBSERVED TIME   NORMAL DEPARTURE LAST
                VALUE   (LST)  VALUE  FROM      YEAR
                                      NORMAL
......................................................
TEMPERATURE (F)
 YESTERDAY
  MAXIMUM         77    531 PM  86     -9       89
  MINIMUM         52    624 AM  54     -2       61
  AVERAGE         65

PRECIPITATION (IN)
  YESTERDAY        0.00          0.01  -0.01     0.00
  MONTH TO DATE    5.55          0.25   5.30      T
  SINCE OCT 1     12.70         10.06   2.64     6.37
  SINCE JAN 1     12.23          6.81   5.42     3.19

DEGREE DAYS
 HEATING
  YESTERDAY        0             1     -1        0
  MONTH TO DATE   16             4     12        0
  SINCE JUN 1     74            97    -23       55
  SINCE JUL 1     16            10      6        0

 COOLING
  YESTERDAY        0             6     -6       10
  MONTH TO DATE  181           207    -26      314
  SINCE JUN 1    702           571    131      945
  SINCE JAN 1    735           593    142      970
......................................................


WIND (MPH)
  HIGHEST WIND SPEED    15   HIGHEST WIND DIRECTION    SE (140)
  HIGHEST GUST SPEED    19   HIGHEST GUST DIRECTION     S (160)
  AVERAGE WIND SPEED     6.1


SKY COVER
  AVERAGE SKY COVER 0.0


WEATHER CONDITIONS
 THE FOLLOWING WEATHER WAS RECORDED YESTERDAY.
  NO SIGNIFICANT WEATHER WAS OBSERVED.


RELATIVE HUMIDITY (PERCENT)
 HIGHEST    83           300 AM
 LOWEST     36           400 PM
 AVERAGE    60

..........................................................




SUNRISE AND SUNSET
AUGUST 27 2014........SUNRISE   658 AM MDT   SUNSET   820 PM MDT
AUGUST 28 2014........SUNRISE   659 AM MDT   SUNSET   819 PM MDT


-  INDICATES NEGATIVE NUMBERS.
R  INDICATES RECORD WAS SET OR TIED.
MM INDICATES DATA IS MISSING.
T  INDICATES TRACE AMOUNT.




$$
