431
CDUS45 KBOI 240932
CLITWF


CLIMATE REPORT
NATIONAL WEATHER SERVICE BOISE ID
232 AM MST SAT FEB 24 2018


...................................

...THE TWIN FALLS ID CLIMATE SUMMARY FOR FEBRUARY 23 2018...

CLIMATE NORMAL PERIOD 1981 TO 2010
CLIMATE RECORD PERIOD 9999 TO 9999


WEATHER ITEM   OBSERVED TIME   NORMAL DEPARTURE LAST
                VALUE   (LST)  VALUE  FROM      YEAR
                                      NORMAL
......................................................
TEMPERATURE (F)
 YESTERDAY
  MAXIMUM         24    451 PM  45    -21       28
  MINIMUM         10    245 AM  25    -15       24
  AVERAGE         17

PRECIPITATION (IN)
  YESTERDAY        0.00          0.02  -0.02     0.12
  MONTH TO DATE    0.53          0.68  -0.15     1.38
  SINCE OCT 1      3.92          4.91  -0.99     7.39
  SINCE JAN 1      1.36          1.66  -0.30     2.89

DEGREE DAYS
 HEATING
  YESTERDAY       48            30     18       39
  MONTH TO DATE  729           754    -25      651
  SINCE DEC 1   2796          2984   -188     3270
  SINCE JUL 1   4330          4422    -92     4572

 COOLING
  YESTERDAY        0             0      0        0
  MONTH TO DATE    0             0      0        0
  SINCE DEC 1      0             0      0        0
  SINCE JAN 1      0             0      0        0
......................................................


WIND (MPH)
  HIGHEST WIND SPEED    22   HIGHEST WIND DIRECTION     W (260)
  HIGHEST GUST SPEED    30   HIGHEST GUST DIRECTION     W (260)
  AVERAGE WIND SPEED    13.5


SKY COVER
  AVERAGE SKY COVER 0.4


WEATHER CONDITIONS
 THE FOLLOWING WEATHER WAS RECORDED YESTERDAY.
  NO SIGNIFICANT WEATHER WAS OBSERVED.


RELATIVE HUMIDITY (PERCENT)
 HIGHEST    92           600 AM
 LOWEST     60           300 PM
 AVERAGE    76

..........................................................




SUNRISE AND SUNSET
FEBRUARY 24 2018......SUNRISE   721 AM MST   SUNSET   622 PM MST
FEBRUARY 25 2018......SUNRISE   720 AM MST   SUNSET   623 PM MST


-  INDICATES NEGATIVE NUMBERS.
R  INDICATES RECORD WAS SET OR TIED.
MM INDICATES DATA IS MISSING.
T  INDICATES TRACE AMOUNT.




$$
