328
CDUS45 KBOI 060931
CLITWF


CLIMATE REPORT
NATIONAL WEATHER SERVICE BOISE ID
231 AM MST TUE DEC 6 2016


...................................

...THE TWIN FALLS ID CLIMATE SUMMARY FOR DECEMBER 5 2016...

CLIMATE NORMAL PERIOD 1981 TO 2010
CLIMATE RECORD PERIOD 9999 TO 9999


WEATHER ITEM   OBSERVED TIME   NORMAL DEPARTURE LAST
                VALUE   (LST)  VALUE  FROM      YEAR
                                      NORMAL
......................................................
TEMPERATURE (F)
 YESTERDAY
  MAXIMUM         27    330 PM  39    -12       45
  MINIMUM          9   1157 PM  20    -11       28
  AVERAGE         18

PRECIPITATION (IN)
  YESTERDAY        0.00          0.04  -0.04     0.00
  MONTH TO DATE    0.05          0.19  -0.14      T
  SINCE OCT 1      3.02          2.17   0.85     2.71
  SINCE JAN 1     11.93          9.62   2.31     8.66

DEGREE DAYS
 HEATING
  YESTERDAY       47            35     12       28
  MONTH TO DATE  174           173      1      189
  SINCE DEC 1    174           173      1      189
  SINCE JUL 1   1476          1611   -135     1400

 COOLING
  YESTERDAY        0             0      0        0
  MONTH TO DATE    0             0      0        0
  SINCE DEC 1      0             0      0        0
  SINCE JAN 1    642           680    -38     1020
......................................................


WIND (MPH)
  HIGHEST WIND SPEED    26   HIGHEST WIND DIRECTION     W (250)
  HIGHEST GUST SPEED    35   HIGHEST GUST DIRECTION     W (250)
  AVERAGE WIND SPEED    12.1


SKY COVER
  AVERAGE SKY COVER 0.1


WEATHER CONDITIONS
 THE FOLLOWING WEATHER WAS RECORDED YESTERDAY.
  NO SIGNIFICANT WEATHER WAS OBSERVED.


RELATIVE HUMIDITY (PERCENT)
 HIGHEST    83           600 PM
 LOWEST     63           100 PM
 AVERAGE    73

..........................................................




SUNRISE AND SUNSET
DECEMBER  6 2016......SUNRISE   753 AM MST   SUNSET   505 PM MST
DECEMBER  7 2016......SUNRISE   754 AM MST   SUNSET   505 PM MST


-  INDICATES NEGATIVE NUMBERS.
R  INDICATES RECORD WAS SET OR TIED.
MM INDICATES DATA IS MISSING.
T  INDICATES TRACE AMOUNT.




$$
