000
CDUS45 KBOI 260931
CLITWF


CLIMATE REPORT
NATIONAL WEATHER SERVICE BOISE ID
330 AM MDT WED JUL 26 2017


...................................

...THE TWIN FALLS ID CLIMATE SUMMARY FOR JULY 25 2017...

CLIMATE NORMAL PERIOD 1981 TO 2010
CLIMATE RECORD PERIOD 9999 TO 9999


WEATHER ITEM   OBSERVED TIME   NORMAL DEPARTURE LAST
                VALUE   (LST)  VALUE  FROM      YEAR
                                      NORMAL
......................................................
TEMPERATURE (F)
 YESTERDAY
  MAXIMUM         89    406 PM  91     -2       95
  MINIMUM         67   1159 PM  59      8       59
  AVERAGE         78

PRECIPITATION (IN)
  YESTERDAY        T             0.01  -0.01     0.00
  MONTH TO DATE    0.16          0.24  -0.08     0.15
  SINCE OCT 1     11.85          9.75   2.10    10.96
  SINCE JAN 1      7.35          6.50   0.85     6.58

DEGREE DAYS
 HEATING
  YESTERDAY        0             0      0        0
  MONTH TO DATE    0             3     -3       21
  SINCE JUN 1     74            90    -16       74
  SINCE JUL 1      0             3     -3       21

 COOLING
  YESTERDAY       13            10      3       12
  MONTH TO DATE  319           216    103      168
  SINCE JUN 1    419           303    116      309
  SINCE JAN 1    428           325    103      312
......................................................


WIND (MPH)
  HIGHEST WIND SPEED    23   HIGHEST WIND DIRECTION    SW (220)
  HIGHEST GUST SPEED    30   HIGHEST GUST DIRECTION     S (170)
  AVERAGE WIND SPEED     9.1


SKY COVER
  AVERAGE SKY COVER 0.3


WEATHER CONDITIONS
 THE FOLLOWING WEATHER WAS RECORDED YESTERDAY.
  LIGHT RAIN


RELATIVE HUMIDITY (PERCENT)
 HIGHEST    57          1100 PM
 LOWEST     31           100 PM
 AVERAGE    44

..........................................................




SUNRISE AND SUNSET
JULY 26 2017..........SUNRISE   624 AM MDT   SUNSET   904 PM MDT
JULY 27 2017..........SUNRISE   625 AM MDT   SUNSET   903 PM MDT


-  INDICATES NEGATIVE NUMBERS.
R  INDICATES RECORD WAS SET OR TIED.
MM INDICATES DATA IS MISSING.
T  INDICATES TRACE AMOUNT.




$$
