000
CDUS45 KBOI 030932
CLITWF


CLIMATE REPORT
NATIONAL WEATHER SERVICE BOISE ID
332 AM MDT THU SEP 3 2015


...................................

...THE TWIN FALLS ID CLIMATE SUMMARY FOR SEPTEMBER 2 2015...

CLIMATE NORMAL PERIOD 1981 TO 2010
CLIMATE RECORD PERIOD 9999 TO 9999


WEATHER ITEM   OBSERVED TIME   NORMAL DEPARTURE LAST
                VALUE   (LST)  VALUE  FROM      YEAR
                                      NORMAL
......................................................
TEMPERATURE (F)
 YESTERDAY
  MAXIMUM         87    434 PM  83      4       83
  MINIMUM         65   1153 PM  52     13       51
  AVERAGE         76

PRECIPITATION (IN)
  YESTERDAY        0.00          0.01  -0.01     0.00
  MONTH TO DATE    0.00          0.03  -0.03     0.00
  SINCE OCT 1      8.51         10.16  -1.65    12.72
  SINCE JAN 1      5.51          6.91  -1.40    12.25

DEGREE DAYS
 HEATING
  YESTERDAY        0             2     -2        0
  MONTH TO DATE    0             4     -4        1
  SINCE SEP 1      0             4     -4        1
  SINCE JUL 1      3            25    -22       20

 COOLING
  YESTERDAY       11             4      7        2
  MONTH TO DATE   19             9     10        2
  SINCE SEP 1     19             9     10        2
  SINCE JAN 1    897           626    271      761
......................................................


WIND (MPH)
  HIGHEST WIND SPEED    17   HIGHEST WIND DIRECTION     S (190)
  HIGHEST GUST SPEED    22   HIGHEST GUST DIRECTION     S (200)
  AVERAGE WIND SPEED     9.9


SKY COVER
  AVERAGE SKY COVER 0.0


WEATHER CONDITIONS
 THE FOLLOWING WEATHER WAS RECORDED YESTERDAY.
  NO SIGNIFICANT WEATHER WAS OBSERVED.


RELATIVE HUMIDITY (PERCENT)
 HIGHEST    30          1100 PM
 LOWEST     13           500 PM
 AVERAGE    22

..........................................................




SUNRISE AND SUNSET
SEPTEMBER  3 2015.....SUNRISE   705 AM MDT   SUNSET   809 PM MDT
SEPTEMBER  4 2015.....SUNRISE   706 AM MDT   SUNSET   807 PM MDT


-  INDICATES NEGATIVE NUMBERS.
R  INDICATES RECORD WAS SET OR TIED.
MM INDICATES DATA IS MISSING.
T  INDICATES TRACE AMOUNT.




$$
