000
CDUS44 KSHV 210740
CLITXK


CLIMATE REPORT
NATIONAL WEATHER SERVICE SHREVEPORT, LA
237 AM CDT SAT OCT 21 2017


...................................

...THE TEXARKANA CLIMATE SUMMARY FOR OCTOBER 20 2017...

CLIMATE NORMAL PERIOD 1981 TO 2010
CLIMATE RECORD PERIOD 1896 TO 2017


WEATHER ITEM   OBSERVED TIME   RECORD YEAR NORMAL DEPARTURE LAST
                VALUE   (LST)  VALUE       VALUE  FROM      YEAR
                                                  NORMAL
..................................................................
TEMPERATURE (F)
 YESTERDAY
  MAXIMUM         78    230 PM  94    1927  75      3       78
  MINIMUM         55    636 AM  27    1989  52      3       56
  AVERAGE         67                        63      4       67

PRECIPITATION (IN)
  YESTERDAY        T             2.22 1984   0.18  -0.18     0.20
  MONTH TO DATE    0.08                      3.11  -3.03     0.24
  SINCE DEC 1     46.65                     43.01   3.64    45.48
  SINCE JAN 1     40.23                     37.96   2.27    39.50

SNOWFALL (IN)
  YESTERDAY        0.0
  MONTH TO DATE    0.0
  SINCE SEP 1      0.0
  SINCE JUL 1      0.0
  SNOW DEPTH       0

DEGREE DAYS
 HEATING
  YESTERDAY        0                         4     -4        0
  MONTH TO DATE   22                        48    -26        4
  SINCE SEP 1     22                        59    -37        4
  SINCE JUL 1     22                        59    -37        4

 COOLING
  YESTERDAY        2                         2      0        2
  MONTH TO DATE  127                        76     51      156
  SINCE SEP 1    436                       382     54      561
  SINCE JAN 1   2140                      2170    -30     2501
..................................................................


WIND (MPH)
  HIGHEST WIND SPEED    16   HIGHEST WIND DIRECTION     S (160)
  HIGHEST GUST SPEED    22   HIGHEST GUST DIRECTION     S (170)
  AVERAGE WIND SPEED     5.5


SKY COVER
  POSSIBLE SUNSHINE  MM
  AVERAGE SKY COVER 0.1


WEATHER CONDITIONS
 THE FOLLOWING WEATHER WAS RECORDED YESTERDAY.
  LIGHT RAIN


RELATIVE HUMIDITY (PERCENT)
 HIGHEST   100           600 AM
 LOWEST     52           100 PM
 AVERAGE    76

..........................................................


THE TEXARKANA CLIMATE NORMALS FOR TODAY
                         NORMAL    RECORD    YEAR
 MAXIMUM TEMPERATURE (F)   75        97      1927
 MINIMUM TEMPERATURE (F)   52        30      1917


SUNRISE AND SUNSET
OCTOBER 21 2017.......SUNRISE   726 AM CDT   SUNSET   635 PM CDT
OCTOBER 22 2017.......SUNRISE   726 AM CDT   SUNSET   634 PM CDT


-  INDICATES NEGATIVE NUMBERS.
R  INDICATES RECORD WAS SET OR TIED.
MM INDICATES DATA IS MISSING.
T  INDICATES TRACE AMOUNT.




$$
