801
CDUS44 KSHV 270731
CLITXK


CLIMATE REPORT
NATIONAL WEATHER SERVICE SHREVEPORT, LA
231 AM CDT TUE JUN 27 2017


...................................

...THE TEXARKANA CLIMATE SUMMARY FOR JUNE 26 2017...

CLIMATE NORMAL PERIOD 1981 TO 2010
CLIMATE RECORD PERIOD 1896 TO 2017


WEATHER ITEM   OBSERVED TIME   RECORD YEAR NORMAL DEPARTURE LAST
                VALUE   (LST)  VALUE       VALUE  FROM      YEAR
                                                  NORMAL
..................................................................
TEMPERATURE (F)
 YESTERDAY
  MAXIMUM         86    206 PM 105    1918  91     -5       96
  MINIMUM         64    540 AM  57    1974  70     -6       77
  AVERAGE         75                        80     -5       87

PRECIPITATION (IN)
  YESTERDAY        T             1.99 2004   0.15  -0.15     0.00
  MONTH TO DATE    2.36                      3.87  -1.51     3.07
  SINCE DEC 1     29.34                     29.54  -0.20    36.27
  SINCE JAN 1     22.92                     24.49  -1.57    30.29

SNOWFALL (IN)
  YESTERDAY        0.0
  MONTH TO DATE    0.0
  SINCE JUN 1      0.0
  SINCE JUL 1      0.1
  SNOW DEPTH       0

DEGREE DAYS
 HEATING
  YESTERDAY        0                         0      0        0
  MONTH TO DATE    0                         0      0        0
  SINCE JUN 1      0                         0      0        0
  SINCE JUL 1   1707                      2616   -909     1908

 COOLING
  YESTERDAY       10                        15     -5       22
  MONTH TO DATE  324                       343    -19      417
  SINCE JUN 1    324                       343    -19      417
  SINCE JAN 1    684                       663     21      707
..................................................................


WIND (MPH)
  HIGHEST WIND SPEED    12   HIGHEST WIND DIRECTION     E (70)
  HIGHEST GUST SPEED    15   HIGHEST GUST DIRECTION     E (70)
  AVERAGE WIND SPEED     3.6


SKY COVER
  POSSIBLE SUNSHINE  MM
  AVERAGE SKY COVER 0.1


WEATHER CONDITIONS
 THE FOLLOWING WEATHER WAS RECORDED YESTERDAY.
  LIGHT RAIN


RELATIVE HUMIDITY (PERCENT)
 HIGHEST   100           200 AM
 LOWEST     40           400 PM
 AVERAGE    70

..........................................................


THE TEXARKANA CLIMATE NORMALS FOR TODAY
                         NORMAL    RECORD    YEAR
 MAXIMUM TEMPERATURE (F)   91       103      1901
 MINIMUM TEMPERATURE (F)   70        57      1974


SUNRISE AND SUNSET
JUNE 27 2017..........SUNRISE   608 AM CDT   SUNSET   830 PM CDT
JUNE 28 2017..........SUNRISE   609 AM CDT   SUNSET   830 PM CDT


-  INDICATES NEGATIVE NUMBERS.
R  INDICATES RECORD WAS SET OR TIED.
MM INDICATES DATA IS MISSING.
T  INDICATES TRACE AMOUNT.




$$
