000
CDUS44 KSHV 280736
CLITXK


CLIMATE REPORT
NATIONAL WEATHER SERVICE SHREVEPORT, LA
233 AM CDT FRI APR 28 2017


...................................

...THE TEXARKANA CLIMATE SUMMARY FOR APRIL 27 2017...

CLIMATE NORMAL PERIOD 1981 TO 2010
CLIMATE RECORD PERIOD 1896 TO 2017


WEATHER ITEM   OBSERVED TIME   RECORD YEAR NORMAL DEPARTURE LAST
                VALUE   (LST)  VALUE       VALUE  FROM      YEAR
                                                  NORMAL
..................................................................
TEMPERATURE (F)
 YESTERDAY
  MAXIMUM         72    343 PM  92    1987  78     -6       84
  MINIMUM         44    514 AM  38    1992  56    -12       60
  AVERAGE         58                        67     -9       72

PRECIPITATION (IN)
  YESTERDAY        0.00          1.84 1997   0.15  -0.15     0.39
  MONTH TO DATE    3.94                      3.50   0.44     5.01
  SINCE DEC 1     21.68                     20.14   1.54    25.34
  SINCE JAN 1     15.26                     15.09   0.17    19.36

SNOWFALL (IN)
  YESTERDAY        0.0
  MONTH TO DATE    0.0
  SINCE MAR 1      0.0
  SINCE JUL 1      0.1
  SNOW DEPTH       0

DEGREE DAYS
 HEATING
  YESTERDAY        7                         2      5        0
  MONTH TO DATE   41                       105    -64       60
  SINCE MAR 1    240                       405   -165      238
  SINCE JUL 1   1691                      2599   -908     1891

 COOLING
  YESTERDAY        0                         4     -4        7
  MONTH TO DATE   80                        63     17       61
  SINCE MAR 1    129                        82     47       87
  SINCE JAN 1    161                        86     75       93
..................................................................


WIND (MPH)
  HIGHEST WIND SPEED    16   HIGHEST WIND DIRECTION    SE (150)
  HIGHEST GUST SPEED    20   HIGHEST GUST DIRECTION    SE (150)
  AVERAGE WIND SPEED     4.8


SKY COVER
  POSSIBLE SUNSHINE  MM
  AVERAGE SKY COVER 0.0


WEATHER CONDITIONS
 THE FOLLOWING WEATHER WAS RECORDED YESTERDAY.
  NO SIGNIFICANT WEATHER WAS OBSERVED.


RELATIVE HUMIDITY (PERCENT)
 HIGHEST   100           400 AM
 LOWEST     52          1100 AM
 AVERAGE    76

..........................................................


THE TEXARKANA CLIMATE NORMALS FOR TODAY
                         NORMAL    RECORD    YEAR
 MAXIMUM TEMPERATURE (F)   78        89      2002
 MINIMUM TEMPERATURE (F)   56        38      1928


SUNRISE AND SUNSET
APRIL 28 2017.........SUNRISE   631 AM CDT   SUNSET   757 PM CDT
APRIL 29 2017.........SUNRISE   629 AM CDT   SUNSET   758 PM CDT


-  INDICATES NEGATIVE NUMBERS.
R  INDICATES RECORD WAS SET OR TIED.
MM INDICATES DATA IS MISSING.
T  INDICATES TRACE AMOUNT.




$$
