000
CDUS44 KSHV 290740
CLITXK


CLIMATE REPORT
NATIONAL WEATHER SERVICE SHREVEPORT, LA
239 AM CDT FRI APR 29 2016


...................................

...THE TEXARKANA CLIMATE SUMMARY FOR APRIL 28 2016...

CLIMATE NORMAL PERIOD 1981 TO 2010
CLIMATE RECORD PERIOD 1896 TO 2016


WEATHER ITEM   OBSERVED TIME   RECORD YEAR NORMAL DEPARTURE LAST
                VALUE   (LST)  VALUE       VALUE  FROM      YEAR
                                                  NORMAL
..................................................................
TEMPERATURE (F)
 YESTERDAY
  MAXIMUM         83    448 PM  89    2002  78      5       58
  MINIMUM         56    543 AM  38    1928  56      0       51
  AVERAGE         70                        67      3       55

PRECIPITATION (IN)
  YESTERDAY        0.00          2.62 1963   0.14  -0.14     0.28
  MONTH TO DATE    5.01                      3.64   1.37     8.09
  SINCE DEC 1     25.34                     20.28   5.06    27.87
  SINCE JAN 1     19.36                     15.23   4.13    25.19

SNOWFALL (IN)
  YESTERDAY        0.0
  MONTH TO DATE    0.0
  SINCE MAR 1      0.0
  SINCE JUL 1      0.0
  SNOW DEPTH       0

DEGREE DAYS
 HEATING
  YESTERDAY        0                         2     -2       10
  MONTH TO DATE   60                       107    -47       80
  SINCE MAR 1    238                       407   -169      420
  SINCE JUL 1   1891                      2601   -710     2801

 COOLING
  YESTERDAY        5                         4      1        0
  MONTH TO DATE   66                        67     -1       81
  SINCE MAR 1     92                        86      6       97
  SINCE JAN 1     98                        90      8       97
..................................................................


WIND (MPH)
  HIGHEST WIND SPEED    10   HIGHEST WIND DIRECTION     E (80)
  HIGHEST GUST SPEED    15   HIGHEST GUST DIRECTION    NE (60)
  AVERAGE WIND SPEED     3.2


SKY COVER
  POSSIBLE SUNSHINE  MM
  AVERAGE SKY COVER 0.0


WEATHER CONDITIONS
 THE FOLLOWING WEATHER WAS RECORDED YESTERDAY.
  NO SIGNIFICANT WEATHER WAS OBSERVED.


RELATIVE HUMIDITY (PERCENT)
 HIGHEST    93           400 AM
 LOWEST     37           200 PM
 AVERAGE    65

..........................................................


THE TEXARKANA CLIMATE NORMALS FOR TODAY
                         NORMAL    RECORD    YEAR
 MAXIMUM TEMPERATURE (F)   78        93      1990
 MINIMUM TEMPERATURE (F)   56        40      1965


SUNRISE AND SUNSET
APRIL 29 2016.........SUNRISE   629 AM CDT   SUNSET   758 PM CDT
APRIL 30 2016.........SUNRISE   628 AM CDT   SUNSET   759 PM CDT


-  INDICATES NEGATIVE NUMBERS.
R  INDICATES RECORD WAS SET OR TIED.
MM INDICATES DATA IS MISSING.
T  INDICATES TRACE AMOUNT.




$$
