000
CDUS44 KSHV 220903
CLITXK


CLIMATE REPORT
NATIONAL WEATHER SERVICE SHREVEPORT, LA
355 AM CDT FRI AUG 22 2014


...................................

...THE TEXARKANA CLIMATE SUMMARY FOR AUGUST 21 2014...

CLIMATE NORMAL PERIOD 1981 TO 2010
CLIMATE RECORD PERIOD 1896 TO 2014


WEATHER ITEM   OBSERVED TIME   RECORD YEAR NORMAL DEPARTURE LAST
                VALUE   (LST)  VALUE       VALUE  FROM      YEAR
                                                  NORMAL
..................................................................
TEMPERATURE (F)
 YESTERDAY
  MAXIMUM         94    422 PM 106    1936  93      1       95
  MINIMUM         73    557 AM  57    1940  71      2       66
  AVERAGE         84                        82      2       81

PRECIPITATION (IN)
  YESTERDAY        0.00          3.44 1970   0.10  -0.10     0.00
  MONTH TO DATE    2.05                      1.88   0.17     0.27
  SINCE DEC 1     30.48                     35.44  -4.96    24.04
  SINCE JAN 1     24.65                     30.39  -5.74    19.58

SNOWFALL (IN)
  YESTERDAY        0.0
  MONTH TO DATE    0.0
  SINCE JUN 1      0.0
  SINCE JUL 1      0.0
  SNOW DEPTH       0

DEGREE DAYS
 HEATING
  YESTERDAY        0                         0      0        0
  MONTH TO DATE    0                         0      0        0
  SINCE JUN 1      0                         0      0        0
  SINCE JUL 1      0                         0      0        0

 COOLING
  YESTERDAY       19                        17      2       16
  MONTH TO DATE  325                       372    -47      365
  SINCE JUN 1   1172                      1312   -140     1314
  SINCE JAN 1   1466                      1632   -166     1612
..................................................................


WIND (MPH)
  HIGHEST WIND SPEED    17   HIGHEST WIND DIRECTION    SW (220)
  HIGHEST GUST SPEED    22   HIGHEST GUST DIRECTION    SW (230)
  AVERAGE WIND SPEED     7.4


SKY COVER
  POSSIBLE SUNSHINE  MM
  AVERAGE SKY COVER 0.2


WEATHER CONDITIONS
 THE FOLLOWING WEATHER WAS RECORDED YESTERDAY.
  FOG


RELATIVE HUMIDITY (PERCENT)
 HIGHEST    94           700 AM
 LOWEST     49           400 PM
 AVERAGE    72

..........................................................


THE TEXARKANA CLIMATE NORMALS FOR TODAY
                         NORMAL    RECORD    YEAR
 MAXIMUM TEMPERATURE (F)   93       105      2010
 MINIMUM TEMPERATURE (F)   70        56      1956


SUNRISE AND SUNSET
AUGUST 22 2014........SUNRISE   643 AM CDT   SUNSET   754 PM CDT
AUGUST 23 2014........SUNRISE   644 AM CDT   SUNSET   753 PM CDT


-  INDICATES NEGATIVE NUMBERS.
R  INDICATES RECORD WAS SET OR TIED.
MM INDICATES DATA IS MISSING.
T  INDICATES TRACE AMOUNT.




$$
