703
CDUS44 KSHV 222153
CLITYR


CLIMATE REPORT
NATIONAL WEATHER SERVICE SHREVEPORT, LA
450 PM CDT TUE AUG 22 2017


...................................

...THE TYLER CLIMATE SUMMARY FOR AUGUST 22 2017...
VALID TODAY AS OF 0400 PM LOCAL TIME.

CLIMATE NORMAL PERIOD 1981 TO 2010
CLIMATE RECORD PERIOD 1896 TO 2017


WEATHER ITEM   OBSERVED TIME   RECORD YEAR NORMAL DEPARTURE LAST
                VALUE   (LST)  VALUE       VALUE  FROM      YEAR
                                                  NORMAL
..................................................................
TEMPERATURE (F)
 TODAY
  MAXIMUM         94    259 PM 107    1921  93      1       88
  MINIMUM         76    627 AM  51    1956  73      3       74
  AVERAGE         85                        83      2       81

PRECIPITATION (IN)
  TODAY            0.00          2.09 1941   0.11  -0.11     0.65
  MONTH TO DATE    8.12                      1.91   6.21     4.95
  SINCE DEC 1     33.46                     32.55   0.91    41.07
  SINCE JAN 1     30.81                     28.31   2.50    31.30

DEGREE DAYS
 HEATING
  TODAY            0                         0      0        0
  MONTH TO DATE    0                         0      0        0
  SINCE JUN 1      0                         0      0        0
  SINCE JUL 1      0                         0      0        0

 COOLING
  TODAY           20                        18      2       16
  MONTH TO DATE  402                       413    -11      453
  SINCE JUN 1   1464                      1402     62     1684
  SINCE JAN 1   2016                      1771    245     2132
..................................................................


WIND (MPH)
  HIGHEST WIND SPEED    10   HIGHEST WIND DIRECTION     W (280)
  HIGHEST GUST SPEED    12   HIGHEST GUST DIRECTION     S (190)
  AVERAGE WIND SPEED     5.5


SKY COVER
  POSSIBLE SUNSHINE  MM
  AVERAGE SKY COVER 0.1


WEATHER CONDITIONS
 THE FOLLOWING WEATHER WAS RECORDED TODAY.
  NO SIGNIFICANT WEATHER WAS OBSERVED.


RELATIVE HUMIDITY (PERCENT)
 HIGHEST    94           100 AM
 LOWEST     44           300 PM
 AVERAGE    69

..........................................................


THE TYLER CLIMATE NORMALS FOR TOMORROW
                         NORMAL    RECORD    YEAR
 MAXIMUM TEMPERATURE (F)   92       108      1921
 MINIMUM TEMPERATURE (F)   73        52      1956


SUNRISE AND SUNSET
AUGUST 22 2017........SUNRISE   650 AM CDT   SUNSET   758 PM CDT
AUGUST 23 2017........SUNRISE   651 AM CDT   SUNSET   757 PM CDT


-  INDICATES NEGATIVE NUMBERS.
R  INDICATES RECORD WAS SET OR TIED.
MM INDICATES DATA IS MISSING.
T  INDICATES TRACE AMOUNT.




$$
