000
CDUS44 KSHV 212142
CLITYR


CLIMATE REPORT
NATIONAL WEATHER SERVICE SHREVEPORT, LA
442 PM CDT SUN SEP 21 2014


...................................

...THE TYLER CLIMATE SUMMARY FOR SEPTEMBER 21 2014...
VALID TODAY AS OF 0400 PM LOCAL TIME.

CLIMATE NORMAL PERIOD 1981 TO 2010
CLIMATE RECORD PERIOD 1896 TO 2014


WEATHER ITEM   OBSERVED TIME   RECORD YEAR NORMAL DEPARTURE LAST
                VALUE   (LST)  VALUE       VALUE  FROM      YEAR
                                                  NORMAL
..................................................................
TEMPERATURE (F)
 TODAY
  MAXIMUM         93    259 PM 100    1939  85      8       84
  MINIMUM         69    646 AM  45    1983  64      5       63
  AVERAGE         81                        74      7       74

PRECIPITATION (IN)
  TODAY            0.00          2.68 1979   0.12  -0.12      T
  MONTH TO DATE    2.62                      2.40   0.22     5.41
  SINCE DEC 1     27.24                     35.90  -8.66    27.91
  SINCE JAN 1     24.22                     31.66  -7.44    25.02

DEGREE DAYS
 HEATING
  TODAY            0                         0      0        0
  MONTH TO DATE    0                         0      0        0
  SINCE SEP 1      0                         0      0        0
  SINCE JUL 1      0                         0      0        0

 COOLING
  TODAY           16                        10      6        9
  MONTH TO DATE  342                       267     75      402
  SINCE SEP 1    342                       267     75      402
  SINCE JAN 1   2308                      2189    119     2518
..................................................................


WIND (MPH)
  HIGHEST WIND SPEED     9   HIGHEST WIND DIRECTION     N (20)
  HIGHEST GUST SPEED    14   HIGHEST GUST DIRECTION    NE (60)
  AVERAGE WIND SPEED     1.4


SKY COVER
  POSSIBLE SUNSHINE  MM
  AVERAGE SKY COVER 0.0


WEATHER CONDITIONS
 THE FOLLOWING WEATHER WAS RECORDED TODAY.
  NO SIGNIFICANT WEATHER WAS OBSERVED.


RELATIVE HUMIDITY (PERCENT)
 HIGHEST    90           500 AM
 LOWEST     38           200 PM
 AVERAGE    64

..........................................................


THE TYLER CLIMATE NORMALS FOR TOMORROW
                         NORMAL    RECORD    YEAR
 MAXIMUM TEMPERATURE (F)   85       100      2005
 MINIMUM TEMPERATURE (F)   64        36      1983


SUNRISE AND SUNSET
SEPTEMBER 21 2014.....SUNRISE   709 AM CDT   SUNSET   720 PM CDT
SEPTEMBER 22 2014.....SUNRISE   710 AM CDT   SUNSET   718 PM CDT


-  INDICATES NEGATIVE NUMBERS.
R  INDICATES RECORD WAS SET OR TIED.
MM INDICATES DATA IS MISSING.
T  INDICATES TRACE AMOUNT.




$$
