000
CDUS44 KSHV 282250
CLITYR


CLIMATE REPORT
NATIONAL WEATHER SERVICE SHREVEPORT, LA
450 PM CST SUN DEC 28 2014


...................................

...THE TYLER CLIMATE SUMMARY FOR DECEMBER 28 2014...
VALID TODAY AS OF 0400 PM LOCAL TIME.

CLIMATE NORMAL PERIOD 1981 TO 2010
CLIMATE RECORD PERIOD 1896 TO 2014


WEATHER ITEM   OBSERVED TIME   RECORD YEAR NORMAL DEPARTURE LAST
                VALUE   (LST)  VALUE       VALUE  FROM      YEAR
                                                  NORMAL
..................................................................
TEMPERATURE (F)
 TODAY
  MAXIMUM         40    359 PM  79    1984  56    -16       57
  MINIMUM         36    830 AM  17    1924  38     -2       38
  AVERAGE         38                        47     -9       48

PRECIPITATION (IN)
  TODAY            0.11          1.91 2003   0.12  -0.01     0.00
  MONTH TO DATE    1.47                      3.84  -2.37     3.02
  SINCE DEC 1      1.47                      3.84  -2.37     3.02
  SINCE JAN 1     34.27                     45.39 -11.12    42.03

SNOWFALL (IN)
  TODAY            0.0
  MONTH TO DATE    0.0
  SINCE DEC 1      0.0
  SINCE JUL 1      T
  SNOW DEPTH       0

DEGREE DAYS
 HEATING
  TODAY           27                        18      9       17
  MONTH TO DATE  338                       472   -134      500
  SINCE DEC 1    338                       472   -134      500
  SINCE JUL 1    719                       846   -127      890

 COOLING
  TODAY            0                         0      0        0
  MONTH TO DATE    3                         0      3       10
  SINCE DEC 1      3                         0      3       10
  SINCE JAN 1   2608                      2411    197     2777
..................................................................


WIND (MPH)
  HIGHEST WIND SPEED    15   HIGHEST WIND DIRECTION     N (360)
  HIGHEST GUST SPEED    20   HIGHEST GUST DIRECTION    NW (330)
  AVERAGE WIND SPEED     7.8


SKY COVER
  POSSIBLE SUNSHINE  MM
  AVERAGE SKY COVER 1.0


WEATHER CONDITIONS
 THE FOLLOWING WEATHER WAS RECORDED TODAY.
  RAIN
  LIGHT RAIN
  FOG


RELATIVE HUMIDITY (PERCENT)
 HIGHEST    85          1200 PM
 LOWEST     64           500 AM
 AVERAGE    75

..........................................................


THE TYLER CLIMATE NORMALS FOR TOMORROW
                         NORMAL    RECORD    YEAR
 MAXIMUM TEMPERATURE (F)   56        81      1984
 MINIMUM TEMPERATURE (F)   38        11      1983


SUNRISE AND SUNSET
DECEMBER 28 2014......SUNRISE   722 AM CST   SUNSET   525 PM CST
DECEMBER 29 2014......SUNRISE   722 AM CST   SUNSET   525 PM CST


-  INDICATES NEGATIVE NUMBERS.
R  INDICATES RECORD WAS SET OR TIED.
MM INDICATES DATA IS MISSING.
T  INDICATES TRACE AMOUNT.




$$
