000
CDUS44 KSHV 222133
CLITYR


CLIMATE REPORT
NATIONAL WEATHER SERVICE SHREVEPORT, LA
432 PM CDT THU JUN 22 2017


...................................

...THE TYLER CLIMATE SUMMARY FOR JUNE 22 2017...
VALID TODAY AS OF 0400 PM LOCAL TIME.

CLIMATE NORMAL PERIOD 1981 TO 2010
CLIMATE RECORD PERIOD 1896 TO 2017


WEATHER ITEM   OBSERVED TIME   RECORD YEAR NORMAL DEPARTURE LAST
                VALUE   (LST)  VALUE       VALUE  FROM      YEAR
                                                  NORMAL
..................................................................
TEMPERATURE (F)
 TODAY
  MAXIMUM         86    214 PM 105    1925  89     -3       95
  MINIMUM         75    615 AM  58    1961  72      3       77
  AVERAGE         81                        81      0       86

PRECIPITATION (IN)
  TODAY            0.05          2.00 1921   0.18  -0.13     0.00
  MONTH TO DATE    2.87                      3.58  -0.71     1.98
  SINCE DEC 1     22.34                     26.75  -4.41    34.88
  SINCE JAN 1     19.69                     22.51  -2.82    25.11

DEGREE DAYS
 HEATING
  TODAY            0                         0      0        0
  MONTH TO DATE    0                         0      0        0
  SINCE JUN 1      0                         0      0        0
  SINCE JUL 1   1256                      2269  -1013     1467

 COOLING
  TODAY           16                        16      0       21
  MONTH TO DATE  335                       304     31      371
  SINCE JUN 1    335                       304     31      371
  SINCE JAN 1    887                       673    214      819
..................................................................


WIND (MPH)
  HIGHEST WIND SPEED    15   HIGHEST WIND DIRECTION     N (10)
  HIGHEST GUST SPEED    19   HIGHEST GUST DIRECTION     N (10)
  AVERAGE WIND SPEED     9.2


SKY COVER
  POSSIBLE SUNSHINE  MM
  AVERAGE SKY COVER 0.9


WEATHER CONDITIONS
 THE FOLLOWING WEATHER WAS RECORDED TODAY.
  LIGHT RAIN
  FOG


RELATIVE HUMIDITY (PERCENT)
 HIGHEST   100           600 AM
 LOWEST     79           200 PM
 AVERAGE    90

..........................................................


THE TYLER CLIMATE NORMALS FOR TOMORROW
                         NORMAL    RECORD    YEAR
 MAXIMUM TEMPERATURE (F)   90       105      1925
 MINIMUM TEMPERATURE (F)   72        58      1966


SUNRISE AND SUNSET
JUNE 22 2017..........SUNRISE   615 AM CDT   SUNSET   832 PM CDT
JUNE 23 2017..........SUNRISE   616 AM CDT   SUNSET   832 PM CDT


-  INDICATES NEGATIVE NUMBERS.
R  INDICATES RECORD WAS SET OR TIED.
MM INDICATES DATA IS MISSING.
T  INDICATES TRACE AMOUNT.




$$
