000
CDUS44 KSHV 252135
CLITYR


CLIMATE REPORT
NATIONAL WEATHER SERVICE SHREVEPORT, LA
432 PM CDT WED MAY 25 2016


...................................

...THE TYLER CLIMATE SUMMARY FOR MAY 25 2016...
VALID TODAY AS OF 0400 PM LOCAL TIME.

CLIMATE NORMAL PERIOD 1981 TO 2010
CLIMATE RECORD PERIOD 1896 TO 2016


WEATHER ITEM   OBSERVED TIME   RECORD YEAR NORMAL DEPARTURE LAST
                VALUE   (LST)  VALUE       VALUE  FROM      YEAR
                                                  NORMAL
..................................................................
TEMPERATURE (F)
 TODAY
  MAXIMUM         89    254 PM  98    1896  85      4       85
  MINIMUM         76    600 AM  45    1901  66     10       64
  AVERAGE         83                        75      8       75

PRECIPITATION (IN)
  TODAY            0.00          2.04 2003   0.14  -0.14     1.41
  MONTH TO DATE    1.61                      3.71  -2.10     8.62
  SINCE DEC 1     30.45                     22.11   8.34    33.12
  SINCE JAN 1     20.68                     17.87   2.81    31.65

DEGREE DAYS
 HEATING
  TODAY            0                         0      0        0
  MONTH TO DATE   12                         6      6        0
  SINCE MAR 1    158                       376   -218      307
  SINCE JUL 1   1467                      2268   -801     2194

 COOLING
  TODAY           18                        10      8       10
  MONTH TO DATE  194                       190      4      222
  SINCE MAR 1    371                       290     81      395
  SINCE JAN 1    381                       302     79      395
..................................................................


WIND (MPH)
  HIGHEST WIND SPEED    22   HIGHEST WIND DIRECTION     S (180)
  HIGHEST GUST SPEED    28   HIGHEST GUST DIRECTION     S (190)
  AVERAGE WIND SPEED    13.0


SKY COVER
  POSSIBLE SUNSHINE  MM
  AVERAGE SKY COVER 0.8


WEATHER CONDITIONS
 THE FOLLOWING WEATHER WAS RECORDED TODAY.
  NO SIGNIFICANT WEATHER WAS OBSERVED.


RELATIVE HUMIDITY (PERCENT)
 HIGHEST    87           600 AM
 LOWEST     59           300 PM
 AVERAGE    73

..........................................................


THE TYLER CLIMATE NORMALS FOR TOMORROW
                         NORMAL    RECORD    YEAR
 MAXIMUM TEMPERATURE (F)   85        98      1896
 MINIMUM TEMPERATURE (F)   66        46      1979


SUNRISE AND SUNSET
MAY 25 2016...........SUNRISE   618 AM CDT   SUNSET   820 PM CDT
MAY 26 2016...........SUNRISE   617 AM CDT   SUNSET   820 PM CDT


-  INDICATES NEGATIVE NUMBERS.
R  INDICATES RECORD WAS SET OR TIED.
MM INDICATES DATA IS MISSING.
T  INDICATES TRACE AMOUNT.




$$
