000
CDUS44 KSHV 020737
CLITYR


CLIMATE REPORT
NATIONAL WEATHER SERVICE SHREVEPORT, LA
236 AM CDT SUN AUG 2 2015


...................................

...THE TYLER CLIMATE SUMMARY FOR AUGUST 1 2015...

CLIMATE NORMAL PERIOD 1981 TO 2010
CLIMATE RECORD PERIOD 1896 TO 2015


WEATHER ITEM   OBSERVED TIME   RECORD YEAR NORMAL DEPARTURE LAST
                VALUE   (LST)  VALUE       VALUE  FROM      YEAR
                                                  NORMAL
..................................................................
TEMPERATURE (F)
 YESTERDAY
  MAXIMUM         98    449 PM 109    2011  94      4       76
  MINIMUM         73    605 AM  56    1971  74     -1       68
  AVERAGE         86                        84      2       72

PRECIPITATION (IN)
  YESTERDAY        0.00          1.35 1901   0.07  -0.07      T
  MONTH TO DATE    0.00                      0.07  -0.07      T
  SINCE DEC 1     39.97                     30.71   9.26    24.30
  SINCE JAN 1     38.50                     26.47  12.03    21.28

SNOWFALL (IN)
  YESTERDAY        0.0
  MONTH TO DATE    0.0
  SINCE JUN 1      0.0
  SINCE JUL 1      0.0
  SNOW DEPTH       0

DEGREE DAYS
 HEATING
  YESTERDAY        0                         0      0        0
  MONTH TO DATE    0                         0      0        0
  SINCE JUN 1      0                         0      0        0
  SINCE JUL 1      0                         0      0        0

 COOLING
  YESTERDAY       21                        19      2        7
  MONTH TO DATE   21                        19      2        7
  SINCE JUN 1   1199                      1008    191      994
  SINCE JAN 1   1661                      1377    284     1387
..................................................................


WIND (MPH)
  HIGHEST WIND SPEED    14   HIGHEST WIND DIRECTION     E (70)
  HIGHEST GUST SPEED    19   HIGHEST GUST DIRECTION    NE (40)
  AVERAGE WIND SPEED     6.1


SKY COVER
  POSSIBLE SUNSHINE  MM
  AVERAGE SKY COVER 0.0


WEATHER CONDITIONS
 THE FOLLOWING WEATHER WAS RECORDED YESTERDAY.
  NO SIGNIFICANT WEATHER WAS OBSERVED.


RELATIVE HUMIDITY (PERCENT)
 HIGHEST    68           500 AM
 LOWEST     25           500 PM
 AVERAGE    47

..........................................................


THE TYLER CLIMATE NORMALS FOR TODAY
                         NORMAL    RECORD    YEAR
 MAXIMUM TEMPERATURE (F)   94       110      2011
 MINIMUM TEMPERATURE (F)   74        56      1965


SUNRISE AND SUNSET
AUGUST  2 2015........SUNRISE   637 AM CDT   SUNSET   819 PM CDT
AUGUST  3 2015........SUNRISE   637 AM CDT   SUNSET   818 PM CDT


-  INDICATES NEGATIVE NUMBERS.
R  INDICATES RECORD WAS SET OR TIED.
MM INDICATES DATA IS MISSING.
T  INDICATES TRACE AMOUNT.




$$
