000
CDUS44 KSHV 242240
CLITYR


CLIMATE REPORT
NATIONAL WEATHER SERVICE SHREVEPORT, LA
436 PM CST TUE JAN 24 2017


...................................

...THE TYLER CLIMATE SUMMARY FOR JANUARY 24 2017...
VALID TODAY AS OF 0400 PM LOCAL TIME.

CLIMATE NORMAL PERIOD 1981 TO 2010
CLIMATE RECORD PERIOD 1896 TO 2017


WEATHER ITEM   OBSERVED TIME   RECORD YEAR NORMAL DEPARTURE LAST
                VALUE   (LST)  VALUE       VALUE  FROM      YEAR
                                                  NORMAL
..................................................................
TEMPERATURE (F)
 TODAY
  MAXIMUM         79    312 PM  82    1943  56     23       64
  MINIMUM         51    633 AM   5    1963  37     14       35
  AVERAGE         65                        47     18       50

PRECIPITATION (IN)
  TODAY            0.00          0.85 2002   0.10  -0.10     0.00
  MONTH TO DATE    5.54                      2.35   3.19     1.43
  SINCE DEC 1      8.19                      6.59   1.60    11.20
  SINCE JAN 1      5.54                      2.35   3.19     1.43

SNOWFALL (IN)
  TODAY            0.0
  MONTH TO DATE    T
  SINCE DEC 1      T
  SINCE JUL 1      T
  SNOW DEPTH       0

DEGREE DAYS
 HEATING
  TODAY            0                        18    -18       15
  MONTH TO DATE  271                       455   -184      446
  SINCE DEC 1    683                       982   -299      763
  SINCE JUL 1    814                      1356   -542      956

 COOLING
  TODAY            0                         0      0        0
  MONTH TO DATE   19                         0     19        0
  SINCE DEC 1     41                         6     35       27
  SINCE JAN 1     19                         0     19        0
..................................................................


WIND (MPH)
  HIGHEST WIND SPEED    29   HIGHEST WIND DIRECTION     S (180)
  HIGHEST GUST SPEED    38   HIGHEST GUST DIRECTION     S (180)
  AVERAGE WIND SPEED    14.9


SKY COVER
  POSSIBLE SUNSHINE  MM
  AVERAGE SKY COVER 0.0


WEATHER CONDITIONS
 THE FOLLOWING WEATHER WAS RECORDED TODAY.
  NO SIGNIFICANT WEATHER WAS OBSERVED.


RELATIVE HUMIDITY (PERCENT)
 HIGHEST    77           800 AM
 LOWEST     42           200 PM
 AVERAGE    60

..........................................................


THE TYLER CLIMATE NORMALS FOR TOMORROW
                         NORMAL    RECORD    YEAR
 MAXIMUM TEMPERATURE (F)   57        83      1950
 MINIMUM TEMPERATURE (F)   37         9      1963


SUNRISE AND SUNSET
JANUARY 24 2017.......SUNRISE   720 AM CST   SUNSET   548 PM CST
JANUARY 25 2017.......SUNRISE   720 AM CST   SUNSET   549 PM CST


-  INDICATES NEGATIVE NUMBERS.
R  INDICATES RECORD WAS SET OR TIED.
MM INDICATES DATA IS MISSING.
T  INDICATES TRACE AMOUNT.




$$
