000
CDUS44 KSHV 260743
CLITYR


CLIMATE REPORT
NATIONAL WEATHER SERVICE SHREVEPORT, LA
238 AM CDT FRI AUG 26 2016


...................................

...THE TYLER CLIMATE SUMMARY FOR AUGUST 25 2016...

CLIMATE NORMAL PERIOD 1981 TO 2010
CLIMATE RECORD PERIOD 1896 TO 2016


WEATHER ITEM   OBSERVED TIME   RECORD YEAR NORMAL DEPARTURE LAST
                VALUE   (LST)  VALUE       VALUE  FROM      YEAR
                                                  NORMAL
..................................................................
TEMPERATURE (F)
 YESTERDAY
  MAXIMUM         92    509 PM 106    1921  92      0       88
  MINIMUM         76   1159 PM  57    1961  73      3       70
  AVERAGE         84                        82      2       79

PRECIPITATION (IN)
  YESTERDAY        0.00          2.00 1930   0.11  -0.11     0.56
  MONTH TO DATE    4.95                      2.22   2.73     2.01
  SINCE DEC 1     41.07                     32.86   8.21    41.98
  SINCE JAN 1     31.30                     28.62   2.68    40.51

SNOWFALL (IN)
  YESTERDAY        0.0
  MONTH TO DATE    0.0
  SINCE JUN 1      0.0
  SINCE JUL 1      0.0
  SNOW DEPTH       0

DEGREE DAYS
 HEATING
  YESTERDAY        0                         0      0        0
  MONTH TO DATE    0                         0      0        0
  SINCE JUN 1      0                         0      0        0
  SINCE JUL 1      0                         0      0        0

 COOLING
  YESTERDAY       19                        17      2       14
  MONTH TO DATE  511                       465     46      532
  SINCE JUN 1   1742                      1454    288     1710
  SINCE JAN 1   2190                      1823    367     2172
..................................................................


WIND (MPH)
  HIGHEST WIND SPEED    21   HIGHEST WIND DIRECTION    SE (140)
  HIGHEST GUST SPEED    27   HIGHEST GUST DIRECTION     E (80)
  AVERAGE WIND SPEED     6.4


SKY COVER
  POSSIBLE SUNSHINE  MM
  AVERAGE SKY COVER 0.2


WEATHER CONDITIONS
 THE FOLLOWING WEATHER WAS RECORDED YESTERDAY.
  FOG


RELATIVE HUMIDITY (PERCENT)
 HIGHEST   100           600 AM
 LOWEST     44           500 PM
 AVERAGE    72

..........................................................


THE TYLER CLIMATE NORMALS FOR TODAY
                         NORMAL    RECORD    YEAR
 MAXIMUM TEMPERATURE (F)   92       104      2011
 MINIMUM TEMPERATURE (F)   72        55      1966


SUNRISE AND SUNSET
AUGUST 26 2016........SUNRISE   653 AM CDT   SUNSET   753 PM CDT
AUGUST 27 2016........SUNRISE   654 AM CDT   SUNSET   752 PM CDT


-  INDICATES NEGATIVE NUMBERS.
R  INDICATES RECORD WAS SET OR TIED.
MM INDICATES DATA IS MISSING.
T  INDICATES TRACE AMOUNT.




$$
