000
CDUS44 KSHV 162135
CLITYR


CLIMATE REPORT
NATIONAL WEATHER SERVICE SHREVEPORT, LA
434 PM CDT MON OCT 16 2017


...................................

...THE TYLER CLIMATE SUMMARY FOR OCTOBER 16 2017...
VALID TODAY AS OF 0400 PM LOCAL TIME.

CLIMATE NORMAL PERIOD 1981 TO 2010
CLIMATE RECORD PERIOD 1896 TO 2017


WEATHER ITEM   OBSERVED TIME   RECORD YEAR NORMAL DEPARTURE LAST
                VALUE   (LST)  VALUE       VALUE  FROM      YEAR
                                                  NORMAL
..................................................................
TEMPERATURE (F)
 TODAY
  MAXIMUM         75    245 PM  98    1910  78     -3       88
  MINIMUM         50    705 AM  36    1966  56     -6       73
  AVERAGE         63                        67     -4       81

PRECIPITATION (IN)
  TODAY            0.00          2.55 1923   0.17  -0.17     0.00
  MONTH TO DATE    0.27                      2.29  -2.02     0.95
  SINCE DEC 1     34.77                     39.13  -4.36    42.32
  SINCE JAN 1     32.12                     34.89  -2.77    32.55

SNOWFALL (IN)
  TODAY            0.0
  MONTH TO DATE    0.0
  SINCE SEP 1      0.0
  SINCE JUL 1      0.0
  SNOW DEPTH       0

DEGREE DAYS
 HEATING
  TODAY            2                         2      0        0
  MONTH TO DATE    2                        19    -17        0
  SINCE SEP 1      2                        24    -22        0
  SINCE JUL 1      2                        24    -22        0

 COOLING
  TODAY            0                         4     -4       16
  MONTH TO DATE  159                        86     73      151
  SINCE SEP 1    539                       428    111      629
  SINCE JAN 1   2673                      2350    323     2928
..................................................................


WIND (MPH)
  HIGHEST WIND SPEED    18   HIGHEST WIND DIRECTION    NE (50)
  HIGHEST GUST SPEED    23   HIGHEST GUST DIRECTION     E (70)
  AVERAGE WIND SPEED     8.8


SKY COVER
  POSSIBLE SUNSHINE  MM
  AVERAGE SKY COVER 0.0


WEATHER CONDITIONS
 THE FOLLOWING WEATHER WAS RECORDED TODAY.
  NO SIGNIFICANT WEATHER WAS OBSERVED.


RELATIVE HUMIDITY (PERCENT)
 HIGHEST    74           700 AM
 LOWEST     27           200 PM
 AVERAGE    51

..........................................................


THE TYLER CLIMATE NORMALS FOR TOMORROW
                         NORMAL    RECORD    YEAR
 MAXIMUM TEMPERATURE (F)   78        89      2016
                                             1980
 MINIMUM TEMPERATURE (F)   56        38      1977


SUNRISE AND SUNSET
OCTOBER 16 2017.......SUNRISE   726 AM CDT   SUNSET   647 PM CDT
OCTOBER 17 2017.......SUNRISE   727 AM CDT   SUNSET   646 PM CDT


-  INDICATES NEGATIVE NUMBERS.
R  INDICATES RECORD WAS SET OR TIED.
MM INDICATES DATA IS MISSING.
T  INDICATES TRACE AMOUNT.




$$
