000
CDUS44 KMRX 170913
CLITYS


CLIMATE REPORT
NATIONAL WEATHER SERVICE MORRISTOWN TN
413 AM EST WED JAN 17 2018


...................................

...THE KNOXVILLE    ASOS CLIMATE SUMMARY FOR JANUARY 16 2018...

CLIMATE NORMAL PERIOD 1981 TO 2010
CLIMATE RECORD PERIOD 1871 TO 2018


WEATHER ITEM   OBSERVED TIME   RECORD YEAR NORMAL DEPARTURE LAST
                VALUE   (LST)  VALUE       VALUE  FROM      YEAR
                                                  NORMAL
..................................................................
TEMPERATURE (F)
 YESTERDAY
  MAXIMUM         39   1223 PM  74    1932  47     -8       63
  MINIMUM         16   1159 PM -10    1893  29    -13       53
  AVERAGE         28                        38    -10       58

PRECIPITATION (IN)
  YESTERDAY        0.12          2.15 1882   0.14  -0.02     0.00
  MONTH TO DATE    0.87                      2.21  -1.34     1.30
  SINCE DEC 1      4.25                      6.71  -2.46     8.26
  SINCE JAN 1      0.87                      2.21  -1.34     1.30

SNOWFALL (IN)
  YESTERDAY        1.4                       0.1    1.3      0.0
  MONTH TO DATE    1.7                       1.3    0.4      2.3
  SINCE DEC 1      2.6                       2.1    0.5      2.3
  SINCE JUL 1      2.6                       2.1    0.5      2.3
  SNOW DEPTH       1

DEGREE DAYS
 HEATING
  YESTERDAY       37                        27     10        7
  MONTH TO DATE  576                       432    144      310
  SINCE DEC 1   1322                      1184    138      991
  SINCE JUL 1   1940                      1865     75     1395

 COOLING
  YESTERDAY        0                         0      0        0
  MONTH TO DATE    0                         0      0        0
  SINCE DEC 1      0                         0      0        0
  SINCE JAN 1      0                         0      0        0
..................................................................


WIND (MPH)
  HIGHEST WIND SPEED    15   HIGHEST WIND DIRECTION     W (290)
  HIGHEST GUST SPEED    18   HIGHEST GUST DIRECTION     W (280)
  AVERAGE WIND SPEED     5.6


SKY COVER
  POSSIBLE SUNSHINE  MM
  AVERAGE SKY COVER 0.8


WEATHER CONDITIONS
 THE FOLLOWING WEATHER WAS RECORDED YESTERDAY.
  SNOW
  LIGHT SNOW
  FOG
  HAZE


RELATIVE HUMIDITY (PERCENT)
 HIGHEST   100           300 PM
 LOWEST     62          1000 PM
 AVERAGE    81

..........................................................


THE KNOXVILLE    ASOS CLIMATE NORMALS FOR TODAY
                         NORMAL    RECORD    YEAR
 MAXIMUM TEMPERATURE (F)   47        74      1943
 MINIMUM TEMPERATURE (F)   29        -5      1982


SUNRISE AND SUNSET
JANUARY 17 2018.......SUNRISE   745 AM EST   SUNSET   548 PM EST
JANUARY 18 2018.......SUNRISE   744 AM EST   SUNSET   549 PM EST


-  INDICATES NEGATIVE NUMBERS.
R  INDICATES RECORD WAS SET OR TIED.
MM INDICATES DATA IS MISSING.
T  INDICATES TRACE AMOUNT.




$$
