000
CDUS44 KMRX 272218
CLITYS

CLIMATE REPORT
NATIONAL WEATHER SERVICE MORRISTOWN TN
517 PM EST TUE JAN 27 2015


...................................

...THE KNOXVILLE CLIMATE SUMMARY FOR JANUARY 27 2015...
VALID TODAY AS OF 0500 PM LOCAL TIME.

CLIMATE NORMAL PERIOD 1981 TO 2010
CLIMATE RECORD PERIOD 1871 TO 2015


WEATHER ITEM   OBSERVED TIME   RECORD YEAR NORMAL DEPARTURE LAST
                VALUE   (LST)  VALUE       VALUE  FROM      YEAR
                                                  NORMAL
..................................................................
TEMPERATURE (F)
 TODAY
  MAXIMUM         36    312 PM  71    1949  48    -12       51
  MINIMUM         30    228 AM   2    1936  29      1       21
  AVERAGE         33                        39     -6       36

PRECIPITATION (IN)
  TODAY            0.03          2.26 1957   0.14  -0.11      T
  MONTH TO DATE    3.37                      3.75  -0.38     2.97
  SINCE DEC 1      7.61                      8.25  -0.64    11.20
  SINCE JAN 1      3.37                      3.75  -0.38     2.97

SNOWFALL (IN)
  TODAY            0.3                       0.0    0.3      0.0
  MONTH TO DATE    1.1                       2.3   -1.2      0.7
  SINCE DEC 1      1.1                       3.1   -2.0      0.7
  SINCE JUL 1      1.1                       3.1   -2.0      1.5
  SNOW DEPTH       0

DEGREE DAYS
 HEATING
  TODAY           32                        26      6       29
  MONTH TO DATE  745                       726     19      853
  SINCE DEC 1   1409                      1478    -69     1522
  SINCE JUL 1   2235                      2159     76     2212

 COOLING
  TODAY            0                         0      0        0
  MONTH TO DATE    0                         0      0        0
  SINCE DEC 1      0                         0      0        4
  SINCE JAN 1      0                         0      0        0
..................................................................


WIND (MPH)
  HIGHEST WIND SPEED     8   HIGHEST WIND DIRECTION    NW (320)
  HIGHEST GUST SPEED    10   HIGHEST GUST DIRECTION    SW (230)
  AVERAGE WIND SPEED     4.0


SKY COVER
  POSSIBLE SUNSHINE  MM
  AVERAGE SKY COVER 1.0


WEATHER CONDITIONS
 THE FOLLOWING WEATHER WAS RECORDED TODAY.
  MIXED PRECIP
  LT FREEZING RAIN
  SNOW
  LIGHT SNOW
  FOG


RELATIVE HUMIDITY (PERCENT)
 HIGHEST   100           600 AM
 LOWEST     75           400 PM
 AVERAGE    88

..........................................................


THE KNOXVILLE CLIMATE NORMALS FOR TOMORROW
                         NORMAL    RECORD    YEAR
 MAXIMUM TEMPERATURE (F)   48        74      1876
 MINIMUM TEMPERATURE (F)   30        -3      1940


SUNRISE AND SUNSET
JANUARY 27 2015.......SUNRISE   740 AM EST   SUNSET   558 PM EST
JANUARY 28 2015.......SUNRISE   739 AM EST   SUNSET   559 PM EST


-  INDICATES NEGATIVE NUMBERS.
R  INDICATES RECORD WAS SET OR TIED.
MM INDICATES DATA IS MISSING.
T  INDICATES TRACE AMOUNT.




$$
