000
CDUS44 KMRX 232122
CLITYS

CLIMATE REPORT
NATIONAL WEATHER SERVICE MORRISTOWN TN
521 PM EDT TUE SEP 23 2014


...................................

...THE KNOXVILLE CLIMATE SUMMARY FOR SEPTEMBER 23 2014...
VALID TODAY AS OF 0500 PM LOCAL TIME.

CLIMATE NORMAL PERIOD 1981 TO 2010
CLIMATE RECORD PERIOD 1871 TO 2014


WEATHER ITEM   OBSERVED TIME   RECORD YEAR NORMAL DEPARTURE LAST
                VALUE   (LST)  VALUE       VALUE  FROM      YEAR
                                                  NORMAL
..................................................................
TEMPERATURE (F)
 TODAY
  MAXIMUM         77    408 PM  96    1931  79     -2       79
  MINIMUM         50    637 AM  40    1999  58     -8       53
                                      1983
  AVERAGE         64                        68     -4       66

PRECIPITATION (IN)
  TODAY            0.00          3.04 2006   0.11  -0.11     0.00
  MONTH TO DATE    0.18                      2.47  -2.29     3.94
  SINCE SEP 1      0.18                      2.47  -2.29     3.94
  SINCE JAN 1     29.44                     36.07  -6.63    55.32

SNOWFALL (IN)
  TODAY            0.0                       0.0    0.0      0.0
  MONTH TO DATE    0.0                       0.0    0.0      0.0
  SINCE SEP 1      0.0                       0.0    0.0      0.0
  SINCE JUL 1      0.0                       0.0    0.0      0.0
  SNOW DEPTH       0

DEGREE DAYS
 HEATING
  TODAY            1                         1      0        0
  MONTH TO DATE    1                         8     -7        1
  SINCE SEP 1      1                         8     -7        1
  SINCE JUL 1      1                         8     -7        1

 COOLING
  TODAY            0                         5     -5        1
  MONTH TO DATE  211                       180     31      181
  SINCE SEP 1    211                       180     31      181
  SINCE JAN 1   1410                      1461    -51     1368
..................................................................


WIND (MPH)
  HIGHEST WIND SPEED    13   HIGHEST WIND DIRECTION    NE (50)
  HIGHEST GUST SPEED    16   HIGHEST GUST DIRECTION    NE (50)
  AVERAGE WIND SPEED     6.0


SKY COVER
  POSSIBLE SUNSHINE  MM
  AVERAGE SKY COVER  MM


WEATHER CONDITIONS
 THE FOLLOWING WEATHER WAS RECORDED TODAY.
  NO SIGNIFICANT WEATHER WAS OBSERVED.


RELATIVE HUMIDITY (PERCENT)
 HIGHEST    93           600 AM
 LOWEST     43           300 PM
 AVERAGE    68

..........................................................


THE KNOXVILLE CLIMATE NORMALS FOR TOMORROW
                         NORMAL    RECORD    YEAR
 MAXIMUM TEMPERATURE (F)   79        93      2007
                                             1895
 MINIMUM TEMPERATURE (F)   57        37      1983


SUNRISE AND SUNSET
SEPTEMBER 23 2014.....SUNRISE   725 AM EDT   SUNSET   731 PM EDT
SEPTEMBER 24 2014.....SUNRISE   725 AM EDT   SUNSET   730 PM EDT


-  INDICATES NEGATIVE NUMBERS.
R  INDICATES RECORD WAS SET OR TIED.
MM INDICATES DATA IS MISSING.
T  INDICATES TRACE AMOUNT.




$$
