000
CDUS44 KMRX 190914
CLITYS


CLIMATE REPORT
NATIONAL WEATHER SERVICE MORRISTOWN TN
414 AM EST SUN FEB 19 2017


...................................

...THE KNOXVILLE    ASOS CLIMATE SUMMARY FOR FEBRUARY 18 2017...

CLIMATE NORMAL PERIOD 1981 TO 2010
CLIMATE RECORD PERIOD 1871 TO 2017


WEATHER ITEM   OBSERVED TIME   RECORD YEAR NORMAL DEPARTURE LAST
                VALUE   (LST)  VALUE       VALUE  FROM      YEAR
                                                  NORMAL
..................................................................
TEMPERATURE (F)
 YESTERDAY
  MAXIMUM         51    438 PM  73    1948  53     -2       55
  MINIMUM         42    502 AM   0    1958  33      9       28
  AVERAGE         47                        43      4       42

PRECIPITATION (IN)
  YESTERDAY        0.04          2.36 1889   0.16  -0.12     0.00
  MONTH TO DATE    1.73                      2.74  -1.01     5.01
  SINCE DEC 1     12.06                     11.56   0.50    15.61
  SINCE JAN 1      5.10                      7.06  -1.96     7.77

SNOWFALL (IN)
  YESTERDAY        0.0                       0.1   -0.1      0.0
  MONTH TO DATE    T                         1.2   -1.2      2.5
  SINCE DEC 1      2.3                       4.7   -2.4      5.1
  SINCE JUL 1      2.3                       4.7   -2.4      5.1
  SNOW DEPTH       0

DEGREE DAYS
 HEATING
  YESTERDAY       18                        22     -4       23
  MONTH TO DATE  323                       430   -107      481
  SINCE DEC 1   1548                      2011   -463     1757
  SINCE JUL 1   1952                      2692   -740     2267

 COOLING
  YESTERDAY        0                         0      0        0
  MONTH TO DATE    0                         0      0        0
  SINCE DEC 1      0                         0      0        5
  SINCE JAN 1      0                         0      0        0
..................................................................


WIND (MPH)
  HIGHEST WIND SPEED    18   HIGHEST WIND DIRECTION    SW (240)
  HIGHEST GUST SPEED    25   HIGHEST GUST DIRECTION    SW (240)
  AVERAGE WIND SPEED     5.0


SKY COVER
  POSSIBLE SUNSHINE  MM
  AVERAGE SKY COVER 1.0


WEATHER CONDITIONS
 THE FOLLOWING WEATHER WAS RECORDED YESTERDAY.
  LIGHT RAIN
  FOG


RELATIVE HUMIDITY (PERCENT)
 HIGHEST    93           700 PM
 LOWEST     41          1200 AM
 AVERAGE    67

..........................................................


THE KNOXVILLE    ASOS CLIMATE NORMALS FOR TODAY
                         NORMAL    RECORD    YEAR
 MAXIMUM TEMPERATURE (F)   54        78      1939
 MINIMUM TEMPERATURE (F)   33         3      1958


SUNRISE AND SUNSET
FEBRUARY 19 2017......SUNRISE   718 AM EST   SUNSET   622 PM EST
FEBRUARY 20 2017......SUNRISE   717 AM EST   SUNSET   623 PM EST


-  INDICATES NEGATIVE NUMBERS.
R  INDICATES RECORD WAS SET OR TIED.
MM INDICATES DATA IS MISSING.
T  INDICATES TRACE AMOUNT.




$$
