000
CDUS44 KMRX 051122
CLITYS


CLIMATE REPORT
NATIONAL WEATHER SERVICE MORRISTOWN TN
622 AM EST MON DEC 5 2016


...................................

...THE KNOXVILLE    ASOS CLIMATE SUMMARY FOR DECEMBER 4 2016...

CLIMATE NORMAL PERIOD 1981 TO 2010
CLIMATE RECORD PERIOD 1871 TO 2016


WEATHER ITEM   OBSERVED TIME   RECORD YEAR NORMAL DEPARTURE LAST
                VALUE   (LST)  VALUE       VALUE  FROM      YEAR
                                                  NORMAL
..................................................................
TEMPERATURE (F)
 YESTERDAY
  MAXIMUM         46   1159 PM  80    1982  53     -7       53
  MINIMUM         39    847 AM  12    1871  34      5       30
  AVERAGE         43                        43      0       42

PRECIPITATION (IN)
  YESTERDAY        1.29          4.00 1993   0.16   1.13     0.00
  MONTH TO DATE    1.32                      0.62   0.70     2.39
  SINCE DEC 1      1.32                      0.62   0.70     2.39
  SINCE JAN 1     39.52                     43.98  -4.46    46.21

SNOWFALL (IN)
  YESTERDAY       MM                         0.1   MM        0.0
  MONTH TO DATE    0.0                       0.1   -0.1      0.0
  SINCE DEC 1      0.0                       0.1   -0.1      0.0
  SINCE JUL 1      0.0                       0.1   -0.1      0.0
  SNOW DEPTH       0

DEGREE DAYS
 HEATING
  YESTERDAY       22                        22      0       23
  MONTH TO DATE   89                        85      4       66
  SINCE DEC 1     89                        85      4       66
  SINCE JUL 1    493                       766   -273      576

 COOLING
  YESTERDAY        0                         0      0        0
  MONTH TO DATE    0                         0      0        0
  SINCE DEC 1      0                         0      0        0
  SINCE JAN 1   2121                      1526    595     1700
..................................................................


WIND (MPH)
  HIGHEST WIND SPEED    13   HIGHEST WIND DIRECTION    NE (40)
  HIGHEST GUST SPEED    15   HIGHEST GUST DIRECTION    NE (40)
  AVERAGE WIND SPEED     4.7


SKY COVER
  POSSIBLE SUNSHINE  MM
  AVERAGE SKY COVER 1.0


WEATHER CONDITIONS
 THE FOLLOWING WEATHER WAS RECORDED YESTERDAY.
  RAIN
  LIGHT RAIN
  FOG


RELATIVE HUMIDITY (PERCENT)
 HIGHEST   100          1000 PM
 LOWEST     79          1200 AM
 AVERAGE    90

..........................................................


THE KNOXVILLE    ASOS CLIMATE NORMALS FOR TODAY
                         NORMAL    RECORD    YEAR
 MAXIMUM TEMPERATURE (F)   53        76      2013
 MINIMUM TEMPERATURE (F)   34         7      1871


SUNRISE AND SUNSET
DECEMBER  5 2016......SUNRISE   731 AM EST   SUNSET   522 PM EST
DECEMBER  6 2016......SUNRISE   732 AM EST   SUNSET   522 PM EST


-  INDICATES NEGATIVE NUMBERS.
R  INDICATES RECORD WAS SET OR TIED.
MM INDICATES DATA IS MISSING.
T  INDICATES TRACE AMOUNT.




$$
