077
CDUS44 KMRX 090909
CLITYS


CLIMATE REPORT
NATIONAL WEATHER SERVICE MORRISTOWN TN
409 AM EST TUE FEB 9 2016


...................................

...THE KNOXVILLE    ASOS CLIMATE SUMMARY FOR FEBRUARY 8 2016...

CLIMATE NORMAL PERIOD 1981 TO 2010
CLIMATE RECORD PERIOD 1871 TO 2016


WEATHER ITEM   OBSERVED TIME   RECORD YEAR NORMAL DEPARTURE LAST
                VALUE   (LST)  VALUE       VALUE  FROM      YEAR
                                                  NORMAL
..................................................................
TEMPERATURE (F)
 YESTERDAY
  MAXIMUM         50   1127 AM  75    1937  50      0       63
                                      1900
  MINIMUM         30   1159 PM  -7    1895  31     -1       46
  AVERAGE         40                        41     -1       55

PRECIPITATION (IN)
  YESTERDAY        T             2.03 1911   0.14  -0.14      T
  MONTH TO DATE    3.09                      1.21   1.88     0.65
  SINCE DEC 1     13.70                     10.03   3.67     8.28
  SINCE JAN 1      5.86                      5.53   0.33     4.04

SNOWFALL (IN)
  YESTERDAY        T                         0.1   -0.1      0.0
  MONTH TO DATE    T                         0.6   -0.6       T
  SINCE DEC 1      2.6                       4.1   -1.5      1.1
  SINCE JUL 1      2.6                       4.1   -1.5      1.1
  SNOW DEPTH       0

DEGREE DAYS
 HEATING
  YESTERDAY       25                        24      1       10
  MONTH TO DATE  148                       200    -52      201
  SINCE DEC 1   1424                      1781   -357     1726
  SINCE JUL 1   1934                      2462   -528     2552

 COOLING
  YESTERDAY        0                         0      0        0
  MONTH TO DATE    0                         0      0        0
  SINCE DEC 1      5                         0      5        0
  SINCE JAN 1      0                         0      0        0
..................................................................


WIND (MPH)
  HIGHEST WIND SPEED    33   HIGHEST WIND DIRECTION    SW (230)
  HIGHEST GUST SPEED    41   HIGHEST GUST DIRECTION    SW (240)
  AVERAGE WIND SPEED    13.4


SKY COVER
  POSSIBLE SUNSHINE  MM
  AVERAGE SKY COVER 0.8


WEATHER CONDITIONS
 THE FOLLOWING WEATHER WAS RECORDED YESTERDAY.
  LIGHT RAIN
  LIGHT SNOW


RELATIVE HUMIDITY (PERCENT)
 HIGHEST    66          1100 PM
 LOWEST     34           300 PM
 AVERAGE    50

..........................................................


THE KNOXVILLE    ASOS CLIMATE NORMALS FOR TODAY
                         NORMAL    RECORD    YEAR
 MAXIMUM TEMPERATURE (F)   51        73      2001
 MINIMUM TEMPERATURE (F)   31         0      1895


SUNRISE AND SUNSET
FEBRUARY  9 2016......SUNRISE   730 AM EST   SUNSET   611 PM EST
FEBRUARY 10 2016......SUNRISE   729 AM EST   SUNSET   612 PM EST


-  INDICATES NEGATIVE NUMBERS.
R  INDICATES RECORD WAS SET OR TIED.
MM INDICATES DATA IS MISSING.
T  INDICATES TRACE AMOUNT.




$$
