000
CDUS43 KLOT 280641
CLIUGN


CLIMATE REPORT
NATIONAL WEATHER SERVICE CHICAGO IL
139 AM CDT SUN AUG 28 2016


...................................

...THE WAUKEGAN   CLIMATE SUMMARY FOR AUGUST 27 2016...

CLIMATE NORMAL PERIOD 1981 TO 2010
CLIMATE RECORD PERIOD 2000 TO 2016


WEATHER ITEM   OBSERVED TIME   RECORD YEAR NORMAL DEPARTURE LAST
                VALUE   (LST)  VALUE       VALUE  FROM      YEAR
                                                  NORMAL
..................................................................
TEMPERATURE (F)
 YESTERDAY
  MAXIMUM         81    322 PM  96    2013  78      3       70
  MINIMUM         66    101 AM  48    2015  60      6       48
  AVERAGE         74

PRECIPITATION (IN)
  YESTERDAY        0.15          1.23 2009   0.12   0.03     0.00
  MONTH TO DATE    3.05                      3.39  -0.34     3.09
  SINCE JUN 1      7.37                     11.15  -3.78    11.64
  SINCE JAN 1     19.31                     24.01  -4.70    21.04

DEGREE DAYS
 HEATING
  YESTERDAY        0                         1     -1        6
  MONTH TO DATE    1                         3     -2       21
  SINCE JUN 1     51                       101    -50      169
  SINCE JUL 1     11                        15     -4       66

 COOLING
  YESTERDAY        9                         5      4        0
  MONTH TO DATE  243                       152     91      129
  SINCE JUN 1    642                       462    180      337
  SINCE JAN 1    686                       487    199      362
..................................................................


WIND (MPH)
  RESULTANT WIND SPEED   4   RESULTANT WIND DIRECTION   S (160)
  HIGHEST WIND SPEED    14   HIGHEST WIND DIRECTION     S (200)
  HIGHEST GUST SPEED    18   HIGHEST GUST DIRECTION     S (190)
  AVERAGE WIND SPEED     5.8


SKY COVER
  POSSIBLE SUNSHINE  MM
  AVERAGE SKY COVER 0.7


WEATHER CONDITIONS
 THE FOLLOWING WEATHER WAS RECORDED YESTERDAY.
  THUNDERSTORM
  RAIN
  LIGHT RAIN
  FOG


RELATIVE HUMIDITY (PERCENT)
 HIGHEST    97
 LOWEST     69
 AVERAGE    83

..........................................................


THE WAUKEGAN   CLIMATE NORMALS FOR TODAY
                         NORMAL    RECORD    YEAR
 MAXIMUM TEMPERATURE (F)   78        91      2007
                                             2003
 MINIMUM TEMPERATURE (F)   60        53      2015


SUNRISE AND SUNSET
AUGUST 28 2016........SUNRISE   613 AM CDT   SUNSET   731 PM CDT
AUGUST 29 2016........SUNRISE   614 AM CDT   SUNSET   730 PM CDT


-  INDICATES NEGATIVE NUMBERS.
R  INDICATES RECORD WAS SET OR TIED.
MM INDICATES DATA IS MISSING.
T  INDICATES TRACE AMOUNT.




$$
