000
CDUS43 KLOT 260635
CLIUGN


CLIMATE REPORT
NATIONAL WEATHER SERVICE CHICAGO IL
134 AM CDT SAT JUL 26 2014


...................................

...THE WAUKEGAN   CLIMATE SUMMARY FOR JULY 25 2014...

CLIMATE NORMAL PERIOD 1981 TO 2010
CLIMATE RECORD PERIOD 2000 TO 2014


WEATHER ITEM   OBSERVED TIME   RECORD YEAR NORMAL DEPARTURE LAST
                VALUE   (LST)  VALUE       VALUE  FROM      YEAR
                                                  NORMAL
..................................................................
TEMPERATURE (F)
 YESTERDAY
  MAXIMUM         75    237 PM  97    2012  80     -5       76
  MINIMUM         54    326 AM  51    2013  62     -8       51
  AVERAGE         65

PRECIPITATION (IN)
  YESTERDAY        0.00          0.24 2001   0.11  -0.11     0.00
  MONTH TO DATE    0.96                      3.15  -2.19     1.75
  SINCE JUN 1      8.21                      7.03   1.18     6.00
  SINCE JAN 1     19.05                     19.89  -0.84    19.86

DEGREE DAYS
 HEATING
  YESTERDAY        0                         0      0        1
  MONTH TO DATE   30                         3     27       12
  SINCE JUN 1    103                        89     14      109
  SINCE JUL 1     30                         3     27       12

 COOLING
  YESTERDAY        0                         7     -7        0
  MONTH TO DATE   79                       172    -93      183
  SINCE JUN 1    162                       277   -115      273
  SINCE JAN 1    185                       302   -117      320
..................................................................


WIND (MPH)
  RESULTANT WIND SPEED   8   RESULTANT WIND DIRECTION   S (200)
  HIGHEST WIND SPEED    21   HIGHEST WIND DIRECTION     S (190)
  HIGHEST GUST SPEED    26   HIGHEST GUST DIRECTION    SW (220)
  AVERAGE WIND SPEED     8.2


SKY COVER
  POSSIBLE SUNSHINE  MM
  AVERAGE SKY COVER 0.3


WEATHER CONDITIONS
 THE FOLLOWING WEATHER WAS RECORDED YESTERDAY.
  NO SIGNIFICANT WEATHER WAS OBSERVED.


RELATIVE HUMIDITY (PERCENT)
 HIGHEST    89
 LOWEST     49
 AVERAGE    69

..........................................................


THE WAUKEGAN   CLIMATE NORMALS FOR TODAY
                         NORMAL    RECORD    YEAR
 MAXIMUM TEMPERATURE (F)   80        89      2012
 MINIMUM TEMPERATURE (F)   62        55      2004


SUNRISE AND SUNSET
JULY 26 2014..........SUNRISE   538 AM CDT   SUNSET   818 PM CDT
JULY 27 2014..........SUNRISE   539 AM CDT   SUNSET   817 PM CDT


-  INDICATES NEGATIVE NUMBERS.
R  INDICATES RECORD WAS SET OR TIED.
MM INDICATES DATA IS MISSING.
T  INDICATES TRACE AMOUNT.




$$
