000
CDUS43 KLOT 290643
CLIUGN


CLIMATE REPORT
NATIONAL WEATHER SERVICE CHICAGO IL
139 AM CDT SAT APR 29 2017


...................................

...THE WAUKEGAN   CLIMATE SUMMARY FOR APRIL 28 2017...

CLIMATE NORMAL PERIOD 1981 TO 2010
CLIMATE RECORD PERIOD 2000 TO 2017


WEATHER ITEM   OBSERVED TIME   RECORD YEAR NORMAL DEPARTURE LAST
                VALUE   (LST)  VALUE       VALUE  FROM      YEAR
                                                  NORMAL
..................................................................
TEMPERATURE (F)
 YESTERDAY
  MAXIMUM         53    945 AM  78    2004  60     -7       46
  MINIMUM         37    422 AM  29    2010  41     -4       39
  AVERAGE         45

PRECIPITATION (IN)
  YESTERDAY        0.00          0.64 2016   0.15  -0.15     0.64
  MONTH TO DATE    3.28                      3.14   0.14     2.51
  SINCE MAR 1      6.71                      5.46   1.25     5.75
  SINCE JAN 1     10.93                      8.51   2.42     7.26

DEGREE DAYS
 HEATING
  YESTERDAY       20                        14      6       22
  MONTH TO DATE  402                       544   -142      594
  SINCE MAR 1   1295                      1468   -173     1371
  SINCE JUL 1   5407                      6414  -1007     5716

 COOLING
  YESTERDAY        0                         0      0        0
  MONTH TO DATE    4                         0      4        0
  SINCE MAR 1      4                         0      4        0
  SINCE JAN 1      4                         0      4        0
..................................................................


WIND (MPH)
  RESULTANT WIND SPEED   2   RESULTANT WIND DIRECTION   E (90)
  HIGHEST WIND SPEED    15   HIGHEST WIND DIRECTION    NE (30)
  HIGHEST GUST SPEED    20   HIGHEST GUST DIRECTION    NE (40)
  AVERAGE WIND SPEED     5.8


SKY COVER
  POSSIBLE SUNSHINE  MM
  AVERAGE SKY COVER 0.7


WEATHER CONDITIONS
 THE FOLLOWING WEATHER WAS RECORDED YESTERDAY.
  FOG
  HAZE


RELATIVE HUMIDITY (PERCENT)
 HIGHEST    89
 LOWEST     56
 AVERAGE    73

..........................................................


THE WAUKEGAN   CLIMATE NORMALS FOR TODAY
                         NORMAL    RECORD    YEAR
 MAXIMUM TEMPERATURE (F)   61        82      2007
 MINIMUM TEMPERATURE (F)   42        29      2008


SUNRISE AND SUNSET
APRIL 29 2017.........SUNRISE   549 AM CDT   SUNSET   749 PM CDT
APRIL 30 2017.........SUNRISE   548 AM CDT   SUNSET   750 PM CDT


-  INDICATES NEGATIVE NUMBERS.
R  INDICATES RECORD WAS SET OR TIED.
MM INDICATES DATA IS MISSING.
T  INDICATES TRACE AMOUNT.




$$
