000
CDUS43 KLOT 230647
CLIUGN


CLIMATE REPORT
NATIONAL WEATHER SERVICE CHICAGO IL
146 AM CDT SAT MAY 23 2015


...................................

...THE WAUKEGAN   CLIMATE SUMMARY FOR MAY 22 2015...

CLIMATE NORMAL PERIOD 1981 TO 2010
CLIMATE RECORD PERIOD 2000 TO 2015


WEATHER ITEM   OBSERVED TIME   RECORD YEAR NORMAL DEPARTURE LAST
                VALUE   (LST)  VALUE       VALUE  FROM      YEAR
                                                  NORMAL
..................................................................
TEMPERATURE (F)
 YESTERDAY
  MAXIMUM         58    143 PM  80    2011  68    -10       62
                                      2005
  MINIMUM         39    433 AM  33    2006  47     -8       47
  AVERAGE         49

PRECIPITATION (IN)
  YESTERDAY        0.00          1.33 2004   0.14  -0.14     0.00
  MONTH TO DATE    3.04                      2.85   0.19     4.25
  SINCE MAR 1      7.92                      8.65  -0.73     8.03
  SINCE JAN 1      8.46                     11.70  -3.24    10.05

DEGREE DAYS
 HEATING
  YESTERDAY       16                         9      7       10
  MONTH TO DATE  233                       244    -11      247
  SINCE MAR 1   1817                      1740     77     2019
  SINCE JUL 1   7342                      6686    656     7888

 COOLING
  YESTERDAY        0                         1     -1        0
  MONTH TO DATE    9                         9      0       12
  SINCE MAR 1      9                        13     -4       12
  SINCE JAN 1      9                        13     -4       12
..................................................................


WIND (MPH)
  RESULTANT WIND SPEED   6   RESULTANT WIND DIRECTION  NE (60)
  HIGHEST WIND SPEED    12   HIGHEST WIND DIRECTION     E (90)
  HIGHEST GUST SPEED    15   HIGHEST GUST DIRECTION     E (70)
  AVERAGE WIND SPEED     6.3


SKY COVER
  POSSIBLE SUNSHINE  MM
  AVERAGE SKY COVER 0.0


WEATHER CONDITIONS
 THE FOLLOWING WEATHER WAS RECORDED YESTERDAY.
  NO SIGNIFICANT WEATHER WAS OBSERVED.


RELATIVE HUMIDITY (PERCENT)
 HIGHEST    82
 LOWEST     30
 AVERAGE    56

..........................................................


THE WAUKEGAN   CLIMATE NORMALS FOR TODAY
                         NORMAL    RECORD    YEAR
 MAXIMUM TEMPERATURE (F)   68        86      2007
 MINIMUM TEMPERATURE (F)   47        38      2006


SUNRISE AND SUNSET
MAY 23 2015...........SUNRISE   523 AM CDT   SUNSET   814 PM CDT
MAY 24 2015...........SUNRISE   522 AM CDT   SUNSET   815 PM CDT


-  INDICATES NEGATIVE NUMBERS.
R  INDICATES RECORD WAS SET OR TIED.
MM INDICATES DATA IS MISSING.
T  INDICATES TRACE AMOUNT.




$$
