000
CDUS43 KLOT 230646
CLIUGN


CLIMATE REPORT
NATIONAL WEATHER SERVICE CHICAGO IL
145 AM CDT WED AUG 23 2017


...................................

...THE WAUKEGAN   CLIMATE SUMMARY FOR AUGUST 22 2017...

CLIMATE NORMAL PERIOD 1981 TO 2010
CLIMATE RECORD PERIOD 2000 TO 2017


WEATHER ITEM   OBSERVED TIME   RECORD YEAR NORMAL DEPARTURE LAST
                VALUE   (LST)  VALUE       VALUE  FROM      YEAR
                                                  NORMAL
..................................................................
TEMPERATURE (F)
 YESTERDAY
  MAXIMUM         78    206 PM  88    2007  79     -1       77
  MINIMUM         60   1015 PM  50    2004  61     -1       52
  AVERAGE         69

PRECIPITATION (IN)
  YESTERDAY        0.01          0.81 2002   0.12  -0.11     0.00
  MONTH TO DATE    2.36                      2.77  -0.41     2.15
  SINCE JUN 1     14.59                     10.53   4.06     6.47
  SINCE JAN 1     28.70                     23.39   5.31    18.41

DEGREE DAYS
 HEATING
  YESTERDAY        0                         0      0        0
  MONTH TO DATE    8                         0      8        1
  SINCE JUN 1     46                        98    -52       51
  SINCE JUL 1      9                        12     -3       11

 COOLING
  YESTERDAY        4                         5     -1        0
  MONTH TO DATE   94                       127    -33      201
  SINCE JUN 1    418                       437    -19      600
  SINCE JAN 1    439                       462    -23      644
..................................................................


WIND (MPH)
  RESULTANT WIND SPEED   3   RESULTANT WIND DIRECTION   W (280)
  HIGHEST WIND SPEED    18   HIGHEST WIND DIRECTION    SW (220)
  HIGHEST GUST SPEED    25   HIGHEST GUST DIRECTION    SW (230)
  AVERAGE WIND SPEED     7.3


SKY COVER
  POSSIBLE SUNSHINE  MM
  AVERAGE SKY COVER 0.3


WEATHER CONDITIONS
 THE FOLLOWING WEATHER WAS RECORDED YESTERDAY.
  FOG


RELATIVE HUMIDITY (PERCENT)
 HIGHEST    87
 LOWEST     43
 AVERAGE    65

..........................................................


THE WAUKEGAN   CLIMATE NORMALS FOR TODAY
                         NORMAL    RECORD    YEAR
 MAXIMUM TEMPERATURE (F)   79        90      2012
 MINIMUM TEMPERATURE (F)   60        53      2009


SUNRISE AND SUNSET
AUGUST 23 2017........SUNRISE   607 AM CDT   SUNSET   740 PM CDT
AUGUST 24 2017........SUNRISE   608 AM CDT   SUNSET   738 PM CDT


-  INDICATES NEGATIVE NUMBERS.
R  INDICATES RECORD WAS SET OR TIED.
MM INDICATES DATA IS MISSING.
T  INDICATES TRACE AMOUNT.




$$
