000
CDUS43 KLOT 140632
CLIUGN


CLIMATE REPORT
NATIONAL WEATHER SERVICE CHICAGO IL
1231 AM CST SUN FEB 14 2016


...................................

...THE WAUKEGAN   CLIMATE SUMMARY FOR FEBRUARY 13 2016...

CLIMATE NORMAL PERIOD 1981 TO 2010
CLIMATE RECORD PERIOD 2000 TO 2016


WEATHER ITEM   OBSERVED TIME   RECORD YEAR NORMAL DEPARTURE LAST
                VALUE   (LST)  VALUE       VALUE  FROM      YEAR
                                                  NORMAL
..................................................................
TEMPERATURE (F)
 YESTERDAY
  MAXIMUM         14    428 PM  47    2011  33    -19       26
  MINIMUM          0    704 AM  -5    2015  18    -18       -5
  AVERAGE          7

PRECIPITATION (IN)
  YESTERDAY        0.00          0.68 2005   0.07  -0.07      T
  MONTH TO DATE    0.65                      0.74  -0.09      T
  SINCE DEC 1      6.08                      4.13   1.95     1.34
  SINCE JAN 1      1.28                      2.13  -0.85     0.54

DEGREE DAYS
 HEATING
  YESTERDAY       58                        40     18       54
  MONTH TO DATE  541                       536      5      615
  SINCE DEC 1   2667                      3002   -335     3013
  SINCE JUL 1   3825                      4387   -562     4676

 COOLING
  YESTERDAY        0                         0      0        0
  MONTH TO DATE    0                         0      0        0
  SINCE DEC 1      0                         0      0        0
  SINCE JAN 1      0                         0      0        0
..................................................................


WIND (MPH)
  RESULTANT WIND SPEED   5   RESULTANT WIND DIRECTION  NW (310)
  HIGHEST WIND SPEED    14   HIGHEST WIND DIRECTION    NW (300)
  HIGHEST GUST SPEED    20   HIGHEST GUST DIRECTION    NW (330)
  AVERAGE WIND SPEED     5.7


SKY COVER
  POSSIBLE SUNSHINE  MM
  AVERAGE SKY COVER 0.0


WEATHER CONDITIONS
 THE FOLLOWING WEATHER WAS RECORDED YESTERDAY.
  NO SIGNIFICANT WEATHER WAS OBSERVED.


RELATIVE HUMIDITY (PERCENT)
 HIGHEST    87
 LOWEST     44
 AVERAGE    66

..........................................................


THE WAUKEGAN   CLIMATE NORMALS FOR TODAY
                         NORMAL    RECORD    YEAR
 MAXIMUM TEMPERATURE (F)   33        54      2006
 MINIMUM TEMPERATURE (F)   18        -1      2015


SUNRISE AND SUNSET
FEBRUARY 14 2016......SUNRISE   650 AM CST   SUNSET   522 PM CST
FEBRUARY 15 2016......SUNRISE   649 AM CST   SUNSET   523 PM CST


-  INDICATES NEGATIVE NUMBERS.
R  INDICATES RECORD WAS SET OR TIED.
MM INDICATES DATA IS MISSING.
T  INDICATES TRACE AMOUNT.




$$
