000
CDUS43 KLSX 240732
CLIUIN


CLIMATE REPORT
NATIONAL WEATHER SERVICE ST LOUIS MO
131 AM CST MON NOV 24 2014


...................................

...THE QUINCY IL CLIMATE SUMMARY FOR NOVEMBER 23 2014...

CLIMATE NORMAL PERIOD 1981 TO 2010
CLIMATE RECORD PERIOD 1901 TO 2014


WEATHER ITEM   OBSERVED TIME   RECORD YEAR NORMAL DEPARTURE LAST
                VALUE   (LST)  VALUE       VALUE  FROM      YEAR
                                                  NORMAL
..................................................................
TEMPERATURE (F)
 YESTERDAY
  MAXIMUM         53    522 PM  71    1931  47      6       26
                                      1913
  MINIMUM         43   1159 PM   2    1950  30     13       13
  AVERAGE         48                        39      9

PRECIPITATION (IN)
  YESTERDAY        0.71R         0.66 1916   0.10   0.61     0.00
  MONTH TO DATE    0.82                      2.34  -1.52     1.85
  SINCE SEP 1     13.16                      8.65   4.51     6.49
  SINCE JAN 1     38.78                     34.40   4.38    34.59

DEGREE DAYS
 HEATING
  YESTERDAY       17                        26     -9
  MONTH TO DATE  653                       479    174
  SINCE SEP 1   1061                       898    163
  SINCE JUL 1   1066                       903    163

 COOLING
  YESTERDAY        0                         0      0
  MONTH TO DATE    0                         0      0
  SINCE SEP 1     92                       140    -48
  SINCE JAN 1   1021                      1093    -72
..................................................................


WIND (MPH)
  HIGHEST WIND SPEED    24   HIGHEST WIND DIRECTION    NW (320)
  HIGHEST GUST SPEED    33   HIGHEST GUST DIRECTION    NW (320)
  AVERAGE WIND SPEED     9.6


SKY COVER
  AVERAGE SKY COVER 0.8



RELATIVE HUMIDITY (PERCENT)
 HIGHEST   100           600 PM
 LOWEST     83          1200 AM
 AVERAGE    92

..........................................................


THE QUINCY IL CLIMATE NORMALS FOR TODAY
                         NORMAL    RECORD    YEAR
 MAXIMUM TEMPERATURE (F)   47        69      1931
 MINIMUM TEMPERATURE (F)   30        -1      1950


SUNRISE AND SUNSET
NOVEMBER 24 2014......SUNRISE   700 AM CST   SUNSET   443 PM CST
NOVEMBER 25 2014......SUNRISE   701 AM CST   SUNSET   442 PM CST


-  INDICATES NEGATIVE NUMBERS.
R  INDICATES RECORD WAS SET OR TIED.
MM INDICATES DATA IS MISSING.
T  INDICATES TRACE AMOUNT.




$$
