000
CDUS43 KLSX 250745
CLIUIN


CLIMATE REPORT
NATIONAL WEATHER SERVICE ST LOUIS MO
245 AM CDT MON JUL 25 2016


...................................

...THE QUINCY IL CLIMATE SUMMARY FOR JULY 24 2016...

CLIMATE NORMAL PERIOD 1981 TO 2010
CLIMATE RECORD PERIOD 1901 TO 2016


WEATHER ITEM   OBSERVED TIME   RECORD YEAR NORMAL DEPARTURE LAST
                VALUE   (LST)  VALUE       VALUE  FROM      YEAR
                                                  NORMAL
..................................................................
TEMPERATURE (F)
 YESTERDAY
  MAXIMUM         95    247 PM 111    1934  86      9       87
  MINIMUM         76   1159 PM  52    1904  66     10       66
  AVERAGE         86                        76     10

PRECIPITATION (IN)
  YESTERDAY        0.00          3.10 1968   0.12  -0.12     0.00
  MONTH TO DATE    5.25                      3.19   2.06     7.36
  SINCE JUN 1      6.27                      7.18  -0.91    15.89
  SINCE JAN 1     14.95                     21.27  -6.32    24.57

DEGREE DAYS
 HEATING
  YESTERDAY        0                         0      0
  MONTH TO DATE    6                         0      6
  SINCE JUN 1      6                        16    -10
  SINCE JUL 1      6                         0      6

 COOLING
  YESTERDAY       21                        11     10
  MONTH TO DATE  297                       264     33
  SINCE JUN 1    654                       491    163
  SINCE JAN 1    758                       577    181
..................................................................


WIND (MPH)
  HIGHEST WIND SPEED    16   HIGHEST WIND DIRECTION    NW (310)
  HIGHEST GUST SPEED    20   HIGHEST GUST DIRECTION    NW (320)
  AVERAGE WIND SPEED     8.2


SKY COVER
  AVERAGE SKY COVER 0.0



RELATIVE HUMIDITY (PERCENT)
 HIGHEST    91           300 AM
 LOWEST     58           100 PM
 AVERAGE    75

..........................................................


THE QUINCY IL CLIMATE NORMALS FOR TODAY
                         NORMAL    RECORD    YEAR
 MAXIMUM TEMPERATURE (F)   86       109      1934
 MINIMUM TEMPERATURE (F)   66        53      1911


SUNRISE AND SUNSET
JULY 25 2016..........SUNRISE   557 AM CDT   SUNSET   825 PM CDT
JULY 26 2016..........SUNRISE   558 AM CDT   SUNSET   824 PM CDT


-  INDICATES NEGATIVE NUMBERS.
R  INDICATES RECORD WAS SET OR TIED.
MM INDICATES DATA IS MISSING.
T  INDICATES TRACE AMOUNT.




$$
