000
CDUS43 KLSX 300732
CLIUIN


CLIMATE REPORT
NATIONAL WEATHER SERVICE ST LOUIS MO
231 AM CDT SUN APR 30 2017


...................................

...THE QUINCY IL CLIMATE SUMMARY FOR APRIL 29 2017...

CLIMATE NORMAL PERIOD 1981 TO 2010
CLIMATE RECORD PERIOD 1901 TO 2017


WEATHER ITEM   OBSERVED TIME   RECORD YEAR NORMAL DEPARTURE LAST
                VALUE   (LST)  VALUE       VALUE  FROM      YEAR
                                                  NORMAL
..................................................................
TEMPERATURE (F)
 YESTERDAY
  MAXIMUM         55   1206 AM  91    1910  68    -13       56
  MINIMUM         43    627 PM  30    1958  48     -5       48
  AVERAGE         49                        58     -9

PRECIPITATION (IN)
  YESTERDAY        2.47R         1.65 1963   0.13   2.34      T
  MONTH TO DATE    5.83                      3.56   2.27     2.74
  SINCE MAR 1      9.01                      6.02   2.99     3.82
  SINCE JAN 1     11.06                      9.42   1.64     4.44

DEGREE DAYS
 HEATING
  YESTERDAY       16                         8      8
  MONTH TO DATE  238                       362   -124
  SINCE MAR 1    860                      1080   -220
  SINCE JUL 1   4301                      5422  -1121

 COOLING
  YESTERDAY        0                         1     -1
  MONTH TO DATE   32                        16     16
  SINCE MAR 1     32                        18     14
  SINCE JAN 1     32                        18     14
..................................................................


WIND (MPH)
  HIGHEST WIND SPEED    30   HIGHEST WIND DIRECTION    NE (50)
  HIGHEST GUST SPEED    39   HIGHEST GUST DIRECTION    NE (40)
  AVERAGE WIND SPEED    16.1


SKY COVER
  AVERAGE SKY COVER 1.0



RELATIVE HUMIDITY (PERCENT)
 HIGHEST   100           100 AM
 LOWEST     89           700 AM
 AVERAGE    95

..........................................................


THE QUINCY IL CLIMATE NORMALS FOR TODAY
                         NORMAL    RECORD    YEAR
 MAXIMUM TEMPERATURE (F)   68        90      1936
 MINIMUM TEMPERATURE (F)   48        30      1908


SUNRISE AND SUNSET
APRIL 30 2017.........SUNRISE   606 AM CDT   SUNSET   759 PM CDT
MAY  1 2017...........SUNRISE   605 AM CDT   SUNSET   800 PM CDT


-  INDICATES NEGATIVE NUMBERS.
R  INDICATES RECORD WAS SET OR TIED.
MM INDICATES DATA IS MISSING.
T  INDICATES TRACE AMOUNT.




$$
