000
CDUS43 KLSX 120727
CLIUIN


CLIMATE REPORT
NATIONAL WEATHER SERVICE ST LOUIS MO
126 AM CST TUE DEC 12 2017


...................................

...THE QUINCY IL CLIMATE SUMMARY FOR DECEMBER 11 2017...

CLIMATE NORMAL PERIOD 1981 TO 2010
CLIMATE RECORD PERIOD 1901 TO 2017


WEATHER ITEM   OBSERVED TIME   RECORD YEAR NORMAL DEPARTURE LAST
                VALUE   (LST)  VALUE       VALUE  FROM      YEAR
                                                  NORMAL
..................................................................
TEMPERATURE (F)
 YESTERDAY
  MAXIMUM         52    147 PM  69    1949  38     14       43
  MINIMUM         29    432 AM  -8    1917  23      6       30
  AVERAGE         41                        31     10

PRECIPITATION (IN)
  YESTERDAY        0.00          1.11 2007   0.08  -0.08     0.10
  MONTH TO DATE    0.10                      0.93  -0.83     0.43
  SINCE DEC 1      0.10                      0.93  -0.83     0.43
  SINCE JAN 1     32.70                     36.01  -3.31    30.28

DEGREE DAYS
 HEATING
  YESTERDAY       24                        34    -10
  MONTH TO DATE  302                       356    -54
  SINCE DEC 1    302                       356    -54
  SINCE JUL 1   1249                      1456   -207

 COOLING
  YESTERDAY        0                         0      0
  MONTH TO DATE    0                         0      0
  SINCE DEC 1      0                         0      0
  SINCE JAN 1   1229                      1094    135
..................................................................


WIND (MPH)
  HIGHEST WIND SPEED    37   HIGHEST WIND DIRECTION    NW (300)
  HIGHEST GUST SPEED    50   HIGHEST GUST DIRECTION    NW (300)
  AVERAGE WIND SPEED    17.1


SKY COVER
  AVERAGE SKY COVER 0.4



RELATIVE HUMIDITY (PERCENT)
 HIGHEST    85           400 AM
 LOWEST     36           100 PM
 AVERAGE    61

..........................................................


THE QUINCY IL CLIMATE NORMALS FOR TODAY
                         NORMAL    RECORD    YEAR
 MAXIMUM TEMPERATURE (F)   38        69      2015
 MINIMUM TEMPERATURE (F)   23       -10      1962


SUNRISE AND SUNSET
DECEMBER 12 2017......SUNRISE   717 AM CST   SUNSET   440 PM CST
DECEMBER 13 2017......SUNRISE   718 AM CST   SUNSET   440 PM CST


-  INDICATES NEGATIVE NUMBERS.
R  INDICATES RECORD WAS SET OR TIED.
MM INDICATES DATA IS MISSING.
T  INDICATES TRACE AMOUNT.




$$
