000
CDUS46 KEKA 180021
CLIUKI


CLIMATE REPORT
NATIONAL WEATHER SERVICE EUREKA CA
421 PM PST SUN DEC 17 2017


...................................

...THE UKIAH CA CLIMATE SUMMARY FOR DECEMBER 17 2017...
VALID TODAY AS OF 0400 PM LOCAL TIME.

CLIMATE NORMAL PERIOD 1981 TO 2010
CLIMATE RECORD PERIOD 1903 TO 2017


WEATHER ITEM   OBSERVED RECORD YEAR NORMAL DEPARTURE LAST
                VALUE   VALUE       VALUE  FROM      YEAR
                                           NORMAL
...........................................................
TEMPERATURE (F)
 TODAY
  MAXIMUM         67     71    1980  55     12       50
  MINIMUM         32     21    1918  36     -4       27
  AVERAGE         50                 45      5       39

PRECIPITATION (IN)
  TODAY            0.00   1.50 1940   0.26  -0.26     0.00
  MONTH TO DATE    0.07               3.35  -3.28     6.02
  SINCE OCT 1      5.50               9.78  -4.28    15.59
  SINCE JAN 1     40.04              33.75   6.29    39.90

SNOWFALL (IN)
  TODAY            0.0   MM          MM     MM        0.0
  MONTH TO DATE    0.0               MM     MM        0.0
  SINCE DEC 1      0.0               MM     MM        0.0
  SINCE JUL 1      0.0               MM     MM        0.0
  SNOW DEPTH       0

...........................................................


WIND (MPH)
  HIGHEST WIND SPEED     7   HIGHEST WIND DIRECTION     W (280)
  HIGHEST GUST SPEED     8   HIGHEST GUST DIRECTION     W (280)
  AVERAGE WIND SPEED     0.8


SKY COVER
  AVERAGE SKY COVER 0.0


WEATHER CONDITIONS
 THE FOLLOWING WEATHER WAS RECORDED TODAY.
  NO SIGNIFICANT WEATHER WAS OBSERVED.


RELATIVE HUMIDITY (PERCENT)
 HIGHEST    89
 LOWEST     29
 AVERAGE    59

..........................................................


THE UKIAH CA CLIMATE NORMALS FOR TOMORROW
                         NORMAL    RECORD    YEAR
 MAXIMUM TEMPERATURE (F)   54        74      1958
 MINIMUM TEMPERATURE (F)   36        19      1924


SUNRISE AND SUNSET
DECEMBER 17 2017......SUNRISE   726 AM PST   SUNSET   452 PM PST
DECEMBER 18 2017......SUNRISE   727 AM PST   SUNSET   452 PM PST


-  INDICATES NEGATIVE NUMBERS.
R  INDICATES RECORD WAS SET OR TIED.
MM INDICATES DATA IS MISSING.
T  INDICATES TRACE AMOUNT.




$$
