000
CDUS46 KEKA 301211
CLIUKI


CLIMATE REPORT
NATIONAL WEATHER SERVICE EUREKA CA
511 AM PDT THU OCT 30 2014


...................................

...THE UKIAH CA CLIMATE SUMMARY FOR OCTOBER 29 2014...

CLIMATE NORMAL PERIOD 1981 TO 2010
CLIMATE RECORD PERIOD 1903 TO 2014


WEATHER ITEM   OBSERVED TIME   RECORD YEAR NORMAL DEPARTURE LAST
                VALUE   (LST)  VALUE       VALUE  FROM      YEAR
                                                  NORMAL
..................................................................
TEMPERATURE (F)
 YESTERDAY
  MAXIMUM         83    324 PM  90    2003  71     12       64
  MINIMUM         47    424 AM  24    1971  42      5       35
  AVERAGE         65                        56      9       50

PRECIPITATION (IN)
  YESTERDAY        0.00          1.91 1945   0.16  -0.16     0.00
  MONTH TO DATE    1.07                      1.84  -0.77     0.00
  SINCE JUL 1      1.76                      2.43  -0.67     0.58
  SINCE JAN 1     18.39                     25.81  -7.42     6.16

SNOWFALL (IN)
  YESTERDAY        0.0          MM      MM  MM     MM        0.0
  MONTH TO DATE    0.0                      MM     MM        0.0
  SINCE SEP 1      0.0                      MM     MM        0.0
  SINCE JUL 1      0.0                      MM     MM        0.0
  SNOW DEPTH       0

DEGREE DAYS
 HEATING
  YESTERDAY        0                         9     -9       15
  MONTH TO DATE   81                       148    -67      141
  SINCE SEP 1     86                       178    -92      177
  SINCE JUL 1     86                       181    -95      177

 COOLING
  YESTERDAY        0                         0      0        0
  MONTH TO DATE   91                        19     72        0
  SINCE SEP 1    290                       149    141      127
  SINCE JAN 1   1290                       832    458      974
..................................................................


WIND (MPH)
  HIGHEST WIND SPEED     7   HIGHEST WIND DIRECTION    NW (310)
  HIGHEST GUST SPEED     8   HIGHEST GUST DIRECTION    NW (310)
  AVERAGE WIND SPEED     0.8


SKY COVER
  AVERAGE SKY COVER 0.0


WEATHER CONDITIONS
 THE FOLLOWING WEATHER WAS RECORDED YESTERDAY.
  NO SIGNIFICANT WEATHER WAS OBSERVED.


RELATIVE HUMIDITY (PERCENT)
 HIGHEST    93
 LOWEST     30
 AVERAGE    62

..........................................................


THE UKIAH CA CLIMATE NORMALS FOR TODAY
                         NORMAL    RECORD    YEAR
 MAXIMUM TEMPERATURE (F)   70        91      1949
 MINIMUM TEMPERATURE (F)   42        27      1972


SUNRISE AND SUNSET
OCTOBER 30 2014.......SUNRISE   738 AM PDT   SUNSET   614 PM PDT
OCTOBER 31 2014.......SUNRISE   739 AM PDT   SUNSET   613 PM PDT


-  INDICATES NEGATIVE NUMBERS.
R  INDICATES RECORD WAS SET OR TIED.
MM INDICATES DATA IS MISSING.
T  INDICATES TRACE AMOUNT.




$$
