980
CDUS46 KEKA 041210
CLIUKI


CLIMATE REPORT
NATIONAL WEATHER SERVICE EUREKA CA
508 AM PDT WED MAY 4 2016


...................................

...THE UKIAH CA CLIMATE SUMMARY FOR MAY 3 2016...

CLIMATE NORMAL PERIOD 1981 TO 2010
CLIMATE RECORD PERIOD 1903 TO 2016


WEATHER ITEM   OBSERVED TIME   RECORD YEAR NORMAL DEPARTURE LAST
                VALUE   (LST)  VALUE       VALUE  FROM      YEAR
                                                  NORMAL
..................................................................
TEMPERATURE (F)
 YESTERDAY
  MAXIMUM         78    412 PM  95    2013  74      4       80
  MINIMUM         50    607 AM  32    1965  45      5       47
  AVERAGE         64                        60      4       64

PRECIPITATION (IN)
  YESTERDAY        0.00          0.90 1951   0.06  -0.06     0.00
  MONTH TO DATE    0.00                      0.20  -0.20     0.00
  SINCE OCT 1     35.71                     35.20   0.51    25.44
  SINCE JAN 1     23.50                     21.82   1.68     7.67

SNOWFALL (IN)
  YESTERDAY        0.0          MM      MM  MM     MM        0.0
  MONTH TO DATE    0.0                      MM     MM        0.0
  SINCE MAR 1      0.0                      MM     MM        0.0
  SINCE JUL 1      0.0                      MM     MM        0.0
  SNOW DEPTH       0

DEGREE DAYS
 HEATING
  YESTERDAY        1                         6     -5        1
  MONTH TO DATE    5                        19    -14        1
  SINCE MAR 1    529                       732   -203      404
  SINCE JUL 1   2468                      2965   -497     1918

 COOLING
  YESTERDAY        0                         1     -1        0
  MONTH TO DATE    0                         3     -3        6
  SINCE MAR 1      7                        11     -4       20
  SINCE JAN 1      7                        11     -4       20
..................................................................


WIND (MPH)
  HIGHEST WIND SPEED     8   HIGHEST WIND DIRECTION     S (160)
  HIGHEST GUST SPEED    12   HIGHEST GUST DIRECTION     S (170)
  AVERAGE WIND SPEED     1.4


SKY COVER
  AVERAGE SKY COVER 0.4


WEATHER CONDITIONS
 THE FOLLOWING WEATHER WAS RECORDED YESTERDAY.
  NO SIGNIFICANT WEATHER WAS OBSERVED.


RELATIVE HUMIDITY (PERCENT)
 HIGHEST    86
 LOWEST     33
 AVERAGE    60

..........................................................


THE UKIAH CA CLIMATE NORMALS FOR TODAY
                         NORMAL    RECORD    YEAR
 MAXIMUM TEMPERATURE (F)   74        97      1987
 MINIMUM TEMPERATURE (F)   45        34      1920


SUNRISE AND SUNSET
MAY  4 2016...........SUNRISE   610 AM PDT   SUNSET   809 PM PDT
MAY  5 2016...........SUNRISE   609 AM PDT   SUNSET   810 PM PDT


-  INDICATES NEGATIVE NUMBERS.
R  INDICATES RECORD WAS SET OR TIED.
MM INDICATES DATA IS MISSING.
T  INDICATES TRACE AMOUNT.




$$
