000
CDUS46 KEKA 271210
CLIUKI


CLIMATE REPORT
NATIONAL WEATHER SERVICE EUREKA CA
509 AM PDT SAT AUG 27 2016


...................................

...THE UKIAH CA CLIMATE SUMMARY FOR AUGUST 26 2016...

CLIMATE NORMAL PERIOD 1981 TO 2010
CLIMATE RECORD PERIOD 1903 TO 2016


WEATHER ITEM   OBSERVED TIME   RECORD YEAR NORMAL DEPARTURE LAST
                VALUE   (LST)  VALUE       VALUE  FROM      YEAR
                                                  NORMAL
..................................................................
TEMPERATURE (F)
 YESTERDAY
  MAXIMUM         83    343 PM 113    1924  90     -7       96
  MINIMUM         55    336 AM  40    1921  53      2       51
  AVERAGE         69                        72     -3       74

PRECIPITATION (IN)
  YESTERDAY        0.00          0.08 1968   0.01  -0.01     0.00
  MONTH TO DATE    0.00                      0.05  -0.05      T
  SINCE OCT 1     36.52                     36.85  -0.33    26.00
  SINCE JAN 1     24.31                     23.47   0.84     8.23

SNOWFALL (IN)
  YESTERDAY        0.0          MM      MM  MM     MM        0.0
  MONTH TO DATE    0.0                      MM     MM        0.0
  SINCE JUN 1      0.0                      MM     MM        0.0
  SINCE JUL 1      0.0                      MM     MM        0.0
  SNOW DEPTH       0

DEGREE DAYS
 HEATING
  YESTERDAY        0                         0      0        0
  MONTH TO DATE    0                         0      0        2
  SINCE JUN 1     22                        33    -11        7
  SINCE JUL 1      0                         1     -1        3

 COOLING
  YESTERDAY        4                         7     -3        9
  MONTH TO DATE  253                       207     46      225
  SINCE JUN 1    736                       598    138      839
  SINCE JAN 1    801                       650    151      887
..................................................................


WIND (MPH)
  HIGHEST WIND SPEED    15   HIGHEST WIND DIRECTION     S (160)
  HIGHEST GUST SPEED    21   HIGHEST GUST DIRECTION    SE (140)
  AVERAGE WIND SPEED     7.0


SKY COVER
  AVERAGE SKY COVER 0.3


WEATHER CONDITIONS
 THE FOLLOWING WEATHER WAS RECORDED YESTERDAY.
  NO SIGNIFICANT WEATHER WAS OBSERVED.


RELATIVE HUMIDITY (PERCENT)
 HIGHEST    86
 LOWEST     40
 AVERAGE    63

..........................................................


THE UKIAH CA CLIMATE NORMALS FOR TODAY
                         NORMAL    RECORD    YEAR
 MAXIMUM TEMPERATURE (F)   90       109      1944
 MINIMUM TEMPERATURE (F)   53        40      1921


SUNRISE AND SUNSET
AUGUST 27 2016........SUNRISE   637 AM PDT   SUNSET   750 PM PDT
AUGUST 28 2016........SUNRISE   638 AM PDT   SUNSET   748 PM PDT


-  INDICATES NEGATIVE NUMBERS.
R  INDICATES RECORD WAS SET OR TIED.
MM INDICATES DATA IS MISSING.
T  INDICATES TRACE AMOUNT.




$$
