000
CDUS46 KEKA 301211
CLIUKI


CLIMATE REPORT
NATIONAL WEATHER SERVICE EUREKA CA
509 AM PDT THU MAR 30 2017


...................................

...THE UKIAH CA CLIMATE SUMMARY FOR MARCH 29 2017...

CLIMATE NORMAL PERIOD 1981 TO 2010
CLIMATE RECORD PERIOD 1903 TO 2017


WEATHER ITEM   OBSERVED TIME   RECORD YEAR NORMAL DEPARTURE LAST
                VALUE   (LST)  VALUE       VALUE  FROM      YEAR
                                                  NORMAL
..................................................................
TEMPERATURE (F)
 YESTERDAY
  MAXIMUM         74    324 PM  88    1911  65      9       66
  MINIMUM         43    504 AM  31    1949  40      3       35
  AVERAGE         59                        52      7       51

PRECIPITATION (IN)
  YESTERDAY        T             3.56 1974   0.16  -0.16     0.00
  MONTH TO DATE    3.54                      5.21  -1.67     9.20
  SINCE OCT 1     47.82                     32.14  15.68    34.44
  SINCE JAN 1     30.71                     18.76  11.95    22.23

SNOWFALL (IN)
  YESTERDAY       MM            MM      MM  MM     MM        0.0
  MONTH TO DATE    0.0                      MM     MM        0.0
  SINCE MAR 1      0.0                      MM     MM        0.0
  SINCE JUL 1      0.0                      MM     MM        0.0
  SNOW DEPTH       0

DEGREE DAYS
 HEATING
  YESTERDAY        6                        13     -7       14
  MONTH TO DATE  306                       388    -82      321
  SINCE MAR 1    306                       388    -82      321
  SINCE JUL 1   2473                      2621   -148     2260

 COOLING
  YESTERDAY        0                         0      0        0
  MONTH TO DATE    0                         0      0        0
  SINCE MAR 1      0                         0      0        0
  SINCE JAN 1      0                         0      0        0
..................................................................


WIND (MPH)
  HIGHEST WIND SPEED    15   HIGHEST WIND DIRECTION     N (340)
  HIGHEST GUST SPEED    20   HIGHEST GUST DIRECTION    NW (320)
  AVERAGE WIND SPEED     5.4


SKY COVER
  AVERAGE SKY COVER 0.2


WEATHER CONDITIONS
 THE FOLLOWING WEATHER WAS RECORDED YESTERDAY.
  LIGHT RAIN
  HAZE


RELATIVE HUMIDITY (PERCENT)
 HIGHEST    96
 LOWEST     27
 AVERAGE    62

..........................................................


THE UKIAH CA CLIMATE NORMALS FOR TODAY
                         NORMAL    RECORD    YEAR
 MAXIMUM TEMPERATURE (F)   65        89      1911
 MINIMUM TEMPERATURE (F)   40        28      1924


SUNRISE AND SUNSET
MARCH 30 2017.........SUNRISE   700 AM PDT   SUNSET   735 PM PDT
MARCH 31 2017.........SUNRISE   658 AM PDT   SUNSET   736 PM PDT


-  INDICATES NEGATIVE NUMBERS.
R  INDICATES RECORD WAS SET OR TIED.
MM INDICATES DATA IS MISSING.
T  INDICATES TRACE AMOUNT.




$$
