000
CDUS46 KEKA 300826
CLIUKI


CLIMATE REPORT
NATIONAL WEATHER SERVICE EUREKA CA
126 AM PDT SUN AUG 30 2015


...................................

...THE UKIAH CA CLIMATE SUMMARY FOR AUGUST 29 2015...

CLIMATE NORMAL PERIOD 1981 TO 2010
CLIMATE RECORD PERIOD 1903 TO 2015


WEATHER ITEM   OBSERVED TIME   RECORD YEAR NORMAL DEPARTURE LAST
                VALUE   (LST)  VALUE       VALUE  FROM      YEAR
                                                  NORMAL
..................................................................
TEMPERATURE (F)
 YESTERDAY
  MAXIMUM         83    155 PM 107    1924  90     -7       95
  MINIMUM         60   1115 PM  40    1921  53      7       60
  AVERAGE         72                        71      1       78

PRECIPITATION (IN)
  YESTERDAY        0.01          0.14 1953   0.01   0.00     0.00
  MONTH TO DATE    0.01                      0.08  -0.07     0.01
  SINCE OCT 1     26.01                     36.88 -10.87    17.98
  SINCE JAN 1      8.24                     23.50 -15.26    16.64

SNOWFALL (IN)
  YESTERDAY        0.0          MM      MM  MM     MM        0.0
  MONTH TO DATE    0.0                      MM     MM        0.0
  SINCE JUN 1      0.0                      MM     MM        0.0
  SINCE JUL 1      0.0                      MM     MM        0.0
  SNOW DEPTH       0

DEGREE DAYS
 HEATING
  YESTERDAY        0                         0      0        0
  MONTH TO DATE    2                         0      2        0
  SINCE JUN 1      7                        33    -26        2
  SINCE JUL 1      3                         1      2        0

 COOLING
  YESTERDAY        7                         6      1       13
  MONTH TO DATE  256                       227     29      288
  SINCE JUN 1    870                       618    252      892
  SINCE JAN 1    918                       670    248      981
..................................................................


WIND (MPH)
  HIGHEST WIND SPEED    15   HIGHEST WIND DIRECTION     W (280)
  HIGHEST GUST SPEED    20   HIGHEST GUST DIRECTION     W (250)
  AVERAGE WIND SPEED     5.8


SKY COVER
  AVERAGE SKY COVER 0.3


WEATHER CONDITIONS
 THE FOLLOWING WEATHER WAS RECORDED YESTERDAY.
  LIGHT RAIN
  FOG


RELATIVE HUMIDITY (PERCENT)
 HIGHEST    93
 LOWEST     28
 AVERAGE    61

..........................................................


THE UKIAH CA CLIMATE NORMALS FOR TODAY
                         NORMAL    RECORD    YEAR
 MAXIMUM TEMPERATURE (F)   90       108      1987
 MINIMUM TEMPERATURE (F)   53        39      1912


SUNRISE AND SUNSET
AUGUST 30 2015........SUNRISE   640 AM PDT   SUNSET   747 PM PDT
AUGUST 31 2015........SUNRISE   640 AM PDT   SUNSET   745 PM PDT


-  INDICATES NEGATIVE NUMBERS.
R  INDICATES RECORD WAS SET OR TIED.
MM INDICATES DATA IS MISSING.
T  INDICATES TRACE AMOUNT.




$$
