000
CDUS46 KEKA 290015
CLIUKI


CLIMATE REPORT
NATIONAL WEATHER SERVICE EUREKA CA
415 PM PST FRI NOV 28 2014


...................................

...THE UKIAH CA CLIMATE SUMMARY FOR NOVEMBER 28 2014...
VALID TODAY AS OF 0400 PM LOCAL TIME.

CLIMATE NORMAL PERIOD 1981 TO 2010
CLIMATE RECORD PERIOD 1903 TO 2014


WEATHER ITEM   OBSERVED RECORD YEAR NORMAL DEPARTURE LAST
                VALUE   VALUE       VALUE  FROM      YEAR
                                           NORMAL
...........................................................
TEMPERATURE (F)
 TODAY
  MAXIMUM         50     75    2002  58     -8       70
  MINIMUM         34     20    1919  37     -3       35
  AVERAGE         42                 47     -5       53

PRECIPITATION (IN)
  TODAY            0.09   2.18 1982   0.15  -0.06     0.00
  MONTH TO DATE    3.16               3.87  -0.71     0.85
  SINCE JUL 1      5.45               6.62  -1.17     1.43
  SINCE JAN 1     22.08              30.00  -7.92     7.01

SNOWFALL (IN)
  TODAY           MM     MM          MM     MM        0.0
  MONTH TO DATE    0.0               MM     MM        0.0
  SINCE SEP 1      0.0               MM     MM        0.0
  SINCE JUL 1      0.0               MM     MM        0.0
  SNOW DEPTH       0

...........................................................


WIND (MPH)
  HIGHEST WIND SPEED     6   HIGHEST WIND DIRECTION    NW (320)
  HIGHEST GUST SPEED     8   HIGHEST GUST DIRECTION     N (360)
  AVERAGE WIND SPEED     1.1


SKY COVER
  AVERAGE SKY COVER 0.7


WEATHER CONDITIONS
 THE FOLLOWING WEATHER WAS RECORDED TODAY.
  LIGHT RAIN
  FOG


RELATIVE HUMIDITY (PERCENT)
 HIGHEST    92
 LOWEST     80
 AVERAGE    86

..........................................................


THE UKIAH CA CLIMATE NORMALS FOR TOMORROW
                         NORMAL    RECORD    YEAR
 MAXIMUM TEMPERATURE (F)   58        78      1949
 MINIMUM TEMPERATURE (F)   37        22      1906


SUNRISE AND SUNSET
NOVEMBER 28 2014......SUNRISE   710 AM PST   SUNSET   451 PM PST
NOVEMBER 29 2014......SUNRISE   711 AM PST   SUNSET   451 PM PST


-  INDICATES NEGATIVE NUMBERS.
R  INDICATES RECORD WAS SET OR TIED.
MM INDICATES DATA IS MISSING.
T  INDICATES TRACE AMOUNT.




$$
