000
CDUS46 KEKA 031211
CLIUKI


CLIMATE REPORT
NATIONAL WEATHER SERVICE EUREKA CA
410 AM PST TUE MAR 3 2015


...................................

...THE UKIAH CA CLIMATE SUMMARY FOR MARCH 2 2015...

CLIMATE NORMAL PERIOD 1981 TO 2010
CLIMATE RECORD PERIOD 1903 TO 2015


WEATHER ITEM   OBSERVED TIME   RECORD YEAR NORMAL DEPARTURE LAST
                VALUE   (LST)  VALUE       VALUE  FROM      YEAR
                                                  NORMAL
..................................................................
TEMPERATURE (F)
 YESTERDAY
  MAXIMUM         65    231 PM  83    1936  62      3       61
  MINIMUM         38    255 AM  24    1953  40     -2       51
  AVERAGE         52                        51      1       56

PRECIPITATION (IN)
  YESTERDAY        0.00          1.59 1983   0.25  -0.25     0.04
  MONTH TO DATE    0.00                      0.52  -0.52     0.07
  SINCE OCT 1     22.95                     27.45  -4.50    10.58
  SINCE JAN 1      5.18                     14.07  -8.89     9.24

SNOWFALL (IN)
  YESTERDAY        0.0          MM      MM  MM     MM        0.0
  MONTH TO DATE    0.0                      MM     MM        0.0
  SINCE MAR 1      0.0                      MM     MM        0.0
  SINCE JUL 1      0.0                      MM     MM        0.0
  SNOW DEPTH       0

DEGREE DAYS
 HEATING
  YESTERDAY       13                        14     -1        9
  MONTH TO DATE   28                        28      0       18
  SINCE MAR 1     28                        28      0       18
  SINCE JUL 1   1542                      2261   -719     2025

 COOLING
  YESTERDAY        0                         0      0        0
  MONTH TO DATE    0                         0      0        0
  SINCE MAR 1      0                         0      0        0
  SINCE JAN 1      0                         0      0        0
..................................................................


WIND (MPH)
  HIGHEST WIND SPEED    14   HIGHEST WIND DIRECTION     S (190)
  HIGHEST GUST SPEED    18   HIGHEST GUST DIRECTION    SE (150)
  AVERAGE WIND SPEED     2.3


SKY COVER
  AVERAGE SKY COVER 0.2


WEATHER CONDITIONS
 THE FOLLOWING WEATHER WAS RECORDED YESTERDAY.
  NO SIGNIFICANT WEATHER WAS OBSERVED.


RELATIVE HUMIDITY (PERCENT)
 HIGHEST    85
 LOWEST     31
 AVERAGE    58

..........................................................


THE UKIAH CA CLIMATE NORMALS FOR TODAY
                         NORMAL    RECORD    YEAR
 MAXIMUM TEMPERATURE (F)   63        85      1929
 MINIMUM TEMPERATURE (F)   40        26      1966


SUNRISE AND SUNSET
MARCH  3 2015.........SUNRISE   643 AM PST   SUNSET   607 PM PST
MARCH  4 2015.........SUNRISE   641 AM PST   SUNSET   608 PM PST


-  INDICATES NEGATIVE NUMBERS.
R  INDICATES RECORD WAS SET OR TIED.
MM INDICATES DATA IS MISSING.
T  INDICATES TRACE AMOUNT.




$$
