000
CDUS43 KSGF 040628
CLIUNO


CLIMATE REPORT
NATIONAL WEATHER SERVICE SPRINGFIELD MO
126 AM CDT WED MAY 4 2016


...................................

...THE WEST PLAINS MO CLIMATE SUMMARY FOR MAY 3 2016...

CLIMATE NORMAL PERIOD 1981 TO 2010
CLIMATE RECORD PERIOD 1947 TO 2016


WEATHER ITEM   OBSERVED TIME   RECORD YEAR NORMAL DEPARTURE LAST
                VALUE   (LST)  VALUE       VALUE  FROM      YEAR
                                                  NORMAL
..................................................................
TEMPERATURE (F)
 YESTERDAY
  MAXIMUM         67    410 PM  90    1952  74     -7       79
  MINIMUM         46   1106 PM  31    1967  50     -4       58
                                      2005
  AVERAGE         57                        62     -5       69

PRECIPITATION (IN)
  YESTERDAY        0.00          2.34 1979   0.21  -0.21     0.00
  MONTH TO DATE    0.00                      0.61  -0.61     0.00
  SINCE MAR 1      5.23                      9.38  -4.15     5.36
  SINCE JAN 1      7.87                     14.94  -7.07    10.04

DEGREE DAYS
 HEATING
  YESTERDAY        8                         4      4        0
  MONTH TO DATE   18                        13      5       19
  SINCE MAR 1    598                       811   -213      787
  SINCE JUL 1   3431                      4275   -844     4584

 COOLING
  YESTERDAY        0                         1     -1        4
  MONTH TO DATE    0                         3     -3        4
  SINCE MAR 1     16                        31    -15       20
  SINCE JAN 1     16                        31    -15       20
..................................................................


WIND (MPH)
  HIGHEST WIND SPEED    14   HIGHEST WIND DIRECTION    NW (310)
  HIGHEST GUST SPEED    22   HIGHEST GUST DIRECTION    NW (320)
  AVERAGE WIND SPEED     5.9


SKY COVER
  AVERAGE SKY COVER 0.5


WEATHER CONDITIONS
 THE FOLLOWING WEATHER WAS RECORDED YESTERDAY.
  NO SIGNIFICANT WEATHER WAS OBSERVED.


RELATIVE HUMIDITY (PERCENT)
 HIGHEST    86           500 AM
 LOWEST     34           400 PM
 AVERAGE    60

..........................................................


THE WEST PLAINS MO CLIMATE NORMALS FOR TODAY
                         NORMAL    RECORD    YEAR
 MAXIMUM TEMPERATURE (F)   74        91      1952
 MINIMUM TEMPERATURE (F)   51        30      1954


SUNRISE AND SUNSET
MAY  4 2016...........SUNRISE   610 AM CDT   SUNSET   800 PM CDT
MAY  5 2016...........SUNRISE   609 AM CDT   SUNSET   800 PM CDT


-  INDICATES NEGATIVE NUMBERS.
R  INDICATES RECORD WAS SET OR TIED.
MM INDICATES DATA IS MISSING.
T  INDICATES TRACE AMOUNT.




$$
