000
CDUS43 KSGF 240645
CLIUNO


CLIMATE REPORT
NATIONAL WEATHER SERVICE SPRINGFIELD MO
1245 AM CST FRI FEB 24 2017


...................................

...THE WEST PLAINS MO CLIMATE SUMMARY FOR FEBRUARY 23 2017...

CLIMATE NORMAL PERIOD 1981 TO 2010
CLIMATE RECORD PERIOD 1947 TO 2017


WEATHER ITEM   OBSERVED TIME   RECORD YEAR NORMAL DEPARTURE LAST
                VALUE   (LST)  VALUE       VALUE  FROM      YEAR
                                                  NORMAL
..................................................................
TEMPERATURE (F)
 YESTERDAY
  MAXIMUM         76    322 PM  82    1996  52     24       50
                                      1982
  MINIMUM         51    350 AM   6    1989  28     23       34
  AVERAGE         64                        40     24       42

PRECIPITATION (IN)
  YESTERDAY        0.00          2.06 1985   0.11  -0.11     0.40
  MONTH TO DATE    2.58                      2.33   0.25     1.21
  SINCE DEC 1      5.64                      8.69  -3.05    11.18
  SINCE JAN 1      4.62                      5.05  -0.43     2.14

DEGREE DAYS
 HEATING
  YESTERDAY        1                        25    -24       23
  MONTH TO DATE  380                       640   -260      541
  SINCE DEC 1   2039                      2492   -453     2075
  SINCE JUL 1   2559                      3344   -785     2710

 COOLING
  YESTERDAY        0                         0      0        0
  MONTH TO DATE    0                         0      0        0
  SINCE DEC 1      0                         0      0        0
  SINCE JAN 1      0                         0      0        0
..................................................................


WIND (MPH)
  HIGHEST WIND SPEED    22   HIGHEST WIND DIRECTION     S (160)
  HIGHEST GUST SPEED    29   HIGHEST GUST DIRECTION     S (160)
  AVERAGE WIND SPEED    10.4


SKY COVER
  AVERAGE SKY COVER 0.5


WEATHER CONDITIONS
 THE FOLLOWING WEATHER WAS RECORDED YESTERDAY.
  FOG
  FOG W/VISIBILITY <= 1/4 MILE


RELATIVE HUMIDITY (PERCENT)
 HIGHEST   100           300 AM
 LOWEST     46           200 PM
 AVERAGE    73

..........................................................


THE WEST PLAINS MO CLIMATE NORMALS FOR TODAY
                         NORMAL    RECORD    YEAR
 MAXIMUM TEMPERATURE (F)   52        82      1996
 MINIMUM TEMPERATURE (F)   29        10      1964
                                             1989


SUNRISE AND SUNSET
FEBRUARY 24 2017......SUNRISE   645 AM CST   SUNSET   557 PM CST
FEBRUARY 25 2017......SUNRISE   643 AM CST   SUNSET   558 PM CST


-  INDICATES NEGATIVE NUMBERS.
R  INDICATES RECORD WAS SET OR TIED.
MM INDICATES DATA IS MISSING.
T  INDICATES TRACE AMOUNT.




$$
