000
CDUS43 KSGF 220646
CLIUNO


CLIMATE REPORT
NATIONAL WEATHER SERVICE SPRINGFIELD MO
145 AM CDT MON MAY 22 2017


...................................

...THE WEST PLAINS MO CLIMATE SUMMARY FOR MAY 21 2017...

CLIMATE NORMAL PERIOD 1981 TO 2010
CLIMATE RECORD PERIOD 1947 TO 2017


WEATHER ITEM   OBSERVED TIME   RECORD YEAR NORMAL DEPARTURE LAST
                VALUE   (LST)  VALUE       VALUE  FROM      YEAR
                                                  NORMAL
..................................................................
TEMPERATURE (F)
 YESTERDAY
  MAXIMUM         71    423 PM  92    1987  78     -7       75
  MINIMUM         50   1125 PM  36    1954  56     -6       53
  AVERAGE         61                        67     -6       64

PRECIPITATION (IN)
  YESTERDAY        0.00          2.15 1992   0.14  -0.14     0.00
  MONTH TO DATE    5.09                      3.65   1.44     3.76
  SINCE MAR 1     29.31                     12.42  16.89     8.99
  SINCE JAN 1     33.94                     17.98  15.96    11.63

DEGREE DAYS
 HEATING
  YESTERDAY        4                         2      2        1
  MONTH TO DATE   67                        68     -1      110
  SINCE MAR 1    658                       866   -208      690
  SINCE JUL 1   3307                      4330  -1023     3523

 COOLING
  YESTERDAY        0                         4     -4        0
  MONTH TO DATE   60                        49     11       23
  SINCE MAR 1     88                        77     11       39
  SINCE JAN 1     89                        77     12       39
..................................................................


WIND (MPH)
  HIGHEST WIND SPEED    17   HIGHEST WIND DIRECTION    NW (330)
  HIGHEST GUST SPEED    24   HIGHEST GUST DIRECTION     W (280)
  AVERAGE WIND SPEED     6.9


SKY COVER
  AVERAGE SKY COVER 0.0


WEATHER CONDITIONS
 THE FOLLOWING WEATHER WAS RECORDED YESTERDAY.
  NO SIGNIFICANT WEATHER WAS OBSERVED.


RELATIVE HUMIDITY (PERCENT)
 HIGHEST    97          1200 AM
 LOWEST     37           300 PM
 AVERAGE    67

..........................................................


THE WEST PLAINS MO CLIMATE NORMALS FOR TODAY
                         NORMAL    RECORD    YEAR
 MAXIMUM TEMPERATURE (F)   78        92      1998
 MINIMUM TEMPERATURE (F)   56        37      1993


SUNRISE AND SUNSET
MAY 22 2017...........SUNRISE   555 AM CDT   SUNSET   814 PM CDT
MAY 23 2017...........SUNRISE   554 AM CDT   SUNSET   815 PM CDT


-  INDICATES NEGATIVE NUMBERS.
R  INDICATES RECORD WAS SET OR TIED.
MM INDICATES DATA IS MISSING.
T  INDICATES TRACE AMOUNT.




$$
