000
CDUS43 KUNR 280039
CLIUNR


CLIMATE REPORT
NATIONAL WEATHER SERVICE RAPID CITY SD
539 PM MST FRI FEB 27 2015


...................................

...THE EAST RAPID CITY SD CLIMATE SUMMARY FOR FEBRUARY 27 2015...
VALID TODAY AS OF 0500 PM LOCAL TIME.

CLIMATE NORMAL PERIOD 1981 TO 2010
CLIMATE RECORD PERIOD 1888 TO 2015


WEATHER ITEM   OBSERVED RECORD YEAR NORMAL DEPARTURE LAST
                VALUE   VALUE       VALUE  FROM      YEAR
                                           NORMAL
...........................................................
TEMPERATURE (F)
 TODAY
  MAXIMUM         22     72    1895  41    -19       34
  MINIMUM         -5    -27    1890  21    -26        3
  AVERAGE          9                 31    -22       19

PRECIPITATION (IN)
  TODAY            0.00   0.25 1969   0.02  -0.02     0.00
  MONTH TO DATE    0.39               0.46  -0.07     0.22
  SINCE DEC 1      0.92               1.07  -0.15     1.02
  SINCE JAN 1      0.54               0.75  -0.21     0.48

SNOWFALL (IN)
  TODAY            0.0    3.4  1969   0.3   -0.3      0.0
  MONTH TO DATE    8.6                7.1    1.5      6.2
  SINCE DEC 1     20.4               17.8    2.6     19.5
  SINCE JUL 1     35.7               26.4    9.3     49.3
  SNOW DEPTH       2

DEGREE DAYS
 HEATING
  TODAY           56                 34     22       46
  MONTH TO DATE  942                992    -50     1220
  SINCE DEC 1   3032               3340   -308     3708
  SINCE JUL 1   4646               4920   -274     5297

 COOLING
  TODAY            0                  0      0        0
  MONTH TO DATE    0                  0      0        0
  SINCE DEC 1      0                  0      0        0
  SINCE JAN 1      0                  0      0        0
...........................................................





WEATHER CONDITIONS
 THE FOLLOWING WEATHER WAS RECORDED TODAY.
  NO SIGNIFICANT WEATHER WAS OBSERVED.


..........................................................


THE EAST RAPID CITY SD CLIMATE NORMALS FOR TOMORROW
                         NORMAL    RECORD    YEAR
 MAXIMUM TEMPERATURE (F)   42        70      1972
 MINIMUM TEMPERATURE (F)   21       -20      1919


SUNRISE AND SUNSET
FEBRUARY 27 2015......SUNRISE   633 AM MST   SUNSET   538 PM MST
FEBRUARY 28 2015......SUNRISE   632 AM MST   SUNSET   540 PM MST


-  INDICATES NEGATIVE NUMBERS.
R  INDICATES RECORD WAS SET OR TIED.
MM INDICATES DATA IS MISSING.
T  INDICATES TRACE AMOUNT.




$$
