000
CDUS43 KUNR 281832
CLIUNR


CLIMATE REPORT
NATIONAL WEATHER SERVICE RAPID CITY SD
1132 AM MST SUN DEC 28 2014


...................................

...THE EAST RAPID CITY SD CLIMATE SUMMARY FOR DECEMBER 28 2014...
VALID AS OF 1100 AM LOCAL TIME.

CLIMATE NORMAL PERIOD 1981 TO 2010
CLIMATE RECORD PERIOD 1888 TO 2014


WEATHER ITEM   OBSERVED RECORD YEAR NORMAL DEPARTURE LAST
                VALUE   VALUE       VALUE  FROM      YEAR
                                           NORMAL
...........................................................
TEMPERATURE (F)
 TODAY
  MAXIMUM         26     64    1897  37    -11       54
  MINIMUM         16    -16    1917  17     -1        5
  AVERAGE         21                 27     -6       30

PRECIPITATION (IN)
  TODAY            0.00   0.32 1909   0.01  -0.01     0.00
  MONTH TO DATE    0.28               0.29  -0.01     0.54
  SINCE DEC 1      0.28               0.29  -0.01     0.54
  SINCE JAN 1     23.63              19.76   3.87    23.00

SNOWFALL (IN)
  TODAY            0.0    3.1  1909   0.1   -0.1      0.0
  MONTH TO DATE    4.7                4.7    0.0      9.0
  SINCE DEC 1      4.7                4.7    0.0      9.0
  SINCE JUL 1     20.0               13.3    6.7     38.8
  SNOW DEPTH       3

DEGREE DAYS
 HEATING
  TODAY           44                 38      6       35
  MONTH TO DATE  881               1047   -166     1221
  SINCE DEC 1    881               1047   -166     1221
  SINCE JUL 1   2495               2627   -132     2810

 COOLING
  TODAY            0                  0      0        0
  MONTH TO DATE    0                  0      0        0
  SINCE DEC 1      0                  0      0        0
  SINCE JAN 1    514                665   -151      830
...........................................................





WEATHER CONDITIONS
 THE FOLLOWING WEATHER WAS RECORDED TODAY.
  NO SIGNIFICANT WEATHER WAS OBSERVED.


..........................................................


THE EAST RAPID CITY SD CLIMATE NORMALS FOR TOMORROW
                         NORMAL    RECORD    YEAR
 MAXIMUM TEMPERATURE (F)   37        67      1933
 MINIMUM TEMPERATURE (F)   17       -19      1911


SUNRISE AND SUNSET
DECEMBER 28 2014......SUNRISE   727 AM MST   SUNSET   422 PM MST
DECEMBER 29 2014......SUNRISE   727 AM MST   SUNSET   423 PM MST


-  INDICATES NEGATIVE NUMBERS.
R  INDICATES RECORD WAS SET OR TIED.
MM INDICATES DATA IS MISSING.
T  INDICATES TRACE AMOUNT.




$$
