000
CDUS43 KUNR 181900
CLIUNR


CLIMATE REPORT
NATIONAL WEATHER SERVICE RAPID CITY SD
100 PM MDT FRI APR 18 2014


...................................

...THE EAST RAPID CITY SD CLIMATE SUMMARY FOR APRIL 18 2014...
VALID AS OF 1100 AM LOCAL TIME.

CLIMATE NORMAL PERIOD 1981 TO 2010
CLIMATE RECORD PERIOD 1888 TO 2014


WEATHER ITEM   OBSERVED RECORD YEAR NORMAL DEPARTURE LAST
                VALUE   VALUE       VALUE  FROM      YEAR
                                           NORMAL
...........................................................
TEMPERATURE (F)
 TODAY
  MAXIMUM         72     84    1923  57     15       36
  MINIMUM         33     16    1953  35     -2       20
  AVERAGE         53                 46      7       28

PRECIPITATION (IN)
  TODAY            0.00   1.90 1903   0.08  -0.08     0.06
  MONTH TO DATE    0.68               1.07  -0.39     1.98
  SINCE MAR 1      1.81               2.06  -0.25     2.67
  SINCE JAN 1      2.32               2.83  -0.51     3.35

SNOWFALL (IN)
  TODAY            0.0                0.3   -0.3      1.1
  MONTH TO DATE    7.8                6.2    1.6     29.4
  SINCE MAR 1     22.2               18.0    4.2     41.2
  SINCE JUL 1     72.3               44.7   27.6     62.9
  SNOW DEPTH       0

DEGREE DAYS
 HEATING
  TODAY           12                 19     -7       37
  MONTH TO DATE  425                401     24      559
  SINCE MAR 1   1445               1309    136     1503
  SINCE JUL 1   6793               6263    530     6131

 COOLING
  TODAY            0                  0      0        0
  MONTH TO DATE    0                  0      0        0
  SINCE MAR 1      0                  0      0        0
  SINCE JAN 1      0                  0      0        0
...........................................................





WEATHER CONDITIONS
 THE FOLLOWING WEATHER WAS RECORDED TODAY.
  NO SIGNIFICANT WEATHER WAS OBSERVED.


..........................................................


THE EAST RAPID CITY SD CLIMATE NORMALS FOR TOMORROW
                         NORMAL    RECORD    YEAR
 MAXIMUM TEMPERATURE (F)   57        85      1936
 MINIMUM TEMPERATURE (F)   35        18      1966


SUNRISE AND SUNSET
APRIL 18 2014.........SUNRISE   604 AM MDT   SUNSET   741 PM MDT
APRIL 19 2014.........SUNRISE   603 AM MDT   SUNSET   742 PM MDT


-  INDICATES NEGATIVE NUMBERS.
R  INDICATES RECORD WAS SET OR TIED.
MM INDICATES DATA IS MISSING.
T  INDICATES TRACE AMOUNT.




$$
