000
CDUS44 KCRP 140022
CLIVCT

CLIMATE REPORT
NATIONAL WEATHER SERVICE CORPUS CHRISTI TX
717 PM CDT SUN JUL 13 2014


...................................

...THE VICTORIA CLIMATE SUMMARY FOR JULY 13 2014...
VALID TODAY AS OF 700 PM LOCAL TIME.

CLIMATE NORMAL PERIOD 1981 TO 2010
CLIMATE RECORD PERIOD 1893 TO 2014


WEATHER ITEM   OBSERVED TIME   RECORD YEAR NORMAL DEPARTURE LAST
                VALUE   (LST)  VALUE       VALUE  FROM      YEAR
                                                  NORMAL
..................................................................
TEMPERATURE (F)
 TODAY
  MAXIMUM         96    142 PM 102    2000  94      2      100
  MINIMUM         73    605 AM  68    1973  74     -1       73
  AVERAGE         85                        84      1       87

PRECIPITATION (IN)
  TODAY            0.00          2.17 1947   0.15  -0.15     0.00
  MONTH TO DATE    2.33                      1.96   0.37     0.85
  SINCE JUN 1      6.44                      6.42   0.02     1.03
  SINCE JAN 1     17.72                     21.80  -4.08    10.41

SNOWFALL (IN)
  TODAY            0.0
  MONTH TO DATE    0.0
  SINCE JUN 1      0.0
  SINCE JUL 1      0.0
  SNOW DEPTH       0

DEGREE DAYS
 HEATING
  TODAY            0                         0      0        0
  MONTH TO DATE    0                         0      0        0
  SINCE JUN 1      0                         0      0        0
  SINCE JUL 1      0                         0      0        0

 COOLING
  TODAY           20                        19      1       22
  MONTH TO DATE  244                       242      2      252
  SINCE JUN 1    802                       750     52      844
  SINCE JAN 1   1452                      1409     43     1478
..................................................................


WIND (MPH)
  HIGHEST WIND SPEED    16   HIGHEST WIND DIRECTION     S (160)
  HIGHEST GUST SPEED    19   HIGHEST GUST DIRECTION     S (160)


SKY COVER
  POSSIBLE SUNSHINE  MM
  AVERAGE SKY COVER 0.2


WEATHER CONDITIONS
 THE FOLLOWING WEATHER WAS RECORDED TODAY.
  FOG


RELATIVE HUMIDITY (PERCENT)
 HIGHEST   100           400 AM
 LOWEST     49           500 PM
 AVERAGE    75

..........................................................


THE VICTORIA CLIMATE NORMALS FOR TOMORROW
                         NORMAL    RECORD    YEAR
 MAXIMUM TEMPERATURE (F)   94       102      2000
 MINIMUM TEMPERATURE (F)   74        67      1990


SUNRISE AND SUNSET
JULY 13 2014..........SUNRISE   638 AM CDT   SUNSET   828 PM CDT
JULY 14 2014..........SUNRISE   639 AM CDT   SUNSET   828 PM CDT


-  INDICATES NEGATIVE NUMBERS.
R  INDICATES RECORD WAS SET OR TIED.
MM INDICATES DATA IS MISSING.
T  INDICATES TRACE AMOUNT.




$$
