000
CDUS44 KCRP 090700
CLIVCT

CLIMATE REPORT
NATIONAL WEATHER SERVICE CORPUS CHRISTI TX
1252 AM CST FRI DEC 9 2016


...................................

...THE VICTORIA CLIMATE SUMMARY FOR DECEMBER 8 2016...

CLIMATE NORMAL PERIOD 1981 TO 2010
CLIMATE RECORD PERIOD 1893 TO 2016


WEATHER ITEM   OBSERVED TIME   RECORD YEAR NORMAL DEPARTURE LAST
                VALUE   (LST)  VALUE       VALUE  FROM      YEAR
                                                  NORMAL
..................................................................
TEMPERATURE (F)
 YESTERDAY
  MAXIMUM         58   1216 AM  85    2012  67     -9       75
  MINIMUM         39   1159 PM  26    2011  45     -6       45
  AVERAGE         49                        56     -7       60

PRECIPITATION (IN)
  YESTERDAY        0.02          2.07 1988   0.08  -0.06     0.00
  MONTH TO DATE    2.64                      0.65   1.99     0.04
  SINCE DEC 1      2.64                      0.65   1.99     0.04
  SINCE JAN 1     38.88                     39.56  -0.68    52.12

SNOWFALL (IN)
  YESTERDAY        0.0
  MONTH TO DATE    0.0
  SINCE DEC 1      0.0
  SINCE JUL 1      0.0
  SNOW DEPTH       0

DEGREE DAYS
 HEATING
  YESTERDAY       16                        10      6        5
  MONTH TO DATE   82                        72     10       79
  SINCE DEC 1     82                        72     10       79
  SINCE JUL 1    132                       235   -103      177

 COOLING
  YESTERDAY        0                         1     -1        0
  MONTH TO DATE    0                         8     -8        0
  SINCE DEC 1      0                         8     -8        0
  SINCE JAN 1   3427                      3131    296     3280
..................................................................


WIND (MPH)
  HIGHEST WIND SPEED    29   HIGHEST WIND DIRECTION     N (20)
  HIGHEST GUST SPEED    37   HIGHEST GUST DIRECTION     N (10)
  AVERAGE WIND SPEED    17.8


SKY COVER
  POSSIBLE SUNSHINE  MM
  AVERAGE SKY COVER 1.0


WEATHER CONDITIONS
 THE FOLLOWING WEATHER WAS RECORDED YESTERDAY.
  LIGHT RAIN


RELATIVE HUMIDITY (PERCENT)
 HIGHEST    86          1200 AM
 LOWEST     65           500 PM
 AVERAGE    76

..........................................................


THE VICTORIA CLIMATE NORMALS FOR TODAY
                         NORMAL    RECORD    YEAR
 MAXIMUM TEMPERATURE (F)   67        84      2008
                                             1939
 MINIMUM TEMPERATURE (F)   45        22      1917


SUNRISE AND SUNSET
DECEMBER  9 2016......SUNRISE   710 AM CST   SUNSET   531 PM CST
DECEMBER 10 2016......SUNRISE   710 AM CST   SUNSET   531 PM CST


-  INDICATES NEGATIVE NUMBERS.
R  INDICATES RECORD WAS SET OR TIED.
MM INDICATES DATA IS MISSING.
T  INDICATES TRACE AMOUNT.




$$
