000
CDUS44 KCRP 290908
CLIVCT

CLIMATE REPORT
NATIONAL WEATHER SERVICE CORPUS CHRISTI TX
405 AM CDT WED MAR 29 2017

...THE VICTORIA CLIMATE SUMMARY FOR MARCH 28 2017...

CLIMATE NORMAL PERIOD 1981 TO 2010
CLIMATE RECORD PERIOD 1893 TO 2017


WEATHER ITEM   OBSERVED TIME   RECORD YEAR NORMAL DEPARTURE LAST
                VALUE   (LST)  VALUE       VALUE  FROM      YEAR
                                                  NORMAL
..................................................................
TEMPERATURE (F)
 YESTERDAY
  MAXIMUM         87    147 PM  92    1971  77     10       78
                                      1909
  MINIMUM         69   1241 AM  34    1931  55     14       50
  AVERAGE         78                        66     12       64

PRECIPITATION (IN)
  YESTERDAY        0.00          1.60 1999   0.10  -0.10     0.00
  MONTH TO DATE    4.19                      2.51   1.68     4.26
  SINCE MAR 1      4.19                      2.51   1.68     4.26
  SINCE JAN 1     12.79                      7.11   5.68     9.20

SNOWFALL (IN)
  YESTERDAY        0.0
  MONTH TO DATE    0.0
  SINCE MAR 1      0.0
  SINCE JUL 1      0.0
  SNOW DEPTH       0

DEGREE DAYS
 HEATING
  YESTERDAY        0                         2     -2        1
  MONTH TO DATE   34                       119    -85       54
  SINCE MAR 1     34                       119    -85       54
  SINCE JUL 1    565                      1212   -647      904

 COOLING
  YESTERDAY       13                         3     10        0
  MONTH TO DATE  162                        63     99       99
  SINCE MAR 1    162                        63     99       99
  SINCE JAN 1    369                       101    268      134
..................................................................


WIND (MPH)
  HIGHEST WIND SPEED    32   HIGHEST WIND DIRECTION    SE (150)
  HIGHEST GUST SPEED    41   HIGHEST GUST DIRECTION    SE (130)
  AVERAGE WIND SPEED    18.4


SKY COVER
  POSSIBLE SUNSHINE  MM
  AVERAGE SKY COVER 0.7


WEATHER CONDITIONS
 THE FOLLOWING WEATHER WAS RECORDED YESTERDAY.
  FOG


RELATIVE HUMIDITY (PERCENT)
 HIGHEST    97          1200 AM
 LOWEST     45           200 PM
 AVERAGE    71

..........................................................


THE VICTORIA CLIMATE NORMALS FOR TODAY
                         NORMAL    RECORD    YEAR
 MAXIMUM TEMPERATURE (F)   77        93      1974
 MINIMUM TEMPERATURE (F)   55        37      2009
                                             2003


SUNRISE AND SUNSET
MARCH 29 2017.........SUNRISE   721 AM CDT   SUNSET   744 PM CDT
MARCH 30 2017.........SUNRISE   720 AM CDT   SUNSET   745 PM CDT


-  INDICATES NEGATIVE NUMBERS.
R  INDICATES RECORD WAS SET OR TIED.
MM INDICATES DATA IS MISSING.
T  INDICATES TRACE AMOUNT.

$$

87
