000
CDUS44 KCRP 242139 RRA
CLIVCT

CLIMATE REPORT
NATIONAL WEATHER SERVICE CORPUS CHRISTI TX
337 PM CST FRI NOV 24 2017

...................................

...THE VICTORIA CLIMATE SUMMARY FOR NOVEMBER 24 2017...
VALID AS OF 300 PM LOCAL TIME.

CLIMATE NORMAL PERIOD 1981 TO 2010
CLIMATE RECORD PERIOD 1893 TO 2017


WEATHER ITEM   OBSERVED TIME   RECORD YEAR NORMAL DEPARTURE LAST
                VALUE   (LST)  VALUE       VALUE  FROM      YEAR
                                                  NORMAL
..................................................................
TEMPERATURE (F)
 TODAY
  MAXIMUM         76    254 PM  87    1927  71      5       76
  MINIMUM         38    644 AM  27    1970  49    -11       48
  AVERAGE         57                        60     -3       62

PRECIPITATION (IN)
  TODAY            0.00          2.12 1974   0.10  -0.10     0.00
  MONTH TO DATE    0.48                      2.64  -2.16     3.93
  SINCE SEP 1      4.18                     11.44  -7.26     6.54
  SINCE JAN 1     44.58                     38.31   6.27    36.12

SNOWFALL (IN)
  TODAY            0.0
  MONTH TO DATE    0.0
  SINCE SEP 1      0.0
  SINCE JUL 1      0.0
  SNOW DEPTH       0

DEGREE DAYS
 HEATING
  TODAY            8                         6      2        3
  MONTH TO DATE   69                        95    -26       35
  SINCE SEP 1    113                       118     -5       41
  SINCE JUL 1    113                       118     -5       41

 COOLING
  TODAY            0                         2     -2        0
  MONTH TO DATE  139                        72     67      114
  SINCE SEP 1    846                       762     84      923
  SINCE JAN 1   3679                      3115    564     3410
..................................................................


WIND (MPH)
  HIGHEST WIND SPEED    14   HIGHEST WIND DIRECTION     S (190)
  HIGHEST GUST SPEED    17   HIGHEST GUST DIRECTION     S (160)


SKY COVER
  POSSIBLE SUNSHINE  MM
  AVERAGE SKY COVER 0.0


WEATHER CONDITIONS
 THE FOLLOWING WEATHER WAS RECORDED TODAY.
  FOG
  HAZE


RELATIVE HUMIDITY (PERCENT)
 HIGHEST    92           300 AM
 LOWEST     25           100 PM
 AVERAGE    59

..........................................................


THE VICTORIA CLIMATE NORMALS FOR TOMORROW
                         NORMAL    RECORD    YEAR
 MAXIMUM TEMPERATURE (F)   71        88      1926
 MINIMUM TEMPERATURE (F)   49        29      1950


SUNRISE AND SUNSET
NOVEMBER 24 2017......SUNRISE   658 AM CST   SUNSET   531 PM CST
NOVEMBER 25 2017......SUNRISE   659 AM CST   SUNSET   530 PM CST


-  INDICATES NEGATIVE NUMBERS.
R  INDICATES RECORD WAS SET OR TIED.
MM INDICATES DATA IS MISSING.
T  INDICATES TRACE AMOUNT.




$$
