000
CDUS44 KCRP 250927
CLIVCT

CLIMATE REPORT
NATIONAL WEATHER SERVICE CORPUS CHRISTI TX
425 AM CDT TUE JUL 25 2017

...THE VICTORIA CLIMATE SUMMARY FOR JULY 24 2017...

CLIMATE NORMAL PERIOD 1981 TO 2010
CLIMATE RECORD PERIOD 1893 TO 2017


WEATHER ITEM   OBSERVED TIME   RECORD YEAR NORMAL DEPARTURE LAST
                VALUE   (LST)  VALUE       VALUE  FROM      YEAR
                                                  NORMAL
..................................................................
TEMPERATURE (F)
 YESTERDAY
  MAXIMUM         98    226 PM 107    1934  94      4       99
  MINIMUM         77    635 AM  64    1915  74      3       75
  AVERAGE         88                        84      4       87

PRECIPITATION (IN)
  YESTERDAY        0.00          1.97 1987   0.11  -0.11     0.00
  MONTH TO DATE    0.37                      3.39  -3.02     0.04
  SINCE JUN 1      3.88                      7.85  -3.97     3.22
  SINCE JAN 1     23.46                     23.23   0.23    23.44

SNOWFALL (IN)
  YESTERDAY        0.0
  MONTH TO DATE    0.0
  SINCE JUN 1      0.0
  SINCE JUL 1      0.0
  SNOW DEPTH       0

DEGREE DAYS
 HEATING
  YESTERDAY        0                         0      0        0
  MONTH TO DATE    0                         0      0        0
  SINCE JUN 1      0                         0      0        0
  SINCE JUL 1      0                         0      0        0

 COOLING
  YESTERDAY       23                        19      4       22
  MONTH TO DATE  494                       451     43      515
  SINCE JUN 1   1054                       959     95     1045
  SINCE JAN 1   2066                      1618    448     1758
..................................................................


WIND (MPH)
  HIGHEST WIND SPEED    23   HIGHEST WIND DIRECTION    SE (150)
  HIGHEST GUST SPEED    28   HIGHEST GUST DIRECTION    SE (150)
  AVERAGE WIND SPEED    11.9


SKY COVER
  POSSIBLE SUNSHINE  MM
  AVERAGE SKY COVER 0.3


WEATHER CONDITIONS
 THE FOLLOWING WEATHER WAS RECORDED YESTERDAY.
  FOG


RELATIVE HUMIDITY (PERCENT)
 HIGHEST    91           200 AM
 LOWEST     33           200 PM
 AVERAGE    62

..........................................................


THE VICTORIA CLIMATE NORMALS FOR TODAY
                         NORMAL    RECORD    YEAR
 MAXIMUM TEMPERATURE (F)   95       105      1954
 MINIMUM TEMPERATURE (F)   74        64      1915


SUNRISE AND SUNSET
JULY 25 2017..........SUNRISE   645 AM CDT   SUNSET   823 PM CDT
JULY 26 2017..........SUNRISE   646 AM CDT   SUNSET   823 PM CDT


-  INDICATES NEGATIVE NUMBERS.
R  INDICATES RECORD WAS SET OR TIED.
MM INDICATES DATA IS MISSING.
T  INDICATES TRACE AMOUNT.

$$

87
