000
CDUS44 KCRP 260943
CLIVCT

CLIMATE REPORT
NATIONAL WEATHER SERVICE CORPUS CHRISTI TX
431 AM CDT TUE SEP 26 2017


...................................

...THE VICTORIA CLIMATE SUMMARY FOR SEPTEMBER 25 2017...

CLIMATE NORMAL PERIOD 1981 TO 2010
CLIMATE RECORD PERIOD 1893 TO 2017


WEATHER ITEM   OBSERVED TIME   RECORD YEAR NORMAL DEPARTURE LAST
                VALUE   (LST)  VALUE       VALUE  FROM      YEAR
                                                  NORMAL
..................................................................
TEMPERATURE (F)
 YESTERDAY
  MAXIMUM         88    145 PM 104    2005  88      0       89
  MINIMUM         73    641 AM  51    1989  67      6       74
  AVERAGE         81                        78      3       82

PRECIPITATION (IN)
  YESTERDAY        0.01          0.94 1972   0.12  -0.11     0.01
  MONTH TO DATE    1.98                      3.53  -1.55     2.54
  SINCE SEP 1      1.98                      3.53  -1.55     2.54
  SINCE JAN 1     42.38                     30.40  11.98    32.12

SNOWFALL (IN)
  YESTERDAY        0.0
  MONTH TO DATE    0.0
  SINCE SEP 1      0.0
  SINCE JUL 1      0.0
  SNOW DEPTH       0

DEGREE DAYS
 HEATING
  YESTERDAY        0                         0      0        0
  MONTH TO DATE    0                         0      0        0
  SINCE SEP 1      0                         0      0        0
  SINCE JUL 1      0                         0      0        0

 COOLING
  YESTERDAY       16                        13      3       17
  MONTH TO DATE  373                       387    -14      449
  SINCE SEP 1    373                       387    -14      449
  SINCE JAN 1   3206                      2740    466     2936
..................................................................


WIND (MPH)
  HIGHEST WIND SPEED    17   HIGHEST WIND DIRECTION    SE (120)
  HIGHEST GUST SPEED    23   HIGHEST GUST DIRECTION     S (180)
  AVERAGE WIND SPEED     7.6


SKY COVER
  POSSIBLE SUNSHINE  MM
  AVERAGE SKY COVER 0.2


WEATHER CONDITIONS
 THE FOLLOWING WEATHER WAS RECORDED YESTERDAY.
  LIGHT RAIN
  FOG


RELATIVE HUMIDITY (PERCENT)
 HIGHEST    94          1200 AM
 LOWEST     61           300 PM
 AVERAGE    78

..........................................................


THE VICTORIA CLIMATE NORMALS FOR TODAY
                         NORMAL    RECORD    YEAR
 MAXIMUM TEMPERATURE (F)   88       101      2005
 MINIMUM TEMPERATURE (F)   66        48      2000


SUNRISE AND SUNSET
SEPTEMBER 26 2017.....SUNRISE   718 AM CDT   SUNSET   719 PM CDT
SEPTEMBER 27 2017.....SUNRISE   719 AM CDT   SUNSET   718 PM CDT


-  INDICATES NEGATIVE NUMBERS.
R  INDICATES RECORD WAS SET OR TIED.
MM INDICATES DATA IS MISSING.
T  INDICATES TRACE AMOUNT.




$$
