000
CDUS44 KCRP 072342 RRA
CLIVCT

CLIMATE REPORT
NATIONAL WEATHER SERVICE CORPUS CHRISTI TX
640 PM CDT TUE JUL 7 2015

...................................

...THE VICTORIA CLIMATE SUMMARY FOR JULY 7 2015...
VALID TODAY AS OF 640 PM LOCAL TIME.

CLIMATE NORMAL PERIOD 1981 TO 2010
CLIMATE RECORD PERIOD 1893 TO 2015


WEATHER ITEM   OBSERVED TIME   RECORD YEAR NORMAL DEPARTURE LAST
                VALUE   (LST)  VALUE       VALUE  FROM      YEAR
                                                  NORMAL
..................................................................
TEMPERATURE (F)
 TODAY
  MAXIMUM         91    254 PM 105    1914  93     -2       93
  MINIMUM         79   1205 AM  66    1924  74      5       73
  AVERAGE         85                        84      1       83

PRECIPITATION (IN)
  TODAY            T             1.17 1991   0.15  -0.15     0.00
  MONTH TO DATE    0.17                      1.07  -0.90     2.32
  SINCE JUN 1      9.54                      5.53   4.01     6.43
  SINCE JAN 1     37.27                     20.91  16.36    17.71

SNOWFALL (IN)
  TODAY            0.0
  MONTH TO DATE    0.0
  SINCE JUN 1      0.0
  SINCE JUL 1      0.0
  SNOW DEPTH       0

DEGREE DAYS
 HEATING
  TODAY            0                         0      0        0
  MONTH TO DATE    0                         0      0        0
  SINCE JUN 1      0                         0      0        0
  SINCE JUL 1      0                         0      0        0

 COOLING
  TODAY           20                        19      1       18
  MONTH TO DATE  127                       128     -1      133
  SINCE JUN 1    624                       636    -12      691
  SINCE JAN 1   1324                      1295     29     1341
..................................................................


WIND (MPH)
  HIGHEST WIND SPEED    26   HIGHEST WIND DIRECTION     S (160)
  HIGHEST GUST SPEED    33   HIGHEST GUST DIRECTION     S (170)


SKY COVER
  POSSIBLE SUNSHINE  MM
  AVERAGE SKY COVER 0.7


WEATHER CONDITIONS
 THE FOLLOWING WEATHER WAS RECORDED TODAY.
  LIGHT RAIN
  FOG
  HAZE


RELATIVE HUMIDITY (PERCENT)
 HIGHEST   100          1200 AM
 LOWEST     64          1200 PM
 AVERAGE    82

..........................................................


THE VICTORIA CLIMATE NORMALS FOR TOMORROW
                         NORMAL    RECORD    YEAR
 MAXIMUM TEMPERATURE (F)   93       110      1939
 MINIMUM TEMPERATURE (F)   74        68      2005
                                             2000


SUNRISE AND SUNSET
JULY  7 2015..........SUNRISE   635 AM CDT   SUNSET   830 PM CDT
JULY  8 2015..........SUNRISE   636 AM CDT   SUNSET   830 PM CDT


-  INDICATES NEGATIVE NUMBERS.
R  INDICATES RECORD WAS SET OR TIED.
MM INDICATES DATA IS MISSING.
T  INDICATES TRACE AMOUNT.




$$
