000
CDUS45 KGJT 180745
CLIVEL


CLIMATE REPORT
NATIONAL WEATHER SERVICE GRAND JUNCTION CO
142 AM MDT FRI AUG 18 2017


...................................

...THE VERNAL UT CLIMATE SUMMARY FOR AUGUST 17 2017...

CLIMATE NORMAL PERIOD 1981 TO 2010
CLIMATE RECORD PERIOD 9999 TO 9999


WEATHER ITEM   OBSERVED TIME   RECORD YEAR NORMAL DEPARTURE LAST
                VALUE   (LST)  VALUE       VALUE  FROM      YEAR
                                                  NORMAL
..................................................................
TEMPERATURE (F)
 YESTERDAY
  MAXIMUM         88    413 PM  MM      MM  85      3       91
  MINIMUM         51    534 AM  MM      MM  56     -5       58
  AVERAGE         70                        70      0       75

PRECIPITATION (IN)
  YESTERDAY        0.00         MM      MM   0.02  -0.02     0.00
  MONTH TO DATE    0.63                      0.38   0.25     0.23
  SINCE JUN 1      0.87                      1.82  -0.95     0.44
  SINCE JAN 1      5.55                      5.23   0.32     6.71

SNOWFALL (IN)
  YESTERDAY       MM            MM      MM    MM   MM       MM
  MONTH TO DATE   MM                          MM   MM       MM
  SINCE JUN 1     MM                          MM   MM       MM
  SINCE JUL 1     MM                          MM   MM       MM
  SNOW DEPTH      MM

DEGREE DAYS
 HEATING
  YESTERDAY        0                         0      0        0
  MONTH TO DATE    0                         0      0        0
  SINCE JUN 1     14                        78    -64        2
  SINCE JUL 1      0                         6     -6        0

 COOLING
  YESTERDAY        5                         6     -1       10
  MONTH TO DATE  111                       117     -6      134
  SINCE JUN 1    683                       426    257      664
  SINCE JAN 1    689                       435    254      664
..................................................................


WIND (MPH)
  HIGHEST WIND SPEED    20   HIGHEST WIND DIRECTION     N (10)
  HIGHEST GUST SPEED    26   HIGHEST GUST DIRECTION     N (10)
  AVERAGE WIND SPEED     4.0


SKY COVER
  POSSIBLE SUNSHINE  MM
  AVERAGE SKY COVER 0.0


WEATHER CONDITIONS
 THE FOLLOWING WEATHER WAS RECORDED YESTERDAY.
  NO SIGNIFICANT WEATHER WAS OBSERVED.


RELATIVE HUMIDITY (PERCENT)
 HIGHEST    77           500 AM
 LOWEST     17           300 PM
 AVERAGE    47

..........................................................


THE VERNAL UT CLIMATE NORMALS FOR TODAY
                         NORMAL    RECORD    YEAR
 MAXIMUM TEMPERATURE (F)   85        MM        MM
 MINIMUM TEMPERATURE (F)   55        MM        MM


SUNRISE AND SUNSET
AUGUST 18 2017........SUNRISE   632 AM MDT   SUNSET   811 PM MDT
AUGUST 19 2017........SUNRISE   633 AM MDT   SUNSET   809 PM MDT


-  INDICATES NEGATIVE NUMBERS.
R  INDICATES RECORD WAS SET OR TIED.
MM INDICATES DATA IS MISSING.
T  INDICATES TRACE AMOUNT.




$$
