000
CDUS43 KSGF 270632
CLIVIH


CLIMATE REPORT
NATIONAL WEATHER SERVICE SPRINGFIELD MO
132 AM CDT TUE JUN 27 2017


...................................

...THE VICHY-ROLLA MO CLIMATE SUMMARY FOR JUNE 26 2017...

CLIMATE NORMAL PERIOD 1981 TO 2010
CLIMATE RECORD PERIOD 1888 TO 2017


WEATHER ITEM   OBSERVED TIME   RECORD YEAR NORMAL DEPARTURE LAST
                VALUE   (LST)  VALUE       VALUE  FROM      YEAR
                                                  NORMAL
..................................................................
TEMPERATURE (F)
 YESTERDAY
  MAXIMUM         79   1227 PM 100    1901  85     -6       92
  MINIMUM         50    450 AM  46    2004  65    -15       69
  AVERAGE         65                        75    -10       81

PRECIPITATION (IN)
  YESTERDAY        0.06          1.56 1948   0.14  -0.08     0.46
  MONTH TO DATE    2.81                      4.09  -1.28     1.29
  SINCE JUN 1      2.81                      4.09  -1.28     1.29
  SINCE JAN 1     25.25                     20.90   4.35    15.53

DEGREE DAYS
 HEATING
  YESTERDAY        0                         0      0        0
  MONTH TO DATE    1                        12    -11        0
  SINCE JUN 1      1                        12    -11        0
  SINCE JUL 1   3804                      4846  -1042     4052

 COOLING
  YESTERDAY        0                        10    -10       16
  MONTH TO DATE  194                       192      2      304
  SINCE JUN 1    194                       192      2      304
  SINCE JAN 1    298                       299     -1      382
..................................................................


WIND (MPH)
  HIGHEST WIND SPEED    22   HIGHEST WIND DIRECTION     N (10)
  HIGHEST GUST SPEED    29   HIGHEST GUST DIRECTION     N (360)
  AVERAGE WIND SPEED     4.6


SKY COVER
  AVERAGE SKY COVER 0.5


WEATHER CONDITIONS
 THE FOLLOWING WEATHER WAS RECORDED YESTERDAY.
  LIGHT RAIN
  FOG


RELATIVE HUMIDITY (PERCENT)
 HIGHEST   100          1100 PM
 LOWEST     37          1200 PM
 AVERAGE    69

..........................................................


THE VICHY-ROLLA MO CLIMATE NORMALS FOR TODAY
                         NORMAL    RECORD    YEAR
 MAXIMUM TEMPERATURE (F)   86       101      1901
 MINIMUM TEMPERATURE (F)   65        51      1968


SUNRISE AND SUNSET
JUNE 27 2017..........SUNRISE   546 AM CDT   SUNSET   834 PM CDT
JUNE 28 2017..........SUNRISE   547 AM CDT   SUNSET   834 PM CDT


-  INDICATES NEGATIVE NUMBERS.
R  INDICATES RECORD WAS SET OR TIED.
MM INDICATES DATA IS MISSING.
T  INDICATES TRACE AMOUNT.




$$
