052
CDUS43 KSGF 232327
CLIVIH


CLIMATE REPORT
NATIONAL WEATHER SERVICE SPRINGFIELD MO
526 PM CST TUE JAN 23 2018


...................................

...THE VICHY-ROLLA MO CLIMATE SUMMARY FOR JANUARY 23 2018...
VALID TODAY AS OF 0500 PM LOCAL TIME.

CLIMATE NORMAL PERIOD 1981 TO 2010
CLIMATE RECORD PERIOD 1888 TO 2018


WEATHER ITEM   OBSERVED TIME   RECORD YEAR NORMAL DEPARTURE LAST
                VALUE   (LST)  VALUE       VALUE  FROM      YEAR
                                                  NORMAL
..................................................................
TEMPERATURE (F)
 TODAY
  MAXIMUM         34    436 PM  75    1967  41     -7       45
  MINIMUM         32    958 AM  -9    1963  22     10       27
  AVERAGE         33                        31      2       36

PRECIPITATION (IN)
  TODAY            0.00          1.04 2010   0.06  -0.06     0.00
  MONTH TO DATE    1.65                      1.68  -0.03     1.55
  SINCE DEC 1      2.29                      4.32  -2.03     2.41
  SINCE JAN 1      1.65                      1.68  -0.03     1.55

DEGREE DAYS
 COOLING
  TODAY            0                         0      0        0
  MONTH TO DATE    0                         0      0        0
  SINCE DEC 1      0                         0      0        0
  SINCE JAN 1      0                         0      0        0
..................................................................


WIND (MPH)
  HIGHEST WIND SPEED    28   HIGHEST WIND DIRECTION     W (290)
  HIGHEST GUST SPEED    42   HIGHEST GUST DIRECTION     W (250)


SKY COVER
  AVERAGE SKY COVER 1.0


WEATHER CONDITIONS
 THE FOLLOWING WEATHER WAS RECORDED TODAY.
  NO SIGNIFICANT WEATHER WAS OBSERVED.


RELATIVE HUMIDITY (PERCENT)
 HIGHEST    82          1200 AM
 LOWEST     75           400 AM
 AVERAGE    79

..........................................................


THE VICHY-ROLLA MO CLIMATE NORMALS FOR TOMORROW
                         NORMAL    RECORD    YEAR
 MAXIMUM TEMPERATURE (F)   41        76      1950
 MINIMUM TEMPERATURE (F)   22       -14      1905


SUNRISE AND SUNSET
JANUARY 23 2018.......SUNRISE   718 AM CST   SUNSET   520 PM CST
JANUARY 24 2018.......SUNRISE   718 AM CST   SUNSET   521 PM CST


-  INDICATES NEGATIVE NUMBERS.
R  INDICATES RECORD WAS SET OR TIED.
MM INDICATES DATA IS MISSING.
T  INDICATES TRACE AMOUNT.




$$
