000
CDUS42 KTAE 230702
CLIVLD


CLIMATE REPORT
NATIONAL WEATHER SERVICE TALLAHASSEE FL
252 AM EDT SAT AUG 23 2014


...................................

...THE VALDOSTA CLIMATE SUMMARY FOR AUGUST 22 2014...

CLIMATE NORMAL PERIOD 1981 TO 2010
CLIMATE RECORD PERIOD 1948 TO 2014


WEATHER ITEM   OBSERVED TIME   NORMAL DEPARTURE LAST
                VALUE   (LST)  VALUE  FROM      YEAR
                                      NORMAL
......................................................
TEMPERATURE (F)
 YESTERDAY
  MAXIMUM         99    422 PM  91      8       81
  MINIMUM         70    620 AM  71     -1       73
  AVERAGE         85            81      4       77

PRECIPITATION (IN)
  YESTERDAY        0.00          0.15  -0.15     1.17
  MONTH TO DATE    2.47          3.89  -1.42     4.87
  SINCE JUN 1      8.55         16.58  -8.03    18.03
  SINCE JAN 1     31.82         35.58  -3.76    32.57

DEGREE DAYS
 COOLING
  YESTERDAY       20            16      4       12
  MONTH TO DATE  439           359     80      433
  SINCE JUN 1   1603          1299    304     1554
  SINCE JAN 1   2206          1711    495     2116
......................................................


WIND (MPH)
  HIGHEST WIND SPEED    13   HIGHEST WIND DIRECTION     N (10)
  HIGHEST GUST SPEED    15   HIGHEST GUST DIRECTION     N (10)
  AVERAGE WIND SPEED     1.9




RELATIVE HUMIDITY (PERCENT)
 HIGHEST    97
 LOWEST     35
 AVERAGE    66

..........................................................




SUNRISE AND SUNSET
AUGUST 23 2014........SUNRISE   704 AM EDT   SUNSET   807 PM EDT
AUGUST 24 2014........SUNRISE   705 AM EDT   SUNSET   806 PM EDT


-  INDICATES NEGATIVE NUMBERS.
R  INDICATES RECORD WAS SET OR TIED.
MM INDICATES DATA IS MISSING.
T  INDICATES TRACE AMOUNT.




$$
