000
CDUS42 KTAE 230639
CLIVLD


CLIMATE REPORT
NATIONAL WEATHER SERVICE TALLAHASSEE FL
235 AM EDT SUN JUL 23 2017

...................................

...THE VALDOSTA CLIMATE SUMMARY FOR JULY 22 2017...

CLIMATE NORMAL PERIOD 1981 TO 2010
CLIMATE RECORD PERIOD 1948 TO 2017


WEATHER ITEM   OBSERVED TIME   NORMAL DEPARTURE LAST
                VALUE   (LST)  VALUE  FROM      YEAR
                                      NORMAL
......................................................
TEMPERATURE (F)
 YESTERDAY
  MAXIMUM         93    203 PM  92      1       94
  MINIMUM         68    348 AM  71     -3       71
  AVERAGE         81            82     -1       83

PRECIPITATION (IN)
  YESTERDAY        T             0.24  -0.24      T
  MONTH TO DATE    1.70          4.65  -2.95     9.71
  SINCE JUN 1     10.59         10.71  -0.12    18.11
  SINCE JAN 1     26.38         29.71  -3.33    42.41

DEGREE DAYS
 COOLING
  YESTERDAY       16            17     -1       18
  MONTH TO DATE  377           357     20      414
  SINCE JUN 1    784           789     -5      899
  SINCE JAN 1   1325          1201    124     1409
......................................................


WIND (MPH)
  HIGHEST WIND SPEED    16   HIGHEST WIND DIRECTION     S (180)
  HIGHEST GUST SPEED    19   HIGHEST GUST DIRECTION    SW (220)
  AVERAGE WIND SPEED     2.9




RELATIVE HUMIDITY (PERCENT)
 HIGHEST   100
 LOWEST     52
 AVERAGE    76

..........................................................




SUNRISE AND SUNSET
JULY 23 2017..........SUNRISE   645 AM EDT   SUNSET   834 PM EDT
JULY 24 2017..........SUNRISE   646 AM EDT   SUNSET   833 PM EDT


-  INDICATES NEGATIVE NUMBERS.
R  INDICATES RECORD WAS SET OR TIED.
MM INDICATES DATA IS MISSING.
T  INDICATES TRACE AMOUNT.

$$
