000
CDUS42 KTAE 030636
CLIVLD


CLIMATE REPORT
NATIONAL WEATHER SERVICE TALLAHASSEE FL
236 AM EDT FRI JUL 3 2015


...................................

...THE VALDOSTA CLIMATE SUMMARY FOR JULY 2 2015...

CLIMATE NORMAL PERIOD 1981 TO 2010
CLIMATE RECORD PERIOD 1948 TO 2015


WEATHER ITEM   OBSERVED TIME   NORMAL DEPARTURE LAST
                VALUE   (LST)  VALUE  FROM      YEAR
                                      NORMAL
......................................................
TEMPERATURE (F)
 YESTERDAY
  MAXIMUM         90   1217 PM  92     -2      101
  MINIMUM         71   1159 PM  70      1       75
  AVERAGE         81            81      0       88

PRECIPITATION (IN)
  YESTERDAY        T             0.19  -0.19     0.04
  MONTH TO DATE    T             0.38  -0.38     0.04
  SINCE JUN 1      3.12          6.44  -3.32     2.28
  SINCE JAN 1     21.68         25.44  -3.76    25.55

DEGREE DAYS
 COOLING
  YESTERDAY       16            16      0       23
  MONTH TO DATE   31            32     -1       47
  SINCE JUN 1    510           464     46      609
  SINCE JAN 1   1157           876    281     1212
......................................................


WIND (MPH)
  HIGHEST WIND SPEED    14   HIGHEST WIND DIRECTION    NW (310)
  HIGHEST GUST SPEED    26   HIGHEST GUST DIRECTION    SW (220)
  AVERAGE WIND SPEED     3.9




RELATIVE HUMIDITY (PERCENT)
 HIGHEST   100
 LOWEST     56
 AVERAGE    78

..........................................................




SUNRISE AND SUNSET
JULY  3 2015..........SUNRISE   634 AM EDT   SUNSET   840 PM EDT
JULY  4 2015..........SUNRISE   635 AM EDT   SUNSET   840 PM EDT


-  INDICATES NEGATIVE NUMBERS.
R  INDICATES RECORD WAS SET OR TIED.
MM INDICATES DATA IS MISSING.
T  INDICATES TRACE AMOUNT.




$$
