354
CDUS42 KTAE 270633
CLIVLD


CLIMATE REPORT
NATIONAL WEATHER SERVICE TALLAHASSEE FL
233 AM EDT WED JUL 27 2016


...................................

...THE VALDOSTA CLIMATE SUMMARY FOR JULY 26 2016...

CLIMATE NORMAL PERIOD 1981 TO 2010
CLIMATE RECORD PERIOD 1948 TO 2016


WEATHER ITEM   OBSERVED TIME   NORMAL DEPARTURE LAST
                VALUE   (LST)  VALUE  FROM      YEAR
                                      NORMAL
......................................................
TEMPERATURE (F)
 YESTERDAY
  MAXIMUM         93   1247 PM  92      1       93
  MINIMUM         73    552 AM  71      2       67
  AVERAGE         83            82      1       80

PRECIPITATION (IN)
  YESTERDAY        T             0.22  -0.22     0.00
  MONTH TO DATE    9.71          5.55   4.16     8.35
  SINCE JUN 1     18.11         11.61   6.50    11.48
  SINCE JAN 1     42.41         30.61  11.80    30.04

DEGREE DAYS
 COOLING
  YESTERDAY       18            17      1       15
  MONTH TO DATE  489           425     64      476
  SINCE JUN 1    974           857    117      977
  SINCE JAN 1   1484          1269    215     1624
......................................................


WIND (MPH)
  HIGHEST WIND SPEED    13   HIGHEST WIND DIRECTION     S (190)
  HIGHEST GUST SPEED    19   HIGHEST GUST DIRECTION     S (200)
  AVERAGE WIND SPEED     3.5




RELATIVE HUMIDITY (PERCENT)
 HIGHEST   100
 LOWEST     52
 AVERAGE    76

..........................................................




SUNRISE AND SUNSET
JULY 27 2016..........SUNRISE   648 AM EDT   SUNSET   831 PM EDT
JULY 28 2016..........SUNRISE   649 AM EDT   SUNSET   830 PM EDT


-  INDICATES NEGATIVE NUMBERS.
R  INDICATES RECORD WAS SET OR TIED.
MM INDICATES DATA IS MISSING.
T  INDICATES TRACE AMOUNT.




$$
