000
CDUS42 KTAE 250633
CLIVLD


CLIMATE REPORT
NATIONAL WEATHER SERVICE TALLAHASSEE FL
133 AM EST SAT FEB 25 2017


...................................

...THE VALDOSTA CLIMATE SUMMARY FOR FEBRUARY 24 2017...

CLIMATE NORMAL PERIOD 1981 TO 2010
CLIMATE RECORD PERIOD 1948 TO 2017


WEATHER ITEM   OBSERVED TIME   NORMAL DEPARTURE LAST
                VALUE   (LST)  VALUE  FROM      YEAR
                                      NORMAL
......................................................
TEMPERATURE (F)
 YESTERDAY
  MAXIMUM         83    408 PM  69     14       74
  MINIMUM         53    607 AM  44      9       49
  AVERAGE         68            56     12       62

PRECIPITATION (IN)
  YESTERDAY        0.00          0.22  -0.22     0.47
  MONTH TO DATE    1.20          3.23  -2.03     4.97
  SINCE DEC 1     12.46         10.97   1.49    11.37
  SINCE JAN 1     10.31          7.80   2.51     8.86

DEGREE DAYS
 HEATING
  YESTERDAY        0             9     -9        3
  MONTH TO DATE  112           275   -163      229
  SINCE DEC 1    604          1113   -509      798
  SINCE JUL 1    771          1344   -573      874
......................................................


WIND (MPH)
  HIGHEST WIND SPEED     9   HIGHEST WIND DIRECTION     S (170)
  HIGHEST GUST SPEED    13   HIGHEST GUST DIRECTION    NE (50)
  AVERAGE WIND SPEED     2.7




RELATIVE HUMIDITY (PERCENT)
 HIGHEST   100
 LOWEST     40
 AVERAGE    70

..........................................................




SUNRISE AND SUNSET
FEBRUARY 25 2017......SUNRISE   704 AM EST   SUNSET   629 PM EST
FEBRUARY 26 2017......SUNRISE   703 AM EST   SUNSET   630 PM EST


-  INDICATES NEGATIVE NUMBERS.
R  INDICATES RECORD WAS SET OR TIED.
MM INDICATES DATA IS MISSING.
T  INDICATES TRACE AMOUNT.




$$
