000
CDUS42 KTAE 050635
CLIVLD


CLIMATE REPORT
NATIONAL WEATHER SERVICE TALLAHASSEE FL
234 AM EDT THU MAY 5 2016


...................................

...THE VALDOSTA CLIMATE SUMMARY FOR MAY 4 2016...

CLIMATE NORMAL PERIOD 1981 TO 2010
CLIMATE RECORD PERIOD 1948 TO 2016


WEATHER ITEM   OBSERVED TIME   NORMAL DEPARTURE LAST
                VALUE   (LST)  VALUE  FROM      YEAR
                                      NORMAL
......................................................
TEMPERATURE (F)
 YESTERDAY
  MAXIMUM         79    308 PM  84     -5       85
  MINIMUM         58   1159 PM  57      1       53
  AVERAGE         69            71     -2       69

PRECIPITATION (IN)
  YESTERDAY        0.01          0.06  -0.05     0.00
  MONTH TO DATE    1.24          0.21   1.03     0.00
  SINCE MAR 1     13.23          7.95   5.28     7.34
  SINCE JAN 1     22.09         16.68   5.41    16.50

DEGREE DAYS
 COOLING
  YESTERDAY        4             6     -2        4
  MONTH TO DATE   42            23     19        7
  SINCE MAR 1    255           148    107      304
  SINCE JAN 1    265           158    107      308
......................................................


WIND (MPH)
  HIGHEST WIND SPEED    15   HIGHEST WIND DIRECTION     N (360)
  HIGHEST GUST SPEED    20   HIGHEST GUST DIRECTION     N (360)
  AVERAGE WIND SPEED     3.7




RELATIVE HUMIDITY (PERCENT)
 HIGHEST   100
 LOWEST     39
 AVERAGE    70

..........................................................




SUNRISE AND SUNSET
MAY  5 2016...........SUNRISE   645 AM EDT   SUNSET   815 PM EDT
MAY  6 2016...........SUNRISE   644 AM EDT   SUNSET   815 PM EDT


-  INDICATES NEGATIVE NUMBERS.
R  INDICATES RECORD WAS SET OR TIED.
MM INDICATES DATA IS MISSING.
T  INDICATES TRACE AMOUNT.




$$
