000
CDUS42 KTAE 030633
CLIVLD


CLIMATE REPORT
NATIONAL WEATHER SERVICE TALLAHASSEE FL
232 AM EDT WED SEP 3 2014


...................................

...THE VALDOSTA CLIMATE SUMMARY FOR SEPTEMBER 2 2014...

CLIMATE NORMAL PERIOD 1981 TO 2010
CLIMATE RECORD PERIOD 1948 TO 2014


WEATHER ITEM   OBSERVED TIME   NORMAL DEPARTURE LAST
                VALUE   (LST)  VALUE  FROM      YEAR
                                      NORMAL
......................................................
TEMPERATURE (F)
 YESTERDAY
  MAXIMUM         96    254 PM  90      6       92
  MINIMUM         71    612 AM  70      1       74
  AVERAGE         84            80      4       83

PRECIPITATION (IN)
  YESTERDAY        0.30          0.16   0.14     0.03
  MONTH TO DATE    0.41          0.32   0.09     0.03
  SINCE SEP 1      0.41          0.32   0.09     0.03
  SINCE JAN 1     35.84         37.35  -1.51    34.19

DEGREE DAYS
 HEATING
  YESTERDAY        0             0      0        0
  MONTH TO DATE    0             0      0        0
  SINCE SEP 1      0             0      0        0
  SINCE JUL 1      0             0      0        0

 COOLING
  YESTERDAY       19            15      4       18
  MONTH TO DATE   38            30      8       38
  SINCE SEP 1     38            30      8       38
  SINCE JAN 1   2399          1884    515     2312
......................................................


WIND (MPH)
  HIGHEST WIND SPEED    23   HIGHEST WIND DIRECTION     E (80)
  HIGHEST GUST SPEED    41   HIGHEST GUST DIRECTION    SW (220)
  AVERAGE WIND SPEED     2.2




RELATIVE HUMIDITY (PERCENT)
 HIGHEST    93
 LOWEST     49
 AVERAGE    71

..........................................................




SUNRISE AND SUNSET
SEPTEMBER  3 2014.....SUNRISE   711 AM EDT   SUNSET   754 PM EDT
SEPTEMBER  4 2014.....SUNRISE   711 AM EDT   SUNSET   753 PM EDT


-  INDICATES NEGATIVE NUMBERS.
R  INDICATES RECORD WAS SET OR TIED.
MM INDICATES DATA IS MISSING.
T  INDICATES TRACE AMOUNT.




$$
