000
CDUS42 KTAE 290701
CLIVLD


CLIMATE REPORT
NATIONAL WEATHER SERVICE TALLAHASSEE FL
157 AM EST MON DEC 29 2014


...................................

...THE VALDOSTA CLIMATE SUMMARY FOR DECEMBER 28 2014...

CLIMATE NORMAL PERIOD 1981 TO 2010
CLIMATE RECORD PERIOD 1948 TO 2014


WEATHER ITEM   OBSERVED TIME   NORMAL DEPARTURE LAST
                VALUE   (LST)  VALUE  FROM      YEAR
                                      NORMAL
......................................................
TEMPERATURE (F)
 YESTERDAY
  MAXIMUM         78    326 PM  63     15       70
  MINIMUM         53   1220 AM  40     13       51
  AVERAGE         66            51     15       61

PRECIPITATION (IN)
  YESTERDAY        0.00          0.07  -0.07     0.02
  MONTH TO DATE    4.10          2.95   1.15     3.47
  SINCE DEC 1      4.10          2.95   1.15     3.47
  SINCE JAN 1     52.23         50.38   1.85    44.81

DEGREE DAYS
 HEATING
  YESTERDAY        0            14    -14        4
  MONTH TO DATE  257           339    -82      175
  SINCE DEC 1    257           339    -82      175
  SINCE JUL 1    624           570     54      341
......................................................


WIND (MPH)
  HIGHEST WIND SPEED    13   HIGHEST WIND DIRECTION    SW (220)
  HIGHEST GUST SPEED    21   HIGHEST GUST DIRECTION    SW (220)
  AVERAGE WIND SPEED     5.0




RELATIVE HUMIDITY (PERCENT)
 HIGHEST   100
 LOWEST     58
 AVERAGE    79

..........................................................




SUNRISE AND SUNSET
DECEMBER 29 2014......SUNRISE   730 AM EST   SUNSET   541 PM EST
DECEMBER 30 2014......SUNRISE   730 AM EST   SUNSET   541 PM EST


-  INDICATES NEGATIVE NUMBERS.
R  INDICATES RECORD WAS SET OR TIED.
MM INDICATES DATA IS MISSING.
T  INDICATES TRACE AMOUNT.




$$
