000
CDUS42 KTAE 260631
CLIVLD


CLIMATE REPORT
NATIONAL WEATHER SERVICE TALLAHASSEE FL
231 AM EDT FRI MAY 26 2017


...................................

...THE VALDOSTA CLIMATE SUMMARY FOR MAY 25 2017...

CLIMATE NORMAL PERIOD 1981 TO 2010
CLIMATE RECORD PERIOD 1948 TO 2017


WEATHER ITEM   OBSERVED TIME   NORMAL DEPARTURE LAST
                VALUE   (LST)  VALUE  FROM      YEAR
                                      NORMAL
......................................................
TEMPERATURE (F)
 YESTERDAY
  MAXIMUM         80    253 PM  88     -8       90
  MINIMUM         54   1159 PM  64    -10       62
  AVERAGE         67            76     -9       76

PRECIPITATION (IN)
  YESTERDAY        0.00          0.10  -0.10     0.00
  MONTH TO DATE    1.83          1.70   0.13     3.45
  SINCE MAR 1      4.97          9.44  -4.47    15.44
  SINCE JAN 1     15.28         18.17  -2.89    24.30

DEGREE DAYS
 COOLING
  YESTERDAY        2            11     -9       11
  MONTH TO DATE  202           208     -6      211
  SINCE MAR 1    419           333     86      424
  SINCE JAN 1    465           343    122      434
......................................................


WIND (MPH)
  HIGHEST WIND SPEED    10   HIGHEST WIND DIRECTION    NW (300)
  HIGHEST GUST SPEED    20   HIGHEST GUST DIRECTION    NW (300)
  AVERAGE WIND SPEED     2.7




RELATIVE HUMIDITY (PERCENT)
 HIGHEST   100
 LOWEST     39
 AVERAGE    70

..........................................................




SUNRISE AND SUNSET
MAY 26 2017...........SUNRISE   632 AM EDT   SUNSET   828 PM EDT
MAY 27 2017...........SUNRISE   632 AM EDT   SUNSET   829 PM EDT


-  INDICATES NEGATIVE NUMBERS.
R  INDICATES RECORD WAS SET OR TIED.
MM INDICATES DATA IS MISSING.
T  INDICATES TRACE AMOUNT.




$$
