000
CDUS42 KTAE 232235
CLIVLD


CLIMATE REPORT
NATIONAL WEATHER SERVICE TALLAHASSEE FL
534 PM EST THU NOV 23 2017


...................................

...THE VALDOSTA CLIMATE SUMMARY FOR NOVEMBER 23 2017...
VALID TODAY AS OF 0500 PM LOCAL TIME.

CLIMATE NORMAL PERIOD 1981 TO 2010
CLIMATE RECORD PERIOD 1948 TO 2017


WEATHER ITEM   OBSERVED TIME   NORMAL DEPARTURE LAST
                VALUE   (LST)  VALUE  FROM      YEAR
                                      NORMAL
......................................................
TEMPERATURE (F)
 TODAY
  MAXIMUM         62   1237 AM  70     -8       76
  MINIMUM         57    459 PM  46     11       41
  AVERAGE         60            58      2       59

PRECIPITATION (IN)
  TODAY            0.36          0.09   0.27     0.00
  MONTH TO DATE    0.88          1.84  -0.96      T
  SINCE SEP 1      7.01          9.68  -2.67     6.07
  SINCE JAN 1     38.79         46.71  -7.92    50.40

......................................................







THE VALDOSTA CLIMATE NORMALS FOR TOMORROW
                         NORMAL
 MAXIMUM TEMPERATURE (F)   70
 MINIMUM TEMPERATURE (F)   46



-  INDICATES NEGATIVE NUMBERS.
R  INDICATES RECORD WAS SET OR TIED.
MM INDICATES DATA IS MISSING.
T  INDICATES TRACE AMOUNT.




$$
