000
CDUS42 KTAE 110636
CLIVLD


CLIMATE REPORT
NATIONAL WEATHER SERVICE TALLAHASSEE FL
135 AM EST THU FEB 11 2016


...................................

...THE VALDOSTA CLIMATE SUMMARY FOR FEBRUARY 10 2016...

CLIMATE NORMAL PERIOD 1981 TO 2010
CLIMATE RECORD PERIOD 1948 TO 2016


WEATHER ITEM   OBSERVED TIME   NORMAL DEPARTURE LAST
                VALUE   (LST)  VALUE  FROM      YEAR
                                      NORMAL
......................................................
TEMPERATURE (F)
 YESTERDAY
  MAXIMUM         49    306 PM  66    -17       57
  MINIMUM         28    724 AM  41    -13       39
  AVERAGE         39            53    -14       48

PRECIPITATION (IN)
  YESTERDAY        0.00          0.11  -0.11     0.00
  MONTH TO DATE    3.09          0.76   2.33     0.87
  SINCE DEC 1      9.49          8.50   0.99     9.53
  SINCE JAN 1      6.98          5.33   1.65     5.43

DEGREE DAYS
 HEATING
  YESTERDAY       26            12     14       17
  MONTH TO DATE  131           129      2      146
  SINCE DEC 1    700           967   -267      839
  SINCE JUL 1    776          1198   -422     1206
......................................................


WIND (MPH)
  HIGHEST WIND SPEED    12   HIGHEST WIND DIRECTION    NW (310)
  HIGHEST GUST SPEED    21   HIGHEST GUST DIRECTION    NW (310)
  AVERAGE WIND SPEED     3.0




RELATIVE HUMIDITY (PERCENT)
 HIGHEST    85
 LOWEST     24
 AVERAGE    55

..........................................................




SUNRISE AND SUNSET
FEBRUARY 11 2016......SUNRISE   718 AM EST   SUNSET   617 PM EST
FEBRUARY 12 2016......SUNRISE   717 AM EST   SUNSET   618 PM EST


-  INDICATES NEGATIVE NUMBERS.
R  INDICATES RECORD WAS SET OR TIED.
MM INDICATES DATA IS MISSING.
T  INDICATES TRACE AMOUNT.




$$
