000
CDUS42 KTAE 040620
CLIVLD


CLIMATE REPORT
NATIONAL WEATHER SERVICE TALLAHASSEE FL
218 AM EDT FRI SEP 4 2015

...................................

...THE VALDOSTA CLIMATE SUMMARY FOR SEPTEMBER 3 2015...

CLIMATE NORMAL PERIOD 1981 TO 2010
CLIMATE RECORD PERIOD 1948 TO 2015


WEATHER ITEM   OBSERVED TIME   NORMAL DEPARTURE LAST
                VALUE   (LST)  VALUE  FROM      YEAR
                                      NORMAL
......................................................
TEMPERATURE (F)
 YESTERDAY
  MAXIMUM         92    217 PM  90      2       92
  MINIMUM         72    619 AM  70      2       72
  AVERAGE         82            80      2       82

PRECIPITATION (IN)
  YESTERDAY        0.02          0.16  -0.14     2.02
  MONTH TO DATE    0.86          0.48   0.38     2.43
  SINCE SEP 1      0.86          0.48   0.38     2.43
  SINCE JAN 1     39.02         37.51   1.51    37.86

DEGREE DAYS
 HEATING
  YESTERDAY        0             0      0        0
  MONTH TO DATE    0             0      0        0
  SINCE SEP 1      0             0      0        0
  SINCE JUL 1      0             0      0        0

 COOLING
  YESTERDAY       17            15      2       17
  MONTH TO DATE   49            45      4       55
  SINCE SEP 1     49            45      4       55
  SINCE JAN 1   2316          1899    417     2416
......................................................


WIND (MPH)
  HIGHEST WIND SPEED     8   HIGHEST WIND DIRECTION     N (10)
  HIGHEST GUST SPEED    14   HIGHEST GUST DIRECTION     N (360)
  AVERAGE WIND SPEED     1.3




RELATIVE HUMIDITY (PERCENT)
 HIGHEST   100
 LOWEST     52
 AVERAGE    76

..........................................................



SUNRISE AND SUNSET
SEPTEMBER  4 2015.....SUNRISE   711 AM EDT   SUNSET   753 PM EDT
SEPTEMBER  5 2015.....SUNRISE   712 AM EDT   SUNSET   752 PM EDT


-  INDICATES NEGATIVE NUMBERS.
R  INDICATES RECORD WAS SET OR TIED.
MM INDICATES DATA IS MISSING.
T  INDICATES TRACE AMOUNT.

$$
