000
CDUS42 KTAE 010652
CLIVLD


CLIMATE REPORT
NATIONAL WEATHER SERVICE TALLAHASSEE FL
152 AM EST SUN MAR 1 2015


...................................

...THE VALDOSTA CLIMATE SUMMARY FOR FEBRUARY 28 2015...

CLIMATE NORMAL PERIOD 1981 TO 2010
CLIMATE RECORD PERIOD 1948 TO 2015


WEATHER ITEM   OBSERVED TIME   NORMAL DEPARTURE LAST
                VALUE   (LST)  VALUE  FROM      YEAR
                                      NORMAL
......................................................
TEMPERATURE (F)
 YESTERDAY
  MAXIMUM         48    243 PM  70    -22       68
  MINIMUM         44   1000 PM  44      0       32
  AVERAGE         46            57    -11       50

PRECIPITATION (IN)
  YESTERDAY        0.19          0.24  -0.05     0.00
  MONTH TO DATE    4.60          4.16   0.44     3.52
  SINCE DEC 1     13.26         11.90   1.36    10.68
  SINCE JAN 1      9.16          8.73   0.43     6.14

DEGREE DAYS
 HEATING
  YESTERDAY       19             9     10       15
  MONTH TO DATE  424           311    113      195
  SINCE DEC 1   1117          1149    -32      885
  SINCE JUL 1   1484          1380    104     1051
......................................................


WIND (MPH)
  HIGHEST WIND SPEED    15   HIGHEST WIND DIRECTION    NE (50)
  HIGHEST GUST SPEED    21   HIGHEST GUST DIRECTION    NE (40)
  AVERAGE WIND SPEED     9.2




RELATIVE HUMIDITY (PERCENT)
 HIGHEST   100
 LOWEST     65
 AVERAGE    83

..........................................................




SUNRISE AND SUNSET
MARCH  1 2015.........SUNRISE   700 AM EST   SUNSET   632 PM EST
MARCH  2 2015.........SUNRISE   659 AM EST   SUNSET   632 PM EST


-  INDICATES NEGATIVE NUMBERS.
R  INDICATES RECORD WAS SET OR TIED.
MM INDICATES DATA IS MISSING.
T  INDICATES TRACE AMOUNT.




$$
