000
CDUS42 KTAE 260632
CLIVLD


CLIMATE REPORT
NATIONAL WEATHER SERVICE TALLAHASSEE FL
231 AM EDT SAT JUL 26 2014


...................................

...THE VALDOSTA CLIMATE SUMMARY FOR JULY 25 2014...

CLIMATE NORMAL PERIOD 1981 TO 2010
CLIMATE RECORD PERIOD 1948 TO 2014


WEATHER ITEM   OBSERVED TIME   NORMAL DEPARTURE LAST
                VALUE   (LST)  VALUE  FROM      YEAR
                                      NORMAL
......................................................
TEMPERATURE (F)
 YESTERDAY
  MAXIMUM         96    259 PM  92      4       92
  MINIMUM         74    605 AM  71      3       73
  AVERAGE         85            82      3       83

PRECIPITATION (IN)
  YESTERDAY        T             0.21  -0.21     0.00
  MONTH TO DATE    3.69          5.33  -1.64     7.66
  SINCE JUN 1      5.93         11.39  -5.46    11.45
  SINCE JAN 1     29.20         30.39  -1.19    25.99

DEGREE DAYS
 COOLING
  YESTERDAY       20            17      3       18
  MONTH TO DATE  481           408     73      447
  SINCE JUN 1   1043           840    203     1000
  SINCE JAN 1   1646          1252    394     1562
......................................................


WIND (MPH)
  HIGHEST WIND SPEED    13   HIGHEST WIND DIRECTION    SW (220)
  HIGHEST GUST SPEED    21   HIGHEST GUST DIRECTION    SW (210)
  AVERAGE WIND SPEED     2.9




RELATIVE HUMIDITY (PERCENT)
 HIGHEST    87
 LOWEST     43
 AVERAGE    65

..........................................................




SUNRISE AND SUNSET
JULY 26 2014..........SUNRISE   647 AM EDT   SUNSET   832 PM EDT
JULY 27 2014..........SUNRISE   648 AM EDT   SUNSET   831 PM EDT


-  INDICATES NEGATIVE NUMBERS.
R  INDICATES RECORD WAS SET OR TIED.
MM INDICATES DATA IS MISSING.
T  INDICATES TRACE AMOUNT.




$$
