000
CDUS42 KFFC 040823
CLIVPC


CLIMATE REPORT
NATIONAL WEATHER SERVICE PEACHTREE CITY GA
422 AM EDT SAT JUL 4 2015


...................................

...THE CARTERSVILLE CLIMATE SUMMARY FOR JULY 3 2015...

CLIMATE NORMAL PERIOD 1981 TO 2010
CLIMATE RECORD PERIOD 9999 TO 9999


WEATHER ITEM   OBSERVED TIME   RECORD YEAR NORMAL DEPARTURE LAST
                VALUE   (LST)  VALUE       VALUE  FROM      YEAR
                                                  NORMAL
..................................................................
TEMPERATURE (F)
 YESTERDAY
  MAXIMUM         77    539 PM  MM      MM  89    -12       86
  MINIMUM         69   1157 PM  MM      MM  66      3       65
  AVERAGE         73                        78     -5       76

PRECIPITATION (IN)
  YESTERDAY        0.31         MM      MM   0.18   0.13     0.00
  MONTH TO DATE    1.02                      0.55   0.47     0.00
  SINCE JUN 1      3.49                      4.39  -0.90     4.24
  SINCE JAN 1     21.59                     26.55  -4.96    25.01

DEGREE DAYS
 COOLING
  YESTERDAY        8                        13     -5       11
  MONTH TO DATE   27                        37    -10       41
  SINCE JUN 1    397                       332     65      383
  SINCE JAN 1    615                       481    134      565
..................................................................


WIND (MPH)
  RESULTANT WIND SPEED   2   RESULTANT WIND DIRECTION   E (100)
  HIGHEST WIND SPEED     9   HIGHEST WIND DIRECTION     S (200)
  HIGHEST GUST SPEED    16   HIGHEST GUST DIRECTION     W (260)
  AVERAGE WIND SPEED     2.1


SKY COVER
  AVERAGE SKY COVER 0.6


WEATHER CONDITIONS
 THE FOLLOWING WEATHER WAS RECORDED YESTERDAY.
  THUNDERSTORM
  HEAVY RAIN
  RAIN
  LIGHT RAIN
  FOG


RELATIVE HUMIDITY (PERCENT)
 HIGHEST    97           800 AM
 LOWEST     69           200 PM
 AVERAGE    83

..........................................................


THE CARTERSVILLE CLIMATE NORMALS FOR TODAY
                         NORMAL    RECORD    YEAR
 MAXIMUM TEMPERATURE (F)   89        MM        MM
 MINIMUM TEMPERATURE (F)   66        MM        MM


SUNRISE AND SUNSET
JULY  4 2015..........SUNRISE   633 AM EDT   SUNSET   855 PM EDT
JULY  5 2015..........SUNRISE   633 AM EDT   SUNSET   855 PM EDT


-  INDICATES NEGATIVE NUMBERS.
R  INDICATES RECORD WAS SET OR TIED.
MM INDICATES DATA IS MISSING.
T  INDICATES TRACE AMOUNT.




$$
