000
CDUS42 KFFC 310820
CLIVPC


CLIMATE REPORT
NATIONAL WEATHER SERVICE PEACHTREE CITY GA
420 AM EDT MON AUG 31 2015


...................................

...THE CARTERSVILLE CLIMATE SUMMARY FOR AUGUST 30 2015...

CLIMATE NORMAL PERIOD 1981 TO 2010
CLIMATE RECORD PERIOD 9999 TO 9999


WEATHER ITEM   OBSERVED TIME   RECORD YEAR NORMAL DEPARTURE LAST
                VALUE   (LST)  VALUE       VALUE  FROM      YEAR
                                                  NORMAL
..................................................................
TEMPERATURE (F)
 YESTERDAY
  MAXIMUM         75    509 PM  MM      MM  88    -13       93
  MINIMUM         67   1043 AM  MM      MM  65      2       66
  AVERAGE         71                        77     -6       80

PRECIPITATION (IN)
  YESTERDAY        0.28         MM      MM   0.10   0.18     0.09
  MONTH TO DATE    2.68                      3.83  -1.15     2.60
  SINCE JUN 1      8.72                     12.33  -3.61     7.80
  SINCE JAN 1     26.82                     34.49  -7.67    28.57

DEGREE DAYS
 COOLING
  YESTERDAY        6                        12     -6       15
  MONTH TO DATE  401                       401      0      381
  SINCE JUN 1   1220                      1108    112     1083
  SINCE JAN 1   1438                      1257    181     1265
..................................................................


WIND (MPH)
  RESULTANT WIND SPEED   3   RESULTANT WIND DIRECTION   E (90)
  HIGHEST WIND SPEED    10   HIGHEST WIND DIRECTION    NE (60)
  HIGHEST GUST SPEED    14   HIGHEST GUST DIRECTION    NE (60)
  AVERAGE WIND SPEED     2.8


SKY COVER
  AVERAGE SKY COVER 0.9


WEATHER CONDITIONS
 THE FOLLOWING WEATHER WAS RECORDED YESTERDAY.
  RAIN
  LIGHT RAIN
  FOG


RELATIVE HUMIDITY (PERCENT)
 HIGHEST    97           600 AM
 LOWEST     68           100 PM
 AVERAGE    83

..........................................................


THE CARTERSVILLE CLIMATE NORMALS FOR TODAY
                         NORMAL    RECORD    YEAR
 MAXIMUM TEMPERATURE (F)   88        MM        MM
 MINIMUM TEMPERATURE (F)   65        MM        MM


SUNRISE AND SUNSET
AUGUST 31 2015........SUNRISE   712 AM EDT   SUNSET   807 PM EDT
SEPTEMBER  1 2015.....SUNRISE   713 AM EDT   SUNSET   806 PM EDT


-  INDICATES NEGATIVE NUMBERS.
R  INDICATES RECORD WAS SET OR TIED.
MM INDICATES DATA IS MISSING.
T  INDICATES TRACE AMOUNT.




$$
