166
CDUS42 KFFC 120026
CLIVPC


CLIMATE REPORT
NATIONAL WEATHER SERVICE PEACHTREE CITY GA
726 PM EST MON DEC 11 2017


...................................

...THE CARTERSVILLE CLIMATE SUMMARY FOR DECEMBER 11 2017...
VALID AS OF 0700 PM LOCAL TIME.

CLIMATE NORMAL PERIOD 1981 TO 2010
CLIMATE RECORD PERIOD 9999 TO 9999


WEATHER ITEM   OBSERVED TIME   RECORD YEAR NORMAL DEPARTURE LAST
                VALUE   (LST)  VALUE       VALUE  FROM      YEAR
                                                  NORMAL
..................................................................
TEMPERATURE (F)
 TODAY
  MAXIMUM         54    415 PM  MM      MM  54      0       49
  MINIMUM         22    802 AM  MM      MM  32    -10       23
  AVERAGE         38                        43     -5       36

PRECIPITATION (IN)
  TODAY            0.00         MM      MM   0.17  -0.17     0.00
  MONTH TO DATE    1.41                      1.80  -0.39     1.48
  SINCE DEC 1      1.41                      1.80  -0.39     1.48

SNOWFALL (IN)
  TODAY            0.0          MM      MM  MM     MM        0.0
  MONTH TO DATE    0.0                      MM     MM        0.0
  SINCE DEC 1      0.0                      MM     MM        0.0
  SINCE JUL 1      0.0                      MM     MM        0.0
  SNOW DEPTH       0

DEGREE DAYS
 HEATING
  TODAY           27                        22      5       29
  MONTH TO DATE  214                       226    -12      236
  SINCE DEC 1    214                       226    -12      236
  SINCE JUL 1    758                       835    -77      605
..................................................................


WIND (MPH)
  RESULTANT WIND SPEED   0   RESULTANT WIND DIRECTION   N (20)
  HIGHEST WIND SPEED     6   HIGHEST WIND DIRECTION    NE (30)
  HIGHEST GUST SPEED     8   HIGHEST GUST DIRECTION     W (270)
  AVERAGE WIND SPEED     0.3


SKY COVER
  AVERAGE SKY COVER 0.0


WEATHER CONDITIONS
 THE FOLLOWING WEATHER WAS RECORDED TODAY.
  NO SIGNIFICANT WEATHER WAS OBSERVED.


RELATIVE HUMIDITY (PERCENT)
 HIGHEST   100          1200 AM
 LOWEST     45           300 PM
 AVERAGE    73

..........................................................


THE CARTERSVILLE CLIMATE NORMALS FOR TOMORROW
                         NORMAL    RECORD    YEAR
 MAXIMUM TEMPERATURE (F)   54        MM        MM
 MINIMUM TEMPERATURE (F)   32        MM        MM


SUNRISE AND SUNSET
DECEMBER 11 2017......SUNRISE   735 AM EST   SUNSET   530 PM EST
DECEMBER 12 2017......SUNRISE   736 AM EST   SUNSET   531 PM EST


-  INDICATES NEGATIVE NUMBERS.
R  INDICATES RECORD WAS SET OR TIED.
MM INDICATES DATA IS MISSING.
T  INDICATES TRACE AMOUNT.




$$
