000
CDUS42 KFFC 270835
CLIVPC


CLIMATE REPORT
NATIONAL WEATHER SERVICE PEACHTREE CITY GA
434 AM EDT WED JUL 27 2016


...................................

...THE CARTERSVILLE CLIMATE SUMMARY FOR JULY 26 2016...

CLIMATE NORMAL PERIOD 1981 TO 2010
CLIMATE RECORD PERIOD 9999 TO 9999


WEATHER ITEM   OBSERVED TIME   RECORD YEAR NORMAL DEPARTURE LAST
                VALUE   (LST)  VALUE       VALUE  FROM      YEAR
                                                  NORMAL
..................................................................
TEMPERATURE (F)
 YESTERDAY
  MAXIMUM         95    351 PM  MM      MM  89      6       93
  MINIMUM         71    548 AM  MM      MM  68      3       70
  AVERAGE         83                        79      4       82

PRECIPITATION (IN)
  YESTERDAY        0.04         MM      MM   0.12  -0.08     0.00
  MONTH TO DATE    2.72                      4.15  -1.43     3.57
  SINCE JUN 1      8.16                      7.99   0.17     6.04
  SINCE JAN 1     24.68                     30.15  -5.47    24.14

DEGREE DAYS
 COOLING
  YESTERDAY       18                        14      4       17
  MONTH TO DATE  424                       344     80      362
  SINCE JUN 1    808                       639    169      732
  SINCE JAN 1   1001                       788    213      950
..................................................................


WIND (MPH)
  RESULTANT WIND SPEED   1   RESULTANT WIND DIRECTION  SE (130)
  HIGHEST WIND SPEED     9   HIGHEST WIND DIRECTION     S (180)
  HIGHEST GUST SPEED    15   HIGHEST GUST DIRECTION     S (180)
  AVERAGE WIND SPEED     1.6


SKY COVER
  AVERAGE SKY COVER 0.1


WEATHER CONDITIONS
 THE FOLLOWING WEATHER WAS RECORDED YESTERDAY.
  RAIN
  FOG


RELATIVE HUMIDITY (PERCENT)
 HIGHEST   100           400 AM
 LOWEST     44           400 PM
 AVERAGE    72

..........................................................


THE CARTERSVILLE CLIMATE NORMALS FOR TODAY
                         NORMAL    RECORD    YEAR
 MAXIMUM TEMPERATURE (F)   89        MM        MM
 MINIMUM TEMPERATURE (F)   68        MM        MM


SUNRISE AND SUNSET
JULY 27 2016..........SUNRISE   647 AM EDT   SUNSET   844 PM EDT
JULY 28 2016..........SUNRISE   648 AM EDT   SUNSET   843 PM EDT


-  INDICATES NEGATIVE NUMBERS.
R  INDICATES RECORD WAS SET OR TIED.
MM INDICATES DATA IS MISSING.
T  INDICATES TRACE AMOUNT.




$$
