000
CDUS42 KFFC 260822
CLIVPC


CLIMATE REPORT
NATIONAL WEATHER SERVICE PEACHTREE CITY GA
422 AM EDT THU MAY 26 2016


...................................

...THE CARTERSVILLE CLIMATE SUMMARY FOR MAY 25 2016...

CLIMATE NORMAL PERIOD 1981 TO 2010
CLIMATE RECORD PERIOD 9999 TO 9999


WEATHER ITEM   OBSERVED TIME   RECORD YEAR NORMAL DEPARTURE LAST
                VALUE   (LST)  VALUE       VALUE  FROM      YEAR
                                                  NORMAL
..................................................................
TEMPERATURE (F)
 YESTERDAY
  MAXIMUM         88    339 PM  MM      MM  82      6       82
  MINIMUM         55    558 AM  MM      MM  58     -3       66
  AVERAGE         72                        70      2       74

PRECIPITATION (IN)
  YESTERDAY        0.00         MM      MM   0.12  -0.12     0.44
  MONTH TO DATE    2.60                      3.26  -0.66     1.17
  SINCE MAR 1      7.92                     11.89  -3.97     9.38
  SINCE JAN 1     16.36                     21.39  -5.03    17.97

DEGREE DAYS
 COOLING
  YESTERDAY        7                         6      1        9
  MONTH TO DATE   80                        87     -7      125
  SINCE MAR 1    129                       112     17      170
  SINCE JAN 1    129                       112     17      170
..................................................................


WIND (MPH)
  RESULTANT WIND SPEED   2   RESULTANT WIND DIRECTION  SE (120)
  HIGHEST WIND SPEED    13   HIGHEST WIND DIRECTION     S (180)
  HIGHEST GUST SPEED    18   HIGHEST GUST DIRECTION     S (170)
  AVERAGE WIND SPEED     2.3


SKY COVER
  AVERAGE SKY COVER 0.0


WEATHER CONDITIONS
 THE FOLLOWING WEATHER WAS RECORDED YESTERDAY.
  FOG


RELATIVE HUMIDITY (PERCENT)
 HIGHEST   100           300 AM
 LOWEST     32           100 PM
 AVERAGE    66

..........................................................


THE CARTERSVILLE CLIMATE NORMALS FOR TODAY
                         NORMAL    RECORD    YEAR
 MAXIMUM TEMPERATURE (F)   82        MM        MM
 MINIMUM TEMPERATURE (F)   58        MM        MM


SUNRISE AND SUNSET
MAY 26 2016...........SUNRISE   631 AM EDT   SUNSET   842 PM EDT
MAY 27 2016...........SUNRISE   630 AM EDT   SUNSET   843 PM EDT


-  INDICATES NEGATIVE NUMBERS.
R  INDICATES RECORD WAS SET OR TIED.
MM INDICATES DATA IS MISSING.
T  INDICATES TRACE AMOUNT.




$$
