000
CDUS43 KLOT 030634
CLIVPZ


CLIMATE REPORT
NATIONAL WEATHER SERVICE CHICAGO IL
133 AM CDT TUE MAY 3 2016


...................................

...THE VALPARAISO CLIMATE SUMMARY FOR MAY 2 2016...

CLIMATE NORMAL PERIOD 1981 TO 2010
CLIMATE RECORD PERIOD 1998 TO 2016


WEATHER ITEM   OBSERVED TIME   RECORD YEAR NORMAL DEPARTURE LAST
                VALUE   (LST)  VALUE       VALUE  FROM      YEAR
                                                  NORMAL
..................................................................
TEMPERATURE (F)
 YESTERDAY
  MAXIMUM         54   1126 AM  83    2001  66    -12       76
  MINIMUM         44    522 AM  34    2005  44      0       49
  AVERAGE         49                        55     -6       63

PRECIPITATION (IN)
  YESTERDAY        0.00          0.33 2010   0.14  -0.14     0.00
  MONTH TO DATE    0.08                      0.28  -0.20     0.00
  SINCE MAR 1      5.81                      6.29  -0.48     2.77
  SINCE JAN 1      7.14                      9.46  -2.32     4.38

DEGREE DAYS
 HEATING
  YESTERDAY       16                        10      6        2
  MONTH TO DATE   29                        21      8       15
  SINCE MAR 1   1172                      1348   -176     1425
  SINCE JUL 1   5030                      6080  -1050     6683

 COOLING
  YESTERDAY        0                         0      0        0
  MONTH TO DATE    0                         0      0        0
  SINCE MAR 1      6                         5      1        0
  SINCE JAN 1      6                         5      1        0
..................................................................


WIND (MPH)
  RESULTANT WIND SPEED   6   RESULTANT WIND DIRECTION   N (10)
  HIGHEST WIND SPEED    13   HIGHEST WIND DIRECTION    NE (60)
  HIGHEST GUST SPEED    17   HIGHEST GUST DIRECTION     N (360)
  AVERAGE WIND SPEED     6.2



WEATHER CONDITIONS
 THE FOLLOWING WEATHER WAS RECORDED YESTERDAY.
  NO SIGNIFICANT WEATHER WAS OBSERVED.


..........................................................


THE VALPARAISO CLIMATE NORMALS FOR TODAY
                         NORMAL    RECORD    YEAR
 MAXIMUM TEMPERATURE (F)   66        86      2012
                                             2001
 MINIMUM TEMPERATURE (F)   44        31      2004


SUNRISE AND SUNSET
MAY  3 2016...........SUNRISE   542 AM CDT   SUNSET   748 PM CDT
MAY  4 2016...........SUNRISE   541 AM CDT   SUNSET   749 PM CDT


-  INDICATES NEGATIVE NUMBERS.
R  INDICATES RECORD WAS SET OR TIED.
MM INDICATES DATA IS MISSING.
T  INDICATES TRACE AMOUNT.




$$
