000
CDUS43 KLOT 310631
CLIVPZ


CLIMATE REPORT
NATIONAL WEATHER SERVICE CHICAGO IL
131 AM CDT MON AUG 31 2015


...................................

...THE VALPARAISO CLIMATE SUMMARY FOR AUGUST 30 2015...

CLIMATE NORMAL PERIOD 1981 TO 2010
CLIMATE RECORD PERIOD 1998 TO 2015


WEATHER ITEM   OBSERVED TIME   RECORD YEAR NORMAL DEPARTURE LAST
                VALUE   (LST)  VALUE       VALUE  FROM      YEAR
                                                  NORMAL
..................................................................
TEMPERATURE (F)
 YESTERDAY
  MAXIMUM         78    350 PM  94    2013  79     -1       82
  MINIMUM         62   1120 PM  47    2009  59      3       68
                                      1999
  AVERAGE         70                        69      1       75

PRECIPITATION (IN)
  YESTERDAY        0.00          0.21 2009   0.14  -0.14     0.21
                                      2009
                                      2014
  MONTH TO DATE    4.38                      4.18   0.20    10.49
  SINCE JUN 1     14.91                     12.43   2.48    20.43
  SINCE JAN 1     23.70                     25.41  -1.71    29.36

DEGREE DAYS
 HEATING
  YESTERDAY        0                         1     -1        0
  MONTH TO DATE    5                         6     -1       15
  SINCE JUN 1     38                        51    -13       60
  SINCE JUL 1     11                        10      1       40

 COOLING
  YESTERDAY        5                         5      0       10
  MONTH TO DATE  168                       182    -14      193
  SINCE JUN 1    502                       586    -84      464
  SINCE JAN 1    578                       633    -55      537
..................................................................


WIND (MPH)
  RESULTANT WIND SPEED   2   RESULTANT WIND DIRECTION   N (10)
  HIGHEST WIND SPEED     8   HIGHEST WIND DIRECTION     N (340)
  HIGHEST GUST SPEED    11   HIGHEST GUST DIRECTION    NW (320)
  AVERAGE WIND SPEED     3.1



WEATHER CONDITIONS
 THE FOLLOWING WEATHER WAS RECORDED YESTERDAY.
  FOG
  FOG W/VISIBILITY <= 1/4 MILE
  HAZE


..........................................................


THE VALPARAISO CLIMATE NORMALS FOR TODAY
                         NORMAL    RECORD    YEAR
 MAXIMUM TEMPERATURE (F)   79        92      2010
 MINIMUM TEMPERATURE (F)   58        43      2009


SUNRISE AND SUNSET
AUGUST 31 2015........SUNRISE   613 AM CDT   SUNSET   723 PM CDT
SEPTEMBER  1 2015.....SUNRISE   614 AM CDT   SUNSET   721 PM CDT


-  INDICATES NEGATIVE NUMBERS.
R  INDICATES RECORD WAS SET OR TIED.
MM INDICATES DATA IS MISSING.
T  INDICATES TRACE AMOUNT.




$$
