000
CDUS43 KLOT 220632
CLIVPZ


CLIMATE REPORT
NATIONAL WEATHER SERVICE CHICAGO IL
1232 AM CST MON DEC 22 2014


...................................

...THE VALPARAISO CLIMATE SUMMARY FOR DECEMBER 21 2014...

CLIMATE NORMAL PERIOD 1981 TO 2010
CLIMATE RECORD PERIOD 1998 TO 2014


WEATHER ITEM   OBSERVED TIME   RECORD YEAR NORMAL DEPARTURE LAST
                VALUE   (LST)  VALUE       VALUE  FROM      YEAR
                                                  NORMAL
..................................................................
TEMPERATURE (F)
 YESTERDAY
  MAXIMUM         36    335 PM  51    2006  33      3       35
  MINIMUM         29   1159 PM  -5    2008  20      9       32
                                      2000
  AVERAGE         33                        26      7       34

PRECIPITATION (IN)
  YESTERDAY        0.00          0.44 2013   0.07  -0.07     0.44
  MONTH TO DATE    0.26                      1.54  -1.28     1.05
  SINCE DEC 1      0.26                      1.54  -1.28     1.05
  SINCE JAN 1     38.08                     36.87   1.21    35.60

DEGREE DAYS
 HEATING
  YESTERDAY       32                        39     -7       31
  MONTH TO DATE  682                       746    -64      862
  SINCE DEC 1    682                       746    -64      862
  SINCE JUL 1   2183                      2004    179     2248

 COOLING
  YESTERDAY        0                         0      0        0
  MONTH TO DATE    0                         0      0        0
  SINCE DEC 1      0                         0      0        0
  SINCE JAN 1    611                       713   -102      810
..................................................................


WIND (MPH)
  RESULTANT WIND SPEED   7   RESULTANT WIND DIRECTION   S (160)
  HIGHEST WIND SPEED    14   HIGHEST WIND DIRECTION     S (180)
  HIGHEST GUST SPEED    16   HIGHEST GUST DIRECTION     S (160)
  AVERAGE WIND SPEED     7.5



WEATHER CONDITIONS
 THE FOLLOWING WEATHER WAS RECORDED YESTERDAY.
  FOG
  HAZE


..........................................................


THE VALPARAISO CLIMATE NORMALS FOR TODAY
                         NORMAL    RECORD    YEAR
 MAXIMUM TEMPERATURE (F)   33        53      2006
 MINIMUM TEMPERATURE (F)   19        -9      2000


SUNRISE AND SUNSET
DECEMBER 22 2014......SUNRISE   711 AM CST   SUNSET   422 PM CST
DECEMBER 23 2014......SUNRISE   712 AM CST   SUNSET   422 PM CST


-  INDICATES NEGATIVE NUMBERS.
R  INDICATES RECORD WAS SET OR TIED.
MM INDICATES DATA IS MISSING.
T  INDICATES TRACE AMOUNT.




$$
