153
CDUS43 KLOT 060643
CLIVPZ


CLIMATE REPORT
NATIONAL WEATHER SERVICE CHICAGO IL
1242 AM CST SAT FEB 6 2016


...................................

...THE VALPARAISO CLIMATE SUMMARY FOR FEBRUARY 5 2016...

CLIMATE NORMAL PERIOD 1981 TO 2010
CLIMATE RECORD PERIOD 1998 TO 2016


WEATHER ITEM   OBSERVED TIME   RECORD YEAR NORMAL DEPARTURE LAST
                VALUE   (LST)  VALUE       VALUE  FROM      YEAR
                                                  NORMAL
..................................................................
TEMPERATURE (F)
 YESTERDAY
  MAXIMUM         34   1154 AM  47    2005  33      1       16
  MINIMUM         23   1159 PM -10    2007  17      6        4
  AVERAGE         29                        25      4       10

PRECIPITATION (IN)
  YESTERDAY        T             0.49 2008   0.05  -0.05     0.00
  MONTH TO DATE    0.69                      0.22   0.47     0.71
  SINCE DEC 1      3.28                      4.15  -0.87     2.42
  SINCE JAN 1      1.15                      1.97  -0.82     1.61

DEGREE DAYS
 HEATING
  YESTERDAY       36                        40     -4       55
  MONTH TO DATE  154                       202    -48      239
  SINCE DEC 1   2059                      2629   -570     2595
  SINCE JUL 1   3035                      3887   -852     4096

 COOLING
  YESTERDAY        0                         0      0        0
  MONTH TO DATE    0                         0      0        0
  SINCE DEC 1      0                         0      0        0
  SINCE JAN 1      0                         0      0        0
..................................................................


WIND (MPH)
  RESULTANT WIND SPEED   3   RESULTANT WIND DIRECTION  SW (240)
  HIGHEST WIND SPEED    12   HIGHEST WIND DIRECTION     N (340)
  HIGHEST GUST SPEED    16   HIGHEST GUST DIRECTION    NW (320)
  AVERAGE WIND SPEED     5.5



WEATHER CONDITIONS
 THE FOLLOWING WEATHER WAS RECORDED YESTERDAY.
  LIGHT SNOW


..........................................................


THE VALPARAISO CLIMATE NORMALS FOR TODAY
                         NORMAL    RECORD    YEAR
 MAXIMUM TEMPERATURE (F)   33        45      1999
 MINIMUM TEMPERATURE (F)   18        -7      2007


SUNRISE AND SUNSET
FEBRUARY  6 2016......SUNRISE   655 AM CST   SUNSET   510 PM CST
FEBRUARY  7 2016......SUNRISE   654 AM CST   SUNSET   511 PM CST


-  INDICATES NEGATIVE NUMBERS.
R  INDICATES RECORD WAS SET OR TIED.
MM INDICATES DATA IS MISSING.
T  INDICATES TRACE AMOUNT.




$$
