000
CDUS43 KLOT 200637
CLIVPZ


CLIMATE REPORT
NATIONAL WEATHER SERVICE CHICAGO IL
136 AM CDT WED AUG 20 2014


...................................

...THE VALPARAISO CLIMATE SUMMARY FOR AUGUST 19 2014...

CLIMATE NORMAL PERIOD 1981 TO 2010
CLIMATE RECORD PERIOD 1998 TO 2014


WEATHER ITEM   OBSERVED TIME   RECORD YEAR NORMAL DEPARTURE LAST
                VALUE   (LST)  VALUE       VALUE  FROM      YEAR
                                                  NORMAL
..................................................................
TEMPERATURE (F)
 YESTERDAY
  MAXIMUM         83   1140 AM  88    2010  80      3       84
  MINIMUM         65   1252 AM  51    2000  61      4       57
  AVERAGE         74                        71      3       71

PRECIPITATION (IN)
  YESTERDAY        T             1.02 2007   0.15  -0.15     0.00
  MONTH TO DATE    2.60                      2.61  -0.01     3.16
  SINCE JUN 1     12.54                     10.86   1.68    11.16
  SINCE JAN 1     21.47                     23.84  -2.37    24.79

DEGREE DAYS
 HEATING
  YESTERDAY        0                         0      0        0
  MONTH TO DATE   15                         0     15       12
  SINCE JUN 1     60                        45     15       65
  SINCE JUL 1     40                         4     36       28

 COOLING
  YESTERDAY        9                         6      3        6
  MONTH TO DATE   88                       124    -36       82
  SINCE JUN 1    359                       528   -169      456
  SINCE JAN 1    432                       575   -143      557
..................................................................


WIND (MPH)
  RESULTANT WIND SPEED   8   RESULTANT WIND DIRECTION  SW (210)
  HIGHEST WIND SPEED    32   HIGHEST WIND DIRECTION    SW (230)
  HIGHEST GUST SPEED    41   HIGHEST GUST DIRECTION    SW (230)
  AVERAGE WIND SPEED     9.0



WEATHER CONDITIONS
 THE FOLLOWING WEATHER WAS RECORDED YESTERDAY.
  LIGHT RAIN
  FOG
  FOG W/VISIBILITY <= 1/4 MILE
  HAZE


..........................................................


THE VALPARAISO CLIMATE NORMALS FOR TODAY
                         NORMAL    RECORD    YEAR
 MAXIMUM TEMPERATURE (F)   80        91      2010
 MINIMUM TEMPERATURE (F)   61        51      2002


SUNRISE AND SUNSET
AUGUST 20 2014........SUNRISE   602 AM CDT   SUNSET   740 PM CDT
AUGUST 21 2014........SUNRISE   603 AM CDT   SUNSET   738 PM CDT


-  INDICATES NEGATIVE NUMBERS.
R  INDICATES RECORD WAS SET OR TIED.
MM INDICATES DATA IS MISSING.
T  INDICATES TRACE AMOUNT.




$$
