000
CDUS43 KLOT 100635
CLIVPZ


CLIMATE REPORT
NATIONAL WEATHER SERVICE CHICAGO IL
134 AM CDT THU JUL 10 2014


...................................

...THE VALPARAISO CLIMATE SUMMARY FOR JULY 9 2014...

CLIMATE NORMAL PERIOD 1981 TO 2010
CLIMATE RECORD PERIOD 1998 TO 2014


WEATHER ITEM   OBSERVED TIME   RECORD YEAR NORMAL DEPARTURE LAST
                VALUE   (LST)  VALUE       VALUE  FROM      YEAR
                                                  NORMAL
..................................................................
TEMPERATURE (F)
 YESTERDAY
  MAXIMUM         78    332 PM  94    2007  83     -5       84
  MINIMUM         57   1159 PM  54    2004  63     -6       73
  AVERAGE         68                        73     -5       79

PRECIPITATION (IN)
  YESTERDAY        0.00          0.78 2002   0.16  -0.16    MM
  MONTH TO DATE    0.49                      1.12  -0.63     0.41
  SINCE JUN 1      8.70                      5.03   3.67     7.33
  SINCE JAN 1     17.63                     18.01  -0.38    20.96

DEGREE DAYS
 HEATING
  YESTERDAY        0                         0      0        0
  MONTH TO DATE    1                         0      1        2
  SINCE JUN 1     21                        41    -20       39
  SINCE JUL 1      1                         0      1        2

 COOLING
  YESTERDAY        3                         8     -5       14
  MONTH TO DATE   42                        72    -30       57
  SINCE JUN 1    201                       236    -35      224
  SINCE JAN 1    274                       283     -9      325
..................................................................


WIND (MPH)
  RESULTANT WIND SPEED   2   RESULTANT WIND DIRECTION   N (340)
  HIGHEST WIND SPEED    12   HIGHEST WIND DIRECTION     N (340)
  HIGHEST GUST SPEED    15   HIGHEST GUST DIRECTION    NW (330)
  AVERAGE WIND SPEED     4.3



WEATHER CONDITIONS
 THE FOLLOWING WEATHER WAS RECORDED YESTERDAY.
  NO SIGNIFICANT WEATHER WAS OBSERVED.


..........................................................


THE VALPARAISO CLIMATE NORMALS FOR TODAY
                         NORMAL    RECORD    YEAR
 MAXIMUM TEMPERATURE (F)   83        89      2007
                                             2005
                                             2001
 MINIMUM TEMPERATURE (F)   63        54      1999


SUNRISE AND SUNSET
JULY 10 2014..........SUNRISE   524 AM CDT   SUNSET   823 PM CDT
JULY 11 2014..........SUNRISE   524 AM CDT   SUNSET   822 PM CDT


-  INDICATES NEGATIVE NUMBERS.
R  INDICATES RECORD WAS SET OR TIED.
MM INDICATES DATA IS MISSING.
T  INDICATES TRACE AMOUNT.




$$
