000
CDUS43 KLOT 260635
CLIVPZ


CLIMATE REPORT
NATIONAL WEATHER SERVICE CHICAGO IL
134 AM CDT SAT JUL 26 2014


...................................

...THE VALPARAISO CLIMATE SUMMARY FOR JULY 25 2014...

CLIMATE NORMAL PERIOD 1981 TO 2010
CLIMATE RECORD PERIOD 1998 TO 2014


WEATHER ITEM   OBSERVED TIME   RECORD YEAR NORMAL DEPARTURE LAST
                VALUE   (LST)  VALUE       VALUE  FROM      YEAR
                                                  NORMAL
..................................................................
TEMPERATURE (F)
 YESTERDAY
  MAXIMUM         76   1105 AM  96    2012  82     -6       79
  MINIMUM         48R   500 AM  52    2013  62    -14       52
  AVERAGE         62                        72    -10       66

PRECIPITATION (IN)
  YESTERDAY        0.00          1.07 2001   0.12  -0.12     0.00
  MONTH TO DATE    1.73                      3.56  -1.83     0.99
  SINCE JUN 1      9.94                      7.47   2.47     7.91
  SINCE JAN 1     18.87                     20.45  -1.58    21.54

DEGREE DAYS
 HEATING
  YESTERDAY        3                         0      3        0
  MONTH TO DATE   19                         0     19        6
  SINCE JUN 1     39                        41     -2       43
  SINCE JUL 1     19                         0     19        6

 COOLING
  YESTERDAY        0                         7     -7        1
  MONTH TO DATE   90                       198   -108      202
  SINCE JUN 1    249                       362   -113      369
  SINCE JAN 1    322                       409    -87      470
..................................................................


WIND (MPH)
  RESULTANT WIND SPEED   6   RESULTANT WIND DIRECTION   S (200)
  HIGHEST WIND SPEED    20   HIGHEST WIND DIRECTION     S (190)
  HIGHEST GUST SPEED    26   HIGHEST GUST DIRECTION    SW (230)
  AVERAGE WIND SPEED     6.4



WEATHER CONDITIONS
 THE FOLLOWING WEATHER WAS RECORDED YESTERDAY.
  FOG


..........................................................


THE VALPARAISO CLIMATE NORMALS FOR TODAY
                         NORMAL    RECORD    YEAR
 MAXIMUM TEMPERATURE (F)   82        88      2005
 MINIMUM TEMPERATURE (F)   62        53      1998


SUNRISE AND SUNSET
JULY 26 2014..........SUNRISE   537 AM CDT   SUNSET   811 PM CDT
JULY 27 2014..........SUNRISE   538 AM CDT   SUNSET   810 PM CDT


-  INDICATES NEGATIVE NUMBERS.
R  INDICATES RECORD WAS SET OR TIED.
MM INDICATES DATA IS MISSING.
T  INDICATES TRACE AMOUNT.




$$
