000
CDUS43 KLOT 190633
CLIVPZ


CLIMATE REPORT
NATIONAL WEATHER SERVICE CHICAGO IL
133 AM CDT THU OCT 19 2017


...................................

...THE VALPARAISO CLIMATE SUMMARY FOR OCTOBER 18 2017...

CLIMATE NORMAL PERIOD 1981 TO 2010
CLIMATE RECORD PERIOD 1998 TO 2017


WEATHER ITEM   OBSERVED TIME   RECORD YEAR NORMAL DEPARTURE LAST
                VALUE   (LST)  VALUE       VALUE  FROM      YEAR
                                                  NORMAL
..................................................................
TEMPERATURE (F)
 YESTERDAY
  MAXIMUM         71    257 PM  81    2016  62      9       81
  MINIMUM         43    202 AM  32    1999  42      1       53
  AVERAGE         57                        52      5       67

PRECIPITATION (IN)
  YESTERDAY        0.00          1.58 2007   0.12  -0.12     0.00
  MONTH TO DATE    4.38                      1.89   2.49     3.58
  SINCE SEP 1      5.78                      5.10   0.68     4.82
  SINCE JAN 1     29.83                     30.64  -0.81    27.66

DEGREE DAYS
 HEATING
  YESTERDAY        8                        13     -5        0
  MONTH TO DATE   56                       200   -144       90
  SINCE SEP 1    115                       313   -198      117
  SINCE JUL 1    121                       330   -209      125

 COOLING
  YESTERDAY        0                         0      0        2
  MONTH TO DATE   47                        11     36       21
  SINCE SEP 1    203                        77    126      162
  SINCE JAN 1    967                       713    254     1011
..................................................................


WIND (MPH)
  RESULTANT WIND SPEED   9   RESULTANT WIND DIRECTION   S (190)
  HIGHEST WIND SPEED    20   HIGHEST WIND DIRECTION     S (200)
  HIGHEST GUST SPEED    28   HIGHEST GUST DIRECTION     S (190)
  AVERAGE WIND SPEED     9.1



WEATHER CONDITIONS
 THE FOLLOWING WEATHER WAS RECORDED YESTERDAY.
  NO SIGNIFICANT WEATHER WAS OBSERVED.


..........................................................


THE VALPARAISO CLIMATE NORMALS FOR TODAY
                         NORMAL    RECORD    YEAR
 MAXIMUM TEMPERATURE (F)   62        75      2000
 MINIMUM TEMPERATURE (F)   41        32      2014


SUNRISE AND SUNSET
OCTOBER 19 2017.......SUNRISE   705 AM CDT   SUNSET   600 PM CDT
OCTOBER 20 2017.......SUNRISE   706 AM CDT   SUNSET   559 PM CDT


-  INDICATES NEGATIVE NUMBERS.
R  INDICATES RECORD WAS SET OR TIED.
MM INDICATES DATA IS MISSING.
T  INDICATES TRACE AMOUNT.




$$
