000
CDUS43 KLOT 170653
CLIVPZ


CLIMATE REPORT
NATIONAL WEATHER SERVICE CHICAGO IL
153 AM CDT THU AUG 17 2017


...................................

...THE VALPARAISO CLIMATE SUMMARY FOR AUGUST 16 2017...

CLIMATE NORMAL PERIOD 1981 TO 2010
CLIMATE RECORD PERIOD 1998 TO 2017


WEATHER ITEM   OBSERVED TIME   RECORD YEAR NORMAL DEPARTURE LAST
                VALUE   (LST)  VALUE       VALUE  FROM      YEAR
                                                  NORMAL
..................................................................
TEMPERATURE (F)
 YESTERDAY
  MAXIMUM         90        MM  92    2009  80     10       83
  MINIMUM         62        MM  48    2004  61      1       69
  AVERAGE         76                        71      5       76

PRECIPITATION (IN)
  YESTERDAY        T             0.58 2016   0.15  -0.15     0.58
  MONTH TO DATE    1.63                      2.16  -0.53     6.53
  SINCE JUN 1      7.95                     10.41  -2.46    10.72
  SINCE JAN 1     23.35                     23.39  -0.04    20.12

DEGREE DAYS
 HEATING
  YESTERDAY        0                         0      0        0
  MONTH TO DATE    0                         0      0        0
  SINCE JUN 1      3                        45    -42       28
  SINCE JUL 1      0                         4     -4        8

 COOLING
  YESTERDAY       11                         6      5       11
  MONTH TO DATE   82                       106    -24      169
  SINCE JUN 1    630                       510    120      650
  SINCE JAN 1    687                       557    130      727
..................................................................


WIND (MPH)
  RESULTANT WIND SPEED   4   RESULTANT WIND DIRECTION  SE (150)
  HIGHEST WIND SPEED    10   HIGHEST WIND DIRECTION     S (180)
  HIGHEST GUST SPEED    MM   HIGHEST GUST DIRECTION    MM
  AVERAGE WIND SPEED     5.8



WEATHER CONDITIONS
 THE FOLLOWING WEATHER WAS RECORDED YESTERDAY.
  LIGHT RAIN
  FOG


..........................................................


THE VALPARAISO CLIMATE NORMALS FOR TODAY
                         NORMAL    RECORD    YEAR
 MAXIMUM TEMPERATURE (F)   80        87      2015
 MINIMUM TEMPERATURE (F)   61        54      2013
                                             2012


SUNRISE AND SUNSET
AUGUST 17 2017........SUNRISE   559 AM CDT   SUNSET   744 PM CDT
AUGUST 18 2017........SUNRISE   600 AM CDT   SUNSET   743 PM CDT


-  INDICATES NEGATIVE NUMBERS.
R  INDICATES RECORD WAS SET OR TIED.
MM INDICATES DATA IS MISSING.
T  INDICATES TRACE AMOUNT.




$$
