000
CDUS42 KMLB 280626
CLIVRB


CLIMATE REPORT
NATIONAL WEATHER SERVICE MELBOURNE FL
126 AM EST TUE FEB 28 2017


...................................

...THE VERO BEACH CLIMATE SUMMARY FOR FEBRUARY 27 2017...

CLIMATE NORMAL PERIOD 1981 TO 2010
CLIMATE RECORD PERIOD 1942 TO 2017


WEATHER ITEM   OBSERVED TIME   RECORD YEAR NORMAL DEPARTURE LAST
                VALUE   (LST)  VALUE       VALUE  FROM      YEAR
                                                  NORMAL
..................................................................
TEMPERATURE (F)
 YESTERDAY
  MAXIMUM         83   1250 PM  87    2007  76      7       68
  MINIMUM         69   1251 AM  33    1974  56     13       44
  AVERAGE         76                        66     10       56

PRECIPITATION (IN)
  YESTERDAY        T             1.83 1984   0.12  -0.12     0.00
  MONTH TO DATE    1.23                      2.56  -1.33     3.96
  SINCE DEC 1      4.10                      7.25  -3.15    17.92
  SINCE JAN 1      1.96                      5.06  -3.10    13.35

SNOWFALL (IN)
  YESTERDAY        0.0
  MONTH TO DATE    0.0
  SINCE JUL 1      0.0

DEGREE DAYS
 HEATING
  YESTERDAY        0                         3     -3        9
  MONTH TO DATE   20                        95    -75      120
  SINCE DEC 1    124                       352   -228      260
  SINCE JUL 1    143                       382   -239      261

 COOLING
  YESTERDAY       11                         3      8        0
  MONTH TO DATE   90                        73     17       61
  SINCE DEC 1    395                       227    168      390
  SINCE JAN 1    190                       134     56       98
..................................................................


WIND (MPH)
  HIGHEST WIND SPEED    23   HIGHEST WIND DIRECTION    SE (130)
  HIGHEST GUST SPEED    29   HIGHEST GUST DIRECTION    SE (130)
  AVERAGE WIND SPEED    13.3


SKY COVER
  AVERAGE SKY COVER 0.1


WEATHER CONDITIONS
 THE FOLLOWING WEATHER WAS RECORDED YESTERDAY.
  LIGHT RAIN


RELATIVE HUMIDITY (PERCENT)
 HIGHEST    87           700 PM
 LOWEST     58          1200 PM
 AVERAGE    73

..........................................................


THE VERO BEACH CLIMATE NORMALS FOR TODAY
                         NORMAL    RECORD    YEAR
 MAXIMUM TEMPERATURE (F)   76        89      2001
 MINIMUM TEMPERATURE (F)   56        36      1968


SUNRISE AND SUNSET
FEBRUARY 28 2017......SUNRISE   647 AM EST   SUNSET   622 PM EST
MARCH  1 2017.........SUNRISE   646 AM EST   SUNSET   622 PM EST


-  INDICATES NEGATIVE NUMBERS.
R  INDICATES RECORD WAS SET OR TIED.
MM INDICATES DATA IS MISSING.
T  INDICATES TRACE AMOUNT.




$$
