917
CDUS42 KMLB 270635
CLIVRB


CLIMATE REPORT
NATIONAL WEATHER SERVICE MELBOURNE FL
235 AM EDT THU JUL 27 2017


...................................

...THE VERO BEACH CLIMATE SUMMARY FOR JULY 26 2017...

CLIMATE NORMAL PERIOD 1981 TO 2010
CLIMATE RECORD PERIOD 1942 TO 2017


WEATHER ITEM   OBSERVED TIME   RECORD YEAR NORMAL DEPARTURE LAST
                VALUE   (LST)  VALUE       VALUE  FROM      YEAR
                                                  NORMAL
..................................................................
TEMPERATURE (F)
 YESTERDAY
  MAXIMUM         93    213 PM  97    1983  90      3       92
  MINIMUM         77    556 AM  69    1988  74      3       73
                                      1978
  AVERAGE         85                        82      3       83

PRECIPITATION (IN)
  YESTERDAY        0.00          2.72 1953   0.18  -0.18     0.00
  MONTH TO DATE    3.44                      4.74  -1.30     0.61
  SINCE JUN 1      9.82                     11.41  -1.59     5.46
  SINCE JAN 1     20.86                     26.78  -5.92    41.25

SNOWFALL (IN)
  YESTERDAY        0.0
  MONTH TO DATE    0.0
  SINCE JUL 1      0.0

DEGREE DAYS
 HEATING
  YESTERDAY        0                         0      0        0
  MONTH TO DATE    0                         0      0        0
  SINCE JUN 1      0                         0      0        0
  SINCE JUL 1      0                         0      0        0

 COOLING
  YESTERDAY       20                        17      3       18
  MONTH TO DATE  480                       433     47      482
  SINCE JUN 1    969                       889     80      999
  SINCE JAN 1   2034                      1695    339     1928
..................................................................


WIND (MPH)
  HIGHEST WIND SPEED    18   HIGHEST WIND DIRECTION    SE (120)
  HIGHEST GUST SPEED    22   HIGHEST GUST DIRECTION    SE (120)
  AVERAGE WIND SPEED     8.2


SKY COVER
  AVERAGE SKY COVER 0.1


WEATHER CONDITIONS
 THE FOLLOWING WEATHER WAS RECORDED YESTERDAY.
  NO SIGNIFICANT WEATHER WAS OBSERVED.


RELATIVE HUMIDITY (PERCENT)
 HIGHEST    94           600 AM
 LOWEST     56          1100 AM
 AVERAGE    75

..........................................................


THE VERO BEACH CLIMATE NORMALS FOR TODAY
                         NORMAL    RECORD    YEAR
 MAXIMUM TEMPERATURE (F)   90        98      1983
 MINIMUM TEMPERATURE (F)   74        68      1976


SUNRISE AND SUNSET
JULY 27 2017..........SUNRISE   642 AM EDT   SUNSET   814 PM EDT
JULY 28 2017..........SUNRISE   643 AM EDT   SUNSET   813 PM EDT


-  INDICATES NEGATIVE NUMBERS.
R  INDICATES RECORD WAS SET OR TIED.
MM INDICATES DATA IS MISSING.
T  INDICATES TRACE AMOUNT.




$$
