000
CDUS42 KMLB 302018
CLIVRB


CLIMATE REPORT
NATIONAL WEATHER SERVICE MELBOURNE FL
417 PM EDT SUN AUG 30 2015


...................................

...THE VERO BEACH CLIMATE SUMMARY FOR AUGUST 30 2015...
VALID TODAY AS OF 0400 PM LOCAL TIME.

CLIMATE NORMAL PERIOD 1981 TO 2010
CLIMATE RECORD PERIOD 1942 TO 2015


WEATHER ITEM   OBSERVED TIME   RECORD YEAR NORMAL DEPARTURE LAST
                VALUE   (LST)  VALUE       VALUE  FROM      YEAR
                                                  NORMAL
..................................................................
TEMPERATURE (F)
 TODAY
  MAXIMUM         82    927 AM  95    2005  89     -7       89
  MINIMUM         76   1250 AM  68    1992  74      2       71
                                      1984
                                      1969
  AVERAGE         79                        81     -2       80

PRECIPITATION (IN)
  TODAY            2.65R         2.02 1981   0.23   2.42     0.00
  MONTH TO DATE    7.89                      6.78   1.11     6.29
  SINCE JUN 1     18.70                     19.08  -0.38    20.13
  SINCE JAN 1     30.42                     34.45  -4.03    33.31

SNOWFALL (IN)
  TODAY            0.0
  MONTH TO DATE    0.0
  SINCE JUL 1      0.0

DEGREE DAYS
 HEATING
  TODAY            0                         0      0        0
  MONTH TO DATE    0                         0      0        0
  SINCE JUN 1      0                         0      0        0
  SINCE JUL 1      0                         0      0        0

 COOLING
  TODAY           14                        16     -2       15
  MONTH TO DATE  547                       502     45      503
  SINCE JUN 1   1627                      1476    151     1425
  SINCE JAN 1   2779                      2282    497     2351
..................................................................


WIND (MPH)
  HIGHEST WIND SPEED    36   HIGHEST WIND DIRECTION     S (190)
  HIGHEST GUST SPEED    47   HIGHEST GUST DIRECTION     S (190)
  AVERAGE WIND SPEED     7.6


SKY COVER
  AVERAGE SKY COVER 0.6


WEATHER CONDITIONS
 THE FOLLOWING WEATHER WAS RECORDED TODAY.
  THUNDERSTORM
  HEAVY RAIN
  RAIN
  LIGHT RAIN
  FOG
  FOG W/VISIBILITY <= 1/4 MILE
  HAZE


RELATIVE HUMIDITY (PERCENT)
 HIGHEST    91           200 AM
 LOWEST     79           300 AM
 AVERAGE    85

..........................................................


THE VERO BEACH CLIMATE NORMALS FOR TOMORROW
                         NORMAL    RECORD    YEAR
 MAXIMUM TEMPERATURE (F)   89        96      1977
 MINIMUM TEMPERATURE (F)   74        68      1967


SUNRISE AND SUNSET
AUGUST 30 2015........SUNRISE   659 AM EDT   SUNSET   745 PM EDT
AUGUST 31 2015........SUNRISE   700 AM EDT   SUNSET   744 PM EDT


-  INDICATES NEGATIVE NUMBERS.
R  INDICATES RECORD WAS SET OR TIED.
MM INDICATES DATA IS MISSING.
T  INDICATES TRACE AMOUNT.




$$
