000
CDUS42 KMLB 070626
CLIVRB


CLIMATE REPORT
NATIONAL WEATHER SERVICE MELBOURNE FL
226 AM EDT TUE JUL 7 2015


...................................

...THE VERO BEACH CLIMATE SUMMARY FOR JULY 6 2015...

CLIMATE NORMAL PERIOD 1981 TO 2010
CLIMATE RECORD PERIOD 1942 TO 2015


WEATHER ITEM   OBSERVED TIME   RECORD YEAR NORMAL DEPARTURE LAST
                VALUE   (LST)  VALUE       VALUE  FROM      YEAR
                                                  NORMAL
..................................................................
TEMPERATURE (F)
 YESTERDAY
  MAXIMUM         90    218 PM  98    1998  90      0       84
  MINIMUM         71   1154 PM  69    2008  73     -2       72
                                      1982
                                      1977
  AVERAGE         81                        81      0       78

PRECIPITATION (IN)
  YESTERDAY        0.02          3.45 1988   0.18  -0.16     0.78
  MONTH TO DATE    0.61                      1.16  -0.55     1.10
  SINCE JUN 1      5.52                      7.83  -2.31     8.80
  SINCE JAN 1     17.24                     23.20  -5.96    21.98

SNOWFALL (IN)
  YESTERDAY        0.0
  MONTH TO DATE    0.0
  SINCE JUL 1      0.0

DEGREE DAYS
 HEATING
  YESTERDAY        0                         0      0        0
  MONTH TO DATE    0                         0      0        0
  SINCE JUN 1      0                         0      0        0
  SINCE JUL 1      0                         0      0        0

 COOLING
  YESTERDAY       16                        16      0       13
  MONTH TO DATE  101                        96      5       95
  SINCE JUN 1    614                       552     62      529
  SINCE JAN 1   1766                      1358    408     1455
..................................................................


WIND (MPH)
  HIGHEST WIND SPEED    29   HIGHEST WIND DIRECTION    NW (300)
  HIGHEST GUST SPEED    37   HIGHEST GUST DIRECTION     W (290)
  AVERAGE WIND SPEED     5.5


SKY COVER
  AVERAGE SKY COVER 0.2


WEATHER CONDITIONS
 THE FOLLOWING WEATHER WAS RECORDED YESTERDAY.
  THUNDERSTORM
  LIGHT RAIN


RELATIVE HUMIDITY (PERCENT)
 HIGHEST    90          1100 PM
 LOWEST     52          1100 AM
 AVERAGE    71

..........................................................


THE VERO BEACH CLIMATE NORMALS FOR TODAY
                         NORMAL    RECORD    YEAR
 MAXIMUM TEMPERATURE (F)   90        95      2009
                                             2000
                                             1963
 MINIMUM TEMPERATURE (F)   73        69      1986
                                             1978
                                             1972


SUNRISE AND SUNSET
JULY  7 2015..........SUNRISE   632 AM EDT   SUNSET   821 PM EDT
JULY  8 2015..........SUNRISE   632 AM EDT   SUNSET   821 PM EDT


-  INDICATES NEGATIVE NUMBERS.
R  INDICATES RECORD WAS SET OR TIED.
MM INDICATES DATA IS MISSING.
T  INDICATES TRACE AMOUNT.




$$
