000
CDUS42 KMLB 050628
CLIVRB


CLIMATE REPORT
NATIONAL WEATHER SERVICE MELBOURNE FL
227 AM EDT THU MAY 5 2016


...................................

...THE VERO BEACH CLIMATE SUMMARY FOR MAY 4 2016...

CLIMATE NORMAL PERIOD 1981 TO 2010
CLIMATE RECORD PERIOD 1942 TO 2016


WEATHER ITEM   OBSERVED TIME   RECORD YEAR NORMAL DEPARTURE LAST
                VALUE   (LST)  VALUE       VALUE  FROM      YEAR
                                                  NORMAL
..................................................................
TEMPERATURE (F)
 YESTERDAY
  MAXIMUM         73    834 AM  93    1994  83    -10       81
                                      1984
                                      1975
  MINIMUM         68   1159 PM  51    1999  65      3       68
                                      1971
  AVERAGE         71                        74     -3       75

PRECIPITATION (IN)
  YESTERDAY        1.14          2.46 2005   0.08   1.06     0.01
  MONTH TO DATE    1.19                      0.31   0.88     0.01
  SINCE MAR 1      5.65                      7.15  -1.50     7.11
  SINCE JAN 1     19.00                     12.32   6.68    10.74

SNOWFALL (IN)
  YESTERDAY        0.0
  MONTH TO DATE    0.0
  SINCE JUL 1      0.0

DEGREE DAYS
 HEATING
  YESTERDAY        0                         0      0        0
  MONTH TO DATE    0                         0      0        0
  SINCE MAR 1     16                        70    -54       12
  SINCE JUL 1    284                       455   -171      384

 COOLING
  YESTERDAY        6                         9     -3       10
  MONTH TO DATE   55                        35     20       31
  SINCE MAR 1    514                       354    160      639
  SINCE JAN 1    612                       493    119      764
..................................................................


WIND (MPH)
  HIGHEST WIND SPEED    18   HIGHEST WIND DIRECTION     W (260)
  HIGHEST GUST SPEED    26   HIGHEST GUST DIRECTION     W (270)
  AVERAGE WIND SPEED     8.0


SKY COVER
  AVERAGE SKY COVER 0.6


WEATHER CONDITIONS
 THE FOLLOWING WEATHER WAS RECORDED YESTERDAY.
  HEAVY RAIN
  RAIN
  LIGHT RAIN
  FOG


RELATIVE HUMIDITY (PERCENT)
 HIGHEST    97           900 PM
 LOWEST     84           500 PM
 AVERAGE    91

..........................................................


THE VERO BEACH CLIMATE NORMALS FOR TODAY
                         NORMAL    RECORD    YEAR
 MAXIMUM TEMPERATURE (F)   83        92      1947
 MINIMUM TEMPERATURE (F)   65        46      1971


SUNRISE AND SUNSET
MAY  5 2016...........SUNRISE   639 AM EDT   SUNSET   758 PM EDT
MAY  6 2016...........SUNRISE   638 AM EDT   SUNSET   759 PM EDT


-  INDICATES NEGATIVE NUMBERS.
R  INDICATES RECORD WAS SET OR TIED.
MM INDICATES DATA IS MISSING.
T  INDICATES TRACE AMOUNT.




$$
