000
CDUS42 KMLB 030632
CLIVRB


CLIMATE REPORT
NATIONAL WEATHER SERVICE MELBOURNE FL
131 AM EST SAT DEC 3 2016


...................................

...THE VERO BEACH CLIMATE SUMMARY FOR DECEMBER 2 2016...

CLIMATE NORMAL PERIOD 1981 TO 2010
CLIMATE RECORD PERIOD 1942 TO 2016


WEATHER ITEM   OBSERVED TIME   RECORD YEAR NORMAL DEPARTURE LAST
                VALUE   (LST)  VALUE       VALUE  FROM      YEAR
                                                  NORMAL
..................................................................
TEMPERATURE (F)
 YESTERDAY
  MAXIMUM         77    115 PM  87    2009  76      1       84
  MINIMUM         62    709 AM  37    1974  58      4       67
  AVERAGE         70                        67      3       76

PRECIPITATION (IN)
  YESTERDAY        0.00          0.37 1985   0.07  -0.07     0.29
                                      1959
  MONTH TO DATE    0.00                      0.15  -0.15     0.45
  SINCE DEC 1      0.00                      0.15  -0.15     0.45
  SINCE JAN 1     63.16                     49.83  13.33    45.57

SNOWFALL (IN)
  YESTERDAY        0.0
  MONTH TO DATE    0.0
  SINCE JUL 1      0.0

DEGREE DAYS
 HEATING
  YESTERDAY        0                         2     -2        0
  MONTH TO DATE    0                         4     -4        0
  SINCE DEC 1      0                         4     -4        0
  SINCE JUL 1     19                        34    -15        1

 COOLING
  YESTERDAY        5                         4      1       11
  MONTH TO DATE   14                         8      6       21
  SINCE DEC 1     14                         8      6       21
  SINCE JAN 1   3694                      3319    375     4148
..................................................................


WIND (MPH)
  HIGHEST WIND SPEED    17   HIGHEST WIND DIRECTION     N (360)
  HIGHEST GUST SPEED    23   HIGHEST GUST DIRECTION     N (350)
  AVERAGE WIND SPEED     9.6


SKY COVER
  AVERAGE SKY COVER 0.1


WEATHER CONDITIONS
 THE FOLLOWING WEATHER WAS RECORDED YESTERDAY.
  NO SIGNIFICANT WEATHER WAS OBSERVED.


RELATIVE HUMIDITY (PERCENT)
 HIGHEST    97          1200 AM
 LOWEST     64          1200 PM
 AVERAGE    81

..........................................................


THE VERO BEACH CLIMATE NORMALS FOR TODAY
                         NORMAL    RECORD    YEAR
 MAXIMUM TEMPERATURE (F)   76        87      1991
                                             1981
 MINIMUM TEMPERATURE (F)   58        40      1974


SUNRISE AND SUNSET
DECEMBER  3 2016......SUNRISE   657 AM EST   SUNSET   526 PM EST
DECEMBER  4 2016......SUNRISE   658 AM EST   SUNSET   527 PM EST


-  INDICATES NEGATIVE NUMBERS.
R  INDICATES RECORD WAS SET OR TIED.
MM INDICATES DATA IS MISSING.
T  INDICATES TRACE AMOUNT.




$$
