000
CDUS42 KMLB 270632
CLIVRB


CLIMATE REPORT
NATIONAL WEATHER SERVICE MELBOURNE FL
229 AM EDT WED MAY 27 2015


...................................

...THE VERO BEACH CLIMATE SUMMARY FOR MAY 26 2015...

CLIMATE NORMAL PERIOD 1981 TO 2010
CLIMATE RECORD PERIOD 1942 TO 2015


WEATHER ITEM   OBSERVED TIME   RECORD YEAR NORMAL DEPARTURE LAST
                VALUE   (LST)  VALUE       VALUE  FROM      YEAR
                                                  NORMAL
..................................................................
TEMPERATURE (F)
 YESTERDAY
  MAXIMUM         90   1153 AM  97    1975  86      4       87
  MINIMUM         77   1240 AM  55    1979  70      7       71
  AVERAGE         84                        78      6       79

PRECIPITATION (IN)
  YESTERDAY        0.01          1.67 1961   0.15  -0.14     0.00
  MONTH TO DATE    0.45                      2.59  -2.14     2.56
  SINCE MAR 1      7.55                      9.43  -1.88     6.53
  SINCE JAN 1     11.18                     14.60  -3.42    13.08

SNOWFALL (IN)
  YESTERDAY        0.0
  MONTH TO DATE    0.0
  SINCE JUL 1      0.0

DEGREE DAYS
 HEATING
  YESTERDAY        0                         0      0        0
  MONTH TO DATE    0                         0      0        0
  SINCE MAR 1     12                        70    -58       33
  SINCE JUL 1    384                       455    -71      268

 COOLING
  YESTERDAY       19                        13      6       14
  MONTH TO DATE  346                       280     66      301
  SINCE MAR 1    954                       599    355      651
  SINCE JAN 1   1079                       738    341      859
..................................................................


WIND (MPH)
  HIGHEST WIND SPEED    20   HIGHEST WIND DIRECTION    SE (120)
  HIGHEST GUST SPEED    25   HIGHEST GUST DIRECTION    SE (130)
  AVERAGE WIND SPEED    12.6


SKY COVER
  AVERAGE SKY COVER 0.5


WEATHER CONDITIONS
 THE FOLLOWING WEATHER WAS RECORDED YESTERDAY.
  LIGHT RAIN


RELATIVE HUMIDITY (PERCENT)
 HIGHEST    88          1200 AM
 LOWEST     52          1200 PM
 AVERAGE    70

..........................................................


THE VERO BEACH CLIMATE NORMALS FOR TODAY
                         NORMAL    RECORD    YEAR
 MAXIMUM TEMPERATURE (F)   86        98      1953
 MINIMUM TEMPERATURE (F)   70        55      1979


SUNRISE AND SUNSET
MAY 27 2015...........SUNRISE   628 AM EDT   SUNSET   810 PM EDT
MAY 28 2015...........SUNRISE   627 AM EDT   SUNSET   811 PM EDT


-  INDICATES NEGATIVE NUMBERS.
R  INDICATES RECORD WAS SET OR TIED.
MM INDICATES DATA IS MISSING.
T  INDICATES TRACE AMOUNT.




$$
