000
CDUS42 KMLB 210630
CLIVRB


CLIMATE REPORT
NATIONAL WEATHER SERVICE MELBOURNE FL
129 AM EST SUN JAN 21 2018


...................................

...THE VERO BEACH CLIMATE SUMMARY FOR JANUARY 20 2018...

CLIMATE NORMAL PERIOD 1981 TO 2010
CLIMATE RECORD PERIOD 1942 TO 2018


WEATHER ITEM   OBSERVED TIME   RECORD YEAR NORMAL DEPARTURE LAST
                VALUE   (LST)  VALUE       VALUE  FROM      YEAR
                                                  NORMAL
..................................................................
TEMPERATURE (F)
 YESTERDAY
  MAXIMUM         71   1225 PM  86    1963  72     -1       82
  MINIMUM         49    104 AM  23    1977  52     -3       56
  AVERAGE         60                        62     -2       69

PRECIPITATION (IN)
  YESTERDAY        0.00          0.93 1978   0.09  -0.09     0.00
  MONTH TO DATE    2.50                      1.61   0.89     0.46
  SINCE DEC 1      4.73                      3.80   0.93     2.60
  SINCE JAN 1      2.50                      1.61   0.89     0.46

SNOWFALL (IN)
  YESTERDAY        0.0
  MONTH TO DATE    0.0
  SINCE JUL 1      0.0

DEGREE DAYS
 HEATING
  YESTERDAY        5                         5      0        0
  MONTH TO DATE  142                       100     42       30
  SINCE DEC 1    225                       205     20       45
  SINCE JUL 1    245                       235     10       64

 COOLING
  YESTERDAY        0                         2     -2        4
  MONTH TO DATE   28                        40    -12       75
  SINCE DEC 1    146                       133     13      280
  SINCE JAN 1     28                        40    -12       75
..................................................................


WIND (MPH)
  HIGHEST WIND SPEED    13   HIGHEST WIND DIRECTION    NE (40)
  HIGHEST GUST SPEED    15   HIGHEST GUST DIRECTION    NE (30)
  AVERAGE WIND SPEED     5.6


SKY COVER
  AVERAGE SKY COVER 0.5


WEATHER CONDITIONS
 THE FOLLOWING WEATHER WAS RECORDED YESTERDAY.
  NO SIGNIFICANT WEATHER WAS OBSERVED.


RELATIVE HUMIDITY (PERCENT)
 HIGHEST   100          1200 AM
 LOWEST     61           100 PM
 AVERAGE    81

..........................................................


THE VERO BEACH CLIMATE NORMALS FOR TODAY
                         NORMAL    RECORD    YEAR
 MAXIMUM TEMPERATURE (F)   72        86      1990
 MINIMUM TEMPERATURE (F)   52        27      1985


SUNRISE AND SUNSET
JANUARY 21 2018.......SUNRISE   712 AM EST   SUNSET   554 PM EST
JANUARY 22 2018.......SUNRISE   712 AM EST   SUNSET   555 PM EST


-  INDICATES NEGATIVE NUMBERS.
R  INDICATES RECORD WAS SET OR TIED.
MM INDICATES DATA IS MISSING.
T  INDICATES TRACE AMOUNT.




$$
