000
CDUS42 KMLB 210633
CLIVRB


CLIMATE REPORT
NATIONAL WEATHER SERVICE MELBOURNE
232 AM EDT MON APR 21 2014


...................................

...THE VERO BEACH CLIMATE SUMMARY FOR APRIL 20 2014...

CLIMATE NORMAL PERIOD 1981 TO 2010
CLIMATE RECORD PERIOD 1942 TO 2014


WEATHER ITEM   OBSERVED TIME   RECORD YEAR NORMAL DEPARTURE LAST
                VALUE   (LST)  VALUE       VALUE  FROM      YEAR
                                                  NORMAL
..................................................................
TEMPERATURE (F)
 YESTERDAY
  MAXIMUM         72    420 PM  90    1968  81     -9       82
  MINIMUM         58    302 AM  49    1999  62     -4       69
  AVERAGE         65                        71     -6       76

PRECIPITATION (IN)
  YESTERDAY        T             1.49 2012   0.09  -0.09     0.03
  MONTH TO DATE    1.99                      1.87   0.12     2.88
  SINCE MAR 1      3.94                      5.99  -2.05     3.98
  SINCE JAN 1     10.49                     11.16  -0.67     6.53

SNOWFALL (IN)
  YESTERDAY        0.0
  MONTH TO DATE    0.0
  SINCE JUL 1      0.0

DEGREE DAYS
 HEATING
  YESTERDAY        0                         0      0        0
  MONTH TO DATE    5                        13     -8        0
  SINCE MAR 1     33                        68    -35      170
  SINCE JUL 1    268                       453   -185      398

 COOLING
  YESTERDAY        0                         7     -7       11
  MONTH TO DATE  137                       115     22      201
  SINCE MAR 1    257                       244     13      263
  SINCE JAN 1    465                       383     82      498
..................................................................


WIND (MPH)
  HIGHEST WIND SPEED    17   HIGHEST WIND DIRECTION     N (360)
  HIGHEST GUST SPEED    24   HIGHEST GUST DIRECTION     N (350)
  AVERAGE WIND SPEED    10.2


SKY COVER
  AVERAGE SKY COVER 0.7


WEATHER CONDITIONS
 THE FOLLOWING WEATHER WAS RECORDED YESTERDAY.
  LIGHT RAIN


RELATIVE HUMIDITY (PERCENT)
 HIGHEST   100           300 AM
 LOWEST     68           300 PM
 AVERAGE    84

..........................................................


THE VERO BEACH CLIMATE NORMALS FOR TODAY
                         NORMAL    RECORD    YEAR
 MAXIMUM TEMPERATURE (F)   81        91      1970
                                             1968
 MINIMUM TEMPERATURE (F)   62        50      1956
                                             1953


SUNRISE AND SUNSET
APRIL 21 2014.........SUNRISE   651 AM EDT   SUNSET   750 PM EDT
APRIL 22 2014.........SUNRISE   650 AM EDT   SUNSET   750 PM EDT


-  INDICATES NEGATIVE NUMBERS.
R  INDICATES RECORD WAS SET OR TIED.
MM INDICATES DATA IS MISSING.
T  INDICATES TRACE AMOUNT.




$$
