000
CDUS42 KMLB 170631
CLIVRB


CLIMATE REPORT
NATIONAL WEATHER SERVICE MELBOURNE FL
131 AM EST FRI NOV 17 2017


...................................

...THE VERO BEACH CLIMATE SUMMARY FOR NOVEMBER 16 2017...

CLIMATE NORMAL PERIOD 1981 TO 2010
CLIMATE RECORD PERIOD 1942 TO 2017


WEATHER ITEM   OBSERVED TIME   RECORD YEAR NORMAL DEPARTURE LAST
                VALUE   (LST)  VALUE       VALUE  FROM      YEAR
                                                  NORMAL
..................................................................
TEMPERATURE (F)
 YESTERDAY
  MAXIMUM         76   1236 PM  87    2010  79     -3       75
  MINIMUM         64   1159 PM  39    1969  61      3       53
  AVERAGE         70                        70      0       64

PRECIPITATION (IN)
  YESTERDAY        0.10          1.65 2002   0.11  -0.01     0.00
  MONTH TO DATE    2.13                      1.91   0.22     0.34
  SINCE SEP 1     24.17                     13.61  10.56     9.39
  SINCE JAN 1     53.59                     48.31   5.28    62.82

SNOWFALL (IN)
  YESTERDAY        0.0
  MONTH TO DATE    0.0
  SINCE JUL 1      0.0

DEGREE DAYS
 HEATING
  YESTERDAY        0                         1     -1        1
  MONTH TO DATE    0                         8     -8        1
  SINCE SEP 1     18                        11      7        1
  SINCE JUL 1     18                        11      7        1

 COOLING
  YESTERDAY        5                         6     -1        0
  MONTH TO DATE  147                       112     35      101
  SINCE SEP 1   1024                       942     82     1038
  SINCE JAN 1   3736                      3240    496     3628
..................................................................


WIND (MPH)
  HIGHEST WIND SPEED    22   HIGHEST WIND DIRECTION     N (340)
  HIGHEST GUST SPEED    27   HIGHEST GUST DIRECTION    NW (330)
  AVERAGE WIND SPEED    10.4


SKY COVER
  AVERAGE SKY COVER 0.8


WEATHER CONDITIONS
 THE FOLLOWING WEATHER WAS RECORDED YESTERDAY.
  RAIN
  LIGHT RAIN
  FOG


RELATIVE HUMIDITY (PERCENT)
 HIGHEST   100           300 AM
 LOWEST     74          1200 PM
 AVERAGE    87

..........................................................


THE VERO BEACH CLIMATE NORMALS FOR TODAY
                         NORMAL    RECORD    YEAR
 MAXIMUM TEMPERATURE (F)   79        86      2015
                                             2014
                                             2011
 MINIMUM TEMPERATURE (F)   61        38      1970


SUNRISE AND SUNSET
NOVEMBER 17 2017......SUNRISE   644 AM EST   SUNSET   529 PM EST
NOVEMBER 18 2017......SUNRISE   645 AM EST   SUNSET   528 PM EST


-  INDICATES NEGATIVE NUMBERS.
R  INDICATES RECORD WAS SET OR TIED.
MM INDICATES DATA IS MISSING.
T  INDICATES TRACE AMOUNT.




$$
