000
CDUS41 KBTV 280550
CLIVSF


CLIMATE REPORT
NATIONAL WEATHER SERVICE BURLINGTON VT
145 AM EDT SAT MAY 28 2016


...................................

...THE SPRINGFIELD VT CLIMATE SUMMARY FOR MAY 27 2016...

CLIMATE NORMAL PERIOD 1981 TO 2010
CLIMATE RECORD PERIOD 9999 TO 9999


WEATHER ITEM   OBSERVED TIME   NORMAL DEPARTURE LAST
                VALUE   (LST)  VALUE  FROM      YEAR
                                      NORMAL
......................................................
TEMPERATURE (F)
 YESTERDAY
  MAXIMUM         86    344 PM  70     16       87
  MINIMUM         62    552 AM  46     16       61
  AVERAGE         74            58     16       74

PRECIPITATION (IN)
  YESTERDAY        T             0.14  -0.14     0.04
  MONTH TO DATE    2.04          3.09  -1.05     0.64
  SINCE MAR 1      5.15         10.01  -4.86     3.73
  SINCE JAN 1     10.37         15.62  -5.25     7.88

DEGREE DAYS
 HEATING
  YESTERDAY        0             7     -7        0
  MONTH TO DATE  292           289      3      170
  SINCE MAR 1   1791          1950   -159     2029
  SINCE JUL 1   6447          7395   -948     7581

 COOLING
  YESTERDAY        9             1      8        9
  MONTH TO DATE   16             1     15       33
  SINCE MAR 1     16             3     13       33
  SINCE JAN 1     16             3     13       33
......................................................


WIND (MPH)
  HIGHEST WIND SPEED    15   HIGHEST WIND DIRECTION     S (170)
  HIGHEST GUST SPEED    22   HIGHEST GUST DIRECTION     S (170)
  AVERAGE WIND SPEED     3.8


SKY COVER
  AVERAGE SKY COVER  MM


WEATHER CONDITIONS
 THE FOLLOWING WEATHER WAS RECORDED YESTERDAY.
  FOG


RELATIVE HUMIDITY (PERCENT)
 HIGHEST    MM
 LOWEST     MM
 AVERAGE    MM

..........................................................


THE SPRINGFIELD VT CLIMATE NORMALS FOR TODAY
                         NORMAL    RECORD    YEAR
 MAXIMUM TEMPERATURE (F)   71        85      2012
 MINIMUM TEMPERATURE (F)   46        32      1997


SUNRISE AND SUNSET
MAY 28 2016...........SUNRISE   515 AM EDT   SUNSET   821 PM EDT
MAY 29 2016...........SUNRISE   514 AM EDT   SUNSET   822 PM EDT


-  INDICATES NEGATIVE NUMBERS.
R  INDICATES RECORD WAS SET OR TIED.
MM INDICATES DATA IS MISSING.
T  INDICATES TRACE AMOUNT.




$$
