000
CDUS41 KBTV 310535
CLIVSF


CLIMATE REPORT
NATIONAL WEATHER SERVICE BURLINGTON VT
134 AM EDT FRI JUL 31 2015


...................................

...THE SPRINGFIELD VT CLIMATE SUMMARY FOR JULY 30 2015...

CLIMATE NORMAL PERIOD 1981 TO 2010
CLIMATE RECORD PERIOD 9999 TO 9999


WEATHER ITEM   OBSERVED TIME   NORMAL DEPARTURE LAST
                VALUE   (LST)  VALUE  FROM      YEAR
                                      NORMAL
......................................................
TEMPERATURE (F)
 YESTERDAY
  MAXIMUM         89   1210 PM  81      8       74
  MINIMUM         61    531 AM  57      4       53
  AVERAGE         75            69      6       64

PRECIPITATION (IN)
  YESTERDAY        0.23          0.14   0.09     0.00
  MONTH TO DATE    1.28          4.28  -3.00     6.09
  SINCE JUN 1      6.48          8.17  -1.69    10.27
  SINCE JAN 1     14.98         24.44  -9.46    23.80

DEGREE DAYS
 HEATING
  YESTERDAY        0             1     -1        1
  MONTH TO DATE   16            16      0        3
  SINCE JUN 1    123           112     11       61
  SINCE JUL 1     16            16      0        3

 COOLING
  YESTERDAY       10             4      6        0
  MONTH TO DATE  135           139     -4      113
  SINCE JUN 1    178           203    -25      172
  SINCE JAN 1    227           215     12      177
......................................................


WIND (MPH)
  HIGHEST WIND SPEED    15   HIGHEST WIND DIRECTION     S (170)
  HIGHEST GUST SPEED    22   HIGHEST GUST DIRECTION     S (160)
  AVERAGE WIND SPEED     2.4


SKY COVER
  AVERAGE SKY COVER 0.4


WEATHER CONDITIONS
 THE FOLLOWING WEATHER WAS RECORDED YESTERDAY.
  RAIN
  LIGHT RAIN
  FOG
  FOG W/VISIBILITY <= 1/4 MILE


RELATIVE HUMIDITY (PERCENT)
 HIGHEST   100           900 PM
 LOWEST     55          1100 AM
 AVERAGE    78

..........................................................


THE SPRINGFIELD VT CLIMATE NORMALS FOR TODAY
                         NORMAL    RECORD    YEAR
 MAXIMUM TEMPERATURE (F)   81        91      1999
 MINIMUM TEMPERATURE (F)   57        44      2010


SUNRISE AND SUNSET
JULY 31 2015..........SUNRISE   539 AM EDT   SUNSET   814 PM EDT
AUGUST  1 2015........SUNRISE   540 AM EDT   SUNSET   812 PM EDT


-  INDICATES NEGATIVE NUMBERS.
R  INDICATES RECORD WAS SET OR TIED.
MM INDICATES DATA IS MISSING.
T  INDICATES TRACE AMOUNT.




$$
