000
CDUS41 KBTV 290533
CLIVSF


CLIMATE REPORT
NATIONAL WEATHER SERVICE BURLINGTON VT
131 AM EDT MON MAY 29 2017


...................................

...THE SPRINGFIELD VT CLIMATE SUMMARY FOR MAY 28 2017...

CLIMATE NORMAL PERIOD 1981 TO 2010
CLIMATE RECORD PERIOD 9999 TO 9999


WEATHER ITEM   OBSERVED TIME   NORMAL DEPARTURE LAST
                VALUE   (LST)  VALUE  FROM      YEAR
                                      NORMAL
......................................................
TEMPERATURE (F)
 YESTERDAY
  MAXIMUM         74    130 PM  71      3       91
  MINIMUM         53    506 AM  46      7       63
  AVERAGE         64            58      6       77

PRECIPITATION (IN)
  YESTERDAY        0.00          0.15  -0.15     0.00
  MONTH TO DATE    5.42          3.24   2.18     2.04
  SINCE MAR 1     12.53         10.16   2.37     5.15
  SINCE JAN 1     16.08         15.77   0.31    10.37

DEGREE DAYS
 HEATING
  YESTERDAY        1             7     -6        0
  MONTH TO DATE  310           296     14      292
  SINCE MAR 1   1923          1957    -34     1791
  SINCE JUL 1   6800          7402   -602     6447

 COOLING
  YESTERDAY        0             1     -1       12
  MONTH TO DATE   14             2     12       28
  SINCE MAR 1     14             4     10       28
  SINCE JAN 1     14             4     10       28
......................................................


WIND (MPH)
  HIGHEST WIND SPEED    14   HIGHEST WIND DIRECTION    SE (150)
  HIGHEST GUST SPEED    18   HIGHEST GUST DIRECTION    SE (150)
  AVERAGE WIND SPEED     4.3


SKY COVER
  AVERAGE SKY COVER 0.7


WEATHER CONDITIONS
 THE FOLLOWING WEATHER WAS RECORDED YESTERDAY.
  NO SIGNIFICANT WEATHER WAS OBSERVED.


RELATIVE HUMIDITY (PERCENT)
 HIGHEST    93          1200 AM
 LOWEST     41          1200 PM
 AVERAGE    67

..........................................................


THE SPRINGFIELD VT CLIMATE NORMALS FOR TODAY
                         NORMAL    RECORD    YEAR
 MAXIMUM TEMPERATURE (F)   71        88      1998
 MINIMUM TEMPERATURE (F)   46        33      2008


SUNRISE AND SUNSET
MAY 29 2017...........SUNRISE   514 AM EDT   SUNSET   821 PM EDT
MAY 30 2017...........SUNRISE   514 AM EDT   SUNSET   822 PM EDT


-  INDICATES NEGATIVE NUMBERS.
R  INDICATES RECORD WAS SET OR TIED.
MM INDICATES DATA IS MISSING.
T  INDICATES TRACE AMOUNT.




$$
