000
CDUS41 KBTV 300613
CLIVSF


CLIMATE REPORT
NATIONAL WEATHER SERVICE BURLINGTON VT
211 AM EDT SAT AUG 30 2014


...................................

...THE SPRINGFIELD VT CLIMATE SUMMARY FOR AUGUST 29 2014...

CLIMATE NORMAL PERIOD 1981 TO 2010
CLIMATE RECORD PERIOD 9999 TO 9999


WEATHER ITEM   OBSERVED TIME   NORMAL DEPARTURE LAST
                VALUE   (LST)  VALUE  FROM      YEAR
                                      NORMAL
......................................................
TEMPERATURE (F)
 YESTERDAY
  MAXIMUM         75    324 PM  77     -2       72
  MINIMUM         47    542 AM  54     -7       62
  AVERAGE         61            65     -4       67

PRECIPITATION (IN)
  YESTERDAY        0.00          0.11  -0.11      T
  MONTH TO DATE    3.38          3.58  -0.20     4.17
  SINCE JUN 1     13.94         11.90   2.04    15.67
  SINCE JAN 1     27.47         28.17  -0.70    27.38

DEGREE DAYS
 HEATING
  YESTERDAY        4             2      2        0
  MONTH TO DATE   40            34      6       39
  SINCE JUN 1    105           147    -42      146
  SINCE JUL 1     47            51     -4       45

 COOLING
  YESTERDAY        0             2     -2        2
  MONTH TO DATE   56           101    -45       71
  SINCE JUN 1    228           304    -76      413
  SINCE JAN 1    233           316    -83      437
......................................................


WIND (MPH)
  HIGHEST WIND SPEED    12   HIGHEST WIND DIRECTION    NE (60)
  HIGHEST GUST SPEED    14   HIGHEST GUST DIRECTION    NE (60)
  AVERAGE WIND SPEED     2.2


SKY COVER
  AVERAGE SKY COVER 0.1


WEATHER CONDITIONS
 THE FOLLOWING WEATHER WAS RECORDED YESTERDAY.
  FOG


RELATIVE HUMIDITY (PERCENT)
 HIGHEST   100           600 AM
 LOWEST     46           300 PM
 AVERAGE    73

..........................................................


THE SPRINGFIELD VT CLIMATE NORMALS FOR TODAY
                         NORMAL    RECORD    YEAR
 MAXIMUM TEMPERATURE (F)   77        MM        MM
 MINIMUM TEMPERATURE (F)   53        MM        MM


SUNRISE AND SUNSET
AUGUST 30 2014........SUNRISE   612 AM EDT   SUNSET   729 PM EDT
AUGUST 31 2014........SUNRISE   613 AM EDT   SUNSET   727 PM EDT


-  INDICATES NEGATIVE NUMBERS.
R  INDICATES RECORD WAS SET OR TIED.
MM INDICATES DATA IS MISSING.
T  INDICATES TRACE AMOUNT.




$$
