000
CDUS41 KBTV 270545
CLIVSF


CLIMATE REPORT
NATIONAL WEATHER SERVICE BURLINGTON VT
1243 AM EST SAT DEC 27 2014


...................................

...THE SPRINGFIELD VT CLIMATE SUMMARY FOR DECEMBER 26 2014...

CLIMATE NORMAL PERIOD 1981 TO 2010
CLIMATE RECORD PERIOD 9999 TO 9999


WEATHER ITEM   OBSERVED TIME   NORMAL DEPARTURE LAST
                VALUE   (LST)  VALUE  FROM      YEAR
                                      NORMAL
......................................................
TEMPERATURE (F)
 YESTERDAY
  MAXIMUM         44    306 PM  31     13       27
  MINIMUM         27   1036 PM  13     14       14
  AVERAGE         36            22     14       21

PRECIPITATION (IN)
  YESTERDAY        0.00          0.10  -0.10     0.04
  MONTH TO DATE    4.47          2.81   1.66     0.52
  SINCE DEC 1      4.47          2.81   1.66     0.52
  SINCE JAN 1     40.80         43.39  -2.59    35.93

DEGREE DAYS
 HEATING
  YESTERDAY       29            43    -14       44
  MONTH TO DATE  877          1003   -126     1040
  SINCE DEC 1    877          1003   -126     1040
  SINCE JUL 1   2280          2646   -366     2740

 COOLING
  YESTERDAY        0             0      0        0
  MONTH TO DATE    0             0      0        0
  SINCE DEC 1      0             0      0        0
  SINCE JAN 1    282           345    -63      495
......................................................


WIND (MPH)
  HIGHEST WIND SPEED    22   HIGHEST WIND DIRECTION     W (270)
  HIGHEST GUST SPEED    27   HIGHEST GUST DIRECTION    NW (320)
  AVERAGE WIND SPEED     5.8


SKY COVER
  AVERAGE SKY COVER 0.5


WEATHER CONDITIONS
 THE FOLLOWING WEATHER WAS RECORDED YESTERDAY.
  FOG


RELATIVE HUMIDITY (PERCENT)
 HIGHEST   100          1000 PM
 LOWEST     53           300 PM
 AVERAGE    77

..........................................................


THE SPRINGFIELD VT CLIMATE NORMALS FOR TODAY
                         NORMAL    RECORD    YEAR
 MAXIMUM TEMPERATURE (F)   31        MM        MM
 MINIMUM TEMPERATURE (F)   13        MM        MM


SUNRISE AND SUNSET
DECEMBER 27 2014......SUNRISE   722 AM EST   SUNSET   421 PM EST
DECEMBER 28 2014......SUNRISE   722 AM EST   SUNSET   422 PM EST


-  INDICATES NEGATIVE NUMBERS.
R  INDICATES RECORD WAS SET OR TIED.
MM INDICATES DATA IS MISSING.
T  INDICATES TRACE AMOUNT.




$$
