000
CDUS41 KBTV 210532
CLIVSF


CLIMATE REPORT
NATIONAL WEATHER SERVICE BURLINGTON VT
1231 AM EST WED FEB 21 2018


...................................

...THE SPRINGFIELD VT CLIMATE SUMMARY FOR FEBRUARY 20 2018...

CLIMATE NORMAL PERIOD 1981 TO 2010
CLIMATE RECORD PERIOD 9999 TO 9999


WEATHER ITEM   OBSERVED TIME   NORMAL DEPARTURE LAST
                VALUE   (LST)  VALUE  FROM      YEAR
                                      NORMAL
......................................................
TEMPERATURE (F)
 YESTERDAY
  MAXIMUM         49    241 PM  34     15       43
  MINIMUM         33    437 AM  14     19       20
  AVERAGE         41            24     17       32

PRECIPITATION (IN)
  YESTERDAY        0.04          0.10  -0.06     0.00
  MONTH TO DATE    1.99          1.97   0.02     0.72
  SINCE DEC 1      8.41          8.16   0.25     5.54
  SINCE JAN 1      5.00          4.89   0.11     3.14

DEGREE DAYS
 HEATING
  YESTERDAY       24            41    -17       33
  MONTH TO DATE  808           859    -51      812
  SINCE DEC 1   3594          3488    106     3213
  SINCE JUL 1   4986          5131   -145     4669

 COOLING
  YESTERDAY        0             0      0        0
  MONTH TO DATE    0             0      0        0
  SINCE DEC 1      0             0      0        0
  SINCE JAN 1      0             0      0        0
......................................................


WIND (MPH)
  HIGHEST WIND SPEED     8   HIGHEST WIND DIRECTION    SE (150)
  HIGHEST GUST SPEED    11   HIGHEST GUST DIRECTION     S (160)
  AVERAGE WIND SPEED     0.6


SKY COVER
  AVERAGE SKY COVER 1.0


WEATHER CONDITIONS
 THE FOLLOWING WEATHER WAS RECORDED YESTERDAY.
  LIGHT RAIN
  FOG
  FOG W/VISIBILITY <= 1/4 MILE


RELATIVE HUMIDITY (PERCENT)
 HIGHEST   100          1200 AM
 LOWEST     89           400 PM
 AVERAGE    95

..........................................................


THE SPRINGFIELD VT CLIMATE NORMALS FOR TODAY
                         NORMAL    RECORD    YEAR
 MAXIMUM TEMPERATURE (F)   35        51      2003
 MINIMUM TEMPERATURE (F)   15       -15      2015


SUNRISE AND SUNSET
FEBRUARY 21 2018......SUNRISE   639 AM EST   SUNSET   529 PM EST
FEBRUARY 22 2018......SUNRISE   638 AM EST   SUNSET   530 PM EST


-  INDICATES NEGATIVE NUMBERS.
R  INDICATES RECORD WAS SET OR TIED.
MM INDICATES DATA IS MISSING.
T  INDICATES TRACE AMOUNT.




$$
