000
CDUS41 KBTV 220543
CLIVSF


CLIMATE REPORT
NATIONAL WEATHER SERVICE BURLINGTON VT
1243 AM EST SUN JAN 22 2017


...................................

...THE SPRINGFIELD VT CLIMATE SUMMARY FOR JANUARY 21 2017...

CLIMATE NORMAL PERIOD 1981 TO 2010
CLIMATE RECORD PERIOD 9999 TO 9999


WEATHER ITEM   OBSERVED TIME   NORMAL DEPARTURE LAST
                VALUE   (LST)  VALUE  FROM      YEAR
                                      NORMAL
......................................................
TEMPERATURE (F)
 YESTERDAY
  MAXIMUM         42    300 PM  29     13       25
  MINIMUM         29   1004 PM   9     20       13
  AVERAGE         36            19     17       19

PRECIPITATION (IN)
  YESTERDAY        0.00          0.06  -0.06     0.00
  MONTH TO DATE    0.92          2.13  -1.21     1.49
  SINCE DEC 1      3.32          5.40  -2.08     4.81
  SINCE JAN 1      0.92          2.13  -1.21     1.49

DEGREE DAYS
 HEATING
  YESTERDAY       29            46    -17       46
  MONTH TO DATE  838           955   -117      871
  SINCE DEC 1   2053          2175   -122     1741
  SINCE JUL 1   3509          3818   -309     3154

 COOLING
  YESTERDAY        0             0      0        0
  MONTH TO DATE    0             0      0        0
  SINCE DEC 1      0             0      0        0
  SINCE JAN 1      0             0      0        0
......................................................


WIND (MPH)
  HIGHEST WIND SPEED     6   HIGHEST WIND DIRECTION     N (340)
  HIGHEST GUST SPEED     6   HIGHEST GUST DIRECTION     S (180)
  AVERAGE WIND SPEED     0.0


SKY COVER
  AVERAGE SKY COVER 0.9


WEATHER CONDITIONS
 THE FOLLOWING WEATHER WAS RECORDED YESTERDAY.
  FOG


RELATIVE HUMIDITY (PERCENT)
 HIGHEST    92          1200 AM
 LOWEST     70           300 PM
 AVERAGE    81

..........................................................


THE SPRINGFIELD VT CLIMATE NORMALS FOR TODAY
                         NORMAL    RECORD    YEAR
 MAXIMUM TEMPERATURE (F)   29        45      1997
 MINIMUM TEMPERATURE (F)    9       -14      2005


SUNRISE AND SUNSET
JANUARY 22 2017.......SUNRISE   715 AM EST   SUNSET   449 PM EST
JANUARY 23 2017.......SUNRISE   714 AM EST   SUNSET   450 PM EST


-  INDICATES NEGATIVE NUMBERS.
R  INDICATES RECORD WAS SET OR TIED.
MM INDICATES DATA IS MISSING.
T  INDICATES TRACE AMOUNT.




$$
