000
CDUS41 KBTV 010549
CLIVSF


CLIMATE REPORT
NATIONAL WEATHER SERVICE BURLINGTON VT
147 AM EDT WED JUL 1 2015


...................................

...THE SPRINGFIELD VT CLIMATE SUMMARY FOR JUNE 30 2015...

CLIMATE NORMAL PERIOD 1981 TO 2010
CLIMATE RECORD PERIOD 9999 TO 9999


WEATHER ITEM   OBSERVED TIME   NORMAL DEPARTURE LAST
                VALUE   (LST)  VALUE  FROM      YEAR
                                      NORMAL
......................................................
TEMPERATURE (F)
 YESTERDAY
  MAXIMUM         76   1202 PM  80     -4       85
  MINIMUM         56    644 AM  56      0       58
  AVERAGE         66            68     -2       72

PRECIPITATION (IN)
  YESTERDAY        0.08          0.10  -0.02     0.00
  MONTH TO DATE    5.20          3.89   1.31     4.18
  SINCE JUN 1      5.20          3.89   1.31     4.18
  SINCE JAN 1     13.70         20.16  -6.46    17.71

DEGREE DAYS
 HEATING
  YESTERDAY        0             1     -1        0
  MONTH TO DATE  107            96     11       58
  SINCE JUN 1    107            96     11       58
  SINCE JUL 1   7695          7519    176     7966

 COOLING
  YESTERDAY        1             4     -3        7
  MONTH TO DATE   43            64    -21       59
  SINCE JUN 1     43            64    -21       59
  SINCE JAN 1     92            76     16       64
......................................................


WIND (MPH)
  HIGHEST WIND SPEED     8   HIGHEST WIND DIRECTION     S (180)
  HIGHEST GUST SPEED    12   HIGHEST GUST DIRECTION     S (170)
  AVERAGE WIND SPEED     1.2


SKY COVER
  AVERAGE SKY COVER 0.8


WEATHER CONDITIONS
 THE FOLLOWING WEATHER WAS RECORDED YESTERDAY.
  LIGHT RAIN
  FOG
  FOG W/VISIBILITY <= 1/4 MILE


RELATIVE HUMIDITY (PERCENT)
 HIGHEST   100           200 AM
 LOWEST     46          1200 PM
 AVERAGE    73

..........................................................


THE SPRINGFIELD VT CLIMATE NORMALS FOR TODAY
                         NORMAL    RECORD    YEAR
 MAXIMUM TEMPERATURE (F)   80        90      2012
 MINIMUM TEMPERATURE (F)   56        46      2010


SUNRISE AND SUNSET
JULY  1 2015..........SUNRISE   513 AM EDT   SUNSET   834 PM EDT
JULY  2 2015..........SUNRISE   514 AM EDT   SUNSET   834 PM EDT


-  INDICATES NEGATIVE NUMBERS.
R  INDICATES RECORD WAS SET OR TIED.
MM INDICATES DATA IS MISSING.
T  INDICATES TRACE AMOUNT.




$$
