000
CDUS43 KLBF 272219 RRB
CLIVTN

CLIMATE REPORT
NATIONAL WEATHER SERVICE NORTH PLATTE
517 PM CDT MON JUL 27 2015


...................................

...THE VALENTINE NE CLIMATE SUMMARY FOR JULY 27 2015...
VALID TODAY AS OF 0500 PM LOCAL TIME.

CLIMATE NORMAL PERIOD 1981 TO 2010
CLIMATE RECORD PERIOD 1885 TO 2015


WEATHER ITEM   OBSERVED TIME   RECORD YEAR NORMAL DEPARTURE LAST
                VALUE   (LST)  VALUE       VALUE  FROM      YEAR
                                                  NORMAL
..................................................................
TEMPERATURE (F)
 TODAY
  MAXIMUM         93    403 PM 106    1935  89      4       84
                                      1931
  MINIMUM         60    421 AM  43    2005  61     -1       50
  AVERAGE         77                        75      2       67

PRECIPITATION (IN)
  TODAY            0.00          1.41 1972   0.10  -0.10     0.00
  MONTH TO DATE    3.25                      2.83   0.42     0.58
  SINCE JUN 1      6.67                      6.39   0.28     9.21
  SINCE JAN 1     16.06                     13.55   2.51    16.42

SNOWFALL (IN)
  TODAY            0.0           0.0    MM   0.0    0.0      0.0
  MONTH TO DATE    0.0                       0.0    0.0      0.0
  SINCE JUN 1      0.0                       0.0    0.0      0.0
  SINCE JUL 1      0.0                       0.0    0.0      0.0
  SNOW DEPTH       0

DEGREE DAYS
 HEATING
  TODAY            0                         0      0        0
  MONTH TO DATE    2                         2      0       19
  SINCE JUN 1     10                        63    -53       73
  SINCE JUL 1      2                         2      0       19

 COOLING
  TODAY           12                        10      2        2
  MONTH TO DATE  245                       262    -17      221
  SINCE JUN 1    385                       399    -14      332
  SINCE JAN 1    391                       433    -42      393
..................................................................


WIND (MPH)
  HIGHEST WIND SPEED    25   HIGHEST WIND DIRECTION    SE (150)
  HIGHEST GUST SPEED    33   HIGHEST GUST DIRECTION     S (170)
  AVERAGE WIND SPEED    10.6


SKY COVER
  POSSIBLE SUNSHINE  MM
  AVERAGE SKY COVER 0.0


WEATHER CONDITIONS
 THE FOLLOWING WEATHER WAS RECORDED TODAY.
  NO SIGNIFICANT WEATHER WAS OBSERVED.


RELATIVE HUMIDITY (PERCENT)
 HIGHEST    93           600 AM
 LOWEST     39           300 PM
 AVERAGE    66

..........................................................


THE VALENTINE NE CLIMATE NORMALS FOR TOMORROW
                         NORMAL    RECORD    YEAR
 MAXIMUM TEMPERATURE (F)   89       108      1933
 MINIMUM TEMPERATURE (F)   61        44      1971


SUNRISE AND SUNSET
JULY 27 2015..........SUNRISE   628 AM CDT   SUNSET   909 PM CDT
JULY 28 2015..........SUNRISE   629 AM CDT   SUNSET   908 PM CDT


-  INDICATES NEGATIVE NUMBERS.
R  INDICATES RECORD WAS SET OR TIED.
MM INDICATES DATA IS MISSING.
T  INDICATES TRACE AMOUNT.

$$
