000
CDUS43 KLBF 260931
CLIVTN


CLIMATE REPORT
NATIONAL WEATHER SERVICE NORTH PLATTE
431 AM CDT FRI AUG 26 2016


...................................

...THE VALENTINE NE CLIMATE SUMMARY FOR AUGUST 25 2016...

CLIMATE NORMAL PERIOD 1981 TO 2010
CLIMATE RECORD PERIOD 1885 TO 2016


WEATHER ITEM   OBSERVED TIME   RECORD YEAR NORMAL DEPARTURE LAST
                VALUE   (LST)  VALUE       VALUE  FROM      YEAR
                                                  NORMAL
..................................................................
TEMPERATURE (F)
 YESTERDAY
  MAXIMUM         74    300 PM 104    1955  86    -12       85
                                      1926
  MINIMUM         47    558 AM  38    1910  57    -10       49
  AVERAGE         61                        71    -10       67

PRECIPITATION (IN)
  YESTERDAY        0.00          2.15 1960   0.06  -0.06     0.00
  MONTH TO DATE    0.72                      1.88  -1.16     1.89
  SINCE JUN 1      7.99                      8.65  -0.66     8.56
  SINCE JAN 1     21.31                     15.81   5.50    17.95

SNOWFALL (IN)
  YESTERDAY        0.0           0.0    MM   0.0    0.0      0.0
  MONTH TO DATE    0.0                       0.0    0.0      0.0
  SINCE JUN 1      0.0                       0.0    0.0      0.0
  SINCE JUL 1      0.0                       0.0    0.0      0.0
  SNOW DEPTH       0

DEGREE DAYS
 HEATING
  YESTERDAY        4                         1      3        0
  MONTH TO DATE   16                         6     10       29
  SINCE JUN 1     32                        75    -43       39
  SINCE JUL 1     21                        14      7       31

 COOLING
  YESTERDAY        0                         7     -7        2
  MONTH TO DATE  204                       221    -17      182
  SINCE JUN 1    735                       662     73      594
  SINCE JAN 1    753                       696     57      600
..................................................................


WIND (MPH)
  HIGHEST WIND SPEED    17   HIGHEST WIND DIRECTION    NW (320)
  HIGHEST GUST SPEED    22   HIGHEST GUST DIRECTION    NW (320)
  AVERAGE WIND SPEED     7.4


SKY COVER
  POSSIBLE SUNSHINE  MM
  AVERAGE SKY COVER 0.2


WEATHER CONDITIONS
 THE FOLLOWING WEATHER WAS RECORDED YESTERDAY.
  NO SIGNIFICANT WEATHER WAS OBSERVED.


RELATIVE HUMIDITY (PERCENT)
 HIGHEST    86           200 AM
 LOWEST     35           400 PM
 AVERAGE    61

..........................................................


THE VALENTINE NE CLIMATE NORMALS FOR TODAY
                         NORMAL    RECORD    YEAR
 MAXIMUM TEMPERATURE (F)   85       106      1970
 MINIMUM TEMPERATURE (F)   57        44      1992
                                             1972
                                             1967


SUNRISE AND SUNSET
AUGUST 26 2016........SUNRISE   701 AM CDT   SUNSET   826 PM CDT
AUGUST 27 2016........SUNRISE   702 AM CDT   SUNSET   824 PM CDT


-  INDICATES NEGATIVE NUMBERS.
R  INDICATES RECORD WAS SET OR TIED.
MM INDICATES DATA IS MISSING.
T  INDICATES TRACE AMOUNT.




$$
