341
CDUS43 KLBF 260758
CLIVTN


CLIMATE REPORT
NATIONAL WEATHER SERVICE NORTH PLATTE
256 AM CDT MON JUN 26 2017


...................................

...THE VALENTINE NE CLIMATE SUMMARY FOR JUNE 25 2017...

CLIMATE NORMAL PERIOD 1981 TO 2010
CLIMATE RECORD PERIOD 1885 TO 2017


WEATHER ITEM   OBSERVED TIME   RECORD YEAR NORMAL DEPARTURE LAST
                VALUE   (LST)  VALUE       VALUE  FROM      YEAR
                                                  NORMAL
..................................................................
TEMPERATURE (F)
 YESTERDAY
  MAXIMUM         81    442 PM 104    1936  85     -4       91
  MINIMUM         42    518 AM  36    1958  57    -15       57
  AVERAGE         62                        71     -9       74

PRECIPITATION (IN)
  YESTERDAY        0.01          1.98 1922   0.11  -0.10      T
  MONTH TO DATE    0.25                      3.01  -2.76     3.56
  SINCE JUN 1      0.25                      3.01  -2.76     3.56
  SINCE JAN 1      9.85                     10.17  -0.32    16.88

SNOWFALL (IN)
  YESTERDAY        0.0           0.0    MM   0.0    0.0      0.0
  MONTH TO DATE    0.0                       0.0    0.0      0.0
  SINCE JUN 1      0.0                       0.0    0.0      0.0
  SINCE JUL 1     44.5                      33.3   11.2     38.2
  SNOW DEPTH       0

DEGREE DAYS
 HEATING
  YESTERDAY        3                         1      2        0
  MONTH TO DATE   16                        56    -40       11
  SINCE JUN 1     16                        56    -40       11
  SINCE JUL 1   6250                      6998   -748     6161

 COOLING
  YESTERDAY        0                         7     -7        9
  MONTH TO DATE  169                        99     70      205
  SINCE JUN 1    169                        99     70      205
  SINCE JAN 1    192                       133     59      223
..................................................................


WIND (MPH)
  HIGHEST WIND SPEED    14   HIGHEST WIND DIRECTION     S (190)
  HIGHEST GUST SPEED    21   HIGHEST GUST DIRECTION    SW (220)
  AVERAGE WIND SPEED     4.3


SKY COVER
  POSSIBLE SUNSHINE  MM
  AVERAGE SKY COVER 0.4


WEATHER CONDITIONS
 THE FOLLOWING WEATHER WAS RECORDED YESTERDAY.
  NO SIGNIFICANT WEATHER WAS OBSERVED.


RELATIVE HUMIDITY (PERCENT)
 HIGHEST    65           400 AM
 LOWEST     16           200 PM
 AVERAGE    41

..........................................................


THE VALENTINE NE CLIMATE NORMALS FOR TODAY
                         NORMAL    RECORD    YEAR
 MAXIMUM TEMPERATURE (F)   85       105      2012
                                             1971
 MINIMUM TEMPERATURE (F)   57        40      1958


SUNRISE AND SUNSET
JUNE 26 2017..........SUNRISE   605 AM CDT   SUNSET   925 PM CDT
JUNE 27 2017..........SUNRISE   606 AM CDT   SUNSET   925 PM CDT


-  INDICATES NEGATIVE NUMBERS.
R  INDICATES RECORD WAS SET OR TIED.
MM INDICATES DATA IS MISSING.
T  INDICATES TRACE AMOUNT.




$$
