000
CDUS43 KLBF 291248
CLIVTN


CLIMATE REPORT
NATIONAL WEATHER SERVICE NORTH PLATTE
745 AM CDT THU SEP 29 2016


...................................

...THE VALENTINE NE CLIMATE SUMMARY FOR SEPTEMBER 28 2016...

CLIMATE NORMAL PERIOD 1981 TO 2010
CLIMATE RECORD PERIOD 1885 TO 2016


WEATHER ITEM   OBSERVED TIME   RECORD YEAR NORMAL DEPARTURE LAST
                VALUE   (LST)  VALUE       VALUE  FROM      YEAR
                                                  NORMAL
..................................................................
TEMPERATURE (F)
 YESTERDAY
  MAXIMUM         73    356 PM  92    2011  71      2       71
                                      1969
                                      1921
  MINIMUM         36    613 AM  23    1984  41     -5       54
  AVERAGE         55                        56     -1       63

PRECIPITATION (IN)
  YESTERDAY        0.00          2.45 1973   0.06  -0.06     0.19
  MONTH TO DATE    1.52                      1.53  -0.01     4.80
  SINCE SEP 1      1.52                      1.53  -0.01     4.80
  SINCE JAN 1     23.45                     17.64   5.81    22.75

SNOWFALL (IN)
  YESTERDAY        0.0          18.4  1985   0.0    0.0      0.0
  MONTH TO DATE    0.0                       0.6   -0.6      0.0
  SINCE SEP 1      0.0                       0.6   -0.6      0.0
  SINCE JUL 1      0.0                       0.6   -0.6      0.0
  SNOW DEPTH       0

DEGREE DAYS
 HEATING
  YESTERDAY       10                         9      1        2
  MONTH TO DATE   93                       140    -47       46
  SINCE SEP 1     93                       140    -47       46
  SINCE JUL 1    121                       165    -44       77

 COOLING
  YESTERDAY        0                         1     -1        0
  MONTH TO DATE   67                        80    -13      134
  SINCE SEP 1     67                        80    -13      134
  SINCE JAN 1    864                       816     48      794
..................................................................


WIND (MPH)
  HIGHEST WIND SPEED    14   HIGHEST WIND DIRECTION    NE (50)
  HIGHEST GUST SPEED    20   HIGHEST GUST DIRECTION     E (70)
  AVERAGE WIND SPEED     5.4


SKY COVER
  POSSIBLE SUNSHINE  MM
  AVERAGE SKY COVER 0.0


WEATHER CONDITIONS
 THE FOLLOWING WEATHER WAS RECORDED YESTERDAY.
  NO SIGNIFICANT WEATHER WAS OBSERVED.


RELATIVE HUMIDITY (PERCENT)
 HIGHEST    92           600 AM
 LOWEST     20           400 PM
 AVERAGE    56

..........................................................


THE VALENTINE NE CLIMATE NORMALS FOR TODAY
                         NORMAL    RECORD    YEAR
 MAXIMUM TEMPERATURE (F)   71        95      1991
 MINIMUM TEMPERATURE (F)   41        17      1984


SUNRISE AND SUNSET
SEPTEMBER 29 2016.....SUNRISE   738 AM CDT   SUNSET   726 PM CDT
SEPTEMBER 30 2016.....SUNRISE   739 AM CDT   SUNSET   724 PM CDT


-  INDICATES NEGATIVE NUMBERS.
R  INDICATES RECORD WAS SET OR TIED.
MM INDICATES DATA IS MISSING.
T  INDICATES TRACE AMOUNT.




$$
