000
CDUS43 KLBF 270950
CLIVTN


CLIMATE REPORT
NATIONAL WEATHER SERVICE NORTH PLATTE
449 AM CDT FRI MAY 27 2016


...................................

...THE VALENTINE NE CLIMATE SUMMARY FOR MAY 26 2016...

CLIMATE NORMAL PERIOD 1981 TO 2010
CLIMATE RECORD PERIOD 1885 TO 2016


WEATHER ITEM   OBSERVED TIME   RECORD YEAR NORMAL DEPARTURE LAST
                VALUE   (LST)  VALUE       VALUE  FROM      YEAR
                                                  NORMAL
..................................................................
TEMPERATURE (F)
 YESTERDAY
  MAXIMUM         80    453 PM  98    1969  74      6       75
  MINIMUM         46    525 AM  28    1992  48     -2       51
  AVERAGE         63                        61      2       63

PRECIPITATION (IN)
  YESTERDAY        0.31          1.41 1955   0.10   0.21     0.00
  MONTH TO DATE    6.12                      2.55   3.57     7.07
  SINCE MAR 1     11.67                      5.84   5.83     8.72
  SINCE JAN 1     12.35                      6.58   5.77     9.34

SNOWFALL (IN)
  YESTERDAY        0.0           0.0    MM   0.0    0.0      0.0
  MONTH TO DATE    0.0                       0.1   -0.1      0.0
  SINCE MAR 1      7.0                      11.2   -4.2      0.8
  SINCE JUL 1     38.2                      33.3    4.9     22.5
  SNOW DEPTH       0

DEGREE DAYS
 HEATING
  YESTERDAY        2                         6     -4        2
  MONTH TO DATE  242                       237      5      274
  SINCE MAR 1   1454                      1684   -230     1409
  SINCE JUL 1   6140                      6920   -780     6535

 COOLING
  YESTERDAY        0                         1     -1        0
  MONTH TO DATE   11                        23    -12        3
  SINCE MAR 1     14                        27    -13        5
  SINCE JAN 1     14                        27    -13        5
..................................................................


WIND (MPH)
  HIGHEST WIND SPEED    23   HIGHEST WIND DIRECTION     E (110)
  HIGHEST GUST SPEED    29   HIGHEST GUST DIRECTION     N (10)
  AVERAGE WIND SPEED     7.4


SKY COVER
  POSSIBLE SUNSHINE  MM
  AVERAGE SKY COVER 0.1


WEATHER CONDITIONS
 THE FOLLOWING WEATHER WAS RECORDED YESTERDAY.
  THUNDERSTORM
  RAIN
  LIGHT RAIN


RELATIVE HUMIDITY (PERCENT)
 HIGHEST    93           300 AM
 LOWEST     30           400 PM
 AVERAGE    62

..........................................................


THE VALENTINE NE CLIMATE NORMALS FOR TODAY
                         NORMAL    RECORD    YEAR
 MAXIMUM TEMPERATURE (F)   74        98      1969
 MINIMUM TEMPERATURE (F)   48        30      1907


SUNRISE AND SUNSET
MAY 27 2016...........SUNRISE   609 AM CDT   SUNSET   911 PM CDT
MAY 28 2016...........SUNRISE   608 AM CDT   SUNSET   911 PM CDT


-  INDICATES NEGATIVE NUMBERS.
R  INDICATES RECORD WAS SET OR TIED.
MM INDICATES DATA IS MISSING.
T  INDICATES TRACE AMOUNT.




$$
