000
CDUS43 KLBF 251020
CLIVTN

CLIMATE REPORT
NATIONAL WEATHER SERVICE NORTH PLATTE
418 AM CST SUN JAN 25 2015


...................................

...THE VALENTINE NE CLIMATE SUMMARY FOR JANUARY 24 2015...

CLIMATE NORMAL PERIOD 1981 TO 2010
CLIMATE RECORD PERIOD 1885 TO 2015


WEATHER ITEM   OBSERVED TIME   RECORD YEAR NORMAL DEPARTURE LAST
                VALUE   (LST)  VALUE       VALUE  FROM      YEAR
                                                  NORMAL
..................................................................
TEMPERATURE (F)
 YESTERDAY
  MAXIMUM         50    143 PM  68    2005  37     13       51
                                      1981
  MINIMUM         26    505 AM -38    1894  11     15       22
  AVERAGE         38                        24     14       37

PRECIPITATION (IN)
  YESTERDAY        0.02          0.27 1921   0.01   0.01      T
  MONTH TO DATE    0.08                      0.20  -0.12     0.03
  SINCE DEC 1      0.98                      0.57   0.41     0.74
  SINCE JAN 1      0.08                      0.20  -0.12     0.03

SNOWFALL (IN)
  YESTERDAY        0.0           4.3  1921   0.1   -0.1      0.0
  MONTH TO DATE    1.5                       2.9   -1.4      0.5
  SINCE DEC 1     10.2                       8.0    2.2     12.7
  SINCE JUL 1     16.6                      15.6    1.0     19.5
  SNOW DEPTH       T

DEGREE DAYS
 HEATING
  YESTERDAY       27                        41    -14       28
  MONTH TO DATE 1048                       997     51      921
  SINCE DEC 1   2250                      2274    -24     2354
  SINCE JUL 1   3854                      3892    -38     3913

 COOLING
  YESTERDAY        0                         0      0        0
  MONTH TO DATE    0                         0      0        0
  SINCE DEC 1      0                         0      0        0
  SINCE JAN 1      0                         0      0        0
..................................................................


WIND (MPH)
  HIGHEST WIND SPEED    36   HIGHEST WIND DIRECTION    NW (310)
  HIGHEST GUST SPEED    48   HIGHEST GUST DIRECTION    NW (320)
  AVERAGE WIND SPEED    16.2


SKY COVER
  POSSIBLE SUNSHINE  MM
  AVERAGE SKY COVER 0.5


WEATHER CONDITIONS
 THE FOLLOWING WEATHER WAS RECORDED YESTERDAY.
  LIGHT RAIN


RELATIVE HUMIDITY (PERCENT)
 HIGHEST    92           300 AM
 LOWEST     45          1200 PM
 AVERAGE    69

..........................................................


THE VALENTINE NE CLIMATE NORMALS FOR TODAY
                         NORMAL    RECORD    YEAR
 MAXIMUM TEMPERATURE (F)   37        65      1911
 MINIMUM TEMPERATURE (F)   11       -24      1957
                                             1929


SUNRISE AND SUNSET
JANUARY 25 2015.......SUNRISE   804 AM CST   SUNSET   546 PM CST
JANUARY 26 2015.......SUNRISE   803 AM CST   SUNSET   547 PM CST


-  INDICATES NEGATIVE NUMBERS.
R  INDICATES RECORD WAS SET OR TIED.
MM INDICATES DATA IS MISSING.
T  INDICATES TRACE AMOUNT.

$$
