000
CDUS43 KLBF 191030
CLIVTN

CLIMATE REPORT
NATIONAL WEATHER SERVICE NORTH PLATTE
428 AM CST FRI DEC 19 2014

...................................

...THE VALENTINE NE CLIMATE SUMMARY FOR DECEMBER 18 2014...

CLIMATE NORMAL PERIOD 1981 TO 2010
CLIMATE RECORD PERIOD 1885 TO 2014


WEATHER ITEM   OBSERVED TIME   RECORD YEAR NORMAL DEPARTURE LAST
                VALUE   (LST)  VALUE       VALUE  FROM      YEAR
                                                  NORMAL
..................................................................
TEMPERATURE (F)
 YESTERDAY
  MAXIMUM         27    346 PM  70    1979  36     -9       53
  MINIMUM          9   1009 PM -28    1983  10     -1       26
  AVERAGE         18                        23     -5       40

PRECIPITATION (IN)
  YESTERDAY        0.00          0.15 1968   0.01  -0.01     0.00
  MONTH TO DATE    0.51                      0.22   0.29     0.69
  SINCE DEC 1      0.51                      0.22   0.29     0.69
  SINCE JAN 1     21.40                     19.87   1.53    23.61

SNOWFALL (IN)
  YESTERDAY        0.0           2.2  1901   0.1   -0.1      0.0
  MONTH TO DATE    3.5                       2.9    0.6     12.0
  SINCE DEC 1      3.5                       2.9    0.6     12.0
  SINCE JUL 1      9.9                      10.5   -0.6     18.8
  SNOW DEPTH       4

DEGREE DAYS
 HEATING
  YESTERDAY       47                        42      5       25
  MONTH TO DATE  591                       729   -138      867
  SINCE DEC 1    591                       729   -138      867
  SINCE JUL 1   2195                      2347   -152     2426

 COOLING
  YESTERDAY        0                         0      0        0
  MONTH TO DATE    0                         0      0        0
  SINCE DEC 1      0                         0      0        0
  SINCE JAN 1    724                       821    -97      964
..................................................................


WIND (MPH)
  HIGHEST WIND SPEED    14   HIGHEST WIND DIRECTION    SW (210)
  HIGHEST GUST SPEED    17   HIGHEST GUST DIRECTION    SW (220)
  AVERAGE WIND SPEED     5.8


SKY COVER
  POSSIBLE SUNSHINE  MM
  AVERAGE SKY COVER 0.6


WEATHER CONDITIONS
 THE FOLLOWING WEATHER WAS RECORDED YESTERDAY.
  FOG
  FOG W/VISIBILITY <= 1/4 MILE
  HAZE


RELATIVE HUMIDITY (PERCENT)
 HIGHEST    92           700 PM
 LOWEST     81           900 AM
 AVERAGE    87

..........................................................


THE VALENTINE NE CLIMATE NORMALS FOR TODAY
                         NORMAL    RECORD    YEAR
 MAXIMUM TEMPERATURE (F)   36        66      1894
 MINIMUM TEMPERATURE (F)   10       -26      1989


SUNRISE AND SUNSET
DECEMBER 19 2014......SUNRISE   809 AM CST   SUNSET   510 PM CST
DECEMBER 20 2014......SUNRISE   809 AM CST   SUNSET   510 PM CST


-  INDICATES NEGATIVE NUMBERS.
R  INDICATES RECORD WAS SET OR TIED.
MM INDICATES DATA IS MISSING.
T  INDICATES TRACE AMOUNT.

$$
