000
CDUS43 KLBF 280917 RRA
CLIVTN

CLIMATE REPORT
NATIONAL WEATHER SERVICE NORTH PLATTE
416 AM CDT FRI AUG 28 2015


...................................

...THE VALENTINE NE CLIMATE SUMMARY FOR AUGUST 27 2015...

CLIMATE NORMAL PERIOD 1981 TO 2010
CLIMATE RECORD PERIOD 1885 TO 2015


WEATHER ITEM   OBSERVED TIME   RECORD YEAR NORMAL DEPARTURE LAST
                VALUE   (LST)  VALUE       VALUE  FROM      YEAR
                                                  NORMAL
..................................................................
TEMPERATURE (F)
 YESTERDAY
  MAXIMUM         MM        MM 104    1962  85     MM       79
  MINIMUM         MM        MM  37    1992  56     MM       66
  AVERAGE         MM                        71     MM       73

PRECIPITATION (IN)
  YESTERDAY        T             1.00 1941   0.05  -0.05     0.14
                                      1939
  MONTH TO DATE    1.89                      1.98  -0.09     2.20
  SINCE JUN 1      8.56                      8.75  -0.19    11.41
  SINCE JAN 1     17.95                     15.91   2.04    18.62

SNOWFALL (IN)
  YESTERDAY        0.0           0.0    MM   0.0    0.0      0.0
  MONTH TO DATE    0.0                       0.0    0.0      0.0
  SINCE JUN 1      0.0                       0.0    0.0      0.0
  SINCE JUL 1      0.0                       0.0    0.0      0.0
  SNOW DEPTH       0

DEGREE DAYS
 HEATING
  YESTERDAY       MM                         1     MM        0
  MONTH TO DATE   29                         8     21        2
  SINCE JUN 1     39                        77    -38       75
  SINCE JUL 1     31                        16     15       21

 COOLING
  YESTERDAY       MM                         7     MM        8
  MONTH TO DATE  194                       235    -41      218
  SINCE JUN 1    606                       676    -70      559
  SINCE JAN 1    612                       710    -98      620
..................................................................


WIND (MPH)
  HIGHEST WIND SPEED    21   HIGHEST WIND DIRECTION     E (80)
  HIGHEST GUST SPEED    31   HIGHEST GUST DIRECTION     E (70)
  AVERAGE WIND SPEED    12.1


SKY COVER
  POSSIBLE SUNSHINE  MM
  AVERAGE SKY COVER 0.5


WEATHER CONDITIONS
 THE FOLLOWING WEATHER WAS RECORDED YESTERDAY.
  NO SIGNIFICANT WEATHER WAS OBSERVED.


RELATIVE HUMIDITY (PERCENT)
 HIGHEST    93           700 AM
 LOWEST     79          1200 AM
 AVERAGE    86

..........................................................


THE VALENTINE NE CLIMATE NORMALS FOR TODAY
                         NORMAL    RECORD    YEAR
 MAXIMUM TEMPERATURE (F)   85       106      2012
 MINIMUM TEMPERATURE (F)   56        34      1988


SUNRISE AND SUNSET
AUGUST 28 2015........SUNRISE   702 AM CDT   SUNSET   824 PM CDT
AUGUST 29 2015........SUNRISE   703 AM CDT   SUNSET   822 PM CDT


-  INDICATES NEGATIVE NUMBERS.
R  INDICATES RECORD WAS SET OR TIED.
MM INDICATES DATA IS MISSING.
T  INDICATES TRACE AMOUNT.

$$
