000
CDUS43 KLBF 180059
CLIVTN


CLIMATE REPORT
NATIONAL WEATHER SERVICE NORTH PLATTE
756 PM CDT THU AUG 17 2017


...................................

...THE VALENTINE NE CLIMATE SUMMARY FOR AUGUST 17 2017...
VALID TODAY AS OF 0500 PM LOCAL TIME.

CLIMATE NORMAL PERIOD 1981 TO 2010
CLIMATE RECORD PERIOD 1885 TO 2017


WEATHER ITEM   OBSERVED TIME   RECORD YEAR NORMAL DEPARTURE LAST
                VALUE   (LST)  VALUE       VALUE  FROM      YEAR
                                                  NORMAL
..................................................................
TEMPERATURE (F)
 TODAY
  MAXIMUM         92    501 PM 104    1973  87      5       94
  MINIMUM         50    335 AM  41    2012  59     -9       60
  AVERAGE         71                        73     -2       77

PRECIPITATION (IN)
  TODAY            0.00          0.72 1904   0.07  -0.07     0.00
  MONTH TO DATE    1.90                      1.42   0.48     0.24
  SINCE JUN 1      3.16                      8.19  -5.03     7.51
  SINCE JAN 1     12.76                     15.35  -2.59    20.83

SNOWFALL (IN)
  TODAY            0.0           0.0    MM   0.0    0.0      0.0
  MONTH TO DATE    0.0                       0.0    0.0      0.0
  SINCE JUN 1      0.0                       0.0    0.0      0.0
  SINCE JUL 1      0.0                       0.0    0.0      0.0
  SNOW DEPTH       0

DEGREE DAYS
 HEATING
  TODAY            0                         0      0        0
  MONTH TO DATE    7                         0      7        0
  SINCE JUN 1     23                        69    -46       16
  SINCE JUL 1      7                         8     -1        5

 COOLING
  TODAY            6                         8     -2       12
  MONTH TO DATE   80                       160    -80      167
  SINCE JUN 1    788                       601    187      698
  SINCE JAN 1    811                       635    176      716
..................................................................


WIND (MPH)
  HIGHEST WIND SPEED    21   HIGHEST WIND DIRECTION     S (190)
  HIGHEST GUST SPEED    25   HIGHEST GUST DIRECTION    SW (210)
  AVERAGE WIND SPEED     7.2


SKY COVER
  POSSIBLE SUNSHINE  MM
  AVERAGE SKY COVER 0.0


WEATHER CONDITIONS
 THE FOLLOWING WEATHER WAS RECORDED TODAY.
  NO SIGNIFICANT WEATHER WAS OBSERVED.


RELATIVE HUMIDITY (PERCENT)
 HIGHEST    83           100 AM
 LOWEST     23           300 PM
 AVERAGE    53

..........................................................


THE VALENTINE NE CLIMATE NORMALS FOR TOMORROW
                         NORMAL    RECORD    YEAR
 MAXIMUM TEMPERATURE (F)   87       104      1983
 MINIMUM TEMPERATURE (F)   59        43      2004


SUNRISE AND SUNSET
AUGUST 17 2017........SUNRISE   651 AM CDT   SUNSET   841 PM CDT
AUGUST 18 2017........SUNRISE   652 AM CDT   SUNSET   839 PM CDT


-  INDICATES NEGATIVE NUMBERS.
R  INDICATES RECORD WAS SET OR TIED.
MM INDICATES DATA IS MISSING.
T  INDICATES TRACE AMOUNT.

THE STATE HIGH WAS 92 DEGREES AT VALENTINE AND THE STATE LOW
WAS 47 DEGREES AT ALLIANCE.


$$
