000
CDUS46 KPQR 311145
CLIVUO


CLIMATE REPORT
NATIONAL WEATHER SERVICE PORTLAND OREGON
444 AM PDT MON AUG 31 2015


...................................

...THE VANCOUVER WA CLIMATE SUMMARY FOR AUGUST 30 2015...

CLIMATE NORMAL PERIOD 1981 TO 2010
CLIMATE RECORD PERIOD 1891 TO 2015


WEATHER ITEM   OBSERVED TIME   RECORD YEAR NORMAL DEPARTURE LAST
                VALUE   (LST)  VALUE       VALUE  FROM      YEAR
                                                  NORMAL
..................................................................
TEMPERATURE (F)
 YESTERDAY
  MAXIMUM         74    306 PM  96    1918  80     -6       75
  MINIMUM         60    818 AM  40    1966  55      5       55
  AVERAGE         67                        68     -1       65

PRECIPITATION (IN)
  YESTERDAY        0.27                      0.04   0.23     0.02
  MONTH TO DATE    0.55                      0.73  -0.18     0.04
  SINCE OCT 1     30.77                     37.54  -6.77    27.76
  SINCE JAN 1     15.88                     21.79  -5.91    22.29

DEGREE DAYS
 HEATING
  YESTERDAY        0                                         0
  MONTH TO DATE    0                                         0
  SINCE JUL 1      4                                         3

 COOLING
  YESTERDAY        2                                         0
  MONTH TO DATE  196                                       218
  SINCE JAN 1    624                                       450
..................................................................


WIND (MPH)
  HIGHEST WIND SPEED    16   HIGHEST WIND DIRECTION     W (270)
  HIGHEST GUST SPEED    24   HIGHEST GUST DIRECTION     W (290)
  AVERAGE WIND SPEED     6.1


SKY COVER
  POSSIBLE SUNSHINE  MM
  AVERAGE SKY COVER 0.8


WEATHER CONDITIONS
 THE FOLLOWING WEATHER WAS RECORDED YESTERDAY.
  RAIN
  LIGHT RAIN
  FOG


RELATIVE HUMIDITY (PERCENT)
 HIGHEST    90           100 AM
 LOWEST     38           300 PM
 AVERAGE    64

..........................................................




SUNRISE AND SUNSET
AUGUST 31 2015........SUNRISE   630 AM PDT   SUNSET   751 PM PDT
SEPTEMBER  1 2015.....SUNRISE   632 AM PDT   SUNSET   749 PM PDT


-  INDICATES NEGATIVE NUMBERS.
R  INDICATES RECORD WAS SET OR TIED.
MM INDICATES DATA IS MISSING.
T  INDICATES TRACE AMOUNT.




$$
