000
CDUS46 KPQR 040225
CLIVUO


CLIMATE REPORT
NATIONAL WEATHER SERVICE PORTLAND OREGON
625 PM PST SAT DEC 3 2016


...................................

...THE VANCOUVER WA CLIMATE SUMMARY FOR DECEMBER 3 2016...
VALID TODAY AS OF 0600 PM LOCAL TIME.

CLIMATE NORMAL PERIOD 1981 TO 2010
CLIMATE RECORD PERIOD 1891 TO 2016


WEATHER ITEM   OBSERVED TIME   RECORD YEAR NORMAL DEPARTURE LAST
                VALUE   (LST)  VALUE       VALUE  FROM      YEAR
                                                  NORMAL
..................................................................
TEMPERATURE (F)
 TODAY
  MAXIMUM         52    242 PM  61    1958  48      4       51
  MINIMUM         39    351 AM  20    1969  36      3       39
                                      1919
  AVERAGE         46                        42      4       45

PRECIPITATION (IN)
  TODAY            0.08                      0.20  -0.12     0.56
  MONTH TO DATE    0.21                      0.61  -0.40     1.47
  SINCE OCT 1     15.31                      9.59   5.72     9.29
  SINCE JAN 1     38.04                     32.98   5.06    26.40

DEGREE DAYS
 HEATING
  TODAY           19                                        20
  MONTH TO DATE   61                                        74
  SINCE DEC 1     61                                        74
  SINCE JUL 1    849                                      1006

 COOLING
  TODAY            0                                         0
  MONTH TO DATE    0                                         0
  SINCE DEC 1      0                                         0
  SINCE JAN 1    407                                       660
..................................................................


WIND (MPH)
  HIGHEST WIND SPEED     7   HIGHEST WIND DIRECTION     S (200)
  HIGHEST GUST SPEED    11   HIGHEST GUST DIRECTION    SW (210)
  AVERAGE WIND SPEED     1.9


SKY COVER
  POSSIBLE SUNSHINE  MM
  AVERAGE SKY COVER 0.6


WEATHER CONDITIONS
 THE FOLLOWING WEATHER WAS RECORDED TODAY.
  LIGHT RAIN
  FOG


RELATIVE HUMIDITY (PERCENT)
 HIGHEST   100           300 AM
 LOWEST     71           100 PM
 AVERAGE    86

..........................................................


THE VANCOUVER WA CLIMATE NORMALS FOR TOMORROW
                         NORMAL    RECORD    YEAR
 MAXIMUM TEMPERATURE (F)   48        63      2007
 MINIMUM TEMPERATURE (F)   36        19      2013


SUNRISE AND SUNSET
DECEMBER  3 2016......SUNRISE   734 AM PST   SUNSET   428 PM PST
DECEMBER  4 2016......SUNRISE   735 AM PST   SUNSET   427 PM PST


-  INDICATES NEGATIVE NUMBERS.
R  INDICATES RECORD WAS SET OR TIED.
MM INDICATES DATA IS MISSING.
T  INDICATES TRACE AMOUNT.




$$
