000
CDUS46 KPQR 121141
CLIVUO


CLIMATE REPORT
NATIONAL WEATHER SERVICE PORTLAND OREGON
440 AM PDT SAT JUL 12 2014


...................................

...THE VANCOUVER WA CLIMATE SUMMARY FOR JULY 11 2014...

CLIMATE NORMAL PERIOD 1981 TO 2010
CLIMATE RECORD PERIOD 1891 TO 2014


WEATHER ITEM   OBSERVED TIME   RECORD YEAR NORMAL DEPARTURE LAST
                VALUE   (LST)  VALUE       VALUE  FROM      YEAR
                                                  NORMAL
..................................................................
TEMPERATURE (F)
 YESTERDAY
  MAXIMUM         87    523 PM 104    1961  79      8       75
  MINIMUM         58    518 AM  45    1899  57      1       53
  AVERAGE         73                        68      5       64

PRECIPITATION (IN)
  YESTERDAY        0.00                      0.03  -0.03     0.00
  MONTH TO DATE    0.00                      0.38  -0.38     0.00
  SINCE OCT 1     26.90                     36.50  -9.60    34.24
  SINCE JAN 1     21.43                     20.75   0.68    14.98

DEGREE DAYS
 HEATING
  YESTERDAY        0                                         1
  MONTH TO DATE    0                                         2
  SINCE JUL 1      0                                         2

 COOLING
  YESTERDAY        8                                         0
  MONTH TO DATE   81                                        49
  SINCE JAN 1    112                                       116
..................................................................


WIND (MPH)
  HIGHEST WIND SPEED     9   HIGHEST WIND DIRECTION    SE (130)
  HIGHEST GUST SPEED    17   HIGHEST GUST DIRECTION     W (270)
  AVERAGE WIND SPEED     3.3


SKY COVER
  POSSIBLE SUNSHINE  MM
  AVERAGE SKY COVER 0.1


WEATHER CONDITIONS
 THE FOLLOWING WEATHER WAS RECORDED YESTERDAY.
  NO SIGNIFICANT WEATHER WAS OBSERVED.


RELATIVE HUMIDITY (PERCENT)
 HIGHEST    93           500 AM
 LOWEST     36           400 PM
 AVERAGE    65

..........................................................




SUNRISE AND SUNSET
JULY 12 2014..........SUNRISE   533 AM PDT   SUNSET   859 PM PDT
JULY 13 2014..........SUNRISE   534 AM PDT   SUNSET   858 PM PDT


-  INDICATES NEGATIVE NUMBERS.
R  INDICATES RECORD WAS SET OR TIED.
MM INDICATES DATA IS MISSING.
T  INDICATES TRACE AMOUNT.




$$
