000
CDUS46 KPQR 042321
CLIVUO


CLIMATE REPORT
NATIONAL WEATHER SERVICE PORTLAND OREGON
420 PM PDT TUE AUG 4 2015


...................................

...THE VANCOUVER WA CLIMATE SUMMARY FOR AUGUST 4 2015...
VALID TODAY AS OF 0400 PM LOCAL TIME.

CLIMATE NORMAL PERIOD 1981 TO 2010
CLIMATE RECORD PERIOD 1891 TO 2015


WEATHER ITEM   OBSERVED TIME   RECORD YEAR NORMAL DEPARTURE LAST
                VALUE   (LST)  VALUE       VALUE  FROM      YEAR
                                                  NORMAL
..................................................................
TEMPERATURE (F)
 TODAY
  MAXIMUM         81    258 PM 103    2012  82     -1       93
  MINIMUM         59    601 AM  45    1984  58      1       63
                                      1921
  AVERAGE         70                        70      0       78

PRECIPITATION (IN)
  TODAY            0.00                      0.02  -0.02     0.00
  MONTH TO DATE    T                         0.05  -0.05      T
  SINCE OCT 1     30.22                     36.86  -6.64    27.72
  SINCE JAN 1     15.33                     21.11  -5.78    22.25

DEGREE DAYS
 HEATING
  TODAY            0                                         0
  MONTH TO DATE    0                                         0
  SINCE JUN 1     28                                        81
  SINCE JUL 1      4                                         3

 COOLING
  TODAY            5                                        13
  MONTH TO DATE   33                                        45
  SINCE JUN 1    445                                       262
  SINCE JAN 1    461                                       277
..................................................................


WIND (MPH)
  HIGHEST WIND SPEED    14   HIGHEST WIND DIRECTION     W (290)
  HIGHEST GUST SPEED    22   HIGHEST GUST DIRECTION    NW (310)
  AVERAGE WIND SPEED     6.3


SKY COVER
  POSSIBLE SUNSHINE  MM
  AVERAGE SKY COVER 0.0


WEATHER CONDITIONS
 THE FOLLOWING WEATHER WAS RECORDED TODAY.
  NO SIGNIFICANT WEATHER WAS OBSERVED.


RELATIVE HUMIDITY (PERCENT)
 HIGHEST    80           600 AM
 LOWEST     33           300 PM
 AVERAGE    57

..........................................................


THE VANCOUVER WA CLIMATE NORMALS FOR TOMORROW
                         NORMAL    RECORD    YEAR
 MAXIMUM TEMPERATURE (F)   82       102      1945
 MINIMUM TEMPERATURE (F)   58        42      1979
                                             1909


SUNRISE AND SUNSET
AUGUST  4 2015........SUNRISE   558 AM PDT   SUNSET   835 PM PDT
AUGUST  5 2015........SUNRISE   559 AM PDT   SUNSET   834 PM PDT


-  INDICATES NEGATIVE NUMBERS.
R  INDICATES RECORD WAS SET OR TIED.
MM INDICATES DATA IS MISSING.
T  INDICATES TRACE AMOUNT.




$$
