000
CDUS46 KPQR 110228
CLIVUO


CLIMATE REPORT
NATIONAL WEATHER SERVICE PORTLAND OREGON
628 PM PST SUN DEC 10 2017


...................................

...THE VANCOUVER WA CLIMATE SUMMARY FOR DECEMBER 10 2017...
VALID TODAY AS OF 0600 PM LOCAL TIME.

CLIMATE NORMAL PERIOD 1981 TO 2010
CLIMATE RECORD PERIOD 1891 TO 2017


WEATHER ITEM   OBSERVED TIME   RECORD YEAR NORMAL DEPARTURE LAST
                VALUE   (LST)  VALUE       VALUE  FROM      YEAR
                                                  NORMAL
..................................................................
TEMPERATURE (F)
 TODAY
  MAXIMUM         46    103 PM  63    1933  47     -1       44
  MINIMUM         23    754 AM   9    1932  35    -12       32
  AVERAGE         35                        41     -6       38

PRECIPITATION (IN)
  TODAY            0.00                      0.20  -0.20     0.42
  MONTH TO DATE    0.38                      2.02  -1.64     2.27
  SINCE OCT 1     11.43                     11.00   0.43    17.37
  SINCE JAN 1     43.11                     34.39   8.72    40.10

DEGREE DAYS
 HEATING
  TODAY           30                                        27
  MONTH TO DATE  244                                       266
  SINCE DEC 1    244                                       266
  SINCE JUL 1   1205                                      1054

 COOLING
  TODAY            0                                         0
  MONTH TO DATE    0                                         0
  SINCE DEC 1      0                                         0
  SINCE JAN 1    639                                       407
..................................................................


WIND (MPH)
  HIGHEST WIND SPEED    14   HIGHEST WIND DIRECTION    SE (120)
  HIGHEST GUST SPEED    19   HIGHEST GUST DIRECTION    SE (140)
  AVERAGE WIND SPEED     2.4


SKY COVER
  POSSIBLE SUNSHINE  MM
  AVERAGE SKY COVER 0.0


WEATHER CONDITIONS
 THE FOLLOWING WEATHER WAS RECORDED TODAY.
  NO SIGNIFICANT WEATHER WAS OBSERVED.


RELATIVE HUMIDITY (PERCENT)
 HIGHEST   100           200 AM
 LOWEST     49           300 PM
 AVERAGE    75

..........................................................


THE VANCOUVER WA CLIMATE NORMALS FOR TOMORROW
                         NORMAL    RECORD    YEAR
 MAXIMUM TEMPERATURE (F)   47        64      2014
 MINIMUM TEMPERATURE (F)   35         1      1919


SUNRISE AND SUNSET
DECEMBER 10 2017......SUNRISE   740 AM PST   SUNSET   427 PM PST
DECEMBER 11 2017......SUNRISE   741 AM PST   SUNSET   427 PM PST


-  INDICATES NEGATIVE NUMBERS.
R  INDICATES RECORD WAS SET OR TIED.
MM INDICATES DATA IS MISSING.
T  INDICATES TRACE AMOUNT.




$$
