000
CDUS46 KPQR 250221
CLIVUO


CLIMATE REPORT
NATIONAL WEATHER SERVICE PORTLAND OREGON
721 PM PDT SAT JUN 24 2017


...................................

...THE VANCOUVER WA CLIMATE SUMMARY FOR JUNE 24 2017...
VALID TODAY AS OF 0700 PM LOCAL TIME.

CLIMATE NORMAL PERIOD 1981 TO 2010
CLIMATE RECORD PERIOD 1891 TO 2017


WEATHER ITEM   OBSERVED TIME   RECORD YEAR NORMAL DEPARTURE LAST
                VALUE   (LST)  VALUE       VALUE  FROM      YEAR
                                                  NORMAL
..................................................................
TEMPERATURE (F)
 TODAY
  MAXIMUM         99    408 PM 100    1925  75     24       68
  MINIMUM         55    430 AM  38    1985  54      1       53
  AVERAGE         77                        65     12       61

PRECIPITATION (IN)
  TODAY            0.00                      0.05  -0.05     0.03
  MONTH TO DATE    1.24                      1.54  -0.30     1.45
  SINCE OCT 1     48.88                     35.87  13.01    44.80
  SINCE JAN 1     29.02                     20.12   8.90    20.95

DEGREE DAYS
 HEATING
  TODAY            0                                         4
  MONTH TO DATE   69                                        84
  SINCE JUN 1     69                                        84
  SINCE JUL 1   4499                                      3820

 COOLING
  TODAY           12                                         0
  MONTH TO DATE   44                                        60
  SINCE JUN 1     44                                        60
  SINCE JAN 1     84                                        84
..................................................................


WIND (MPH)
  HIGHEST WIND SPEED    16   HIGHEST WIND DIRECTION     E (90)
  HIGHEST GUST SPEED    24   HIGHEST GUST DIRECTION     E (80)
  AVERAGE WIND SPEED     5.5


SKY COVER
  POSSIBLE SUNSHINE  MM
  AVERAGE SKY COVER 0.0


WEATHER CONDITIONS
 THE FOLLOWING WEATHER WAS RECORDED TODAY.
  NO SIGNIFICANT WEATHER WAS OBSERVED.


RELATIVE HUMIDITY (PERCENT)
 HIGHEST    77           400 AM
 LOWEST     15           400 PM
 AVERAGE    46

..........................................................


THE VANCOUVER WA CLIMATE NORMALS FOR TOMORROW
                         NORMAL    RECORD    YEAR
 MAXIMUM TEMPERATURE (F)   75        99      1925
 MINIMUM TEMPERATURE (F)   54        38      1976


SUNRISE AND SUNSET
JUNE 24 2017..........SUNRISE   522 AM PDT   SUNSET   904 PM PDT
JUNE 25 2017..........SUNRISE   523 AM PDT   SUNSET   904 PM PDT


-  INDICATES NEGATIVE NUMBERS.
R  INDICATES RECORD WAS SET OR TIED.
MM INDICATES DATA IS MISSING.
T  INDICATES TRACE AMOUNT.




$$
