512
CDUS41 KAKQ 240635
CLIWAL


CLIMATE REPORT
NATIONAL WEATHER SERVICE WAKEFIELD, VA
134 AM EST TUE JAN 24 2017


...................................

...THE WALLOPS ISLAND VA CLIMATE SUMMARY FOR JANUARY 23 2017...

CLIMATE NORMAL PERIOD 1981 TO 2010
CLIMATE RECORD PERIOD 1963 TO 2017


WEATHER ITEM   OBSERVED TIME   RECORD YEAR NORMAL DEPARTURE
                VALUE   (LST)  VALUE       VALUE  FROM
                                                  NORMAL
...............................................................
TEMPERATURE (F)
 YESTERDAY
  MAXIMUM         52    202 PM  65    1999  45      7
  MINIMUM         45   1159 PM   7    2014  28     17
  AVERAGE         49                        36     13

PRECIPITATION (IN)
  YESTERDAY        0.60          1.45        0.10   0.50
  MONTH TO DATE    4.62                      2.26   2.36
  SINCE DEC 1      8.59                      5.69   2.90
  SINCE JAN 1      4.62                      2.26   2.36

SNOWFALL (IN)
  YESTERDAY        0.0           1.0  2016   0.1   -0.1
  MONTH TO DATE   10.1                       1.4    8.7
  SINCE NOV 1     10.1                       3.4    6.7
  SINCE JUL 1     10.1                       3.4    6.7

DEGREE DAYS
 HEATING
  YESTERDAY       16                              -13
  MONTH TO DATE  539                             -119
  SINCE DEC 1   1258                             -158
  SINCE JUL 1   1844                             -276

 COOLING
  YESTERDAY        0                                0
  MONTH TO DATE    0                                0
  SINCE DEC 1      0                                0
  SINCE JAN 1      0                                0
...............................................................


WIND (MPH)
  HIGHEST WIND SPEED    43   HIGHEST WIND DIRECTION    NE (60)
  HIGHEST GUST SPEED    52   HIGHEST GUST DIRECTION     E (70)
  AVERAGE WIND SPEED    24.6




RELATIVE HUMIDITY (PERCENT)
 HIGHEST   100
 LOWEST    100
 AVERAGE   100

..........................................................


THE WALLOPS ISLAND VA CLIMATE NORMALS FOR TODAY
                         NORMAL    RECORD    YEAR
 MAXIMUM TEMPERATURE (F)   45        70      2002
 MINIMUM TEMPERATURE (F)   28        11      2011
                                             2005


SUNRISE AND SUNSET
JANUARY 24 2017.......SUNRISE   712 AM EST   SUNSET   517 PM EST
JANUARY 25 2017.......SUNRISE   711 AM EST   SUNSET   518 PM EST


-  INDICATES NEGATIVE NUMBERS.
R  INDICATES RECORD WAS SET OR TIED.
MM INDICATES DATA IS MISSING.
T  INDICATES TRACE AMOUNT.




$$
