490
CDUS41 KAKQ 040630
CLIWAL


CLIMATE REPORT
NATIONAL WEATHER SERVICE WAKEFIELD, VA
130 AM EST SUN DEC 4 2016


...................................

...THE WALLOPS ISLAND VA CLIMATE SUMMARY FOR DECEMBER 3 2016...

CLIMATE NORMAL PERIOD 1981 TO 2010
CLIMATE RECORD PERIOD 1963 TO 2016


WEATHER ITEM   OBSERVED TIME   RECORD YEAR NORMAL DEPARTURE
                VALUE   (LST)  VALUE       VALUE  FROM
                                                  NORMAL
...............................................................
TEMPERATURE (F)
 YESTERDAY
  MAXIMUM         52    241 PM  72    2012  53     -1
  MINIMUM         38   1218 AM  20    1976  36      2
  AVERAGE         45                        44      1

PRECIPITATION (IN)
  YESTERDAY        0.00          0.91        0.12  -0.12
  MONTH TO DATE    0.06                      0.34  -0.28
  SINCE DEC 1      0.06                      0.34  -0.28
  SINCE JAN 1     52.51                     37.75  14.76

SNOWFALL (IN)
  YESTERDAY        0.0           0.0    MM   0.0    0.0
  MONTH TO DATE    0.0                       0.1   -0.1
  SINCE NOV 1      0.0                       0.2   -0.2
  SINCE JUL 1      0.0                       0.2   -0.2

DEGREE DAYS
 HEATING
  YESTERDAY       20                               -1
  MONTH TO DATE   52                              -10
  SINCE DEC 1     52                              -10
  SINCE JUL 1    638                             -128

 COOLING
  YESTERDAY        0                                0
  MONTH TO DATE    0                                0
  SINCE DEC 1      0                                0
  SINCE JAN 1   1644                              447
...............................................................


WIND (MPH)
  HIGHEST WIND SPEED    21   HIGHEST WIND DIRECTION    NW (320)
  HIGHEST GUST SPEED    29   HIGHEST GUST DIRECTION    NW (310)
  AVERAGE WIND SPEED    11.1




RELATIVE HUMIDITY (PERCENT)
 HIGHEST    76
 LOWEST     44
 AVERAGE    60

..........................................................


THE WALLOPS ISLAND VA CLIMATE NORMALS FOR TODAY
                         NORMAL    RECORD    YEAR
 MAXIMUM TEMPERATURE (F)   52        74      1998
 MINIMUM TEMPERATURE (F)   35        17      1966


SUNRISE AND SUNSET
DECEMBER  4 2016......SUNRISE   702 AM EST   SUNSET   442 PM EST
DECEMBER  5 2016......SUNRISE   703 AM EST   SUNSET   442 PM EST


-  INDICATES NEGATIVE NUMBERS.
R  INDICATES RECORD WAS SET OR TIED.
MM INDICATES DATA IS MISSING.
T  INDICATES TRACE AMOUNT.




$$
