000
CDUS46 KLOX 260905
CLIWJF


CLIMATE REPORT
NATIONAL WEATHER SERVICE LOS ANGELES/OXNARD CA
205 AM PDT TUE JUL 26 2016


...................................

...THE LANCASTER FOX FIELD CA CLIMATE SUMMARY FOR JULY 25 2016...

CLIMATE NORMAL PERIOD 1981 TO 2010
CLIMATE RECORD PERIOD 1948 TO 2016


WEATHER ITEM   OBSERVED TIME   RECORD YEAR NORMAL DEPARTURE
                VALUE   (LST)  VALUE       VALUE  FROM
                                                  NORMAL
...............................................................
TEMPERATURE (F)
 YESTERDAY
  MAXIMUM        102    234 PM 110    2006  99      3
                                      1975
  MINIMUM         76    534 AM  55    1995  67      9
  AVERAGE         89                        83      6

PRECIPITATION (IN)
  YESTERDAY        0.00          T    2013   0.01  -0.01
  MONTH TO DATE    0.00                      0.08  -0.08
  SINCE OCT 1      3.82                      7.12  -3.30
  SINCE JAN 1      2.53                      4.99  -2.46

SNOWFALL (IN)
  YESTERDAY        0.0           0.0    MM
  MONTH TO DATE    0.0
  SINCE JUN 1      0.0
  SINCE JUL 1      0.0
  SNOW DEPTH       0

DEGREE DAYS
 HEATING
  YESTERDAY        0                                0
  MONTH TO DATE    0                                0
  SINCE JUN 1      0                               -8
  SINCE JUL 1      0                                0

 COOLING
  YESTERDAY       24                                6
  MONTH TO DATE  455                               25
  SINCE JUN 1    989                              218
  SINCE JAN 1   1157                              197
...............................................................


WIND (MPH)
  HIGHEST WIND SPEED    28   HIGHEST WIND DIRECTION    SW (240)
  HIGHEST GUST SPEED    36   HIGHEST GUST DIRECTION    SW (240)
  AVERAGE WIND SPEED    16.7




RELATIVE HUMIDITY (PERCENT)
 HIGHEST    26
 LOWEST      8
 AVERAGE    17

..........................................................


THE LANCASTER FOX FIELD CA CLIMATE NORMALS FOR TODAY
                         NORMAL    RECORD    YEAR
 MAXIMUM TEMPERATURE (F)   99       109      1975
 MINIMUM TEMPERATURE (F)   67        53      1987


SUNRISE AND SUNSET
JULY 26 2016..........SUNRISE   559 AM PDT   SUNSET   759 PM PDT
JULY 27 2016..........SUNRISE   600 AM PDT   SUNSET   759 PM PDT


-  INDICATES NEGATIVE NUMBERS.
R  INDICATES RECORD WAS SET OR TIED.
MM INDICATES DATA IS MISSING.
T  INDICATES TRACE AMOUNT.




$$
