000
CDUS46 KLOX 220857
CLIWJF


CLIMATE REPORT
NATIONAL WEATHER SERVICE LOS ANGELES/OXNARD CA
157 AM PDT FRI MAY 22 2015


...................................

...THE LANCASTER FOX FIELD CA CLIMATE SUMMARY FOR MAY 21 2015...

CLIMATE NORMAL PERIOD 1981 TO 2010
CLIMATE RECORD PERIOD 1948 TO 2015


WEATHER ITEM   OBSERVED TIME   RECORD YEAR NORMAL DEPARTURE
                VALUE   (LST)  VALUE       VALUE  FROM
                                                  NORMAL
...............................................................
TEMPERATURE (F)
 YESTERDAY
  MAXIMUM         66   1138 AM  99    2001  84    -18
  MINIMUM         51    548 AM  41    1974  55     -4
  AVERAGE         59                        70    -11

PRECIPITATION (IN)
  YESTERDAY        0.00          T    2006   0.00   0.00
  MONTH TO DATE    0.28                      0.07   0.21
  SINCE OCT 1      4.61                      6.97  -2.36
  SINCE JAN 1      1.69                      4.84  -3.15

SNOWFALL (IN)
  YESTERDAY        0.0           0.0    MM
  MONTH TO DATE    0.0
  SINCE MAR 1      0.0
  SINCE JUL 1      0.0
  SNOW DEPTH       0

DEGREE DAYS
 HEATING
  YESTERDAY        6                                5
  MONTH TO DATE   98                               48
  SINCE MAR 1    500                             -125
  SINCE JUL 1   2369                             -549

 COOLING
  YESTERDAY        0                               -6
  MONTH TO DATE   13                              -76
  SINCE MAR 1     41                              -78
  SINCE JAN 1     41                              -78
...............................................................


WIND (MPH)
  HIGHEST WIND SPEED    32   HIGHEST WIND DIRECTION    SW (220)
  HIGHEST GUST SPEED    40   HIGHEST GUST DIRECTION    SW (210)
  AVERAGE WIND SPEED    20.0




RELATIVE HUMIDITY (PERCENT)
 HIGHEST    71
 LOWEST     44
 AVERAGE    58

..........................................................


THE LANCASTER FOX FIELD CA CLIMATE NORMALS FOR TODAY
                         NORMAL    RECORD    YEAR
 MAXIMUM TEMPERATURE (F)   84       102      2000
 MINIMUM TEMPERATURE (F)   56        42      1965


SUNRISE AND SUNSET
MAY 22 2015...........SUNRISE   545 AM PDT   SUNSET   754 PM PDT
MAY 23 2015...........SUNRISE   545 AM PDT   SUNSET   755 PM PDT


-  INDICATES NEGATIVE NUMBERS.
R  INDICATES RECORD WAS SET OR TIED.
MM INDICATES DATA IS MISSING.
T  INDICATES TRACE AMOUNT.




$$
