000
CDUS46 KLOX 280125
CLIWJF


CLIMATE REPORT
NATIONAL WEATHER SERVICE LOS ANGELES/OXNARD CA
625 PM PDT THU APR 27 2017


...................................

...THE LANCASTER CLIMATE SUMMARY FOR APRIL 27 2017...
VALID TODAY AS OF 0600 PM LOCAL TIME.

CLIMATE NORMAL PERIOD 1981 TO 2010
CLIMATE RECORD PERIOD 1948 TO 2017


WEATHER ITEM   OBSERVED TIME   RECORD YEAR NORMAL DEPARTURE LAST
                VALUE   (LST)  VALUE       VALUE  FROM      YEAR
                                                  NORMAL
..................................................................
TEMPERATURE (F)
 TODAY
  MAXIMUM         70    335 PM  95    2004  76     -6       71
  MINIMUM         58    616 AM  32    1971  48     10       46
  AVERAGE         64                        62      2       59

PRECIPITATION (IN)
  TODAY            0.00          0.16 1960   0.01  -0.01     0.00
  MONTH TO DATE    T                         0.33  -0.33     0.15
  SINCE OCT 1      6.51                      6.88  -0.37     3.82
  SINCE JAN 1      4.52                      4.75  -0.23     2.53

SNOWFALL (IN)
  TODAY            0.0           0.0    MM   0.0             0.0
  MONTH TO DATE    0.0                       0.0             0.0
  SINCE MAR 1      0.0                       0.0             0.0
  SINCE JUL 1      0.0                       2.3             0.0
  SNOW DEPTH       0

DEGREE DAYS
 HEATING
  TODAY            1                         4     -3        6
  MONTH TO DATE  119                       195    -76      100
  SINCE MAR 1    400                       563   -163      357
  SINCE JUL 1   2399                      2856   -457     2608

 COOLING
  TODAY            0                         2     -2        0
  MONTH TO DATE    6                        21    -15       18
  SINCE MAR 1     10                        23    -13       21
  SINCE JAN 1     10                        23    -13       24
..................................................................


WIND (MPH)
  HIGHEST WIND SPEED    44   HIGHEST WIND DIRECTION     W (280)
  HIGHEST GUST SPEED    54   HIGHEST GUST DIRECTION     W (280)
  AVERAGE WIND SPEED    27.7


SKY COVER
  POSSIBLE SUNSHINE  MM
  AVERAGE SKY COVER 0.0


WEATHER CONDITIONS
 THE FOLLOWING WEATHER WAS RECORDED TODAY.
  HAZE


RELATIVE HUMIDITY (PERCENT)
 HIGHEST    67           300 AM
 LOWEST     31           400 PM
 AVERAGE    49

..........................................................


THE LANCASTER CLIMATE NORMALS FOR TOMORROW
                         NORMAL    RECORD    YEAR
 MAXIMUM TEMPERATURE (F)   77        96      2013
                                             2007
 MINIMUM TEMPERATURE (F)   49        31      1955


SUNRISE AND SUNSET
APRIL 27 2017.........SUNRISE   606 AM PDT   SUNSET   735 PM PDT
APRIL 28 2017.........SUNRISE   605 AM PDT   SUNSET   736 PM PDT


-  INDICATES NEGATIVE NUMBERS.
R  INDICATES RECORD WAS SET OR TIED.
MM INDICATES DATA IS MISSING.
T  INDICATES TRACE AMOUNT.




$$
