000
CDUS46 KLOX 300118
CLIWJF


CLIMATE REPORT
NATIONAL WEATHER SERVICE LOS ANGELES/OXNARD CA
617 PM PDT FRI APR 29 2016


...................................

...THE LANCASTER CLIMATE SUMMARY FOR APRIL 29 2016...
VALID TODAY AS OF 0600 PM LOCAL TIME.

CLIMATE NORMAL PERIOD 1981 TO 2010
CLIMATE RECORD PERIOD 1948 TO 2016


WEATHER ITEM   OBSERVED TIME   RECORD YEAR NORMAL DEPARTURE LAST
                VALUE   (LST)  VALUE       VALUE  FROM      YEAR
                                                  NORMAL
..................................................................
TEMPERATURE (F)
 TODAY
  MAXIMUM         76    145 PM  94    2013  77     -1       90
                                      1959
  MINIMUM         52    349 AM  34    1967  49      3       54
  AVERAGE         64                        63      1       72

PRECIPITATION (IN)
  TODAY            0.00          0.17 1983   0.00   0.00     0.00
  MONTH TO DATE    0.15                      0.34  -0.19     0.01
  SINCE OCT 1      3.82                      6.89  -3.07     4.33
  SINCE JAN 1      2.53                      4.76  -2.23     1.41

SNOWFALL (IN)
  TODAY            0.0           0.0    MM   0.0             0.0
  MONTH TO DATE    0.0                       0.0             0.0
  SINCE MAR 1      0.0                       0.0             0.0
  SINCE JUL 1      0.0                       2.3             0.0
  SNOW DEPTH       0

DEGREE DAYS
 HEATING
  TODAY            1                         4     -3        0
  MONTH TO DATE  110                       203    -93      184
  SINCE MAR 1    367                       571   -204      402
  SINCE JUL 1   2618                      2864   -246     2271

 COOLING
  TODAY            0                         2     -2        7
  MONTH TO DATE   18                        25     -7       15
  SINCE MAR 1     21                        27     -6       21
  SINCE JAN 1     24                        27     -3       21
..................................................................


WIND (MPH)
  HIGHEST WIND SPEED    39   HIGHEST WIND DIRECTION     W (290)
  HIGHEST GUST SPEED    45   HIGHEST GUST DIRECTION     W (290)
  AVERAGE WIND SPEED    17.8


SKY COVER
  POSSIBLE SUNSHINE  MM
  AVERAGE SKY COVER 0.0


WEATHER CONDITIONS
 THE FOLLOWING WEATHER WAS RECORDED TODAY.
  HAZE


RELATIVE HUMIDITY (PERCENT)
 HIGHEST    64           500 AM
 LOWEST     20           400 PM
 AVERAGE    42

..........................................................


THE LANCASTER CLIMATE NORMALS FOR TOMORROW
                         NORMAL    RECORD    YEAR
 MAXIMUM TEMPERATURE (F)   77        92      2006
                                             1996
 MINIMUM TEMPERATURE (F)   49        32      2011


SUNRISE AND SUNSET
APRIL 29 2016.........SUNRISE   604 AM PDT   SUNSET   737 PM PDT
APRIL 30 2016.........SUNRISE   603 AM PDT   SUNSET   738 PM PDT


-  INDICATES NEGATIVE NUMBERS.
R  INDICATES RECORD WAS SET OR TIED.
MM INDICATES DATA IS MISSING.
T  INDICATES TRACE AMOUNT.




$$
