000
CDUS46 KLOX 260112
CLIWJF


CLIMATE REPORT
NATIONAL WEATHER SERVICE LOS ANGELES/OXNARD CA
511 PM PST TUE NOV 25 2014


...................................

...THE LANCASTER CLIMATE SUMMARY FOR NOVEMBER 25 2014...
VALID TODAY AS OF 0500 PM LOCAL TIME.

CLIMATE NORMAL PERIOD 1981 TO 2010
CLIMATE RECORD PERIOD 1948 TO 2014


WEATHER ITEM   OBSERVED TIME   RECORD YEAR NORMAL DEPARTURE LAST
                VALUE   (LST)  VALUE       VALUE  FROM      YEAR
                                                  NORMAL
..................................................................
TEMPERATURE (F)
 TODAY
  MAXIMUM         66    346 PM  83    1949  63      3       61
  MINIMUM         22    520 AM  18    1993  33    -11       31
  AVERAGE         44                        48     -4       46

PRECIPITATION (IN)
  TODAY            0.00          0.83 1961   0.02  -0.02     0.00
  MONTH TO DATE    0.16                      0.43  -0.27     1.45
  SINCE JUL 1      0.33                      1.21  -0.88     1.52
  SINCE JAN 1      2.65                      6.12  -3.47     2.62

SNOWFALL (IN)
  TODAY            0.0           0.0    MM   0.0            MM
  MONTH TO DATE    0.0                       0.0             0.0
  SINCE SEP 1      0.0                       0.0             0.0
  SINCE JUL 1      0.0                       0.0             0.0
  SNOW DEPTH       0

DEGREE DAYS
 HEATING
  TODAY           21                        17      4       19
  MONTH TO DATE  284                       318    -34      340
  SINCE SEP 1    333                       454   -121      582
  SINCE JUL 1    333                       454   -121      582

 COOLING
  TODAY            0                         0      0        0
  MONTH TO DATE    2                         0      2        0
  SINCE SEP 1    404                       322     82      333
  SINCE JAN 1   2055                      1881    174     2204
..................................................................


WIND (MPH)
  HIGHEST WIND SPEED     7   HIGHEST WIND DIRECTION    NW (300)
  HIGHEST GUST SPEED     7   HIGHEST GUST DIRECTION     E (80)
  AVERAGE WIND SPEED     2.0


SKY COVER
  POSSIBLE SUNSHINE  MM
  AVERAGE SKY COVER 0.0


WEATHER CONDITIONS
 THE FOLLOWING WEATHER WAS RECORDED TODAY.
  NO SIGNIFICANT WEATHER WAS OBSERVED.


RELATIVE HUMIDITY (PERCENT)
 HIGHEST    46           500 AM
 LOWEST     10           300 PM
 AVERAGE    28

..........................................................


THE LANCASTER CLIMATE NORMALS FOR TOMORROW
                         NORMAL    RECORD    YEAR
 MAXIMUM TEMPERATURE (F)   62        80      1977
 MINIMUM TEMPERATURE (F)   33        16      1993


SUNRISE AND SUNSET
NOVEMBER 25 2014......SUNRISE   636 AM PST   SUNSET   443 PM PST
NOVEMBER 26 2014......SUNRISE   637 AM PST   SUNSET   443 PM PST


-  INDICATES NEGATIVE NUMBERS.
R  INDICATES RECORD WAS SET OR TIED.
MM INDICATES DATA IS MISSING.
T  INDICATES TRACE AMOUNT.




$$
