000
CDUS46 KLOX 220902
CLIWJF


CLIMATE REPORT
NATIONAL WEATHER SERVICE LOS ANGELES/OXNARD CA
202 AM PDT MON SEP 22 2014


...................................

...THE LANCASTER FOX FIELD CA CLIMATE SUMMARY FOR SEPTEMBER 21 2014...

CLIMATE NORMAL PERIOD 1981 TO 2010
CLIMATE RECORD PERIOD 1948 TO 2014


WEATHER ITEM   OBSERVED TIME   RECORD YEAR NORMAL DEPARTURE
                VALUE   (LST)  VALUE       VALUE  FROM
                                                  NORMAL
...............................................................
TEMPERATURE (F)
 YESTERDAY
  MAXIMUM         89    231 PM 104    1949  89      0
  MINIMUM         59    552 AM  38    1978  55      4
  AVERAGE         74                        72      2

PRECIPITATION (IN)
  YESTERDAY        0.00          0.03 2007   0.00   0.00
  MONTH TO DATE    T                         0.09  -0.09
  SINCE JUL 1      0.03                      0.28  -0.25
  SINCE JAN 1      2.35                      5.19  -2.84

SNOWFALL (IN)
  YESTERDAY        0.0           0.0    MM
  MONTH TO DATE    0.0
  SINCE SEP 1      0.0
  SINCE JUL 1      0.0
  SNOW DEPTH       0

DEGREE DAYS
 HEATING
  YESTERDAY        0                                0
  MONTH TO DATE    0                                0
  SINCE SEP 1      0                                0
  SINCE JUL 1      0                                0

 COOLING
  YESTERDAY        9                                2
  MONTH TO DATE  286                               68
  SINCE SEP 1    286                               68
  SINCE JAN 1   1937                              160
...............................................................


WIND (MPH)
  HIGHEST WIND SPEED    23   HIGHEST WIND DIRECTION     W (260)
  HIGHEST GUST SPEED    28   HIGHEST GUST DIRECTION     W (260)
  AVERAGE WIND SPEED     7.6




RELATIVE HUMIDITY (PERCENT)
 HIGHEST    56
 LOWEST     18
 AVERAGE    37

..........................................................


THE LANCASTER FOX FIELD CA CLIMATE NORMALS FOR TODAY
                         NORMAL    RECORD    YEAR
 MAXIMUM TEMPERATURE (F)   89       106      1949
 MINIMUM TEMPERATURE (F)   54        39      1986


SUNRISE AND SUNSET
SEPTEMBER 22 2014.....SUNRISE   641 AM PDT   SUNSET   650 PM PDT
SEPTEMBER 23 2014.....SUNRISE   642 AM PDT   SUNSET   648 PM PDT


-  INDICATES NEGATIVE NUMBERS.
R  INDICATES RECORD WAS SET OR TIED.
MM INDICATES DATA IS MISSING.
T  INDICATES TRACE AMOUNT.




$$
