000
CDUS46 KLOX 090146
CLIWJF


CLIMATE REPORT
NATIONAL WEATHER SERVICE LOS ANGELES/OXNARD CA
545 PM PST THU DEC 8 2016


...................................

...THE LANCASTER CLIMATE SUMMARY FOR DECEMBER 8 2016...
VALID TODAY AS OF 0500 PM LOCAL TIME.

CLIMATE NORMAL PERIOD 1981 TO 2010
CLIMATE RECORD PERIOD 1948 TO 2016


WEATHER ITEM   OBSERVED TIME   RECORD YEAR NORMAL DEPARTURE LAST
                VALUE   (LST)  VALUE       VALUE  FROM      YEAR
                                                  NORMAL
..................................................................
TEMPERATURE (F)
 TODAY
  MAXIMUM         68    144 PM  72    1983  59      9       67
                                      1962
  MINIMUM         34    140 AM  11    1978  30      4       29
  AVERAGE         51                        44      7       48

PRECIPITATION (IN)
  TODAY            T             0.34 1991   0.03  -0.03     0.00
  MONTH TO DATE    T                         0.22  -0.22     0.00
  SINCE OCT 1      0.40                      1.20  -0.80     0.92
  SINCE JAN 1      2.93                      6.45  -3.52     5.63

SNOWFALL (IN)
  TODAY           MM             0.0    MM   0.0             0.0
  MONTH TO DATE    0.0                       0.2             0.0
  SINCE DEC 1      0.0                       0.2             0.0
  SINCE JUL 1      0.0                       0.2             0.0
  SNOW DEPTH       0

DEGREE DAYS
 HEATING
  TODAY           14                        21     -7       17
  MONTH TO DATE  142                       160    -18      166
  SINCE DEC 1    142                       160    -18      166
  SINCE JUL 1    568                       705   -137      746

 COOLING
  TODAY            0                         0      0        0
  MONTH TO DATE    0                         0      0        0
  SINCE DEC 1      0                         0      0        0
  SINCE JAN 1   2148                      1882    266     2090
..................................................................


WIND (MPH)
  HIGHEST WIND SPEED    18   HIGHEST WIND DIRECTION     W (250)
  HIGHEST GUST SPEED    20   HIGHEST GUST DIRECTION    SW (240)
  AVERAGE WIND SPEED     4.1


SKY COVER
  POSSIBLE SUNSHINE  MM
  AVERAGE SKY COVER 0.8


WEATHER CONDITIONS
 THE FOLLOWING WEATHER WAS RECORDED TODAY.
  NO SIGNIFICANT WEATHER WAS OBSERVED.


RELATIVE HUMIDITY (PERCENT)
 HIGHEST    51          1200 AM
 LOWEST     29           200 PM
 AVERAGE    40

..........................................................


THE LANCASTER CLIMATE NORMALS FOR TOMORROW
                         NORMAL    RECORD    YEAR
 MAXIMUM TEMPERATURE (F)   58        79      2015
 MINIMUM TEMPERATURE (F)   30        11      1956


SUNRISE AND SUNSET
DECEMBER  8 2016......SUNRISE   648 AM PST   SUNSET   442 PM PST
DECEMBER  9 2016......SUNRISE   649 AM PST   SUNSET   442 PM PST


-  INDICATES NEGATIVE NUMBERS.
R  INDICATES RECORD WAS SET OR TIED.
MM INDICATES DATA IS MISSING.
T  INDICATES TRACE AMOUNT.




$$
