000
CDUS46 KLOX 070114
CLIWJF


CLIMATE REPORT
NATIONAL WEATHER SERVICE LOS ANGELES/OXNARD CA
514 PM PST FRI MAR 6 2015


...................................

...THE LANCASTER CLIMATE SUMMARY FOR MARCH 6 2015...
VALID TODAY AS OF 0500 PM LOCAL TIME.

CLIMATE NORMAL PERIOD 1981 TO 2010
CLIMATE RECORD PERIOD 1948 TO 2015


WEATHER ITEM   OBSERVED TIME   RECORD YEAR NORMAL DEPARTURE LAST
                VALUE   (LST)  VALUE       VALUE  FROM      YEAR
                                                  NORMAL
..................................................................
TEMPERATURE (F)
 TODAY
  MAXIMUM         73    310 PM  87    1972  65      8       70
  MINIMUM         25    613 AM  23    2008  38    -13       50
  AVERAGE         49                        52     -3       60

PRECIPITATION (IN)
  TODAY            0.00          0.48 1980   0.05  -0.05     0.00
  MONTH TO DATE    0.04                      0.30  -0.26     0.22
  SINCE OCT 1      4.32                      5.71  -1.39     3.68
  SINCE JAN 1      1.40                      3.58  -2.18     2.09

SNOWFALL (IN)
  TODAY            0.0           0.0    MM   0.0             0.0
  MONTH TO DATE    0.0                       0.0             0.0
  SINCE MAR 1      0.0                       0.0             0.0
  SINCE JUL 1      0.0                       2.3             0.0
  SNOW DEPTH       0

DEGREE DAYS
 HEATING
  TODAY           16                        13      3        5
  MONTH TO DATE  114                        82     32       68
  SINCE MAR 1    114                        82     32       68
  SINCE JUL 1   1983                      2375   -392     2305

 COOLING
  TODAY            0                         0      0        0
  MONTH TO DATE    0                         0      0        0
  SINCE MAR 1      0                         0      0        0
  SINCE JAN 1      0                         0      0        6
..................................................................


WIND (MPH)
  HIGHEST WIND SPEED    23   HIGHEST WIND DIRECTION    NE (60)
  HIGHEST GUST SPEED    27   HIGHEST GUST DIRECTION    NE (60)
  AVERAGE WIND SPEED     8.1


SKY COVER
  POSSIBLE SUNSHINE  MM
  AVERAGE SKY COVER 0.0


WEATHER CONDITIONS
 THE FOLLOWING WEATHER WAS RECORDED TODAY.
  NO SIGNIFICANT WEATHER WAS OBSERVED.


RELATIVE HUMIDITY (PERCENT)
 HIGHEST    81           600 AM
 LOWEST     11           300 PM
 AVERAGE    46

..........................................................


THE LANCASTER CLIMATE NORMALS FOR TOMORROW
                         NORMAL    RECORD    YEAR
 MAXIMUM TEMPERATURE (F)   66        84      1972
 MINIMUM TEMPERATURE (F)   38        21      1956


SUNRISE AND SUNSET
MARCH  6 2015.........SUNRISE   616 AM PST   SUNSET   553 PM PST
MARCH  7 2015.........SUNRISE   615 AM PST   SUNSET   554 PM PST


-  INDICATES NEGATIVE NUMBERS.
R  INDICATES RECORD WAS SET OR TIED.
MM INDICATES DATA IS MISSING.
T  INDICATES TRACE AMOUNT.




$$
