000
CDUS46 KLOX 210127
CLIWJF


CLIMATE REPORT
NATIONAL WEATHER SERVICE LOS ANGELES/OXNARD CA
627 PM PDT FRI OCT 20 2017


...................................

...THE LANCASTER CLIMATE SUMMARY FOR OCTOBER 20 2017...
VALID TODAY AS OF 0600 PM LOCAL TIME.

CLIMATE NORMAL PERIOD 1981 TO 2010
CLIMATE RECORD PERIOD 1948 TO 2017


WEATHER ITEM   OBSERVED TIME   RECORD YEAR NORMAL DEPARTURE LAST
                VALUE   (LST)  VALUE       VALUE  FROM      YEAR
                                                  NORMAL
..................................................................
TEMPERATURE (F)
 TODAY
  MAXIMUM         63   1259 PM  95    2003  78    -15       83
  MINIMUM         55    459 PM  31    1949  45     10       40
  AVERAGE         59                        61     -2       62

PRECIPITATION (IN)
  TODAY            T             0.23 2004   0.02  -0.02     0.00
  MONTH TO DATE    T                         0.23  -0.23     0.00
  SINCE OCT 1      T                         0.23  -0.23     0.00
  SINCE JAN 1      4.62                      5.48  -0.86     2.53

SNOWFALL (IN)
  TODAY            0.0           0.0    MM   0.0             0.0
  MONTH TO DATE    0.0                       0.0             0.0
  SINCE SEP 1      0.0                       0.0             0.0
  SINCE JUL 1      0.0                       0.0             0.0
  SNOW DEPTH       0

DEGREE DAYS
 HEATING
  TODAY            6                         5      1        3
  MONTH TO DATE   66                        55     11       29
  SINCE SEP 1     86                        67     19       31
  SINCE JUL 1     86                        67     19       31

 COOLING
  TODAY            0                         1     -1        0
  MONTH TO DATE   35                        46    -11       39
  SINCE SEP 1    302                       317    -15      278
  SINCE JAN 1   2206                      1876    330     2140
..................................................................


WIND (MPH)
  HIGHEST WIND SPEED    47   HIGHEST WIND DIRECTION     W (270)
  HIGHEST GUST SPEED    54   HIGHEST GUST DIRECTION     W (270)
  AVERAGE WIND SPEED    28.9


SKY COVER
  POSSIBLE SUNSHINE  MM
  AVERAGE SKY COVER 0.2


WEATHER CONDITIONS
 THE FOLLOWING WEATHER WAS RECORDED TODAY.
  LIGHT RAIN
  HAZE


RELATIVE HUMIDITY (PERCENT)
 HIGHEST    72          1200 AM
 LOWEST     46           200 PM
 AVERAGE    59

..........................................................


THE LANCASTER CLIMATE NORMALS FOR TOMORROW
                         NORMAL    RECORD    YEAR
 MAXIMUM TEMPERATURE (F)   78        93      2003
 MINIMUM TEMPERATURE (F)   44        24      1949


SUNRISE AND SUNSET
OCTOBER 20 2017.......SUNRISE   703 AM PDT   SUNSET   612 PM PDT
OCTOBER 21 2017.......SUNRISE   704 AM PDT   SUNSET   610 PM PDT


-  INDICATES NEGATIVE NUMBERS.
R  INDICATES RECORD WAS SET OR TIED.
MM INDICATES DATA IS MISSING.
T  INDICATES TRACE AMOUNT.




$$
