150
CDUS46 KLOX 180905
CLIWJF


CLIMATE REPORT
NATIONAL WEATHER SERVICE LOS ANGELES/OXNARD CA
105 AM PST WED JAN 18 2017


...................................

...THE LANCASTER FOX FIELD CA CLIMATE SUMMARY FOR JANUARY 17 2017...

CLIMATE NORMAL PERIOD 1981 TO 2010
CLIMATE RECORD PERIOD 1948 TO 2017


WEATHER ITEM   OBSERVED TIME   RECORD YEAR NORMAL DEPARTURE
                VALUE   (LST)  VALUE       VALUE  FROM
                                                  NORMAL
...............................................................
TEMPERATURE (F)
 YESTERDAY
  MAXIMUM         58    303 PM  76    2011  59     -1
  MINIMUM         28    638 AM   8    2007  31     -3
  AVERAGE         43                        45     -2

PRECIPITATION (IN)
  YESTERDAY        0.00          1.41 1988   0.05  -0.05
  MONTH TO DATE    0.94                      0.83   0.11
  SINCE OCT 1      2.93                      2.96  -0.03
  SINCE JAN 1      0.94                      0.83   0.11

SNOWFALL (IN)
  YESTERDAY        0.0           T    1990
  MONTH TO DATE    0.0
  SINCE DEC 1      0.0
  SINCE JUL 1      0.0
  SNOW DEPTH       0

DEGREE DAYS
 HEATING
  YESTERDAY       22                                2
  MONTH TO DATE  316                              -35
  SINCE DEC 1    894                             -114
  SINCE JUL 1   1320                             -233

 COOLING
  YESTERDAY        0                                0
  MONTH TO DATE    0                                0
  SINCE DEC 1      0                                0
  SINCE JAN 1      0                                0
...............................................................


WIND (MPH)
  HIGHEST WIND SPEED    10   HIGHEST WIND DIRECTION    NW (300)
  HIGHEST GUST SPEED    14   HIGHEST GUST DIRECTION    NW (320)
  AVERAGE WIND SPEED     3.7




RELATIVE HUMIDITY (PERCENT)
 HIGHEST    85
 LOWEST     23
 AVERAGE    54

..........................................................


THE LANCASTER FOX FIELD CA CLIMATE NORMALS FOR TODAY
                         NORMAL    RECORD    YEAR
 MAXIMUM TEMPERATURE (F)   59        75      1959
 MINIMUM TEMPERATURE (F)   31        13      2007


SUNRISE AND SUNSET
JANUARY 18 2017.......SUNRISE   659 AM PST   SUNSET   508 PM PST
JANUARY 19 2017.......SUNRISE   658 AM PST   SUNSET   509 PM PST


-  INDICATES NEGATIVE NUMBERS.
R  INDICATES RECORD WAS SET OR TIED.
MM INDICATES DATA IS MISSING.
T  INDICATES TRACE AMOUNT.




$$
