000
CDUS46 KLOX 260915
CLIWJF


CLIMATE REPORT
NATIONAL WEATHER SERVICE LOS ANGELES/OXNARD CA
115 AM PST SUN FEB 26 2017


...................................

...THE LANCASTER FOX FIELD CA CLIMATE SUMMARY FOR FEBRUARY 25 2017...

CLIMATE NORMAL PERIOD 1981 TO 2010
CLIMATE RECORD PERIOD 1948 TO 2017


WEATHER ITEM   OBSERVED TIME   RECORD YEAR NORMAL DEPARTURE
                VALUE   (LST)  VALUE       VALUE  FROM
                                                  NORMAL
...............................................................
TEMPERATURE (F)
 YESTERDAY
  MAXIMUM         60    117 PM  81    1986  64     -4
  MINIMUM         27    647 AM  18    2013  37    -10
  AVERAGE         44                        50     -6

PRECIPITATION (IN)
  YESTERDAY        0.00          0.64 2001   0.06  -0.06
  MONTH TO DATE    1.80                      1.62   0.18
  SINCE OCT 1      6.26                      5.25   1.01
  SINCE JAN 1      4.27                      3.12   1.15

SNOWFALL (IN)
  YESTERDAY        0.0           T    1996
  MONTH TO DATE    0.0
  SINCE DEC 1      0.0
  SINCE JUL 1      0.0
  SNOW DEPTH       0

DEGREE DAYS
 HEATING
  YESTERDAY       21                                6
  MONTH TO DATE  326                              -98
  SINCE DEC 1   1515                             -189
  SINCE JUL 1   1941                             -308

 COOLING
  YESTERDAY        0                                0
  MONTH TO DATE    0                                0
  SINCE DEC 1      0                                0
  SINCE JAN 1      0                                0
...............................................................


WIND (MPH)
  HIGHEST WIND SPEED    24   HIGHEST WIND DIRECTION     W (290)
  HIGHEST GUST SPEED    29   HIGHEST GUST DIRECTION    SW (210)
  AVERAGE WIND SPEED    11.4




RELATIVE HUMIDITY (PERCENT)
 HIGHEST    85
 LOWEST     24
 AVERAGE    55

..........................................................


THE LANCASTER FOX FIELD CA CLIMATE NORMALS FOR TODAY
                         NORMAL    RECORD    YEAR
 MAXIMUM TEMPERATURE (F)   64        81      1986
 MINIMUM TEMPERATURE (F)   37        21      1984


SUNRISE AND SUNSET
FEBRUARY 26 2017......SUNRISE   625 AM PST   SUNSET   546 PM PST
FEBRUARY 27 2017......SUNRISE   624 AM PST   SUNSET   547 PM PST


-  INDICATES NEGATIVE NUMBERS.
R  INDICATES RECORD WAS SET OR TIED.
MM INDICATES DATA IS MISSING.
T  INDICATES TRACE AMOUNT.




$$
