000
CDUS46 KLOX 060859
CLIWJF


CLIMATE REPORT
NATIONAL WEATHER SERVICE LOS ANGELES/OXNARD CA
158 AM PDT MON JUL 6 2015


...................................

...THE LANCASTER FOX FIELD CA CLIMATE SUMMARY FOR JULY 5 2015...

CLIMATE NORMAL PERIOD 1981 TO 2010
CLIMATE RECORD PERIOD 1948 TO 2015


WEATHER ITEM   OBSERVED TIME   RECORD YEAR NORMAL DEPARTURE
                VALUE   (LST)  VALUE       VALUE  FROM
                                                  NORMAL
...............................................................
TEMPERATURE (F)
 YESTERDAY
  MAXIMUM         97   1217 PM 113    2007  96      1
  MINIMUM         67    517 AM  45    1948  66      1
  AVERAGE         82                        81      1

PRECIPITATION (IN)
  YESTERDAY        0.00          0.01 2001   0.00   0.00
  MONTH TO DATE    0.03                      0.01   0.02
  SINCE OCT 1      4.68                      7.05  -2.37
  SINCE JAN 1      1.76                      4.92  -3.16

SNOWFALL (IN)
  YESTERDAY        0.0           0.0    MM
  MONTH TO DATE    0.0
  SINCE JUN 1      0.0
  SINCE JUL 1      0.0
  SNOW DEPTH       0

DEGREE DAYS
 HEATING
  YESTERDAY        0                                0
  MONTH TO DATE    0                                0
  SINCE JUN 1      2                               -6
  SINCE JUL 1      0                                0

 COOLING
  YESTERDAY       17                                1
  MONTH TO DATE   96                               17
  SINCE JUN 1    571                              151
  SINCE JAN 1    669                               60
...............................................................


WIND (MPH)
  HIGHEST WIND SPEED    28   HIGHEST WIND DIRECTION    SW (240)
  HIGHEST GUST SPEED    33   HIGHEST GUST DIRECTION    SW (240)
  AVERAGE WIND SPEED    12.4




RELATIVE HUMIDITY (PERCENT)
 HIGHEST    47
 LOWEST     16
 AVERAGE    32

..........................................................


THE LANCASTER FOX FIELD CA CLIMATE NORMALS FOR TODAY
                         NORMAL    RECORD    YEAR
 MAXIMUM TEMPERATURE (F)   97       110      1989
 MINIMUM TEMPERATURE (F)   66        46      1948


SUNRISE AND SUNSET
JULY  6 2015..........SUNRISE   546 AM PDT   SUNSET   809 PM PDT
JULY  7 2015..........SUNRISE   546 AM PDT   SUNSET   809 PM PDT


-  INDICATES NEGATIVE NUMBERS.
R  INDICATES RECORD WAS SET OR TIED.
MM INDICATES DATA IS MISSING.
T  INDICATES TRACE AMOUNT.




$$
