000
CDUS46 KLOX 010116
CLIWJF


CLIMATE REPORT
NATIONAL WEATHER SERVICE LOS ANGELES/OXNARD CA
516 PM PST SAT JAN 31 2015


...................................

...THE LANCASTER CLIMATE SUMMARY FOR JANUARY 31 2015...
VALID TODAY AS OF 0500 PM LOCAL TIME.

CLIMATE NORMAL PERIOD 1981 TO 2010
CLIMATE RECORD PERIOD 1948 TO 2015


WEATHER ITEM   OBSERVED TIME   RECORD YEAR NORMAL DEPARTURE LAST
                VALUE   (LST)  VALUE       VALUE  FROM      YEAR
                                                  NORMAL
..................................................................
TEMPERATURE (F)
 TODAY
  MAXIMUM         64    235 PM  78    2003  60      4       52
  MINIMUM         39    649 AM   8    1957  33      6       40
  AVERAGE         52                        46      6       46

PRECIPITATION (IN)
  TODAY            0.00          0.84 1986   0.06  -0.06     0.00
  MONTH TO DATE    0.96                      1.50  -0.54     0.05
  SINCE OCT 1      3.88                      3.63   0.25     1.64
  SINCE JAN 1      0.96                      1.50  -0.54     0.05

SNOWFALL (IN)
  TODAY            0.0           9.5  1979   0.0             0.0
  MONTH TO DATE    0.0                       0.4             0.0
  SINCE DEC 1      0.0                       1.7             0.0
  SINCE JUL 1      0.0                       1.7             0.0
  SNOW DEPTH      MM

DEGREE DAYS
 HEATING
  TODAY           13                        19     -6       19
  MONTH TO DATE  581                       623    -42      541
  SINCE DEC 1   1147                      1280   -133     1246
  SINCE JUL 1   1544                      1825   -281     1897

 COOLING
  TODAY            0                         0      0        0
  MONTH TO DATE    0                         0      0        0
  SINCE DEC 1      0                         0      0        0
  SINCE JAN 1      0                         0      0        0
..................................................................


WIND (MPH)
  HIGHEST WIND SPEED    21   HIGHEST WIND DIRECTION     E (70)
  HIGHEST GUST SPEED    26   HIGHEST GUST DIRECTION    NE (40)
  AVERAGE WIND SPEED     8.8


SKY COVER
  POSSIBLE SUNSHINE  MM
  AVERAGE SKY COVER 0.4


WEATHER CONDITIONS
 THE FOLLOWING WEATHER WAS RECORDED TODAY.
  NO SIGNIFICANT WEATHER WAS OBSERVED.


RELATIVE HUMIDITY (PERCENT)
 HIGHEST    92           700 AM
 LOWEST     39           100 PM
 AVERAGE    66

..........................................................


THE LANCASTER CLIMATE NORMALS FOR TOMORROW
                         NORMAL    RECORD    YEAR
 MAXIMUM TEMPERATURE (F)   60        76      2003
 MINIMUM TEMPERATURE (F)   33        16      2002


SUNRISE AND SUNSET
JANUARY 31 2015.......SUNRISE   652 AM PST   SUNSET   521 PM PST
FEBRUARY  1 2015......SUNRISE   651 AM PST   SUNSET   522 PM PST


-  INDICATES NEGATIVE NUMBERS.
R  INDICATES RECORD WAS SET OR TIED.
MM INDICATES DATA IS MISSING.
T  INDICATES TRACE AMOUNT.




$$
