000
CDUS46 KLOX 070911
CLIWJF


CLIMATE REPORT
NATIONAL WEATHER SERVICE LOS ANGELES/OXNARD CA
110 AM PST SUN FEB 7 2016


...................................

...THE LANCASTER FOX FIELD CA CLIMATE SUMMARY FOR FEBRUARY 6 2016...

CLIMATE NORMAL PERIOD 1981 TO 2010
CLIMATE RECORD PERIOD 1948 TO 2016


WEATHER ITEM   OBSERVED TIME   RECORD YEAR NORMAL DEPARTURE
                VALUE   (LST)  VALUE       VALUE  FROM
                                                  NORMAL
...............................................................
TEMPERATURE (F)
 YESTERDAY
  MAXIMUM         64    349 PM  79    1963  60      4
  MINIMUM         26    658 AM  14    2003  33     -7
  AVERAGE         45                        47     -2

PRECIPITATION (IN)
  YESTERDAY        0.00          1.00 1998   0.06  -0.06
  MONTH TO DATE    T                         0.36  -0.36
  SINCE OCT 1      3.02                      3.99  -0.97
  SINCE JAN 1      1.73                      1.86  -0.13

SNOWFALL (IN)
  YESTERDAY        0.0           T    1976
  MONTH TO DATE    0.0
  SINCE DEC 1      0.0
  SINCE JUL 1      0.0
  SNOW DEPTH       0

DEGREE DAYS
 HEATING
  YESTERDAY       20                                2
  MONTH TO DATE  146                               36
  SINCE DEC 1   1426                               36
  SINCE JUL 1   2006                               71

 COOLING
  YESTERDAY        0                                0
  MONTH TO DATE    0                                0
  SINCE DEC 1      0                                0
  SINCE JAN 1      0                                0
...............................................................


WIND (MPH)
  HIGHEST WIND SPEED    16   HIGHEST WIND DIRECTION    NE (50)
  HIGHEST GUST SPEED    21   HIGHEST GUST DIRECTION    NE (30)
  AVERAGE WIND SPEED     5.2




RELATIVE HUMIDITY (PERCENT)
 HIGHEST    81
 LOWEST     20
 AVERAGE    51

..........................................................


THE LANCASTER FOX FIELD CA CLIMATE NORMALS FOR TODAY
                         NORMAL    RECORD    YEAR
 MAXIMUM TEMPERATURE (F)   61        81      1951
 MINIMUM TEMPERATURE (F)   34        16      2003


SUNRISE AND SUNSET
FEBRUARY  7 2016......SUNRISE   647 AM PST   SUNSET   528 PM PST
FEBRUARY  8 2016......SUNRISE   646 AM PST   SUNSET   529 PM PST


-  INDICATES NEGATIVE NUMBERS.
R  INDICATES RECORD WAS SET OR TIED.
MM INDICATES DATA IS MISSING.
T  INDICATES TRACE AMOUNT.




$$
