000
CDUS46 KLOX 300901
CLIWJF


CLIMATE REPORT
NATIONAL WEATHER SERVICE LOS ANGELES/OXNARD CA
201 AM PDT THU JUL 30 2015


...................................

...THE LANCASTER FOX FIELD CA CLIMATE SUMMARY FOR JULY 29 2015...

CLIMATE NORMAL PERIOD 1981 TO 2010
CLIMATE RECORD PERIOD 1948 TO 2015


WEATHER ITEM   OBSERVED TIME   RECORD YEAR NORMAL DEPARTURE
                VALUE   (LST)  VALUE       VALUE  FROM
                                                  NORMAL
...............................................................
TEMPERATURE (F)
 YESTERDAY
  MAXIMUM        104    215 PM 109    1995  99      5
  MINIMUM         60    502 AM  52    1956  67     -7
  AVERAGE         82                        83     -1

PRECIPITATION (IN)
  YESTERDAY        0.00          0.58 1968   0.00   0.00
  MONTH TO DATE    2.34                      0.09   2.25
  SINCE OCT 1      6.99                      7.13  -0.14
  SINCE JAN 1      4.07                      5.00  -0.93

SNOWFALL (IN)
  YESTERDAY        0.0           0.0    MM
  MONTH TO DATE    0.0
  SINCE JUN 1      0.0
  SINCE JUL 1      0.0
  SNOW DEPTH       0

DEGREE DAYS
 HEATING
  YESTERDAY        0                                0
  MONTH TO DATE    0                                0
  SINCE JUN 1      2                               -6
  SINCE JUL 1      0                                0

 COOLING
  YESTERDAY       17                               -1
  MONTH TO DATE  412                              -90
  SINCE JUN 1    887                               44
  SINCE JAN 1    985                              -47
...............................................................


WIND (MPH)
  HIGHEST WIND SPEED    25   HIGHEST WIND DIRECTION    SE (120)
  HIGHEST GUST SPEED    35   HIGHEST GUST DIRECTION    SE (150)
  AVERAGE WIND SPEED     6.7




RELATIVE HUMIDITY (PERCENT)
 HIGHEST    60
 LOWEST      9
 AVERAGE    35

..........................................................


THE LANCASTER FOX FIELD CA CLIMATE NORMALS FOR TODAY
                         NORMAL    RECORD    YEAR
 MAXIMUM TEMPERATURE (F)   99       106      2000
 MINIMUM TEMPERATURE (F)   67        50      1956


SUNRISE AND SUNSET
JULY 30 2015..........SUNRISE   601 AM PDT   SUNSET   757 PM PDT
JULY 31 2015..........SUNRISE   602 AM PDT   SUNSET   756 PM PDT


-  INDICATES NEGATIVE NUMBERS.
R  INDICATES RECORD WAS SET OR TIED.
MM INDICATES DATA IS MISSING.
T  INDICATES TRACE AMOUNT.




$$
