000
CDUS41 KALY 300623
CLIWRK


CLIMATE REPORT
NATIONAL WEATHER SERVICE ALBANY NY
223 AM EDT WED JUL 30 2014


...................................

...THE POUGHKEEPSIE NY CLIMATE SUMMARY FOR JULY 29 2014...

CLIMATE NORMAL PERIOD 1981 TO 2010
CLIMATE RECORD PERIOD 1949 TO 2014


WEATHER ITEM   OBSERVED TIME   RECORD YEAR NORMAL DEPARTURE LAST
                VALUE   (LST)  VALUE       VALUE  FROM      YEAR
                                                  NORMAL
..................................................................
TEMPERATURE (F)
 YESTERDAY
  MAXIMUM         75    345 PM  95    1949  85    -10       84
  MINIMUM         59    422 AM  49    1987  61     -2       61
  AVERAGE         67                        73     -6       73

PRECIPITATION (IN)
  YESTERDAY        0.00          1.86 1971   0.17  -0.17     0.00
  MONTH TO DATE    4.96                      4.31   0.65     3.14
  SINCE JUN 1      7.25                      8.74  -1.49    12.96
  SINCE JAN 1     21.28                     26.24  -4.96    23.61

DEGREE DAYS
 HEATING
  YESTERDAY        0                         0      0        0
  MONTH TO DATE    0                         0      0        0
  SINCE JUN 1      7                        49    -42       31
  SINCE JUL 1      0                         0      0        0

 COOLING
  YESTERDAY        2                         8     -6        8
  MONTH TO DATE  257                       224     33      376
  SINCE JUN 1    395                       351     44      530
  SINCE JAN 1    428                       387     41      583
..................................................................


WIND (MPH)
  HIGHEST WIND SPEED    10   HIGHEST WIND DIRECTION     W (280)
  HIGHEST GUST SPEED    14   HIGHEST GUST DIRECTION    SW (230)
  AVERAGE WIND SPEED     3.3


SKY COVER
  AVERAGE SKY COVER 0.6



RELATIVE HUMIDITY (PERCENT)
 HIGHEST    84           500 AM
 LOWEST     46           200 PM
 AVERAGE    65

..........................................................


THE POUGHKEEPSIE NY CLIMATE NORMALS FOR TODAY
                         NORMAL    RECORD    YEAR
 MAXIMUM TEMPERATURE (F)   84        96      1949
 MINIMUM TEMPERATURE (F)   61        46      1956


SUNRISE AND SUNSET
JULY 30 2014..........SUNRISE   548 AM EDT   SUNSET   815 PM EDT
JULY 31 2014..........SUNRISE   549 AM EDT   SUNSET   814 PM EDT


-  INDICATES NEGATIVE NUMBERS.
R  INDICATES RECORD WAS SET OR TIED.
MM INDICATES DATA IS MISSING.
T  INDICATES TRACE AMOUNT.




$$
