000
CDUS41 KALY 100625
CLIWRK


CLIMATE REPORT
NATIONAL WEATHER SERVICE ALBANY NY
224 AM EDT THU JUL 10 2014


...................................

...THE POUGHKEEPSIE NY CLIMATE SUMMARY FOR JULY 9 2014...

CLIMATE NORMAL PERIOD 1981 TO 2010
CLIMATE RECORD PERIOD 1949 TO 2014


WEATHER ITEM   OBSERVED TIME   RECORD YEAR NORMAL DEPARTURE LAST
                VALUE   (LST)  VALUE       VALUE  FROM      YEAR
                                                  NORMAL
..................................................................
TEMPERATURE (F)
 YESTERDAY
  MAXIMUM         86    241 PM  94    1981  84      2       88
  MINIMUM         69   1159 PM  44    1963  61      8       67
  AVERAGE         78                        72      6       78

PRECIPITATION (IN)
  YESTERDAY        0.00          1.50 1975   0.14  -0.14     0.03
  MONTH TO DATE    2.03                      1.19   0.84     1.24
  SINCE JUN 1      4.32                      5.62  -1.30    11.06
  SINCE JAN 1     18.35                     23.12  -4.77    21.71

DEGREE DAYS
 HEATING
  YESTERDAY        0                         0      0        0
  MONTH TO DATE    0                         0      0        0
  SINCE JUN 1      7                        49    -42       31
  SINCE JUL 1      0                         0      0        0

 COOLING
  YESTERDAY       13                         8      5       13
  MONTH TO DATE   99                        64     35      136
  SINCE JUN 1    237                       191     46      290
  SINCE JAN 1    270                       227     43      343
..................................................................


WIND (MPH)
  HIGHEST WIND SPEED    21   HIGHEST WIND DIRECTION     W (270)
  HIGHEST GUST SPEED    31   HIGHEST GUST DIRECTION     W (280)
  AVERAGE WIND SPEED     5.4


SKY COVER
  AVERAGE SKY COVER 0.3



RELATIVE HUMIDITY (PERCENT)
 HIGHEST    90          1200 AM
 LOWEST     44           300 PM
 AVERAGE    67

..........................................................


THE POUGHKEEPSIE NY CLIMATE NORMALS FOR TODAY
                         NORMAL    RECORD    YEAR
 MAXIMUM TEMPERATURE (F)   84        98      1988
 MINIMUM TEMPERATURE (F)   61        46      1954


SUNRISE AND SUNSET
JULY 10 2014..........SUNRISE   531 AM EDT   SUNSET   831 PM EDT
JULY 11 2014..........SUNRISE   531 AM EDT   SUNSET   830 PM EDT


-  INDICATES NEGATIVE NUMBERS.
R  INDICATES RECORD WAS SET OR TIED.
MM INDICATES DATA IS MISSING.
T  INDICATES TRACE AMOUNT.




$$
