000
CDUS45 KRIW 250737
CLIWRL


CLIMATE REPORT
NATIONAL WEATHER SERVICE RIVERTON WY
1236 AM MST SUN JAN 25 2015


...................................

...THE WORLAND WY CLIMATE SUMMARY FOR JANUARY 24 2015...

CLIMATE NORMAL PERIOD 1981 TO 2010
CLIMATE RECORD PERIOD 1947 TO 2015


WEATHER ITEM   OBSERVED TIME   RECORD YEAR NORMAL DEPARTURE LAST
                VALUE   (LST)  VALUE       VALUE  FROM      YEAR
                                                  NORMAL
..................................................................
TEMPERATURE (F)
 YESTERDAY
  MAXIMUM         32   1250 PM  59    2005  31      1       34
  MINIMUM          8    258 AM -17    2008   4      4        2
  AVERAGE         20                        18      2       18

PRECIPITATION (IN)
  YESTERDAY        0.00          0.12 1982   0.01  -0.01     0.00
  MONTH TO DATE    0.11                      0.18  -0.07     0.19
  SINCE DEC 1      0.81                      0.41   0.40     0.31
  SINCE JAN 1      0.11                      0.18  -0.07     0.19

DEGREE DAYS
 HEATING
  YESTERDAY       45                        47     -2       47
  MONTH TO DATE 1270                      1159    111     1144
  SINCE DEC 1   2724                      2630     94     2706
  SINCE JUL 1   4640                      4522    118     4562

 COOLING
  YESTERDAY        0                         0      0        0
  MONTH TO DATE    0                         0      0        0
  SINCE DEC 1      0                         0      0        0
  SINCE JAN 1      0                         0      0        0
..................................................................


WIND (MPH)
  HIGHEST WIND SPEED    13   HIGHEST WIND DIRECTION     S (180)
  HIGHEST GUST SPEED    13   HIGHEST GUST DIRECTION     S (180)
  AVERAGE WIND SPEED     4.5


SKY COVER
  POSSIBLE SUNSHINE  MM
  AVERAGE SKY COVER 0.3


WEATHER CONDITIONS
 THE FOLLOWING WEATHER WAS RECORDED YESTERDAY.
  NO SIGNIFICANT WEATHER WAS OBSERVED.


RELATIVE HUMIDITY (PERCENT)
 HIGHEST    91          1200 AM
 LOWEST     75          1200 PM
 AVERAGE    83

..........................................................


THE WORLAND WY CLIMATE NORMALS FOR TODAY
                         NORMAL    RECORD    YEAR
 MAXIMUM TEMPERATURE (F)   31        54      2006
 MINIMUM TEMPERATURE (F)    4       -17      1966


SUNRISE AND SUNSET
JANUARY 25 2015.......SUNRISE   736 AM MST   SUNSET   512 PM MST
JANUARY 26 2015.......SUNRISE   735 AM MST   SUNSET   514 PM MST


-  INDICATES NEGATIVE NUMBERS.
R  INDICATES RECORD WAS SET OR TIED.
MM INDICATES DATA IS MISSING.
T  INDICATES TRACE AMOUNT.




$$
