000
CDUS45 KRIW 300738
CLIWRL


CLIMATE REPORT
NATIONAL WEATHER SERVICE RIVERTON WY
138 AM MDT THU JUL 30 2015


...................................

...THE WORLAND WY CLIMATE SUMMARY FOR JULY 29 2015...

CLIMATE NORMAL PERIOD 1981 TO 2010
CLIMATE RECORD PERIOD 1947 TO 2015


WEATHER ITEM   OBSERVED TIME   RECORD YEAR NORMAL DEPARTURE LAST
                VALUE   (LST)  VALUE       VALUE  FROM      YEAR
                                                  NORMAL
..................................................................
TEMPERATURE (F)
 YESTERDAY
  MAXIMUM         83    536 PM 105    2006  90     -7       75
  MINIMUM         42R   429 AM  49    2009  56    -14       58
  AVERAGE         63                        73    -10       67

PRECIPITATION (IN)
  YESTERDAY        0.00          0.33 1973   0.02  -0.02     0.17
  MONTH TO DATE    0.44                      0.66  -0.22     0.25
  SINCE JUN 1      1.50                      1.81  -0.31     1.87
  SINCE JAN 1      5.68                      4.97   0.71     4.08

DEGREE DAYS
 HEATING
  YESTERDAY        2                         0      2        0
  MONTH TO DATE    7                        10     -3        1
  SINCE JUN 1     11                       103    -92       91
  SINCE JUL 1      7                        10     -3        1

 COOLING
  YESTERDAY        0                         8     -8        2
  MONTH TO DATE  186                       212    -26      269
  SINCE JUN 1    365                       296     69      298
  SINCE JAN 1    367                       308     59      328
..................................................................


WIND (MPH)
  HIGHEST WIND SPEED    12   HIGHEST WIND DIRECTION    NE (50)
  HIGHEST GUST SPEED    16   HIGHEST GUST DIRECTION     N (340)
  AVERAGE WIND SPEED     5.3


SKY COVER
  POSSIBLE SUNSHINE  MM
  AVERAGE SKY COVER 0.0


WEATHER CONDITIONS
 THE FOLLOWING WEATHER WAS RECORDED YESTERDAY.
  NO SIGNIFICANT WEATHER WAS OBSERVED.


RELATIVE HUMIDITY (PERCENT)
 HIGHEST    58           500 AM
 LOWEST     10           300 PM
 AVERAGE    34

..........................................................


THE WORLAND WY CLIMATE NORMALS FOR TODAY
                         NORMAL    RECORD    YEAR
 MAXIMUM TEMPERATURE (F)   90       102      1988
 MINIMUM TEMPERATURE (F)   56        41      2009


SUNRISE AND SUNSET
JULY 30 2015..........SUNRISE   558 AM MDT   SUNSET   838 PM MDT
JULY 31 2015..........SUNRISE   559 AM MDT   SUNSET   837 PM MDT


-  INDICATES NEGATIVE NUMBERS.
R  INDICATES RECORD WAS SET OR TIED.
MM INDICATES DATA IS MISSING.
T  INDICATES TRACE AMOUNT.




$$
