000
CDUS45 KRIW 240728
CLIWRL


CLIMATE REPORT
NATIONAL WEATHER SERVICE RIVERTON WY
127 AM MDT THU JUL 24 2014


...................................

...THE WORLAND WY CLIMATE SUMMARY FOR JULY 23 2014...

CLIMATE NORMAL PERIOD 1981 TO 2010
CLIMATE RECORD PERIOD 1947 TO 2014


WEATHER ITEM   OBSERVED TIME   RECORD YEAR NORMAL DEPARTURE LAST
                VALUE   (LST)  VALUE       VALUE  FROM      YEAR
                                                  NORMAL
..................................................................
TEMPERATURE (F)
 YESTERDAY
  MAXIMUM        104R   402 PM 104    2007  90     14       93
  MINIMUM         56    439 AM  44    1972  56      0       59
  AVERAGE         80                        73      7       76

PRECIPITATION (IN)
  YESTERDAY        0.00          0.73 2004   0.03  -0.03     0.00
  MONTH TO DATE    0.08                      0.53  -0.45     0.20
  SINCE JUN 1      1.70                      1.68   0.02     0.29
  SINCE JAN 1      3.91                      4.84  -0.93     2.98

DEGREE DAYS
 HEATING
  YESTERDAY        0                         0      0        0
  MONTH TO DATE    1                        10     -9        0
  SINCE JUN 1     91                       103    -12       45
  SINCE JUL 1      1                        10     -9        0

 COOLING
  YESTERDAY       15                         8      7       11
  MONTH TO DATE  218                       164     54      268
  SINCE JUN 1    247                       248     -1      401
  SINCE JAN 1    277                       260     17      418
..................................................................


WIND (MPH)
  HIGHEST WIND SPEED    23   HIGHEST WIND DIRECTION    SW (230)
  HIGHEST GUST SPEED    29   HIGHEST GUST DIRECTION    SW (210)
  AVERAGE WIND SPEED     7.3


SKY COVER
  POSSIBLE SUNSHINE  MM
  AVERAGE SKY COVER 0.0


WEATHER CONDITIONS
 THE FOLLOWING WEATHER WAS RECORDED YESTERDAY.
  THUNDERSTORM


RELATIVE HUMIDITY (PERCENT)
 HIGHEST    67           500 AM
 LOWEST      7           300 PM
 AVERAGE    37

..........................................................


THE WORLAND WY CLIMATE NORMALS FOR TODAY
                         NORMAL    RECORD    YEAR
 MAXIMUM TEMPERATURE (F)   90       104      1976
 MINIMUM TEMPERATURE (F)   56        48      2004
                                             1972


SUNRISE AND SUNSET
JULY 24 2014..........SUNRISE   552 AM MDT   SUNSET   844 PM MDT
JULY 25 2014..........SUNRISE   553 AM MDT   SUNSET   843 PM MDT


-  INDICATES NEGATIVE NUMBERS.
R  INDICATES RECORD WAS SET OR TIED.
MM INDICATES DATA IS MISSING.
T  INDICATES TRACE AMOUNT.




$$
