000
CDUS45 KRIW 190734
CLIWRL


CLIMATE REPORT
NATIONAL WEATHER SERVICE RIVERTON WY
1233 AM MST FRI JAN 19 2018


...................................

...THE WORLAND WY CLIMATE SUMMARY FOR JANUARY 18 2018...

CLIMATE NORMAL PERIOD 1981 TO 2010
CLIMATE RECORD PERIOD 1947 TO 2018


WEATHER ITEM   OBSERVED TIME   RECORD YEAR NORMAL DEPARTURE LAST
                VALUE   (LST)  VALUE       VALUE  FROM      YEAR
                                                  NORMAL
..................................................................
TEMPERATURE (F)
 YESTERDAY
  MAXIMUM         41   1137 PM  52    1981  31     10       33
  MINIMUM          7    120 AM -38    1984   4      3       -2
  AVERAGE         24                        17      7       16

PRECIPITATION (IN)
  YESTERDAY        0.00          0.10 1998   0.01  -0.01     0.00
  MONTH TO DATE    0.05                      0.14  -0.09     0.04
  SINCE DEC 1      0.49                      0.37   0.12     0.23
  SINCE JAN 1      0.05                      0.14  -0.09     0.04

DEGREE DAYS
 HEATING
  YESTERDAY       41                        48     -7       49
  MONTH TO DATE  916                       874     42      925
  SINCE DEC 1   2368                      2345     23     2582
  SINCE JUL 1   4287                      4237     50     4121

 COOLING
  YESTERDAY        0                         0      0        0
  MONTH TO DATE    0                         0      0        0
  SINCE DEC 1      0                         0      0        0
  SINCE JAN 1      0                         0      0        0
..................................................................


WIND (MPH)
  HIGHEST WIND SPEED    22   HIGHEST WIND DIRECTION     S (160)
  HIGHEST GUST SPEED    25   HIGHEST GUST DIRECTION     S (180)
  AVERAGE WIND SPEED     4.4


SKY COVER
  POSSIBLE SUNSHINE  MM
  AVERAGE SKY COVER 0.0


WEATHER CONDITIONS
 THE FOLLOWING WEATHER WAS RECORDED YESTERDAY.
  NO SIGNIFICANT WEATHER WAS OBSERVED.


RELATIVE HUMIDITY (PERCENT)
 HIGHEST    92           100 AM
 LOWEST     69           100 PM
 AVERAGE    81

..........................................................


THE WORLAND WY CLIMATE NORMALS FOR TODAY
                         NORMAL    RECORD    YEAR
 MAXIMUM TEMPERATURE (F)   31        53      2005
 MINIMUM TEMPERATURE (F)    4       -33      1984


SUNRISE AND SUNSET
JANUARY 19 2018.......SUNRISE   741 AM MST   SUNSET   505 PM MST
JANUARY 20 2018.......SUNRISE   740 AM MST   SUNSET   506 PM MST


-  INDICATES NEGATIVE NUMBERS.
R  INDICATES RECORD WAS SET OR TIED.
MM INDICATES DATA IS MISSING.
T  INDICATES TRACE AMOUNT.




$$
