000
CDUS45 KRIW 100744
CLIWRL


CLIMATE REPORT
NATIONAL WEATHER SERVICE RIVERTON WY
1235 AM MST WED FEB 10 2016


...................................

...THE WORLAND WY CLIMATE SUMMARY FOR FEBRUARY 9 2016...

CLIMATE NORMAL PERIOD 1981 TO 2010
CLIMATE RECORD PERIOD 1947 TO 2016


WEATHER ITEM   OBSERVED TIME   RECORD YEAR NORMAL DEPARTURE LAST
                VALUE   (LST)  VALUE       VALUE  FROM      YEAR
                                                  NORMAL
..................................................................
TEMPERATURE (F)
 YESTERDAY
  MAXIMUM         48    349 PM  59    1999  35     13       48
  MINIMUM         16    750 AM -26    2001   8      8       22
  AVERAGE         32                        21     11       35

PRECIPITATION (IN)
  YESTERDAY        0.00          0.17 1993   0.01  -0.01     0.00
  MONTH TO DATE    T                         0.06  -0.06     0.08
  SINCE DEC 1      0.31                      0.52  -0.21     1.01
  SINCE JAN 1      0.03                      0.29  -0.26     0.31

DEGREE DAYS
 HEATING
  YESTERDAY       33                        44    -11       30
  MONTH TO DATE  365                       404    -39      325
  SINCE DEC 1   3260                      3360   -100     3324
  SINCE JUL 1   4844                      5252   -408     5240

 COOLING
  YESTERDAY        0                         0      0        0
  MONTH TO DATE    0                         0      0        0
  SINCE DEC 1      0                         0      0        0
  SINCE JAN 1      0                         0      0        0
..................................................................


WIND (MPH)
  HIGHEST WIND SPEED    12   HIGHEST WIND DIRECTION     S (200)
  HIGHEST GUST SPEED    12   HIGHEST GUST DIRECTION     S (200)
  AVERAGE WIND SPEED     2.3


SKY COVER
  POSSIBLE SUNSHINE  MM
  AVERAGE SKY COVER 0.0


WEATHER CONDITIONS
 THE FOLLOWING WEATHER WAS RECORDED YESTERDAY.
  NO SIGNIFICANT WEATHER WAS OBSERVED.


RELATIVE HUMIDITY (PERCENT)
 HIGHEST    92           200 AM
 LOWEST     45           300 PM
 AVERAGE    69

..........................................................


THE WORLAND WY CLIMATE NORMALS FOR TODAY
                         NORMAL    RECORD    YEAR
 MAXIMUM TEMPERATURE (F)   35        60      1970
 MINIMUM TEMPERATURE (F)    8       -23      1982


SUNRISE AND SUNSET
FEBRUARY 10 2016......SUNRISE   718 AM MST   SUNSET   534 PM MST
FEBRUARY 11 2016......SUNRISE   717 AM MST   SUNSET   536 PM MST


-  INDICATES NEGATIVE NUMBERS.
R  INDICATES RECORD WAS SET OR TIED.
MM INDICATES DATA IS MISSING.
T  INDICATES TRACE AMOUNT.




$$
