238
CDUS45 KRIW 280745
CLIWRL


CLIMATE REPORT
NATIONAL WEATHER SERVICE RIVERTON WY
127 AM MDT TUE MAR 28 2017


...................................

...THE WORLAND WY CLIMATE SUMMARY FOR MARCH 27 2017...

CLIMATE NORMAL PERIOD 1981 TO 2010
CLIMATE RECORD PERIOD 1947 TO 2017


WEATHER ITEM   OBSERVED TIME   RECORD YEAR NORMAL DEPARTURE LAST
                VALUE   (LST)  VALUE       VALUE  FROM      YEAR
                                                  NORMAL
..................................................................
TEMPERATURE (F)
 YESTERDAY
  MAXIMUM         61    410 PM  76    2007  55      6       59
  MINIMUM         33    523 AM   5    1965  26      7       16
  AVERAGE         47                        40      7       38

PRECIPITATION (IN)
  YESTERDAY        0.00          0.52 2003   0.02  -0.02     0.00
  MONTH TO DATE    0.67                      0.39   0.28     0.13
  SINCE MAR 1      0.67                      0.39   0.28     0.13
  SINCE JAN 1      1.07                      0.81   0.26     0.16

DEGREE DAYS
 HEATING
  YESTERDAY       18                        25     -7       27
  MONTH TO DATE  592                       789   -197      689
  SINCE MAR 1    592                       789   -197      689
  SINCE JUL 1   6467                      6790   -323     6074

 COOLING
  YESTERDAY        0                         0      0        0
  MONTH TO DATE    0                         0      0        0
  SINCE MAR 1      0                         0      0        0
  SINCE JAN 1      0                         0      0        0
..................................................................


WIND (MPH)
  HIGHEST WIND SPEED    18   HIGHEST WIND DIRECTION     N (340)
  HIGHEST GUST SPEED    22   HIGHEST GUST DIRECTION     N (340)
  AVERAGE WIND SPEED     5.0


SKY COVER
  POSSIBLE SUNSHINE  MM
  AVERAGE SKY COVER 0.4


WEATHER CONDITIONS
 THE FOLLOWING WEATHER WAS RECORDED YESTERDAY.
  NO SIGNIFICANT WEATHER WAS OBSERVED.


RELATIVE HUMIDITY (PERCENT)
 HIGHEST    92           600 AM
 LOWEST     26           400 PM
 AVERAGE    59

..........................................................


THE WORLAND WY CLIMATE NORMALS FOR TODAY
                         NORMAL    RECORD    YEAR
 MAXIMUM TEMPERATURE (F)   55        81      1986
 MINIMUM TEMPERATURE (F)   26         8      1975


SUNRISE AND SUNSET
MARCH 28 2017.........SUNRISE   700 AM MDT   SUNSET   734 PM MDT
MARCH 29 2017.........SUNRISE   658 AM MDT   SUNSET   736 PM MDT


-  INDICATES NEGATIVE NUMBERS.
R  INDICATES RECORD WAS SET OR TIED.
MM INDICATES DATA IS MISSING.
T  INDICATES TRACE AMOUNT.




$$
