000
CDUS45 KRIW 080839
CLIWRL


CLIMATE REPORT
NATIONAL WEATHER SERVICE RIVERTON WY
139 AM MST THU DEC 8 2016


...................................

...THE WORLAND WY CLIMATE SUMMARY FOR DECEMBER 7 2016...

CLIMATE NORMAL PERIOD 1981 TO 2010
CLIMATE RECORD PERIOD 1947 TO 2016


WEATHER ITEM   OBSERVED TIME   RECORD YEAR NORMAL DEPARTURE LAST
                VALUE   (LST)  VALUE       VALUE  FROM      YEAR
                                                  NORMAL
..................................................................
TEMPERATURE (F)
 YESTERDAY
  MAXIMUM         12    256 PM  54    1987  32    -20       36
  MINIMUM         -6   1159 PM -26    1978   6    -12       10
  AVERAGE          3                        19    -16       23

PRECIPITATION (IN)
  YESTERDAY        T             0.12 1977   0.01  -0.01     0.00
  MONTH TO DATE    0.02                      0.06  -0.04      T
  SINCE DEC 1      0.02                      0.06  -0.04      T
  SINCE JAN 1      9.77                      7.40   2.37     7.26

DEGREE DAYS
 HEATING
  YESTERDAY       62                        46     16       42
  MONTH TO DATE  311                       312     -1      330
  SINCE DEC 1    311                       312     -1      330
  SINCE JUL 1   1850                      2204   -354     1914

 COOLING
  YESTERDAY        0                         0      0        0
  MONTH TO DATE    0                         0      0        0
  SINCE DEC 1      0                         0      0        0
  SINCE JAN 1    690                       535    155      631
..................................................................


WIND (MPH)
  HIGHEST WIND SPEED    15   HIGHEST WIND DIRECTION     N (340)
  HIGHEST GUST SPEED    18   HIGHEST GUST DIRECTION    NW (330)
  AVERAGE WIND SPEED     6.8


SKY COVER
  POSSIBLE SUNSHINE  MM
  AVERAGE SKY COVER 0.6


WEATHER CONDITIONS
 THE FOLLOWING WEATHER WAS RECORDED YESTERDAY.
  LIGHT SNOW
  FOG
  HAZE


RELATIVE HUMIDITY (PERCENT)
 HIGHEST    87           500 PM
 LOWEST     61           300 PM
 AVERAGE    74

..........................................................


THE WORLAND WY CLIMATE NORMALS FOR TODAY
                         NORMAL    RECORD    YEAR
 MAXIMUM TEMPERATURE (F)   32        54      1979
 MINIMUM TEMPERATURE (F)    6       -34      1972


SUNRISE AND SUNSET
DECEMBER  8 2016......SUNRISE   734 AM MST   SUNSET   434 PM MST
DECEMBER  9 2016......SUNRISE   735 AM MST   SUNSET   434 PM MST


-  INDICATES NEGATIVE NUMBERS.
R  INDICATES RECORD WAS SET OR TIED.
MM INDICATES DATA IS MISSING.
T  INDICATES TRACE AMOUNT.




$$
