000
CDUS45 KRIW 300734
CLIWRL


CLIMATE REPORT
NATIONAL WEATHER SERVICE RIVERTON WY
131 AM MDT TUE JUN 30 2015


...................................

...THE WORLAND WY CLIMATE SUMMARY FOR JUNE 29 2015...

CLIMATE NORMAL PERIOD 1981 TO 2010
CLIMATE RECORD PERIOD 1947 TO 2015


WEATHER ITEM   OBSERVED TIME   RECORD YEAR NORMAL DEPARTURE LAST
                VALUE   (LST)  VALUE       VALUE  FROM      YEAR
                                                  NORMAL
..................................................................
TEMPERATURE (F)
 YESTERDAY
  MAXIMUM         97    426 PM 101    2007  85     12       81
                                      1984
  MINIMUM         56    428 AM  39    1995  52      4       46
  AVERAGE         77                        69      8       64

PRECIPITATION (IN)
  YESTERDAY        0.00          0.24 1964   0.03  -0.03     0.00
  MONTH TO DATE    1.06                      1.13  -0.07     1.62
  SINCE JUN 1      1.06                      1.13  -0.07     1.62
  SINCE JAN 1      5.24                      4.29   0.95     3.83

DEGREE DAYS
 HEATING
  YESTERDAY        0                         1     -1        1
  MONTH TO DATE    4                        91    -87       89
  SINCE JUN 1      4                        91    -87       89
  SINCE JUL 1   7519                      7867   -348     8276

 COOLING
  YESTERDAY       12                         5      7        0
  MONTH TO DATE  161                        78     83       29
  SINCE JUN 1    161                        78     83       29
  SINCE JAN 1    163                        90     73       59
..................................................................


WIND (MPH)
  HIGHEST WIND SPEED    13   HIGHEST WIND DIRECTION     W (280)
  HIGHEST GUST SPEED    16   HIGHEST GUST DIRECTION    NW (330)
  AVERAGE WIND SPEED     5.6


SKY COVER
  POSSIBLE SUNSHINE  MM
  AVERAGE SKY COVER 0.0


WEATHER CONDITIONS
 THE FOLLOWING WEATHER WAS RECORDED YESTERDAY.
  NO SIGNIFICANT WEATHER WAS OBSERVED.


RELATIVE HUMIDITY (PERCENT)
 HIGHEST    80           500 AM
 LOWEST      9           200 PM
 AVERAGE    45

..........................................................


THE WORLAND WY CLIMATE NORMALS FOR TODAY
                         NORMAL    RECORD    YEAR
 MAXIMUM TEMPERATURE (F)   86       107      1990
 MINIMUM TEMPERATURE (F)   53        39      1968


SUNRISE AND SUNSET
JUNE 30 2015..........SUNRISE   532 AM MDT   SUNSET   858 PM MDT
JULY  1 2015..........SUNRISE   533 AM MDT   SUNSET   858 PM MDT


-  INDICATES NEGATIVE NUMBERS.
R  INDICATES RECORD WAS SET OR TIED.
MM INDICATES DATA IS MISSING.
T  INDICATES TRACE AMOUNT.




$$
