000
CDUS45 KRIW 240737
CLIWRL


CLIMATE REPORT
NATIONAL WEATHER SERVICE RIVERTON WY
136 AM MDT TUE OCT 24 2017


...................................

...THE WORLAND WY CLIMATE SUMMARY FOR OCTOBER 23 2017...

CLIMATE NORMAL PERIOD 1981 TO 2010
CLIMATE RECORD PERIOD 1947 TO 2017


WEATHER ITEM   OBSERVED TIME   RECORD YEAR NORMAL DEPARTURE LAST
                VALUE   (LST)  VALUE       VALUE  FROM      YEAR
                                                  NORMAL
..................................................................
TEMPERATURE (F)
 YESTERDAY
  MAXIMUM         57    300 PM  77    1969  58     -1       63
  MINIMUM         31   1141 PM  17    1984  28      3       32
  AVERAGE         44                        43      1       48

PRECIPITATION (IN)
  YESTERDAY        0.00          0.13 1991   0.02  -0.02     0.00
  MONTH TO DATE    0.23                      0.58  -0.35     2.26
  SINCE SEP 1      2.30                      1.43   0.87     4.23
  SINCE JAN 1      7.80                      6.88   0.92     8.70

DEGREE DAYS
 HEATING
  YESTERDAY       21                        22     -1       17
  MONTH TO DATE  464                       412     52      365
  SINCE SEP 1    732                       633     99      550
  SINCE JUL 1    733                       669     64      581

 COOLING
  YESTERDAY        0                         0      0        0
  MONTH TO DATE    0                         0      0        0
  SINCE SEP 1     52                        29     23       25
  SINCE JAN 1    588                       535     53      690
..................................................................


WIND (MPH)
  HIGHEST WIND SPEED    22   HIGHEST WIND DIRECTION     N (350)
  HIGHEST GUST SPEED    27   HIGHEST GUST DIRECTION     N (350)
  AVERAGE WIND SPEED     8.3


SKY COVER
  POSSIBLE SUNSHINE  MM
  AVERAGE SKY COVER 0.1


WEATHER CONDITIONS
 THE FOLLOWING WEATHER WAS RECORDED YESTERDAY.
  NO SIGNIFICANT WEATHER WAS OBSERVED.


RELATIVE HUMIDITY (PERCENT)
 HIGHEST    64           100 AM
 LOWEST     21           300 PM
 AVERAGE    43

..........................................................


THE WORLAND WY CLIMATE NORMALS FOR TODAY
                         NORMAL    RECORD    YEAR
 MAXIMUM TEMPERATURE (F)   57        83      1992
 MINIMUM TEMPERATURE (F)   28        19      1976


SUNRISE AND SUNSET
OCTOBER 24 2017.......SUNRISE   738 AM MDT   SUNSET   613 PM MDT
OCTOBER 25 2017.......SUNRISE   739 AM MDT   SUNSET   612 PM MDT


-  INDICATES NEGATIVE NUMBERS.
R  INDICATES RECORD WAS SET OR TIED.
MM INDICATES DATA IS MISSING.
T  INDICATES TRACE AMOUNT.




$$
