127
CDUS45 KRIW 290742
CLIWRL


CLIMATE REPORT
NATIONAL WEATHER SERVICE RIVERTON WY
132 AM MDT FRI APR 29 2016


...................................

...THE WORLAND WY CLIMATE SUMMARY FOR APRIL 28 2016...

CLIMATE NORMAL PERIOD 1981 TO 2010
CLIMATE RECORD PERIOD 1947 TO 2016


WEATHER ITEM   OBSERVED TIME   RECORD YEAR NORMAL DEPARTURE LAST
                VALUE   (LST)  VALUE       VALUE  FROM      YEAR
                                                  NORMAL
..................................................................
TEMPERATURE (F)
 YESTERDAY
  MAXIMUM         43    648 PM  88    2000  64    -21       70
                                      1987
  MINIMUM         34    626 AM  19    1984  35     -1       35
  AVERAGE         39                        50    -11       53

PRECIPITATION (IN)
  YESTERDAY        T             1.09 1978   0.04  -0.04     0.00
  MONTH TO DATE    1.31                      0.77   0.54     0.26
  SINCE MAR 1      2.28                      1.23   1.05     0.26
  SINCE JAN 1      2.31                      1.65   0.66     1.03

DEGREE DAYS
 HEATING
  YESTERDAY       26                        16     10       12
  MONTH TO DATE  459                       551    -92      522
  SINCE MAR 1   1252                      1436   -184     1243
  SINCE JUL 1   6637                      7437   -800     7152

 COOLING
  YESTERDAY        0                         0      0        0
  MONTH TO DATE    0                         0      0        0
  SINCE MAR 1      0                         0      0        0
  SINCE JAN 1      0                         0      0        0
..................................................................


WIND (MPH)
  HIGHEST WIND SPEED    10   HIGHEST WIND DIRECTION    NW (310)
  HIGHEST GUST SPEED    14   HIGHEST GUST DIRECTION    SW (220)
  AVERAGE WIND SPEED     5.0


SKY COVER
  POSSIBLE SUNSHINE  MM
  AVERAGE SKY COVER 1.0


WEATHER CONDITIONS
 THE FOLLOWING WEATHER WAS RECORDED YESTERDAY.
  LIGHT SNOW


RELATIVE HUMIDITY (PERCENT)
 HIGHEST   100           200 AM
 LOWEST     62           300 PM
 AVERAGE    81

..........................................................


THE WORLAND WY CLIMATE NORMALS FOR TODAY
                         NORMAL    RECORD    YEAR
 MAXIMUM TEMPERATURE (F)   64        88      1992
 MINIMUM TEMPERATURE (F)   35        24      1990


SUNRISE AND SUNSET
APRIL 29 2016.........SUNRISE   606 AM MDT   SUNSET   813 PM MDT
APRIL 30 2016.........SUNRISE   604 AM MDT   SUNSET   815 PM MDT


-  INDICATES NEGATIVE NUMBERS.
R  INDICATES RECORD WAS SET OR TIED.
MM INDICATES DATA IS MISSING.
T  INDICATES TRACE AMOUNT.




$$
