000
CDUS45 KRIW 230730
CLIWRL


CLIMATE REPORT
NATIONAL WEATHER SERVICE RIVERTON WY
129 AM MDT TUE MAY 23 2017


...................................

...THE WORLAND WY CLIMATE SUMMARY FOR MAY 22 2017...

CLIMATE NORMAL PERIOD 1981 TO 2010
CLIMATE RECORD PERIOD 1947 TO 2017


WEATHER ITEM   OBSERVED TIME   RECORD YEAR NORMAL DEPARTURE LAST
                VALUE   (LST)  VALUE       VALUE  FROM      YEAR
                                                  NORMAL
..................................................................
TEMPERATURE (F)
 YESTERDAY
  MAXIMUM         60    558 PM  93    1980  72    -12       71
  MINIMUM         38   1156 PM  29    1974  43     -5       42
  AVERAGE         49                        57     -8       57

PRECIPITATION (IN)
  YESTERDAY        0.10          0.65 1981   0.05   0.05     0.00
  MONTH TO DATE    0.84                      0.99  -0.15     1.00
  SINCE MAR 1      4.32                      2.31   2.01     3.31
  SINCE JAN 1      4.72                      2.73   1.99     3.34

DEGREE DAYS
 HEATING
  YESTERDAY       16                         8      8        8
  MONTH TO DATE  229                       247    -18      237
  SINCE MAR 1   1468                      1713   -245     1530
  SINCE JUL 1   7343                      7714   -371     6915

 COOLING
  YESTERDAY        0                         0      0        0
  MONTH TO DATE    0                         0      0        2
  SINCE MAR 1      0                         1     -1        2
  SINCE JAN 1      0                         1     -1        2
..................................................................


WIND (MPH)
  HIGHEST WIND SPEED    28   HIGHEST WIND DIRECTION    NW (310)
  HIGHEST GUST SPEED    37   HIGHEST GUST DIRECTION     N (340)
  AVERAGE WIND SPEED     8.9


SKY COVER
  POSSIBLE SUNSHINE  MM
  AVERAGE SKY COVER 0.7


WEATHER CONDITIONS
 THE FOLLOWING WEATHER WAS RECORDED YESTERDAY.
  LIGHT RAIN
  FOG
  HAZE


RELATIVE HUMIDITY (PERCENT)
 HIGHEST    89           300 AM
 LOWEST     46           600 PM
 AVERAGE    68

..........................................................


THE WORLAND WY CLIMATE NORMALS FOR TODAY
                         NORMAL    RECORD    YEAR
 MAXIMUM TEMPERATURE (F)   72        91      1967
 MINIMUM TEMPERATURE (F)   43        30      1966


SUNRISE AND SUNSET
MAY 23 2017...........SUNRISE   538 AM MDT   SUNSET   840 PM MDT
MAY 24 2017...........SUNRISE   537 AM MDT   SUNSET   841 PM MDT


-  INDICATES NEGATIVE NUMBERS.
R  INDICATES RECORD WAS SET OR TIED.
MM INDICATES DATA IS MISSING.
T  INDICATES TRACE AMOUNT.




$$
