000
CDUS45 KRIW 170745
CLIWRL


CLIMATE REPORT
NATIONAL WEATHER SERVICE RIVERTON WY
1242 AM MST TUE JAN 17 2017


...................................

...THE WORLAND WY CLIMATE SUMMARY FOR JANUARY 16 2017...

CLIMATE NORMAL PERIOD 1981 TO 2010
CLIMATE RECORD PERIOD 1947 TO 2017


WEATHER ITEM   OBSERVED TIME   RECORD YEAR NORMAL DEPARTURE LAST
                VALUE   (LST)  VALUE       VALUE  FROM      YEAR
                                                  NORMAL
..................................................................
TEMPERATURE (F)
 YESTERDAY
  MAXIMUM         14    331 PM  61    1974  31    -17       27
  MINIMUM        -16    600 AM -23    1962   3    -19        0
  AVERAGE         -1                        17    -18       14

PRECIPITATION (IN)
  YESTERDAY        0.00          0.14 1975   0.01  -0.01      T
  MONTH TO DATE    0.04                      0.12  -0.08     0.03
  SINCE DEC 1      0.23                      0.35  -0.12     0.31
  SINCE JAN 1      0.04                      0.12  -0.08     0.03

DEGREE DAYS
 HEATING
  YESTERDAY       66                        48     18       51
  MONTH TO DATE  816                       778     38      828
  SINCE DEC 1   2473                      2249    224     2290
  SINCE JUL 1   4012                      4141   -129     3874

 COOLING
  YESTERDAY        0                         0      0        0
  MONTH TO DATE    0                         0      0        0
  SINCE DEC 1      0                         0      0        0
  SINCE JAN 1      0                         0      0        0
..................................................................


WIND (MPH)
  HIGHEST WIND SPEED     7   HIGHEST WIND DIRECTION    SE (130)
  HIGHEST GUST SPEED     7   HIGHEST GUST DIRECTION    SE (130)
  AVERAGE WIND SPEED     1.0


SKY COVER
  POSSIBLE SUNSHINE  MM
  AVERAGE SKY COVER 0.0


WEATHER CONDITIONS
 THE FOLLOWING WEATHER WAS RECORDED YESTERDAY.
  LIGHT SNOW


RELATIVE HUMIDITY (PERCENT)
 HIGHEST    92           400 AM
 LOWEST     61           400 PM
 AVERAGE    77

..........................................................


THE WORLAND WY CLIMATE NORMALS FOR TODAY
                         NORMAL    RECORD    YEAR
 MAXIMUM TEMPERATURE (F)   31        53      1965
 MINIMUM TEMPERATURE (F)    4       -25      1984


SUNRISE AND SUNSET
JANUARY 17 2017.......SUNRISE   742 AM MST   SUNSET   503 PM MST
JANUARY 18 2017.......SUNRISE   741 AM MST   SUNSET   504 PM MST


-  INDICATES NEGATIVE NUMBERS.
R  INDICATES RECORD WAS SET OR TIED.
MM INDICATES DATA IS MISSING.
T  INDICATES TRACE AMOUNT.




$$
