222
CDAK47 PAJK 201241
CLIYAK
CLIMATE REPORT
NATIONAL WEATHER SERVICE JUNEAU, AK
336 AM AKST MON NOV 20 2017


...................................

...THE YAKUTAT CLIMATE SUMMARY FOR NOVEMBER 19 2017...

CLIMATE NORMAL PERIOD 1981 TO 2010
CLIMATE RECORD PERIOD 1917 TO 2017


WEATHER ITEM   OBSERVED RECORD YEAR NORMAL DEPARTURE LAST
                VALUE   VALUE       VALUE  FROM      YEAR
                                           NORMAL
...........................................................
TEMPERATURE (F)
 YESTERDAY
  MAXIMUM         28     50    1979  37     -9       32
  MINIMUM          4     -6    1966  25    -21       16
  AVERAGE         16                 31    -15       24

PRECIPITATION (IN)
  YESTERDAY        0.04   2.25 1941   0.47  -0.43     0.02
  MONTH TO DATE    0.51               9.19  -8.68     9.21
  SINCE JAN 1    109.52             133.58 -24.06   107.46

SNOWFALL (IN)
  YESTERDAY        0.5    7.5  1958   0.7   -0.2      0.5
  MONTH TO DATE   15.0                9.8    5.2      0.5
  SINCE JUL 1     15.1               12.3    2.8      0.5
  SNOW DEPTH      12

DEGREE DAYS
 HEATING
  YESTERDAY       49                 34     15       41
  MONTH TO DATE  654                603     51      487
...........................................................


WIND (MPH)
  HIGHEST WIND SPEED    10   HIGHEST WIND DIRECTION     E (80)
  HIGHEST GUST SPEED    13   HIGHEST GUST DIRECTION     E (80)
  AVERAGE WIND SPEED     5.0


SKY COVER
  AVERAGE SKY COVER 0.7


WEATHER CONDITIONS
 THE FOLLOWING WEATHER WAS RECORDED YESTERDAY.
  LIGHT SNOW
  FOG


..........................................................


THE YAKUTAT CLIMATE NORMALS FOR TODAY
                         NORMAL    RECORD    YEAR
 MAXIMUM TEMPERATURE (F)   37        48      2000
                                             1979
                                             1972
 MINIMUM TEMPERATURE (F)   25         1      1966
                                             1951


SUNRISE AND SUNSET
NOVEMBER 20 2017......SUNRISE   827 AM AKST  SUNSET   341 PM AKST
NOVEMBER 21 2017......SUNRISE   829 AM AKST  SUNSET   340 PM AKST


-  INDICATES NEGATIVE NUMBERS.
R  INDICATES RECORD WAS SET OR TIED.
MM INDICATES DATA IS MISSING.
T  INDICATES TRACE AMOUNT.




$$
--------------------------------------------------------------

AMOUNT OF DAYLIGHT TODAY (HOUR:MIN)......... 7 HOURS 15 MINUTES
GAIN/LOSS SINCE YESTERDAY (HOUR:MIN:SEC).... -0:04:12

$$
