000
CDAK47 PAYA 130903
CLIYAK

CLIMATE REPORT
NATIONAL WEATHER SERVICE YAKUTAT, AK
103 AM AKDT SUN JUL 13 2014

...................................
...THE YAKUTAT AP CLIMATE SUMMARY FOR JULY 12 2014...

CLIMATE NORMAL PERIOD  1981 TO  2010
CLIMATE RECORD PERIOD  1948 TO  2014

WEATHER ITEM   OBSERVED TIME    RECORD YEAR NORMAL DEPARTURE LAST
               VALUE    (LST)   VALUE       VALUE  FROM      YEAR
                                                   NORMAL
...................................................................
TEMPERATURE
YESTERDAY
 MAXIMUM            58  0122 PM    79  1993     60      -2     59
 MINIMUM            53  0330 AM    38  1994     48       5     47
 AVERAGE            56                          54       2     53

PRECIPITATION
(INCHES)
 YESTERDAY        0.69           2.34  2000   0.23    0.46   0.00
 MONTH TO DATE    3.65                        2.46    1.19   5.68
 SINCE JUN 1     13.75                        8.85    4.90   9.06
 SINCE JAN 1     52.86                       61.81   -8.95  67.25

SNOWFALL
(INCHES)
 YESTERDAY         0.0            0.0  2014    0.0     0.0    0.0
 MONTH TO DATE     0.0                         0.0     0.0    0.0
 SINCE JUN 1       0.0                         0.0     0.0    0.0
 SINCE JUL 1       0.0                         0.0     0.0    0.0
 SNOW DEPTH (IN)     0                                          0

DEGREE DAYS
 HEATING
  YESTERDAY          9                          11      -2     12
  MONTH TO DATE    106                         138     -32    152
  SINCE JUN 1      552                         564     -12    494
  SINCE JUL 1      106                         138     -32    152

 COOLING
  YESTERDAY          0                           0       0      0
  MONTH TO DATE      0                           0       0      0
  SINCE JUN 1        0                           0       0      0
  SINCE JAN 1        0                           0       0      0
...................................................................

WIND (MPH)
 HIGHEST WIND SPEED    13     HIGHEST WIND DIRECTION    120
 HIGHEST GUST SPEED    21     HIGHEST GUST DIRECTION    130
 AVERAGE WIND SPEED   5.8

SKY COVER
  POSSIBLE SUNSHINE    MM          AVERAGE SKY COVER     MM

WEATHER CONDITIONS
 THE FOLLOWING WEATHER WAS RECORDED YESTERDAY.
  FOG
RAIN


RELATIVE HUMIDITY
 HIGHEST RH     MM PERCENT       MM
 LOWEST  RH     MM PERCENT       MM
 AVERAGE RH     MM PERCENT       MM
...................................................................

THE YAKUTAT CLIMATE NORMALS FOR TODAY
                           NORMAL    RECORD   YEAR
 MAXIMUM TEMPERATURE (F)     60        76     1993
 MINIMUM TEMPERATURE (F)     49        38     2002

SUNRISE AND SUNSET
 JUL 13 2014..........SUNRISE  4:24 AM      SUNSET 10:25 PM
 JUL 14 2014..........SUNRISE  4:26 AM      SUNSET 10:23 PM

-  INDICATES NEGATIVE NUMBERS.
R  INDICATES RECORD HAS BEEN SET OR TIED.
MM INDICATES DATA IS MISSING.
T  INDICATES TRACE OF PRECIPITATION.

&&
-------------------------------------------------------------------

AMOUNT OF DAYLIGHT TODAY  (HOUR:MIN)........18 HOURS 1 MINUTES
GAIN/LOSS SINCE YESTERDAY (HOUR:MIN:SEC)....-0:03:17

$$
*** JUL 14
