000
CDAK47 PAYA 060006
CLIYAK

CLIMATE REPORT
NATIONAL WEATHER SERVICE YAKUTAT, AK
406 PM AKDT SUN JUL 5 2015

...................................
...THE YAKUTAT AP CLIMATE SUMMARY FOR JULY 5 2015...
VALID TODAY AS OF 2:00 PM LOCAL TIME

CLIMATE NORMAL PERIOD  1981 TO  2010
CLIMATE RECORD PERIOD  1948 TO  2015

WEATHER ITEM   OBSERVED TIME    RECORD YEAR NORMAL DEPARTURE LAST
               VALUE    (LST)   VALUE       VALUE  FROM      YEAR
                                                   NORMAL
...................................................................
TEMPERATURE
TODAY
 MAXIMUM            68  0159 PM    81  1972     59       9     63
 MINIMUM            47  0428 AM    36  1954     47       0     52
 AVERAGE            58                          53       5     58

PRECIPITATION
(INCHES)
 TODAY            0.00           1.79  2001   0.19   -0.19   0.17
 MONTH TO DATE    0.69                        0.99   -0.30   0.21
 SINCE JUN 1      9.34                        7.38    1.96  10.31
 SINCE JAN 1     59.92                       60.34   -0.42  49.42

SNOWFALL
(INCHES)
 TODAY             0.0            0.0  2015    0.0     0.0    0.0
 MONTH TO DATE     0.0                         0.0     0.0    0.0
 SINCE JUN 1       0.0                         0.0     0.0    0.0
 SINCE JUL 1       0.0                         0.0     0.0    0.0
 SNOW DEPTH (IN)     0                                          0

DEGREE DAYS
 HEATING
  TODAY              7                          12      -5      7
  MONTH TO DATE     42                          60     -18     36
  SINCE JUN 1      376                         486    -110    482
  SINCE JUL 1       42                          60     -18     36

 COOLING
  TODAY              0                           0       0      0
  MONTH TO DATE      0                           0       0      0
  SINCE JUN 1        0                           0       0      0
  SINCE JAN 1        0                           0       0      0
...................................................................

WIND (MPH)
 HIGHEST WIND SPEED    10     HIGHEST WIND DIRECTION    260
 HIGHEST GUST SPEED    16     HIGHEST GUST DIRECTION    250
 AVERAGE WIND SPEED    MM

SKY COVER
  POSSIBLE SUNSHINE  MM            AVERAGE SKY COVER MM

WEATHER CONDITIONS
 THE FOLLOWING WEATHER WAS RECORDED TODAY.


RELATIVE HUMIDITY
 HIGHEST RH     MM PERCENT       MM
 LOWEST  RH     MM PERCENT       MM
 AVERAGE RH     MM PERCENT       MM
...................................................................

THE YAKUTAT CLIMATE NORMALS FOR TOMORROW
                        NORMAL    RECORD   YEAR
 MAXIMUM TEMPERATURE      60        84     2009
 MINIMUM TEMPERATURE      48        38     1967

SUNRISE AND SUNSET
 JUL 5 2015..........SUNRISE  4:11 AM      SUNSET 10:36 PM
 JUL 6 2015..........SUNRISE  4:12 AM      SUNSET 10:35 PM

-  INDICATES NEGATIVE NUMBERS.
R  INDICATES RECORD HAS BEEN SET OR TIED.
MM INDICATES DATA IS MISSING.
T  INDICATES TRACE OF PRECIPITATION.

&&
-------------------------------------------------------------------

AMOUNT OF DAYLIGHT TODAY  (HOUR:MIN)........18 HOURS 25 MINUTES
GAIN/LOSS SINCE YESTERDAY (HOUR:MIN:SEC)....-0:02:15

$$
*** JUL 15
