000
CDAK47 PAYA 250924
CLIYAK

CLIMATE REPORT
NATIONAL WEATHER SERVICE YAKUTAT, AK
1225 AM AKST SUN JAN 25 2015

...................................
...THE YAKUTAT AP CLIMATE SUMMARY FOR JANUARY 24 2015...

CLIMATE NORMAL PERIOD  1981 TO  2010
CLIMATE RECORD PERIOD  1948 TO  2015

WEATHER ITEM   OBSERVED TIME    RECORD YEAR NORMAL DEPARTURE LAST
               VALUE    (LST)   VALUE       VALUE  FROM      YEAR
                                                   NORMAL
...................................................................
TEMPERATURE
YESTERDAY
 MAXIMUM            45  0331 AM    48  2014     34      11     48
 MINIMUM            38  0635 PM   -21  1993     22      16     36
 AVERAGE            42                          28      14     42

PRECIPITATION
(INCHES)
 YESTERDAY        0.34           2.30  1978   0.44   -0.10   0.01
 MONTH TO DATE   13.34                       10.79    2.55  24.81
 SINCE DEC 1     25.39                       27.07   -1.68  34.49
 SINCE JAN 1     13.34                       10.79    2.55  24.81

SNOWFALL
(INCHES)
 YESTERDAY         0.0           19.1  1949    1.1    -1.1    0.0
 MONTH TO DATE       T                        23.8   -23.8   21.4
 SINCE DEC 1       1.8                        47.0   -45.2   58.1
 SINCE JUL 1       7.1                        67.7   -60.6   67.3
 SNOW DEPTH (IN)     0                                          0

DEGREE DAYS
 HEATING
  YESTERDAY         23                          37     -14     23
  MONTH TO DATE    673                         887    -214    689
  SINCE DEC 1     1638                        1983    -345   1849
  SINCE JUL 1     4318                        4881    -563   4459

 COOLING
  YESTERDAY          0                           0       0      0
  MONTH TO DATE      0                           0       0      0
  SINCE DEC 1        0                           0       0      0
  SINCE JAN 1        0                           0       0      0
...................................................................

WIND (MPH)
 HIGHEST WIND SPEED    20     HIGHEST WIND DIRECTION    220
 HIGHEST GUST SPEED    26     HIGHEST GUST DIRECTION    230
 AVERAGE WIND SPEED   6.5

SKY COVER
  POSSIBLE SUNSHINE    MM          AVERAGE SKY COVER     MM

WEATHER CONDITIONS
 THE FOLLOWING WEATHER WAS RECORDED YESTERDAY.
  FOG
RAIN


RELATIVE HUMIDITY
 HIGHEST RH     MM PERCENT       MM
 LOWEST  RH     MM PERCENT       MM
 AVERAGE RH     MM PERCENT       MM
...................................................................

THE YAKUTAT CLIMATE NORMALS FOR TODAY
                           NORMAL    RECORD   YEAR
 MAXIMUM TEMPERATURE (F)     34        50     2014
 MINIMUM TEMPERATURE (F)     22       -18     1993

SUNRISE AND SUNSET
 JAN 25 2015..........SUNRISE  8:45 AM      SUNSET  4:18 PM
 JAN 26 2015..........SUNRISE  8:43 AM      SUNSET  4:21 PM

-  INDICATES NEGATIVE NUMBERS.
R  INDICATES RECORD HAS BEEN SET OR TIED.
MM INDICATES DATA IS MISSING.
T  INDICATES TRACE OF PRECIPITATION.

&&
-------------------------------------------------------------------

AMOUNT OF DAYLIGHT TODAY  (HOUR:MIN)........7 HOURS 33 MINUTES
GAIN/LOSS SINCE YESTERDAY (HOUR:MIN:SEC)....+0:04:27

$$
*** JAN 15
