309
CDAK47 PAJK 180115
CLIYAK
CLIMATE REPORT
NATIONAL WEATHER SERVICE JUNEAU, AK
407 PM AKST WED JAN 17 2018


...................................

...THE YAKUTAT CLIMATE SUMMARY FOR JANUARY 16 2018...

CLIMATE NORMAL PERIOD 1981 TO 2010
CLIMATE RECORD PERIOD 1917 TO 2018


WEATHER ITEM   OBSERVED RECORD YEAR NORMAL DEPARTURE LAST
                VALUE   VALUE       VALUE  FROM      YEAR
                                           NORMAL
...........................................................
TEMPERATURE (F)
 YESTERDAY
  MAXIMUM         53R    49    1926  34     19       42
  MINIMUM         43    -16    1971  22     21       31
  AVERAGE         48                 28     20       37

PRECIPITATION (IN)
  YESTERDAY        0.66   3.26 1965   0.43   0.23     1.64
  MONTH TO DATE   10.30               7.32   2.98     7.43
  SINCE JAN 1     10.30               7.32   2.98     7.43

SNOWFALL (IN)
  YESTERDAY        0.0   18.0  1970   1.1   -1.1      0.3
  MONTH TO DATE    1.8               15.6  -13.8      5.0
  SINCE JUL 1     39.9               59.5  -19.6     31.6
  SNOW DEPTH       0

DEGREE DAYS
 HEATING
  YESTERDAY       17                 37    -20       28
  MONTH TO DATE  462                591   -129      611
...........................................................


WIND (MPH)
  HIGHEST WIND SPEED    20   HIGHEST WIND DIRECTION     E (100)
  HIGHEST GUST SPEED    30   HIGHEST GUST DIRECTION     E (110)
  AVERAGE WIND SPEED    12.8


SKY COVER
  AVERAGE SKY COVER 1.0


WEATHER CONDITIONS
 THE FOLLOWING WEATHER WAS RECORDED YESTERDAY.
  LIGHT RAIN
  FOG


..........................................................


THE YAKUTAT CLIMATE NORMALS FOR TODAY
                         NORMAL    RECORD    YEAR
 MAXIMUM TEMPERATURE (F)   34        52      1930
 MINIMUM TEMPERATURE (F)   22       -17      1971


SUNRISE AND SUNSET
JANUARY 17 2018.......SUNRISE   859 AM AKST  SUNSET   359 PM AKST
JANUARY 18 2018.......SUNRISE   857 AM AKST  SUNSET   402 PM AKST


-  INDICATES NEGATIVE NUMBERS.
R  INDICATES RECORD WAS SET OR TIED.
MM INDICATES DATA IS MISSING.
T  INDICATES TRACE AMOUNT.




$$
--------------------------------------------------------------

AMOUNT OF DAYLIGHT TODAY (HOUR:MIN)......... 7 HOURS 01 MINUTES
GAIN/LOSS SINCE YESTERDAY (HOUR:MIN:SEC).... +0:03:51

$$
