000
CDAK47 PAYA 200927
CLIYAK

CLIMATE REPORT
NATIONAL WEATHER SERVICE YAKUTAT, AK
127 AM AKDT MON OCT 20 2014

...................................
...THE YAKUTAT AP CLIMATE SUMMARY FOR OCTOBER 19 2014...

CLIMATE NORMAL PERIOD  1981 TO  2010
CLIMATE RECORD PERIOD  1948 TO  2014

WEATHER ITEM   OBSERVED TIME    RECORD YEAR NORMAL DEPARTURE LAST
               VALUE    (LST)   VALUE       VALUE  FROM      YEAR
                                                   NORMAL
...................................................................
TEMPERATURE
YESTERDAY
 MAXIMUM         R  56  0257 PM    55  1953     47       9     52
 MINIMUM            41  0628 PM    13  1996     34       7     45
 AVERAGE            49                          40       9     49

PRECIPITATION
(INCHES)
 YESTERDAY        0.51           5.40  1987   0.69   -0.18   1.52
 MONTH TO DATE   11.64                       14.66   -3.02  14.40
 SINCE SEP 1     31.47                       35.77   -4.30  32.93
 SINCE JAN 1    110.27                      117.07   -6.80 110.56

SNOWFALL
(INCHES)
 YESTERDAY         0.0            2.4  1966    0.1    -0.1    0.0
 MONTH TO DATE     0.0                         0.6    -0.6    0.0
 SINCE SEP 1       0.0                         0.6    -0.6    0.0
 SINCE JUL 1       0.0                         0.6    -0.6    0.0
 SNOW DEPTH (IN)     0                                          0

DEGREE DAYS
 HEATING
  YESTERDAY         16                          25      -9     16
  MONTH TO DATE    403                         418     -15    365
  SINCE SEP 1      815                         916    -101    771
  SINCE JUL 1     1442                        1594    -152   1335

 COOLING
  YESTERDAY          0                           0       0      0
  MONTH TO DATE      0                           0       0      0
  SINCE SEP 1        0                           0       0      0
  SINCE JAN 1        0                           0       0      0
...................................................................

WIND (MPH)
 HIGHEST WIND SPEED    12     HIGHEST WIND DIRECTION    100
 HIGHEST GUST SPEED    18     HIGHEST GUST DIRECTION    100
 AVERAGE WIND SPEED   5.6

SKY COVER
  POSSIBLE SUNSHINE    MM          AVERAGE SKY COVER     MM

WEATHER CONDITIONS
 THE FOLLOWING WEATHER WAS RECORDED YESTERDAY.
  FOG
RAIN


RELATIVE HUMIDITY
 HIGHEST RH     MM PERCENT       MM
 LOWEST  RH     MM PERCENT       MM
 AVERAGE RH     MM PERCENT       MM
...................................................................

THE YAKUTAT CLIMATE NORMALS FOR TODAY
                           NORMAL    RECORD   YEAR
 MAXIMUM TEMPERATURE (F)     46        53     2005
 MINIMUM TEMPERATURE (F)     34         7     1996

SUNRISE AND SUNSET
 OCT 20 2014..........SUNRISE  8:10 AM      SUNSET  5:57 PM
 OCT 21 2014..........SUNRISE  8:13 AM      SUNSET  5:54 PM

-  INDICATES NEGATIVE NUMBERS.
R  INDICATES RECORD HAS BEEN SET OR TIED.
MM INDICATES DATA IS MISSING.
T  INDICATES TRACE OF PRECIPITATION.

&&
-------------------------------------------------------------------

AMOUNT OF DAYLIGHT TODAY  (HOUR:MIN)........9 HOURS 47 MINUTES
GAIN/LOSS SINCE YESTERDAY (HOUR:MIN:SEC)....-0:05:13

$$
*** OCT 14
