000
CDUS46 KPDT 240852
CLIYKM

CLIMATE REPORT
NATIONAL WEATHER SERVICE PENDLETON OR
141 AM PDT WED MAY 24 2017


...................................

...THE YAKIMA WA CLIMATE SUMMARY FOR MAY 23 2017...

CLIMATE NORMAL PERIOD 1981 TO 2010
CLIMATE RECORD PERIOD 1946 TO 2017


WEATHER ITEM   OBSERVED TIME   RECORD YEAR NORMAL DEPARTURE LAST
                VALUE   (LST)  VALUE       VALUE  FROM      YEAR
                                                  NORMAL
..................................................................
TEMPERATURE (F)
 YESTERDAY
  MAXIMUM         95    325 PM  98    2001  74     21       73
  MINIMUM         50    335 AM  26    1964  44      6       44
  AVERAGE         73                        59     14       59

PRECIPITATION (IN)
  YESTERDAY        0.00          0.29 1989   0.02  -0.02     0.00
  MONTH TO DATE    0.46                      0.41   0.05     0.64
  SINCE OCT 1     11.21                      6.62   4.59    10.10
  SINCE JAN 1      7.29                      3.50   3.79     5.45

SNOWFALL (IN)
  YESTERDAY        0.0           0.0  2002   0.0    0.0      0.0
                                      2001
                                      2000
  MONTH TO DATE    0.0                       0.0    0.0      0.0
  SINCE JAN 1     29.1                       8.6   20.5     12.5
  SINCE JUL 1     36.5                      21.6   14.9     31.4
  SNOW DEPTH       0

DEGREE DAYS
 HEATING
  YESTERDAY        0                         7     -7        6
  MONTH TO DATE  154                       215    -61       55
  SINCE MAR 1   1180                      1370   -190      810
  SINCE JUL 1   5609                      5897   -288     4560

 COOLING
  YESTERDAY        8                         1      7        0
  MONTH TO DATE   22                        12     10       33
  SINCE MAR 1     22                        13      9       39
  SINCE JAN 1     22                        13      9       39
..................................................................


WIND (MPH)
  HIGHEST WIND SPEED    29   HIGHEST WIND DIRECTION    NW (300)
  HIGHEST GUST SPEED    38   HIGHEST GUST DIRECTION     W (290)
  AVERAGE WIND SPEED    11.5


SKY COVER
  POSSIBLE SUNSHINE  MM
  AVERAGE SKY COVER 0.0


WEATHER CONDITIONS
 THE FOLLOWING WEATHER WAS RECORDED YESTERDAY.
  NO SIGNIFICANT WEATHER WAS OBSERVED.


RELATIVE HUMIDITY (PERCENT)
 HIGHEST    77           300 AM
 LOWEST     14           600 PM
 AVERAGE    46

..........................................................


THE YAKIMA WA CLIMATE NORMALS FOR TODAY
                         NORMAL    RECORD    YEAR
 MAXIMUM TEMPERATURE (F)   75        94      1999
 MINIMUM TEMPERATURE (F)   44        30      1989


SUNRISE AND SUNSET
MAY 24 2017...........SUNRISE   518 AM PDT   SUNSET   840 PM PDT
MAY 25 2017...........SUNRISE   518 AM PDT   SUNSET   841 PM PDT


-  INDICATES NEGATIVE NUMBERS.
R  INDICATES RECORD WAS SET OR TIED.
MM INDICATES DATA IS MISSING.
T  INDICATES TRACE AMOUNT.




$$
