000
CDUS46 KPDT 230933
CLIYKM

CLIMATE REPORT
NATIONAL WEATHER SERVICE PENDLETON OR
126 AM PST THU FEB 23 2017


...................................

...THE YAKIMA WA CLIMATE SUMMARY FOR FEBRUARY 22 2017...

CLIMATE NORMAL PERIOD 1981 TO 2010
CLIMATE RECORD PERIOD 1946 TO 2017


WEATHER ITEM   OBSERVED TIME   RECORD YEAR NORMAL DEPARTURE LAST
                VALUE   (LST)  VALUE       VALUE  FROM      YEAR
                                                  NORMAL
..................................................................
TEMPERATURE (F)
 YESTERDAY
  MAXIMUM         47    241 PM  67    2002  49     -2       56
  MINIMUM         26   1159 PM   1    1993  27     -1       23
  AVERAGE         37                        38     -1       40

PRECIPITATION (IN)
  YESTERDAY        0.00          0.28 2009   0.03  -0.03     0.00
  MONTH TO DATE    2.25                      0.62   1.63     0.39
  SINCE OCT 1      8.33                      4.88   3.45     7.35
  SINCE JAN 1      4.41                      1.76   2.65     2.70

SNOWFALL (IN)
  YESTERDAY        0.0           1.3  1957   0.1   -0.1      0.0
  MONTH TO DATE    9.9                       2.2    7.7      0.8
  SINCE JAN 1     29.0                       7.5   21.5     12.5
  SINCE JUL 1     36.4                      20.5   15.9     31.4
  SNOW DEPTH       0

DEGREE DAYS
 HEATING
  YESTERDAY       28                        27      1       25
  MONTH TO DATE  724                       649     75      501
  SINCE DEC 1   3214                      2834    380     2499
  SINCE JUL 1   4233                      4367   -134     3613

 COOLING
  YESTERDAY        0                         0      0        0
  MONTH TO DATE    0                         0      0        0
  SINCE DEC 1      0                         0      0        0
  SINCE JAN 1      0                         0      0        0
..................................................................


WIND (MPH)
  HIGHEST WIND SPEED    14   HIGHEST WIND DIRECTION     N (360)
  HIGHEST GUST SPEED    17   HIGHEST GUST DIRECTION     N (10)
  AVERAGE WIND SPEED     5.7


SKY COVER
  POSSIBLE SUNSHINE  MM
  AVERAGE SKY COVER 0.1


WEATHER CONDITIONS
 THE FOLLOWING WEATHER WAS RECORDED YESTERDAY.
  FOG


RELATIVE HUMIDITY (PERCENT)
 HIGHEST    92           100 AM
 LOWEST     37           200 PM
 AVERAGE    65

..........................................................


THE YAKIMA WA CLIMATE NORMALS FOR TODAY
                         NORMAL    RECORD    YEAR
 MAXIMUM TEMPERATURE (F)   49        69      1947
 MINIMUM TEMPERATURE (F)   27        16      1993


SUNRISE AND SUNSET
FEBRUARY 23 2017......SUNRISE   652 AM PST   SUNSET   540 PM PST
FEBRUARY 24 2017......SUNRISE   650 AM PST   SUNSET   541 PM PST


-  INDICATES NEGATIVE NUMBERS.
R  INDICATES RECORD WAS SET OR TIED.
MM INDICATES DATA IS MISSING.
T  INDICATES TRACE AMOUNT.




$$
