000
CDUS46 KPDT 300035
CLIYKM

CLIMATE REPORT
NATIONAL WEATHER SERVICE PENDLETON OR
534 PM PDT WED JUL 29 2015


...................................

...THE YAKIMA WA CLIMATE SUMMARY FOR JULY 29 2015...
VALID TODAY AS OF 0500 PM LOCAL TIME.

CLIMATE NORMAL PERIOD 1981 TO 2010
CLIMATE RECORD PERIOD 1946 TO 2015


WEATHER ITEM   OBSERVED TIME   RECORD YEAR NORMAL DEPARTURE LAST
                VALUE   (LST)  VALUE       VALUE  FROM      YEAR
                                                  NORMAL
..................................................................
TEMPERATURE (F)
 TODAY
  MAXIMUM         95    359 PM 105    2014  90      5      105
  MINIMUM         51    442 AM  44    1970  55     -4       63
  AVERAGE         73                        72      1       84

PRECIPITATION (IN)
  TODAY            0.00          0.08 1958   0.01  -0.01     0.00
  MONTH TO DATE    0.06                      0.21  -0.15     0.06
  SINCE OCT 1      6.39                      7.62  -1.23     3.89
  SINCE JAN 1      4.29                      4.50  -0.21     3.06

SNOWFALL (IN)
  TODAY            0.0           0.0  2002   0.0    0.0      0.0
                                      2001
                                      2000
  MONTH TO DATE    0.0                       0.0    0.0      0.0
  SINCE JAN 1      1.6                       8.6   -7.0     19.9
  SINCE JUL 1      0.0                       0.0    0.0      0.0
  SNOW DEPTH       0

DEGREE DAYS
 HEATING
  TODAY            0                         0      0        0
  MONTH TO DATE    0                        19    -19        5
  SINCE JUN 1      3                       117   -114       35
  SINCE JUL 1      0                        19    -19        5

 COOLING
  TODAY            8                         7      1       19
  MONTH TO DATE  351                       176    175      367
  SINCE JUN 1    658                       241    417      469
  SINCE JAN 1    750                       261    489      492
..................................................................


WIND (MPH)
  HIGHEST WIND SPEED    12   HIGHEST WIND DIRECTION     E (90)
  HIGHEST GUST SPEED    17   HIGHEST GUST DIRECTION     S (160)
  AVERAGE WIND SPEED     5.6


SKY COVER
  POSSIBLE SUNSHINE  MM
  AVERAGE SKY COVER 0.0


WEATHER CONDITIONS
 THE FOLLOWING WEATHER WAS RECORDED TODAY.
  NO SIGNIFICANT WEATHER WAS OBSERVED.


RELATIVE HUMIDITY (PERCENT)
 HIGHEST    66           200 AM
 LOWEST     12           400 PM
 AVERAGE    39

..........................................................


THE YAKIMA WA CLIMATE NORMALS FOR TOMORROW
                         NORMAL    RECORD    YEAR
 MAXIMUM TEMPERATURE (F)   90       104      2014
                                             2003
                                             1971
 MINIMUM TEMPERATURE (F)   54        45      2006
                                             1993
                                             1957


SUNRISE AND SUNSET
JULY 29 2015..........SUNRISE   539 AM PDT   SUNSET   837 PM PDT
JULY 30 2015..........SUNRISE   540 AM PDT   SUNSET   836 PM PDT


-  INDICATES NEGATIVE NUMBERS.
R  INDICATES RECORD WAS SET OR TIED.
MM INDICATES DATA IS MISSING.
T  INDICATES TRACE AMOUNT.




$$
