000
CDUS46 KPDT 190852
CLIYKM

CLIMATE REPORT
NATIONAL WEATHER SERVICE PENDLETON OR
150 AM PDT FRI SEP 19 2014


...................................

...THE YAKIMA WA CLIMATE SUMMARY FOR SEPTEMBER 18 2014...

CLIMATE NORMAL PERIOD 1981 TO 2010
CLIMATE RECORD PERIOD 1946 TO 2014


WEATHER ITEM   OBSERVED TIME   RECORD YEAR NORMAL DEPARTURE LAST
                VALUE   (LST)  VALUE       VALUE  FROM      YEAR
                                                  NORMAL
..................................................................
TEMPERATURE (F)
 YESTERDAY
  MAXIMUM         80    204 PM  92    1952  77      3       75
  MINIMUM         54   1157 PM  30    1988  43     11       43
  AVERAGE         67                        60      7       59

PRECIPITATION (IN)
  YESTERDAY        0.00          0.30 1959   0.02  -0.02     0.00
  MONTH TO DATE    T                         0.21  -0.21     0.11
  SINCE OCT 1      4.79                      8.10  -3.31     8.27
  SINCE JAN 1      3.96                      4.98  -1.02     4.47

SNOWFALL (IN)
  YESTERDAY        0.0           0.0  2002   0.0    0.0      0.0
                                      2001
                                      1999
  MONTH TO DATE    0.0                       0.0    0.0      0.0
  SINCE JAN 1     19.9                       8.6   11.3      1.1
  SINCE JUL 1      0.0                       0.0    0.0      0.0
  SNOW DEPTH       0

DEGREE DAYS
 HEATING
  YESTERDAY        0                         6     -6        6
  MONTH TO DATE   40                        66    -26       14
  SINCE SEP 1     40                        66    -26       14
  SINCE JUL 1     46                       114    -68       14

 COOLING
  YESTERDAY        2                         1      1        0
  MONTH TO DATE   19                        27     -8      135
  SINCE SEP 1     19                        27     -8      135
  SINCE JAN 1    846                       467    379      970
..................................................................


WIND (MPH)
  HIGHEST WIND SPEED    20   HIGHEST WIND DIRECTION    NW (310)
  HIGHEST GUST SPEED    31   HIGHEST GUST DIRECTION    NW (320)
  AVERAGE WIND SPEED     4.8


SKY COVER
  POSSIBLE SUNSHINE  MM
  AVERAGE SKY COVER 0.5


WEATHER CONDITIONS
 THE FOLLOWING WEATHER WAS RECORDED YESTERDAY.
  NO SIGNIFICANT WEATHER WAS OBSERVED.


RELATIVE HUMIDITY (PERCENT)
 HIGHEST    78           700 AM
 LOWEST     37           100 PM
 AVERAGE    58

..........................................................


THE YAKIMA WA CLIMATE NORMALS FOR TODAY
                         NORMAL    RECORD    YEAR
 MAXIMUM TEMPERATURE (F)   77        90      2012
                                             1967
                                             1952
 MINIMUM TEMPERATURE (F)   43        31      1971


SUNRISE AND SUNSET
SEPTEMBER 19 2014.....SUNRISE   645 AM PDT   SUNSET   706 PM PDT
SEPTEMBER 20 2014.....SUNRISE   647 AM PDT   SUNSET   704 PM PDT


-  INDICATES NEGATIVE NUMBERS.
R  INDICATES RECORD WAS SET OR TIED.
MM INDICATES DATA IS MISSING.
T  INDICATES TRACE AMOUNT.




$$
