000
CDUS46 KPDT 230955
CLIYKM

CLIMATE REPORT
NATIONAL WEATHER SERVICE PENDLETON OR
155 AM PST SUN NOV 23 2014


...................................

...THE YAKIMA WA CLIMATE SUMMARY FOR NOVEMBER 22 2014...

CLIMATE NORMAL PERIOD 1981 TO 2010
CLIMATE RECORD PERIOD 1946 TO 2014


WEATHER ITEM   OBSERVED TIME   RECORD YEAR NORMAL DEPARTURE LAST
                VALUE   (LST)  VALUE       VALUE  FROM      YEAR
                                                  NORMAL
..................................................................
TEMPERATURE (F)
 YESTERDAY
  MAXIMUM         49    330 PM  66    1959  44      5       41
  MINIMUM         27    721 AM -11    1985  25      2        9
  AVERAGE         38                        35      3       25

PRECIPITATION (IN)
  YESTERDAY        T             0.38 1946   0.03  -0.03     0.00
  MONTH TO DATE    0.31                      0.72  -0.41     0.38
  SINCE OCT 1      1.17                      1.26  -0.09     0.51
  SINCE JAN 1      5.59                      6.39  -0.80     5.17

SNOWFALL (IN)
  YESTERDAY        0.0           4.0  1946   0.2   -0.2      0.0
  MONTH TO DATE    0.0                       1.8   -1.8      0.0
  SINCE JAN 1     19.9                      10.5    9.4      1.1
  SINCE JUL 1      0.0                       1.9   -1.9      0.0
  SNOW DEPTH       0

DEGREE DAYS
 HEATING
  YESTERDAY       27                        30     -3       40
  MONTH TO DATE  610                       575     35      513
  SINCE SEP 1    973                      1231   -258     1129
  SINCE JUL 1    979                      1279   -300     1129

 COOLING
  YESTERDAY        0                         0      0        0
  MONTH TO DATE    0                         0      0        0
  SINCE SEP 1     44                        32     12      135
  SINCE JAN 1    871                       472    399      970
..................................................................


WIND (MPH)
  HIGHEST WIND SPEED    14   HIGHEST WIND DIRECTION     W (260)
  HIGHEST GUST SPEED    20   HIGHEST GUST DIRECTION     W (270)
  AVERAGE WIND SPEED     4.2


SKY COVER
  POSSIBLE SUNSHINE  MM
  AVERAGE SKY COVER 0.4


WEATHER CONDITIONS
THE FOLLOWING WEATHER WAS RECORDED YESTERDAY.
  LIGHT RAIN
  FOG
  FOG W/VISIBILITY <= 1/4 MILE
  HAZE


RELATIVE HUMIDITY (PERCENT)
 HIGHEST    92           500 AM
 LOWEST     53           400 PM
 AVERAGE    73

..........................................................


THE YAKIMA WA CLIMATE NORMALS FOR TODAY
                         NORMAL    RECORD    YEAR
 MAXIMUM TEMPERATURE (F)   44        69      1959
 MINIMUM TEMPERATURE (F)   25       -13      1985


SUNRISE AND SUNSET
NOVEMBER 23 2014......SUNRISE   715 AM PST   SUNSET   421 PM PST
NOVEMBER 24 2014......SUNRISE   717 AM PST   SUNSET   421 PM PST


-  INDICATES NEGATIVE NUMBERS.
R  INDICATES RECORD WAS SET OR TIED.
MM INDICATES DATA IS MISSING.
T  INDICATES TRACE AMOUNT.

$$
