120
CDUS46 KPDT 220914 RRA
CLIYKM

CLIMATE REPORT
NATIONAL WEATHER SERVICE PENDLETON OR
114 AM PST SUN JAN 22 2017


...................................

...THE YAKIMA WA CLIMATE SUMMARY FOR JANUARY 21 2017...

CLIMATE NORMAL PERIOD 1981 TO 2010
CLIMATE RECORD PERIOD 1946 TO 2017


WEATHER ITEM   OBSERVED TIME   RECORD YEAR NORMAL DEPARTURE LAST
                VALUE   (LST)  VALUE       VALUE  FROM      YEAR
                                                  NORMAL
..................................................................
TEMPERATURE (F)
 YESTERDAY
  MAXIMUM         44    123 PM  62    1968  40      4       42
  MINIMUM         33   1159 PM -10    1957  24      9       35
  AVERAGE         39                        32      7       39

PRECIPITATION (IN)
  YESTERDAY        0.04          0.23 1954   0.04   0.00     0.07
  MONTH TO DATE    1.65                      0.83   0.82     1.83
  SINCE OCT 1      5.57                      3.95   1.62     6.48
  SINCE JAN 1      1.65                      0.83   0.82     1.83

SNOWFALL (IN)
  YESTERDAY        0.0           4.0  1954   0.1   -0.1      0.0
  MONTH TO DATE   13.5                       4.1    9.4     11.7
  SINCE JAN 1     13.5                       4.1    9.4     11.7
  SINCE JUL 1     20.9                      17.1    3.8     30.6
  SNOW DEPTH      MM

DEGREE DAYS
 HEATING
  YESTERDAY       26                        33     -7       26
  MONTH TO DATE  948                       735    213      698
  SINCE DEC 1   2149                      1865    284     1733
  SINCE JUL 1   3168                      3398   -230     2847

 COOLING
  YESTERDAY        0                         0      0        0
  MONTH TO DATE    0                         0      0        0
  SINCE DEC 1      0                         0      0        0
  SINCE JAN 1      0                         0      0        0
..................................................................


WIND (MPH)
  HIGHEST WIND SPEED     8   HIGHEST WIND DIRECTION     W (250)
  HIGHEST GUST SPEED     9   HIGHEST GUST DIRECTION     W (250)
  AVERAGE WIND SPEED     1.0


SKY COVER
  POSSIBLE SUNSHINE  MM
  AVERAGE SKY COVER 1.0


WEATHER CONDITIONS
 THE FOLLOWING WEATHER WAS RECORDED YESTERDAY.
  LIGHT RAIN
  FOG
  HAZE


RELATIVE HUMIDITY (PERCENT)
 HIGHEST    92          1200 AM
 LOWEST     79          1200 PM
 AVERAGE    86

..........................................................


THE YAKIMA WA CLIMATE NORMALS FOR TODAY
                         NORMAL    RECORD    YEAR
 MAXIMUM TEMPERATURE (F)   40        55      2011
                                             1950
 MINIMUM TEMPERATURE (F)   24        -3      1969


SUNRISE AND SUNSET
JANUARY 22 2017.......SUNRISE   736 AM PST   SUNSET   452 PM PST
JANUARY 23 2017.......SUNRISE   735 AM PST   SUNSET   453 PM PST


-  INDICATES NEGATIVE NUMBERS.
R  INDICATES RECORD WAS SET OR TIED.
MM INDICATES DATA IS MISSING.
T  INDICATES TRACE AMOUNT.

$$
