000
CDUS46 KPDT 070828 RRA
CLIYKM

CLIMATE REPORT
NATIONAL WEATHER SERVICE PENDLETON OR
126 AM PDT TUE JUL 7 2015


...................................

...THE YAKIMA WA CLIMATE SUMMARY FOR JULY 6 2015...

CLIMATE NORMAL PERIOD 1981 TO 2010
CLIMATE RECORD PERIOD 1946 TO 2015


WEATHER ITEM   OBSERVED TIME   RECORD YEAR NORMAL DEPARTURE LAST
                VALUE   (LST)  VALUE       VALUE  FROM      YEAR
                                                  NORMAL
..................................................................
TEMPERATURE (F)
 YESTERDAY
  MAXIMUM        102R   500 PM 101    1968  86     16       97
  MINIMUM         63    308 AM  36    1988  52     11       60
  AVERAGE         83                        69     14       79

PRECIPITATION (IN)
  YESTERDAY        0.00          0.10 1995   0.01  -0.01     0.00
  MONTH TO DATE    0.00                      0.06  -0.06     0.00
  SINCE OCT 1      6.33                      7.47  -1.14     3.83
  SINCE JAN 1      4.23                      4.35  -0.12     3.00

SNOWFALL (IN)
  YESTERDAY        0.0           0.0  2002   0.0    0.0      0.0
                                      2001
                                      2000
  MONTH TO DATE    0.0                       0.0    0.0      0.0
  SINCE JAN 1      1.6                       8.6   -7.0     19.9
  SINCE JUL 1      0.0                       0.0    0.0      0.0
  SNOW DEPTH       0

DEGREE DAYS
 HEATING
  YESTERDAY        0                         1     -1        0
  MONTH TO DATE    0                         6     -6        0
  SINCE JUN 1      3                       104   -101       30
  SINCE JUL 1      0                         6     -6        0

 COOLING
  YESTERDAY       18                         5     13       14
  MONTH TO DATE  119                        26     93       68
  SINCE JUN 1    426                        91    335      170
  SINCE JAN 1    518                       111    407      193
..................................................................


WIND (MPH)
  HIGHEST WIND SPEED    18   HIGHEST WIND DIRECTION     W (290)
  HIGHEST GUST SPEED    29   HIGHEST GUST DIRECTION    NW (300)
  AVERAGE WIND SPEED     8.4


SKY COVER
  POSSIBLE SUNSHINE  MM
  AVERAGE SKY COVER 0.0


WEATHER CONDITIONS
 THE FOLLOWING WEATHER WAS RECORDED YESTERDAY.
  HAZE


RELATIVE HUMIDITY (PERCENT)
 HIGHEST    52           100 AM
 LOWEST     13           600 PM
 AVERAGE    33

..........................................................


THE YAKIMA WA CLIMATE NORMALS FOR TODAY
                         NORMAL    RECORD    YEAR
 MAXIMUM TEMPERATURE (F)   86       100      2012
                                             1960
 MINIMUM TEMPERATURE (F)   52        34      1971


SUNRISE AND SUNSET
JULY  7 2015..........SUNRISE   517 AM PDT   SUNSET   857 PM PDT
JULY  8 2015..........SUNRISE   518 AM PDT   SUNSET   856 PM PDT


-  INDICATES NEGATIVE NUMBERS.
R  INDICATES RECORD WAS SET OR TIED.
MM INDICATES DATA IS MISSING.
T  INDICATES TRACE AMOUNT.




$$
