000
CDUS46 KPDT 290910
CLIYKM

CLIMATE REPORT
NATIONAL WEATHER SERVICE PENDLETON OR
157 AM PDT FRI AUG 29 2014


...................................

...THE YAKIMA WA CLIMATE SUMMARY FOR AUGUST 28 2014...

CLIMATE NORMAL PERIOD 1981 TO 2010
CLIMATE RECORD PERIOD 1946 TO 2014


WEATHER ITEM   OBSERVED TIME   RECORD YEAR NORMAL DEPARTURE LAST
                VALUE   (LST)  VALUE       VALUE  FROM      YEAR
                                                  NORMAL
..................................................................
TEMPERATURE (F)
 YESTERDAY
  MAXIMUM         90    405 PM 102    1972  84      6       90
  MINIMUM         57    521 AM  37    1980  49      8       56
  AVERAGE         74                        66      8       73

PRECIPITATION (IN)
  YESTERDAY        0.00          0.17 1975   0.01  -0.01     0.00
  MONTH TO DATE    0.90                      0.23   0.67     0.15
  SINCE OCT 1      4.79                      7.86  -3.07     8.12
  SINCE JAN 1      3.96                      4.74  -0.78     4.32

SNOWFALL (IN)
  YESTERDAY        0.0           0.0  2002   0.0    0.0      0.0
                                      2001
                                      1999
  MONTH TO DATE    0.0                       0.0    0.0      0.0
  SINCE JAN 1     19.9                       8.6   11.3      1.1
  SINCE JUL 1      0.0                       0.0    0.0      0.0
  SNOW DEPTH       0

DEGREE DAYS
 HEATING
  YESTERDAY        0                         2     -2        0
  MONTH TO DATE    0                        22    -22        0
  SINCE JUN 1     35                       141   -106       39
  SINCE JUL 1      5                        43    -38        0

 COOLING
  YESTERDAY        9                         3      6        8
  MONTH TO DATE  289                       150    139      253
  SINCE JUN 1    799                       410    389      764
  SINCE JAN 1    822                       430    392      816
..................................................................


WIND (MPH)
  HIGHEST WIND SPEED    14   HIGHEST WIND DIRECTION     N (340)
  HIGHEST GUST SPEED    18   HIGHEST GUST DIRECTION    NW (310)
  AVERAGE WIND SPEED     5.5


SKY COVER
  POSSIBLE SUNSHINE  MM
  AVERAGE SKY COVER 0.0


WEATHER CONDITIONS
 THE FOLLOWING WEATHER WAS RECORDED YESTERDAY.
  NO SIGNIFICANT WEATHER WAS OBSERVED.


RELATIVE HUMIDITY (PERCENT)
 HIGHEST    80           500 AM
 LOWEST     21           100 PM
 AVERAGE    51

..........................................................


THE YAKIMA WA CLIMATE NORMALS FOR TODAY
                         NORMAL    RECORD    YEAR
 MAXIMUM TEMPERATURE (F)   84        98      1998
                                             1972
 MINIMUM TEMPERATURE (F)   49        36      1980


SUNRISE AND SUNSET
AUGUST 29 2014........SUNRISE   618 AM PDT   SUNSET   747 PM PDT
AUGUST 30 2014........SUNRISE   620 AM PDT   SUNSET   745 PM PDT


-  INDICATES NEGATIVE NUMBERS.
R  INDICATES RECORD WAS SET OR TIED.
MM INDICATES DATA IS MISSING.
T  INDICATES TRACE AMOUNT.




$$
