834
CDUS46 KPDT 290833
CLIYKM

CLIMATE REPORT
NATIONAL WEATHER SERVICE PENDLETON OR
133 AM PDT MON AUG 29 2016


...................................

...THE YAKIMA WA CLIMATE SUMMARY FOR AUGUST 28 2016...

CLIMATE NORMAL PERIOD 1981 TO 2010
CLIMATE RECORD PERIOD 1946 TO 2016


WEATHER ITEM   OBSERVED TIME   RECORD YEAR NORMAL DEPARTURE LAST
                VALUE   (LST)  VALUE       VALUE  FROM      YEAR
                                                  NORMAL
..................................................................
TEMPERATURE (F)
 YESTERDAY
  MAXIMUM         90    520 PM 102    1972  84      6       85
  MINIMUM         57   1159 PM  37    1980  49      8       63
  AVERAGE         74                        66      8       74

PRECIPITATION (IN)
  YESTERDAY        0.00          0.17 1975   0.01  -0.01      T
  MONTH TO DATE    T                         0.23  -0.23      T
  SINCE OCT 1     10.54                      7.86   2.68     6.39
  SINCE JAN 1      5.89                      4.74   1.15     4.29

SNOWFALL (IN)
  YESTERDAY        0.0           0.0  2002   0.0    0.0      0.0
                                      2001
                                      1999
  MONTH TO DATE    0.0                       0.0    0.0      0.0
  SINCE JAN 1     12.5                       8.6    3.9      1.6
  SINCE JUL 1      0.0                       0.0    0.0      0.0
  SNOW DEPTH       0

DEGREE DAYS
 HEATING
  YESTERDAY        0                         2     -2        0
  MONTH TO DATE    3                        22    -19        1
  SINCE JUN 1     71                       141    -70        4
  SINCE JUL 1      3                        43    -40        1

 COOLING
  YESTERDAY        9                         3      6        9
  MONTH TO DATE  240                       150     90      270
  SINCE JUN 1    699                       410    289      959
  SINCE JAN 1    738                       430    308     1051
..................................................................


WIND (MPH)
  HIGHEST WIND SPEED    10   HIGHEST WIND DIRECTION     W (270)
  HIGHEST GUST SPEED    13   HIGHEST GUST DIRECTION     E (90)
  AVERAGE WIND SPEED     3.6


SKY COVER
  POSSIBLE SUNSHINE  MM
  AVERAGE SKY COVER 0.0


WEATHER CONDITIONS
 THE FOLLOWING WEATHER WAS RECORDED YESTERDAY.
  NO SIGNIFICANT WEATHER WAS OBSERVED.


RELATIVE HUMIDITY (PERCENT)
 HIGHEST    67           500 AM
 LOWEST     16           300 PM
 AVERAGE    42

..........................................................


THE YAKIMA WA CLIMATE NORMALS FOR TODAY
                         NORMAL    RECORD    YEAR
 MAXIMUM TEMPERATURE (F)   84        98      1998
                                             1972
 MINIMUM TEMPERATURE (F)   49        36      1980


SUNRISE AND SUNSET
AUGUST 29 2016........SUNRISE   619 AM PDT   SUNSET   746 PM PDT
AUGUST 30 2016........SUNRISE   620 AM PDT   SUNSET   744 PM PDT


-  INDICATES NEGATIVE NUMBERS.
R  INDICATES RECORD WAS SET OR TIED.
MM INDICATES DATA IS MISSING.
T  INDICATES TRACE AMOUNT.


$$
