000
CDUS46 KPDT 260856 RRA
CLIYKM

CLIMATE REPORT
NATIONAL WEATHER SERVICE PENDLETON OR
156 AM PDT TUE MAY 26 2015


...................................

...THE YAKIMA WA CLIMATE SUMMARY FOR MAY 25 2015...

CLIMATE NORMAL PERIOD 1981 TO 2010
CLIMATE RECORD PERIOD 1946 TO 2015


WEATHER ITEM   OBSERVED TIME   RECORD YEAR NORMAL DEPARTURE LAST
                VALUE   (LST)  VALUE       VALUE  FROM      YEAR
                                                  NORMAL
..................................................................
TEMPERATURE (F)
 YESTERDAY
  MAXIMUM         80    356 PM  95    1947  75      5       77
  MINIMUM         60    522 AM  31    1984  45     15       49
                                      1973
  AVERAGE         70                        60     10       63

PRECIPITATION (IN)
  YESTERDAY        T             0.26 1981   0.02  -0.02      T
  MONTH TO DATE    1.80                      0.45   1.35     0.12
  SINCE OCT 1      6.32                      6.66  -0.34     3.74
  SINCE JAN 1      4.22                      3.54   0.68     2.91

SNOWFALL (IN)
  YESTERDAY        0.0           0.0  2002   0.0    0.0      0.0
                                      2001
                                      2000
  MONTH TO DATE    0.0                       0.0    0.0      0.0
  SINCE JAN 1      1.6                       8.6   -7.0     19.9
  SINCE JUL 1      1.6                      21.6  -20.0     19.9
  SNOW DEPTH       0

DEGREE DAYS
 HEATING
  YESTERDAY        0                         6     -6        2
  MONTH TO DATE   86                       227   -141      117
  SINCE MAR 1    925                      1382   -457     1132
  SINCE JUL 1   4507                      5909  -1402     5534

 COOLING
  YESTERDAY        5                         1      4        0
  MONTH TO DATE   51                        14     37       19
  SINCE MAR 1     51                        15     36       19
  SINCE JAN 1     51                        15     36       19
..................................................................


WIND (MPH)
  HIGHEST WIND SPEED    26   HIGHEST WIND DIRECTION    NW (310)
  HIGHEST GUST SPEED    38   HIGHEST GUST DIRECTION    NW (320)
  AVERAGE WIND SPEED     8.8


SKY COVER
  POSSIBLE SUNSHINE  MM
  AVERAGE SKY COVER 0.2


WEATHER CONDITIONS
 THE FOLLOWING WEATHER WAS RECORDED YESTERDAY.
  LIGHT RAIN


RELATIVE HUMIDITY (PERCENT)
 HIGHEST    48           200 AM
 LOWEST     26          1200 PM
 AVERAGE    37

..........................................................


THE YAKIMA WA CLIMATE NORMALS FOR TODAY
                         NORMAL    RECORD    YEAR
 MAXIMUM TEMPERATURE (F)   75        98      1958
 MINIMUM TEMPERATURE (F)   45        31      1973


SUNRISE AND SUNSET
MAY 26 2015...........SUNRISE   517 AM PDT   SUNSET   842 PM PDT
MAY 27 2015...........SUNRISE   516 AM PDT   SUNSET   843 PM PDT


-  INDICATES NEGATIVE NUMBERS.
R  INDICATES RECORD WAS SET OR TIED.
MM INDICATES DATA IS MISSING.
T  INDICATES TRACE AMOUNT.

$$
