000
CDUS46 KPDT 220835 RRA
CLIYKM

CLIMATE REPORT
NATIONAL WEATHER SERVICE PENDLETON OR
133 AM PDT TUE AUG 22 2017


...................................

...THE YAKIMA WA CLIMATE SUMMARY FOR AUGUST 21 2017...

CLIMATE NORMAL PERIOD 1981 TO 2010
CLIMATE RECORD PERIOD 1946 TO 2017


WEATHER ITEM   OBSERVED TIME   RECORD YEAR NORMAL DEPARTURE LAST
                VALUE   (LST)  VALUE       VALUE  FROM      YEAR
                                                  NORMAL
..................................................................
TEMPERATURE (F)
 YESTERDAY
  MAXIMUM         90    356 PM 100    1958  86      4       97
  MINIMUM         54    408 AM  40    1985  51      3       52
  AVERAGE         72                        68      4       75

PRECIPITATION (IN)
  YESTERDAY        0.00          1.64 1990   0.01  -0.01     0.00
  MONTH TO DATE    0.12                      0.16  -0.04      T
  SINCE OCT 1     11.61                      7.79   3.82    10.54
  SINCE JAN 1      7.69                      4.67   3.02     5.89

SNOWFALL (IN)
  YESTERDAY        0.0           0.0  2002   0.0    0.0      0.0
                                      2001
                                      1999
  MONTH TO DATE    0.0                       0.0    0.0      0.0
  SINCE JAN 1     29.1                       8.6   20.5     12.5
  SINCE JUL 1      0.0                       0.0    0.0      0.0
  SNOW DEPTH       0

DEGREE DAYS
 HEATING
  YESTERDAY        0                         1     -1        0
  MONTH TO DATE    0                        14    -14        3
  SINCE JUN 1     51                       133    -82       71
  SINCE JUL 1      0                        35    -35        3

 COOLING
  YESTERDAY        7                         4      3       10
  MONTH TO DATE  266                       126    140      196
  SINCE JUN 1    790                       386    404      655
  SINCE JAN 1    847                       406    441      694
..................................................................


WIND (MPH)
  HIGHEST WIND SPEED    10   HIGHEST WIND DIRECTION     S (160)
  HIGHEST GUST SPEED    12   HIGHEST GUST DIRECTION     S (170)
  AVERAGE WIND SPEED     6.2


SKY COVER
  POSSIBLE SUNSHINE  MM
  AVERAGE SKY COVER 0.0


WEATHER CONDITIONS
 THE FOLLOWING WEATHER WAS RECORDED YESTERDAY.
  NO SIGNIFICANT WEATHER WAS OBSERVED.


RELATIVE HUMIDITY (PERCENT)
 HIGHEST    77           400 AM
 LOWEST     25           600 PM
 AVERAGE    51

..........................................................


THE YAKIMA WA CLIMATE NORMALS FOR TODAY
                         NORMAL    RECORD    YEAR
 MAXIMUM TEMPERATURE (F)   86        99      1961
                                             1956
 MINIMUM TEMPERATURE (F)   51        35      1960


SUNRISE AND SUNSET
AUGUST 22 2017........SUNRISE   610 AM PDT   SUNSET   759 PM PDT
AUGUST 23 2017........SUNRISE   611 AM PDT   SUNSET   757 PM PDT


-  INDICATES NEGATIVE NUMBERS.
R  INDICATES RECORD WAS SET OR TIED.
MM INDICATES DATA IS MISSING.
T  INDICATES TRACE AMOUNT.




$$
