000
CDUS46 KPDT 280832
CLIYKM

CLIMATE REPORT
NATIONAL WEATHER SERVICE PENDLETON OR
132 AM PDT SAT MAR 28 2015


...................................

...THE YAKIMA WA CLIMATE SUMMARY FOR MARCH 27 2015...

CLIMATE NORMAL PERIOD 1981 TO 2010
CLIMATE RECORD PERIOD 1946 TO 2015


WEATHER ITEM   OBSERVED TIME   RECORD YEAR NORMAL DEPARTURE LAST
                VALUE   (LST)  VALUE       VALUE  FROM      YEAR
                                                  NORMAL
..................................................................
TEMPERATURE (F)
 YESTERDAY
  MAXIMUM         80R   419 PM  75    1994  60     20       63
  MINIMUM         42    552 AM  19    1975  32     10       30
  AVERAGE         61                        46     15       47

PRECIPITATION (IN)
  YESTERDAY        0.00          0.38 1963   0.02  -0.02     0.00
  MONTH TO DATE    0.73                      0.56   0.17     0.57
  SINCE OCT 1      4.52                      5.60  -1.08     3.13
  SINCE JAN 1      2.42                      2.48  -0.06     2.30

SNOWFALL (IN)
  YESTERDAY        0.0           T    2008   0.0    0.0      0.0
  MONTH TO DATE    0.0                       0.7   -0.7      1.7
  SINCE JAN 1      1.6                       8.6   -7.0     19.9
  SINCE JUL 1      1.6                      21.6  -20.0     19.9
  SNOW DEPTH       0

DEGREE DAYS
 HEATING
  YESTERDAY        4                        19    -15       18
  MONTH TO DATE  411                       600   -189      549
  SINCE MAR 1    411                       600   -189      549
  SINCE JUL 1   3993                      5127  -1134     4951

 COOLING
  YESTERDAY        0                         0      0        0
  MONTH TO DATE    0                         0      0        0
  SINCE MAR 1      0                         0      0        0
  SINCE JAN 1      0                         0      0        0
..................................................................


WIND (MPH)
  HIGHEST WIND SPEED    30   HIGHEST WIND DIRECTION    NW (300)
  HIGHEST GUST SPEED    45   HIGHEST GUST DIRECTION     W (290)
  AVERAGE WIND SPEED     8.0


SKY COVER
  POSSIBLE SUNSHINE  MM
  AVERAGE SKY COVER 0.1


WEATHER CONDITIONS
 THE FOLLOWING WEATHER WAS RECORDED YESTERDAY.
  NO SIGNIFICANT WEATHER WAS OBSERVED.


RELATIVE HUMIDITY (PERCENT)
 HIGHEST    89           200 AM
 LOWEST     23           400 PM
 AVERAGE    56

..........................................................


THE YAKIMA WA CLIMATE NORMALS FOR TODAY
                         NORMAL    RECORD    YEAR
 MAXIMUM TEMPERATURE (F)   60        77      1994
 MINIMUM TEMPERATURE (F)   32        18      1954


SUNRISE AND SUNSET
MARCH 28 2015.........SUNRISE   650 AM PDT   SUNSET   726 PM PDT
MARCH 29 2015.........SUNRISE   648 AM PDT   SUNSET   727 PM PDT


-  INDICATES NEGATIVE NUMBERS.
R  INDICATES RECORD WAS SET OR TIED.
MM INDICATES DATA IS MISSING.
T  INDICATES TRACE AMOUNT.




$$
