000
CDUS41 KCLE 240545
CLIYNG


CLIMATE REPORT
NATIONAL WEATHER SERVICE CLEVELAND OH
145 AM EDT TUE OCT 24 2017


...................................

...THE YOUNGSTOWN OH CLIMATE SUMMARY FOR OCTOBER 23 2017...

CLIMATE NORMAL PERIOD 1981 TO 2010
CLIMATE RECORD PERIOD 1897 TO 2017


WEATHER ITEM   OBSERVED TIME   RECORD YEAR NORMAL DEPARTURE LAST
                VALUE   (LST)  VALUE       VALUE  FROM      YEAR
                                                  NORMAL
..................................................................
TEMPERATURE (F)
 YESTERDAY
  MAXIMUM         67    109 PM  78    1931  58      9       63
  MINIMUM         55   1001 PM  23    1969  40     15       39
  AVERAGE         61                        49     12       51

PRECIPITATION (IN)
  YESTERDAY        0.61                      0.08   0.53     0.00
  MONTH TO DATE    2.33                      2.07   0.26     5.39
  SINCE SEP 1      3.27                      5.82  -2.55     9.59
  SINCE JAN 1     35.99                     32.04   3.95    38.09

SNOWFALL (IN)
  YESTERDAY        0.0                       0.0    0.0      0.0
  MONTH TO DATE    0.0                       0.4   -0.4      0.0
  SINCE SEP 1      0.0                       0.4   -0.4      0.0
  SINCE JUL 1      0.0                       0.4   -0.4      0.0
  SNOW DEPTH       0

DEGREE DAYS
 HEATING
  YESTERDAY        4                        16    -12       14
  MONTH TO DATE   99                       300   -201      187
  SINCE SEP 1    197                       445   -248      227
  SINCE JUL 1    213                       483   -270      233

 COOLING
  YESTERDAY        0                         0      0        0
  MONTH TO DATE   22                         3     19       17
  SINCE SEP 1    125                        55     70      133
  SINCE JAN 1    658                       541    117      876
..................................................................


WIND (MPH)
  HIGHEST WIND SPEED    24   HIGHEST WIND DIRECTION    SE (120)
  HIGHEST GUST SPEED    36   HIGHEST GUST DIRECTION    SE (140)
  AVERAGE WIND SPEED    12.6


SKY COVER
  POSSIBLE SUNSHINE  MM
  AVERAGE SKY COVER 0.9


WEATHER CONDITIONS
 THE FOLLOWING WEATHER WAS RECORDED YESTERDAY.
  RAIN
  LIGHT RAIN
  FOG


RELATIVE HUMIDITY (PERCENT)
 HIGHEST    93           300 PM
 LOWEST     56           100 AM
 AVERAGE    75

..........................................................


THE YOUNGSTOWN OH CLIMATE NORMALS FOR TODAY
                         NORMAL    RECORD    YEAR
 MAXIMUM TEMPERATURE (F)   58        80      1963
 MINIMUM TEMPERATURE (F)   39        20      1969


SUNRISE AND SUNSET
OCTOBER 24 2017.......SUNRISE   745 AM EDT   SUNSET   628 PM EDT
OCTOBER 25 2017.......SUNRISE   746 AM EDT   SUNSET   627 PM EDT


-  INDICATES NEGATIVE NUMBERS.
R  INDICATES RECORD WAS SET OR TIED.
MM INDICATES DATA IS MISSING.
T  INDICATES TRACE AMOUNT.




$$
