000
CDUS41 KCLE 260527
CLIYNG


CLIMATE REPORT
NATIONAL WEATHER SERVICE CLEVELAND OH
126 AM EDT SAT JUL 26 2014


...................................

...THE YOUNGSTOWN OH CLIMATE SUMMARY FOR JULY 25 2014...

CLIMATE NORMAL PERIOD 1981 TO 2010
CLIMATE RECORD PERIOD 1897 TO 2014


WEATHER ITEM   OBSERVED TIME   RECORD YEAR NORMAL DEPARTURE LAST
                VALUE   (LST)  VALUE       VALUE  FROM      YEAR
                                                  NORMAL
..................................................................
TEMPERATURE (F)
 YESTERDAY
  MAXIMUM         77    357 PM  97    1934  81     -4       75
  MINIMUM         47    510 AM  44    1953  60    -13       49
  AVERAGE         62                        71     -9       62

PRECIPITATION (IN)
  YESTERDAY        0.03                      0.14  -0.11     0.00
  MONTH TO DATE    2.26                      3.53  -1.27     7.28
  SINCE JUN 1      7.06                      7.41  -0.35    12.65
  SINCE JAN 1     22.15                     22.20  -0.05    24.42

SNOWFALL (IN)
  YESTERDAY        0.0                       0.0    0.0      0.0
  MONTH TO DATE    0.0                       0.0    0.0      0.0
  SINCE JUN 1      0.0                       0.0    0.0       T
  SINCE JUL 1      0.0                       0.0    0.0      0.0
  SNOW DEPTH       0

DEGREE DAYS
 HEATING
  YESTERDAY        3                         0      3        3
  MONTH TO DATE   21                         8     13        7
  SINCE JUN 1     49                        77    -28       63
  SINCE JUL 1     21                         8     13        7

 COOLING
  YESTERDAY        0                         6     -6        0
  MONTH TO DATE  114                       150    -36      220
  SINCE JUN 1    267                       260      7      338
  SINCE JAN 1    322                       299     23      426
..................................................................


WIND (MPH)
  HIGHEST WIND SPEED    10   HIGHEST WIND DIRECTION    SW (220)
  HIGHEST GUST SPEED    17   HIGHEST GUST DIRECTION    NE (30)
  AVERAGE WIND SPEED     2.5


SKY COVER
  POSSIBLE SUNSHINE  MM
  AVERAGE SKY COVER 0.4


WEATHER CONDITIONS
 THE FOLLOWING WEATHER WAS RECORDED YESTERDAY.
  LIGHT RAIN
  FOG


RELATIVE HUMIDITY (PERCENT)
 HIGHEST    93           200 AM
 LOWEST     36           300 PM
 AVERAGE    65

..........................................................


THE YOUNGSTOWN OH CLIMATE NORMALS FOR TODAY
                         NORMAL    RECORD    YEAR
 MAXIMUM TEMPERATURE (F)   81        97      1940
 MINIMUM TEMPERATURE (F)   60        49      1975


SUNRISE AND SUNSET
JULY 26 2014..........SUNRISE   612 AM EDT   SUNSET   846 PM EDT
JULY 27 2014..........SUNRISE   613 AM EDT   SUNSET   845 PM EDT


-  INDICATES NEGATIVE NUMBERS.
R  INDICATES RECORD WAS SET OR TIED.
MM INDICATES DATA IS MISSING.
T  INDICATES TRACE AMOUNT.




$$
