000
CDUS41 KCLE 300540
CLIYNG


CLIMATE REPORT
NATIONAL WEATHER SERVICE CLEVELAND OH
139 AM EDT THU MAR 30 2017


...................................

...THE YOUNGSTOWN OH CLIMATE SUMMARY FOR MARCH 29 2017...

CLIMATE NORMAL PERIOD 1981 TO 2010
CLIMATE RECORD PERIOD 1897 TO 2017


WEATHER ITEM   OBSERVED TIME   RECORD YEAR NORMAL DEPARTURE LAST
                VALUE   (LST)  VALUE       VALUE  FROM      YEAR
                                                  NORMAL
..................................................................
TEMPERATURE (F)
 YESTERDAY
  MAXIMUM         57    418 PM  77    1988  51      6       46
                                      1986
  MINIMUM         38    654 AM  15    2015  32      6       27
                                      2011
  AVERAGE         48                        42      6       37

PRECIPITATION (IN)
  YESTERDAY        0.00                      0.10  -0.10      T
  MONTH TO DATE    3.48                      2.72   0.76     3.58
  SINCE MAR 1      3.48                      2.72   0.76     3.58
  SINCE JAN 1     11.36                      7.42   3.94     8.77

SNOWFALL (IN)
  YESTERDAY        0.0                       0.3   -0.3      0.0
  MONTH TO DATE   20.1                      10.5    9.6      4.3
  SINCE MAR 1     20.1                      10.5    9.6      4.3
  SINCE JUL 1     67.5                      59.3    8.2     35.9
  SNOW DEPTH       0

DEGREE DAYS
 HEATING
  YESTERDAY       17                        23     -6       28
  MONTH TO DATE  829                       832     -3      594
  SINCE MAR 1    829                       832     -3      594
  SINCE JUL 1   4613                      5480   -867     4442

 COOLING
  YESTERDAY        0                         0      0        0
  MONTH TO DATE    0                         0      0        0
  SINCE MAR 1      0                         0      0        0
  SINCE JAN 1      0                         0      0        0
..................................................................


WIND (MPH)
  HIGHEST WIND SPEED    17   HIGHEST WIND DIRECTION     N (350)
  HIGHEST GUST SPEED    22   HIGHEST GUST DIRECTION     N (350)
  AVERAGE WIND SPEED     9.1


SKY COVER
  POSSIBLE SUNSHINE  MM
  AVERAGE SKY COVER 0.8


WEATHER CONDITIONS
 THE FOLLOWING WEATHER WAS RECORDED YESTERDAY.
  NO SIGNIFICANT WEATHER WAS OBSERVED.


RELATIVE HUMIDITY (PERCENT)
 HIGHEST    93          1200 AM
 LOWEST     36           400 PM
 AVERAGE    65

..........................................................


THE YOUNGSTOWN OH CLIMATE NORMALS FOR TODAY
                         NORMAL    RECORD    YEAR
 MAXIMUM TEMPERATURE (F)   52        82      1986
 MINIMUM TEMPERATURE (F)   33        13      1964


SUNRISE AND SUNSET
MARCH 30 2017.........SUNRISE   709 AM EDT   SUNSET   746 PM EDT
MARCH 31 2017.........SUNRISE   707 AM EDT   SUNSET   747 PM EDT


-  INDICATES NEGATIVE NUMBERS.
R  INDICATES RECORD WAS SET OR TIED.
MM INDICATES DATA IS MISSING.
T  INDICATES TRACE AMOUNT.




$$
