000
CDUS41 KPBZ 200846
CLIZZV


CLIMATE REPORT
NATIONAL WEATHER SERVICE PITTSBURGH PA
345 AM EST SAT DEC 20 2014


...................................

...THE ZANESVILLE OH CLIMATE SUMMARY FOR DECEMBER 19 2014...

CLIMATE NORMAL PERIOD 1981 TO 2010
CLIMATE RECORD PERIOD 1946 TO 2014


WEATHER ITEM   OBSERVED TIME   RECORD YEAR NORMAL DEPARTURE LAST
                VALUE   (LST)  VALUE       VALUE  FROM      YEAR
                                                  NORMAL
..................................................................
TEMPERATURE (F)
 YESTERDAY
  MAXIMUM         30   1159 PM  59    2008  39     -9       52
  MINIMUM         26   1237 AM  -1    1985  24      2       28
  AVERAGE         28                        31     -3       40

PRECIPITATION (IN)
  YESTERDAY        0.00         MM      MM   0.08  -0.08     0.01
  MONTH TO DATE    2.09                      1.59   0.50     2.43
  SINCE JUN 1     21.23                     21.41  -0.18    26.60
  SINCE JAN 1     35.56                     36.87  -1.31    37.19

DEGREE DAYS
 HEATING
  YESTERDAY       37                        34      3       25
  MONTH TO DATE  559                       588    -29      631
  SINCE DEC 1    559                       588    -29      631
  SINCE JUL 1   1866                      1729    137     1807

 COOLING
  YESTERDAY        0                         0      0        0
  MONTH TO DATE    0                         0      0        0
  SINCE DEC 1      0                         0      0        0
  SINCE JAN 1    727                       768    -41      856
..................................................................


WIND (MPH)
  HIGHEST WIND SPEED     7   HIGHEST WIND DIRECTION     W (250)
  HIGHEST GUST SPEED     9   HIGHEST GUST DIRECTION     W (260)
  AVERAGE WIND SPEED     2.8


SKY COVER
  POSSIBLE SUNSHINE  MM
  AVERAGE SKY COVER 1.0


WEATHER CONDITIONS
 THE FOLLOWING WEATHER WAS RECORDED YESTERDAY.
  FOG
  HAZE


RELATIVE HUMIDITY (PERCENT)
 HIGHEST    85           300 PM
 LOWEST     69           800 PM
 AVERAGE    77

..........................................................


THE ZANESVILLE OH CLIMATE NORMALS FOR TODAY
                         NORMAL    RECORD    YEAR
 MAXIMUM TEMPERATURE (F)   39        61      1957
 MINIMUM TEMPERATURE (F)   23        -8      1963


SUNRISE AND SUNSET
DECEMBER 20 2014......SUNRISE   745 AM EST   SUNSET   505 PM EST
DECEMBER 21 2014......SUNRISE   746 AM EST   SUNSET   506 PM EST


-  INDICATES NEGATIVE NUMBERS.
R  INDICATES RECORD WAS SET OR TIED.
MM INDICATES DATA IS MISSING.
T  INDICATES TRACE AMOUNT.




$$
