311
CDUS41 KPBZ 252120
CLIZZV


CLIMATE REPORT
NATIONAL WEATHER SERVICE PITTSBURGH PA
516 PM EDT THU MAY 25 2017


...................................

...THE ZANESVILLE OH CLIMATE SUMMARY FOR MAY 25 2017...
VALID TODAY AS OF 0500 PM LOCAL TIME.

CLIMATE NORMAL PERIOD 1981 TO 2010
CLIMATE RECORD PERIOD 1946 TO 2017


WEATHER ITEM   OBSERVED TIME   RECORD YEAR NORMAL DEPARTURE LAST
                VALUE   (LST)  VALUE       VALUE  FROM      YEAR
                                                  NORMAL
..................................................................
TEMPERATURE (F)
 TODAY
  MAXIMUM         64    344 PM  92    1939  75    -11       84
  MINIMUM         59    124 PM  31    2013  52      7       53
                                      1925
  AVERAGE         62                        63     -1       69

PRECIPITATION (IN)
  TODAY            0.08          1.22 1947   0.14  -0.06      T
  MONTH TO DATE    3.22                      3.33  -0.11     2.44
  SINCE JUN 1     35.37                     37.00  -1.63    37.31
  SINCE JAN 1     16.75                     14.60   2.15    14.98

DEGREE DAYS
 HEATING
  TODAY            3                         4     -1        0
  MONTH TO DATE  142                       161    -19      154
  SINCE MAR 1   1075                      1327   -252      970
  SINCE JUL 1   4427                      5518  -1091     4316

 COOLING
  TODAY            0                         2     -2        4
  MONTH TO DATE   32                        30      2       18
  SINCE MAR 1     63                        39     24       26
  SINCE JAN 1     64                        39     25       26
..................................................................


WIND (MPH)
  HIGHEST WIND SPEED    14   HIGHEST WIND DIRECTION     S (200)
  HIGHEST GUST SPEED    20   HIGHEST GUST DIRECTION    SW (230)
  AVERAGE WIND SPEED     8.6


SKY COVER
  POSSIBLE SUNSHINE  MM
  AVERAGE SKY COVER 0.9


WEATHER CONDITIONS
 THE FOLLOWING WEATHER WAS RECORDED TODAY.
  LIGHT RAIN
  FOG
  HAZE


RELATIVE HUMIDITY (PERCENT)
 HIGHEST    90           100 AM
 LOWEST     78          1000 AM
 AVERAGE    84

..........................................................


THE ZANESVILLE OH CLIMATE NORMALS FOR TOMORROW
                         NORMAL    RECORD    YEAR
 MAXIMUM TEMPERATURE (F)   75        92      1939
                                             1911
 MINIMUM TEMPERATURE (F)   52        34      2013
                                             1897


SUNRISE AND SUNSET
MAY 25 2017...........SUNRISE   605 AM EDT   SUNSET   845 PM EDT
MAY 26 2017...........SUNRISE   604 AM EDT   SUNSET   846 PM EDT


-  INDICATES NEGATIVE NUMBERS.
R  INDICATES RECORD WAS SET OR TIED.
MM INDICATES DATA IS MISSING.
T  INDICATES TRACE AMOUNT.




$$
