000
CDUS41 KPBZ 090804
CLIZZV


CLIMATE REPORT
NATIONAL WEATHER SERVICE PITTSBURGH PA
303 AM EST TUE FEB 9 2016


...................................

...THE ZANESVILLE OH CLIMATE SUMMARY FOR FEBRUARY 8 2016...

CLIMATE NORMAL PERIOD 1981 TO 2010
CLIMATE RECORD PERIOD 1946 TO 2016


WEATHER ITEM   OBSERVED TIME   RECORD YEAR NORMAL DEPARTURE LAST
                VALUE   (LST)  VALUE       VALUE  FROM      YEAR
                                                  NORMAL
..................................................................
TEMPERATURE (F)
 YESTERDAY
  MAXIMUM         41    345 AM  64    2001  39      2       57
  MINIMUM         34   1159 PM -13    1977  22     12       37
  AVERAGE         38                        30      8       47

PRECIPITATION (IN)
  YESTERDAY        0.13         MM      MM   0.08   0.05     0.03
  MONTH TO DATE    0.90                      0.63   0.27     0.58
  SINCE JUN 1     24.15                     25.69  -1.54    25.44
  SINCE JAN 1      1.82                      3.29  -1.47     3.03

DEGREE DAYS
 HEATING
  YESTERDAY       27                        34     -7       18
  MONTH TO DATE  198                       279    -81      287
  SINCE DEC 1   1878                      2405   -527     2394
  SINCE JUL 1   2720                      3546   -826     3701

 COOLING
  YESTERDAY        0                         0      0        0
  MONTH TO DATE    0                         0      0        0
  SINCE DEC 1      0                         0      0        0
  SINCE JAN 1      0                         0      0        0
..................................................................


WIND (MPH)
  HIGHEST WIND SPEED    10   HIGHEST WIND DIRECTION     W (270)
  HIGHEST GUST SPEED    14   HIGHEST GUST DIRECTION    SW (230)
  AVERAGE WIND SPEED     3.8


SKY COVER
  POSSIBLE SUNSHINE  MM
  AVERAGE SKY COVER 0.9


WEATHER CONDITIONS
 THE FOLLOWING WEATHER WAS RECORDED YESTERDAY.
  LIGHT RAIN
  SNOW
  LIGHT SNOW
  FOG
  HAZE


RELATIVE HUMIDITY (PERCENT)
 HIGHEST    92           100 PM
 LOWEST     48           300 AM
 AVERAGE    70

..........................................................


THE ZANESVILLE OH CLIMATE NORMALS FOR TODAY
                         NORMAL    RECORD    YEAR
 MAXIMUM TEMPERATURE (F)   40        66      2001
 MINIMUM TEMPERATURE (F)   22       -13      1948


SUNRISE AND SUNSET
FEBRUARY  9 2016......SUNRISE   728 AM EST   SUNSET   556 PM EST
FEBRUARY 10 2016......SUNRISE   727 AM EST   SUNSET   557 PM EST


-  INDICATES NEGATIVE NUMBERS.
R  INDICATES RECORD WAS SET OR TIED.
MM INDICATES DATA IS MISSING.
T  INDICATES TRACE AMOUNT.




$$
