000
CDUS41 KPBZ 310704
CLIZZV


CLIMATE REPORT
NATIONAL WEATHER SERVICE PITTSBURGH PA
304 AM EDT SUN JUL 31 2016


...................................

...THE ZANESVILLE OH CLIMATE SUMMARY FOR JULY 30 2016...

CLIMATE NORMAL PERIOD 1981 TO 2010
CLIMATE RECORD PERIOD 1946 TO 2016


WEATHER ITEM   OBSERVED TIME   RECORD YEAR NORMAL DEPARTURE LAST
                VALUE   (LST)  VALUE       VALUE  FROM      YEAR
                                                  NORMAL
..................................................................
TEMPERATURE (F)
 YESTERDAY
  MAXIMUM         89    406 PM  99    1999  83      6       85
  MINIMUM         70   1153 PM  49    1981  62      8       64
  AVERAGE         80                        73      7       75

PRECIPITATION (IN)
  YESTERDAY        0.08         MM      MM   0.10  -0.02     0.00
  MONTH TO DATE    2.77                      3.69  -0.92     2.56
  SINCE JUN 1      5.21                      7.73  -2.52     9.90
  SINCE JAN 1     20.19                     23.19  -3.00    25.80

DEGREE DAYS
 HEATING
  YESTERDAY        0                         0      0        0
  MONTH TO DATE    0                         0      0        0
  SINCE JUN 1      4                        32    -28       24
  SINCE JUL 1      0                         0      0        0

 COOLING
  YESTERDAY       15                         8      7       10
  MONTH TO DATE  389                       240    149      220
  SINCE JUN 1    669                       398    271      407
  SINCE JAN 1    763                       452    311      524
..................................................................


WIND (MPH)
  HIGHEST WIND SPEED    18   HIGHEST WIND DIRECTION    NW (320)
  HIGHEST GUST SPEED    25   HIGHEST GUST DIRECTION     S (200)
  AVERAGE WIND SPEED     4.3


SKY COVER
  POSSIBLE SUNSHINE  MM
  AVERAGE SKY COVER 0.5


WEATHER CONDITIONS
 THE FOLLOWING WEATHER WAS RECORDED YESTERDAY.
  THUNDERSTORM
  LIGHT RAIN
  FOG
  HAZE


RELATIVE HUMIDITY (PERCENT)
 HIGHEST    93           800 AM
 LOWEST     50           400 PM
 AVERAGE    72

..........................................................


THE ZANESVILLE OH CLIMATE NORMALS FOR TODAY
                         NORMAL    RECORD    YEAR
 MAXIMUM TEMPERATURE (F)   83       100      1999
 MINIMUM TEMPERATURE (F)   62        50      1965


SUNRISE AND SUNSET
JULY 31 2016..........SUNRISE   626 AM EDT   SUNSET   842 PM EDT
AUGUST  1 2016........SUNRISE   627 AM EDT   SUNSET   841 PM EDT


-  INDICATES NEGATIVE NUMBERS.
R  INDICATES RECORD WAS SET OR TIED.
MM INDICATES DATA IS MISSING.
T  INDICATES TRACE AMOUNT.




$$
