000
CDUS41 KPBZ 160801
CLIZZV


CLIMATE REPORT
NATIONAL WEATHER SERVICE PITTSBURGH PA
301 AM EST TUE JAN 16 2018


...................................

...THE ZANESVILLE OH CLIMATE SUMMARY FOR JANUARY 15 2018...

CLIMATE NORMAL PERIOD 1981 TO 2010
CLIMATE RECORD PERIOD 1895 TO 2018


WEATHER ITEM   OBSERVED TIME   RECORD YEAR NORMAL DEPARTURE LAST
                VALUE   (LST)  VALUE       VALUE  FROM      YEAR
                                                  NORMAL
..................................................................
TEMPERATURE (F)
 YESTERDAY
  MAXIMUM         28   1052 PM  66    1932  37     -9       35
  MINIMUM          5    121 AM  -7    1972  20    -15       28
  AVERAGE         17                        28    -11       32

PRECIPITATION (IN)
  YESTERDAY        0.08          1.26 1995   0.09  -0.01     0.00
  MONTH TO DATE    1.43                      1.34   0.09     1.66
  SINCE JUN 1     24.29                     23.74   0.55    20.28
  SINCE JAN 1      1.43                      1.34   0.09     1.66

DEGREE DAYS
 HEATING
  YESTERDAY       48                        36     12       33
  MONTH TO DATE  679                       540    139      497
  SINCE DEC 1   1740                      1544    196     1473
  SINCE JUL 1   2724                      2685     39     2330

 COOLING
  YESTERDAY        0                         0      0        0
  MONTH TO DATE    0                         0      0        0
  SINCE DEC 1      0                         0      0        0
  SINCE JAN 1      0                         0      0        0
..................................................................


WIND (MPH)
  HIGHEST WIND SPEED    15   HIGHEST WIND DIRECTION     S (180)
  HIGHEST GUST SPEED    19   HIGHEST GUST DIRECTION     S (180)
  AVERAGE WIND SPEED     4.4


SKY COVER
  POSSIBLE SUNSHINE  MM
  AVERAGE SKY COVER 0.8


WEATHER CONDITIONS
 THE FOLLOWING WEATHER WAS RECORDED YESTERDAY.
  SNOW
  LIGHT SNOW
  FOG


RELATIVE HUMIDITY (PERCENT)
 HIGHEST    92           800 PM
 LOWEST     66          1200 AM
 AVERAGE    79

..........................................................


THE ZANESVILLE OH CLIMATE NORMALS FOR TODAY
                         NORMAL    RECORD    YEAR
 MAXIMUM TEMPERATURE (F)   37        62      1949
 MINIMUM TEMPERATURE (F)   20       -14      1977


SUNRISE AND SUNSET
JANUARY 16 2018.......SUNRISE   747 AM EST   SUNSET   528 PM EST
JANUARY 17 2018.......SUNRISE   746 AM EST   SUNSET   529 PM EST


-  INDICATES NEGATIVE NUMBERS.
R  INDICATES RECORD WAS SET OR TIED.
MM INDICATES DATA IS MISSING.
T  INDICATES TRACE AMOUNT.




$$
