000
CDUS41 KPBZ 192113
CLIZZV


CLIMATE REPORT
NATIONAL WEATHER SERVICE PITTSBURGH PA
512 PM EDT TUE SEP 19 2017


...................................

...THE ZANESVILLE OH CLIMATE SUMMARY FOR SEPTEMBER 19 2017...
VALID TODAY AS OF 0500 PM LOCAL TIME.

CLIMATE NORMAL PERIOD 1981 TO 2010
CLIMATE RECORD PERIOD 1895 TO 2017


WEATHER ITEM   OBSERVED TIME   RECORD YEAR NORMAL DEPARTURE LAST
                VALUE   (LST)  VALUE       VALUE  FROM      YEAR
                                                  NORMAL
..................................................................
TEMPERATURE (F)
 TODAY
  MAXIMUM         81    356 PM  95    1908  75      6       85
                                      1895
  MINIMUM         59    623 AM  32    1916  52      7       61
  AVERAGE         70                        63      7       73

PRECIPITATION (IN)
  TODAY            0.00          1.56 2003   0.10  -0.10     0.00
  MONTH TO DATE    1.48                      1.90  -0.42     1.16
  SINCE JUN 1     13.37                     12.96   0.41     9.25
  SINCE JAN 1     31.49                     28.42   3.07    24.23

DEGREE DAYS
 HEATING
  TODAY            0                         4     -4        0
  MONTH TO DATE   48                        36     12        0
  SINCE SEP 1     48                        36     12        0
  SINCE JUL 1     52                        47      5        0

 COOLING
  TODAY            5                         2      3        8
  MONTH TO DATE   32                        65    -33      139
  SINCE SEP 1     32                        65    -33      139
  SINCE JAN 1    760                       742     18     1290
..................................................................


WIND (MPH)
  HIGHEST WIND SPEED     8   HIGHEST WIND DIRECTION    SW (240)
  HIGHEST GUST SPEED    10   HIGHEST GUST DIRECTION     W (250)
  AVERAGE WIND SPEED     1.8


SKY COVER
  POSSIBLE SUNSHINE  MM
  AVERAGE SKY COVER 0.5


WEATHER CONDITIONS
 THE FOLLOWING WEATHER WAS RECORDED TODAY.
  FOG


RELATIVE HUMIDITY (PERCENT)
 HIGHEST    93          1200 AM
 LOWEST     58           400 PM
 AVERAGE    76

..........................................................


THE ZANESVILLE OH CLIMATE NORMALS FOR TOMORROW
                         NORMAL    RECORD    YEAR
 MAXIMUM TEMPERATURE (F)   74        97      2002
 MINIMUM TEMPERATURE (F)   51        34      1962
                                             1956


SUNRISE AND SUNSET
SEPTEMBER 19 2017.....SUNRISE   713 AM EDT   SUNSET   729 PM EDT
SEPTEMBER 20 2017.....SUNRISE   713 AM EDT   SUNSET   728 PM EDT


-  INDICATES NEGATIVE NUMBERS.
R  INDICATES RECORD WAS SET OR TIED.
MM INDICATES DATA IS MISSING.
T  INDICATES TRACE AMOUNT.




$$
