000
CDUS41 KPBZ 290704
CLIZZV


CLIMATE REPORT
NATIONAL WEATHER SERVICE PITTSBURGH PA
302 AM EDT TUE JUL 29 2014


...................................

...THE ZANESVILLE OH CLIMATE SUMMARY FOR JULY 28 2014...

CLIMATE NORMAL PERIOD 1981 TO 2010
CLIMATE RECORD PERIOD 1946 TO 2014


WEATHER ITEM   OBSERVED TIME   RECORD YEAR NORMAL DEPARTURE LAST
                VALUE   (LST)  VALUE       VALUE  FROM      YEAR
                                                  NORMAL
..................................................................
TEMPERATURE (F)
 YESTERDAY
  MAXIMUM         73    123 PM  95    1952  84    -11       73
  MINIMUM         59   1159 PM  45    1962  62     -3       56
  AVERAGE         66                        73     -7       65

PRECIPITATION (IN)
  YESTERDAY        T            MM      MM   0.11  -0.11     0.01
  MONTH TO DATE    3.24                      3.49  -0.25     6.42
  SINCE JUN 1      9.98                      7.53   2.45    12.67
  SINCE JAN 1     24.31                     22.99   1.32    23.26

DEGREE DAYS
 HEATING
  YESTERDAY        0                         0      0        0
  MONTH TO DATE    9                         0      9        0
  SINCE JUN 1     19                        32    -13       18
  SINCE JUL 1      9                         0      9        0

 COOLING
  YESTERDAY        1                         8     -7        0
  MONTH TO DATE  159                       224    -65      267
  SINCE JUN 1    355                       382    -27      423
  SINCE JAN 1    437                       436      1      531
..................................................................


WIND (MPH)
  HIGHEST WIND SPEED    16   HIGHEST WIND DIRECTION    NW (310)
  HIGHEST GUST SPEED    24   HIGHEST GUST DIRECTION    NW (310)
  AVERAGE WIND SPEED     6.5


SKY COVER
  POSSIBLE SUNSHINE  MM
  AVERAGE SKY COVER 0.8


WEATHER CONDITIONS
 THE FOLLOWING WEATHER WAS RECORDED YESTERDAY.
  LIGHT RAIN


RELATIVE HUMIDITY (PERCENT)
 HIGHEST    93           100 AM
 LOWEST     57           500 PM
 AVERAGE    75

..........................................................


THE ZANESVILLE OH CLIMATE NORMALS FOR TODAY
                         NORMAL    RECORD    YEAR
 MAXIMUM TEMPERATURE (F)   84        93      1988
 MINIMUM TEMPERATURE (F)   62        50      1989


SUNRISE AND SUNSET
JULY 29 2014..........SUNRISE   623 AM EDT   SUNSET   844 PM EDT
JULY 30 2014..........SUNRISE   624 AM EDT   SUNSET   843 PM EDT


-  INDICATES NEGATIVE NUMBERS.
R  INDICATES RECORD WAS SET OR TIED.
MM INDICATES DATA IS MISSING.
T  INDICATES TRACE AMOUNT.




$$
