000
CDUS41 KPBZ 262228
CLIZZV


CLIMATE REPORT
NATIONAL WEATHER SERVICE PITTSBURGH PA
527 PM EST MON JAN 26 2015


...................................

...THE ZANESVILLE OH CLIMATE SUMMARY FOR JANUARY 26 2015...
VALID TODAY AS OF 0500 PM LOCAL TIME.

CLIMATE NORMAL PERIOD 1981 TO 2010
CLIMATE RECORD PERIOD 1946 TO 2015


WEATHER ITEM   OBSERVED TIME   RECORD YEAR NORMAL DEPARTURE LAST
                VALUE   (LST)  VALUE       VALUE  FROM      YEAR
                                                  NORMAL
..................................................................
TEMPERATURE (F)
 TODAY
  MAXIMUM         30   1235 AM  70    1950  37     -7       33
  MINIMUM         21    954 AM -19    1948  21      0        2
  AVERAGE         26                        29     -3       18

PRECIPITATION (IN)
  TODAY            0.09         MM      MM   0.08   0.01      T
  MONTH TO DATE    2.21                      2.27  -0.06     1.25
  SINCE JUN 1     24.62                     24.67  -0.05    29.56
  SINCE JAN 1      2.21                      2.27  -0.06     1.25

DEGREE DAYS
 HEATING
  TODAY           39                        36      3       47
  MONTH TO DATE  975                       936     39     1066
  SINCE DEC 1   1884                      1940    -56     2019
  SINCE JUL 1   3191                      3081    110     3195

 COOLING
  TODAY            0                         0      0        0
  MONTH TO DATE    0                         0      0        0
  SINCE DEC 1      0                         0      0        0
  SINCE JAN 1      0                         0      0        0
..................................................................


WIND (MPH)
  HIGHEST WIND SPEED    14   HIGHEST WIND DIRECTION    NW (330)
  HIGHEST GUST SPEED    19   HIGHEST GUST DIRECTION     N (340)
  AVERAGE WIND SPEED     8.7


SKY COVER
  POSSIBLE SUNSHINE  MM
  AVERAGE SKY COVER 1.0


WEATHER CONDITIONS
 THE FOLLOWING WEATHER WAS RECORDED TODAY.
  SNOW
  LIGHT SNOW
  FOG
  FOG W/VISIBILITY <= 1/4 MILE
  HAZE


RELATIVE HUMIDITY (PERCENT)
 HIGHEST    92          1200 AM
 LOWEST     81           100 PM
 AVERAGE    87

..........................................................


THE ZANESVILLE OH CLIMATE NORMALS FOR TOMORROW
                         NORMAL    RECORD    YEAR
 MAXIMUM TEMPERATURE (F)   38        64      1999
 MINIMUM TEMPERATURE (F)   21       -13      2003


SUNRISE AND SUNSET
JANUARY 26 2015.......SUNRISE   741 AM EST   SUNSET   539 PM EST
JANUARY 27 2015.......SUNRISE   740 AM EST   SUNSET   541 PM EST


-  INDICATES NEGATIVE NUMBERS.
R  INDICATES RECORD WAS SET OR TIED.
MM INDICATES DATA IS MISSING.
T  INDICATES TRACE AMOUNT.




$$
