000
CDUS41 KPBZ 232140
CLIZZV


CLIMATE REPORT
NATIONAL WEATHER SERVICE PITTSBURGH PA
540 PM EDT SAT MAY 23 2015


...................................

...THE ZANESVILLE OH CLIMATE SUMMARY FOR MAY 23 2015...
VALID TODAY AS OF 0500 PM LOCAL TIME.

CLIMATE NORMAL PERIOD 1981 TO 2010
CLIMATE RECORD PERIOD 1946 TO 2015


WEATHER ITEM   OBSERVED TIME   RECORD YEAR NORMAL DEPARTURE LAST
                VALUE   (LST)  VALUE       VALUE  FROM      YEAR
                                                  NORMAL
..................................................................
TEMPERATURE (F)
 TODAY
  MAXIMUM         75    350 PM  88    1964  74      1       70
  MINIMUM         39    547 AM  32    1963  51    -12       47
  AVERAGE         57                        62     -5       59

PRECIPITATION (IN)
  TODAY            0.00         MM      MM   0.14  -0.14     0.00
  MONTH TO DATE    1.93                      3.05  -1.12     3.32
  SINCE JUN 1     37.73                     36.72   1.01    42.43
  SINCE JAN 1     15.32                     14.32   1.00    14.12

DEGREE DAYS
 HEATING
  TODAY            8                         4      4        6
  MONTH TO DATE  108                       153    -45      146
  SINCE MAR 1   1358                      1319     39     1413
  SINCE JUL 1   6015                      5510    505     5970

 COOLING
  TODAY            0                         2     -2        0
  MONTH TO DATE   68                        26     42       46
  SINCE MAR 1     69                        35     34       51
  SINCE JAN 1     69                        35     34       51
..................................................................


WIND (MPH)
  HIGHEST WIND SPEED    10   HIGHEST WIND DIRECTION    NW (300)
  HIGHEST GUST SPEED    13   HIGHEST GUST DIRECTION     S (190)
  AVERAGE WIND SPEED     2.5


SKY COVER
  POSSIBLE SUNSHINE  MM
  AVERAGE SKY COVER 0.0


WEATHER CONDITIONS
 THE FOLLOWING WEATHER WAS RECORDED TODAY.
  NO SIGNIFICANT WEATHER WAS OBSERVED.


RELATIVE HUMIDITY (PERCENT)
 HIGHEST    92           600 AM
 LOWEST     25           400 PM
 AVERAGE    59

..........................................................


THE ZANESVILLE OH CLIMATE NORMALS FOR TOMORROW
                         NORMAL    RECORD    YEAR
 MAXIMUM TEMPERATURE (F)   74        88      1965
 MINIMUM TEMPERATURE (F)   51        32      1956


SUNRISE AND SUNSET
MAY 23 2015...........SUNRISE   606 AM EDT   SUNSET   843 PM EDT
MAY 24 2015...........SUNRISE   605 AM EDT   SUNSET   844 PM EDT


-  INDICATES NEGATIVE NUMBERS.
R  INDICATES RECORD WAS SET OR TIED.
MM INDICATES DATA IS MISSING.
T  INDICATES TRACE AMOUNT.




$$
