000
CDUS41 KPBZ 272245
CLIZZV


CLIMATE REPORT
NATIONAL WEATHER SERVICE PITTSBURGH PA
545 PM EST MON FEB 27 2017


...................................

...THE ZANESVILLE OH CLIMATE SUMMARY FOR FEBRUARY 27 2017...
VALID TODAY AS OF 0500 PM LOCAL TIME.

CLIMATE NORMAL PERIOD 1981 TO 2010
CLIMATE RECORD PERIOD 1946 TO 2017


WEATHER ITEM   OBSERVED TIME   RECORD YEAR NORMAL DEPARTURE LAST
                VALUE   (LST)  VALUE       VALUE  FROM      YEAR
                                                  NORMAL
..................................................................
TEMPERATURE (F)
 TODAY
  MAXIMUM         44   1026 AM  70    1996  45     -1       49
  MINIMUM         31   1203 AM -11    1963  25      6       30
  AVERAGE         38                        35      3       40

PRECIPITATION (IN)
  TODAY            0.08         MM      MM   0.08   0.00     0.00
  MONTH TO DATE    2.38                      2.09   0.29     2.96
  SINCE JUN 1     23.91                     27.15  -3.24    26.21
  SINCE JAN 1      5.29                      4.75   0.54     3.88

DEGREE DAYS
 HEATING
  TODAY           27                        30     -3       25
  MONTH TO DATE  624                       893   -269      796
  SINCE DEC 1   2474                      3019   -545     2476
  SINCE JUL 1   3331                      4160   -829     3318

 COOLING
  TODAY            0                         0      0        0
  MONTH TO DATE    1                         0      1        0
  SINCE DEC 1      1                         0      1        0
  SINCE JAN 1      1                         0      1        0
..................................................................


WIND (MPH)
  HIGHEST WIND SPEED    13   HIGHEST WIND DIRECTION     S (190)
  HIGHEST GUST SPEED    16   HIGHEST GUST DIRECTION     S (200)
  AVERAGE WIND SPEED     5.3


SKY COVER
  POSSIBLE SUNSHINE  MM
  AVERAGE SKY COVER 0.9


WEATHER CONDITIONS
 THE FOLLOWING WEATHER WAS RECORDED TODAY.
  LIGHT RAIN


RELATIVE HUMIDITY (PERCENT)
 HIGHEST    89           400 PM
 LOWEST     44           800 AM
 AVERAGE    67

..........................................................


THE ZANESVILLE OH CLIMATE NORMALS FOR TOMORROW
                         NORMAL    RECORD    YEAR
 MAXIMUM TEMPERATURE (F)   45        68      2016
 MINIMUM TEMPERATURE (F)   26        -2      2015


SUNRISE AND SUNSET
FEBRUARY 27 2017......SUNRISE   703 AM EST   SUNSET   618 PM EST
FEBRUARY 28 2017......SUNRISE   702 AM EST   SUNSET   619 PM EST


-  INDICATES NEGATIVE NUMBERS.
R  INDICATES RECORD WAS SET OR TIED.
MM INDICATES DATA IS MISSING.
T  INDICATES TRACE AMOUNT.




$$
